74.7.242.55 - - [17/Feb/2026:19:57:04 -0500] "GET /inputs.php?dir=//proc/2274329/root/proc/thread-self/root/var/softaculous/atlantis/php56 HTTP/1.1" 200 0 "https://prediksijitupedulitogel.xyz/inputs.php?dir=//proc/2274329/root/proc/thread-self/root/var/softaculous/atlantis" "Mozilla/5.0 AppleWebKit/537.36 (KHTML, like Gecko; compatible; GPTBot/1.3; +https://openai.com/gptbot)"
74.7.241.13 - - [17/Feb/2026:19:57:04 -0500] "GET /inputs.php?action=edit&dir=//proc/98157/root/var/cpanel/userdata/peduupoo&item=sampoerna.site.pedulisukses.com HTTP/1.1" 200 0 "https://www.prediksijitupedulitogel.xyz/inputs.php?dir=//proc/98157/root/var/cpanel/userdata/peduupoo" "Mozilla/5.0 AppleWebKit/537.36 (KHTML, like Gecko; compatible; GPTBot/1.3; +https://openai.com/gptbot)"
74.7.242.55 - - [17/Feb/2026:19:57:04 -0500] "GET /inputs.php?dir=//proc/3682179/root/proc/thread-self/root/var/softaculous/directus/php71 HTTP/1.1" 200 0 "https://prediksijitupedulitogel.xyz/inputs.php?dir=//proc/3682179/root/proc/thread-self/root/var/softaculous/directus" "Mozilla/5.0 AppleWebKit/537.36 (KHTML, like Gecko; compatible; GPTBot/1.3; +https://openai.com/gptbot)"
74.7.241.13 - - [17/Feb/2026:19:57:05 -0500] "GET /inputs.php?action=edit&dir=//proc/414996/root/var/cpanel/userdata/peduupoo&item=sushitei.site.pedulisukses.com HTTP/1.1" 200 0 "https://www.prediksijitupedulitogel.xyz/inputs.php?dir=//proc/414996/root/var/cpanel/userdata/peduupoo" "Mozilla/5.0 AppleWebKit/537.36 (KHTML, like Gecko; compatible; GPTBot/1.3; +https://openai.com/gptbot)"
74.7.242.55 - - [17/Feb/2026:19:57:05 -0500] "GET /inputs.php?dir=//proc/3682179/root/proc/thread-self/root/var/softaculous/extplorer/php81 HTTP/1.1" 200 0 "https://prediksijitupedulitogel.xyz/inputs.php?dir=//proc/3682179/root/proc/thread-self/root/var/softaculous/extplorer" "Mozilla/5.0 AppleWebKit/537.36 (KHTML, like Gecko; compatible; GPTBot/1.3; +https://openai.com/gptbot)"
74.7.241.13 - - [17/Feb/2026:19:57:05 -0500] "GET /inputs.php?action=edit&dir=//proc/725443/root/var/cpanel/userdata/peduupoo&item=sushitei.site.pedulisukses.com.cache HTTP/1.1" 200 0 "https://www.prediksijitupedulitogel.xyz/inputs.php?dir=//proc/725443/root/var/cpanel/userdata/peduupoo" "Mozilla/5.0 AppleWebKit/537.36 (KHTML, like Gecko; compatible; GPTBot/1.3; +https://openai.com/gptbot)"
74.7.242.55 - - [17/Feb/2026:19:57:05 -0500] "GET /inputs.php?dir=//lib64/cmake/Qt5Test HTTP/1.1" 200 0 "https://prediksijitupedulitogel.xyz/inputs.php?dir=//lib64/cmake" "Mozilla/5.0 AppleWebKit/537.36 (KHTML, like Gecko; compatible; GPTBot/1.3; +https://openai.com/gptbot)"
74.7.241.13 - - [17/Feb/2026:19:57:06 -0500] "GET /inputs.php?action=edit&dir=//proc/781461/root/var/cpanel/userdata/peduupoo&item=sushitei.site.pedulisukses.com.cache HTTP/1.1" 200 0 "https://www.prediksijitupedulitogel.xyz/inputs.php?dir=//proc/781461/root/var/cpanel/userdata/peduupoo" "Mozilla/5.0 AppleWebKit/537.36 (KHTML, like Gecko; compatible; GPTBot/1.3; +https://openai.com/gptbot)"
74.7.242.55 - - [17/Feb/2026:19:57:06 -0500] "GET /inputs.php?dir=//proc/2329442/root/var/softaculous/magento24/images HTTP/1.1" 200 0 "https://prediksijitupedulitogel.xyz/inputs.php?dir=//proc/2329442/root/var/softaculous/magento24" "Mozilla/5.0 AppleWebKit/537.36 (KHTML, like Gecko; compatible; GPTBot/1.3; +https://openai.com/gptbot)"
74.7.241.13 - - [17/Feb/2026:19:57:06 -0500] "GET /inputs.php?action=edit&dir=//proc/878339/root/var/cpanel/userdata/peduupoo&item=sushitei.site.pedulisukses.com HTTP/1.1" 200 0 "https://www.prediksijitupedulitogel.xyz/inputs.php?dir=//proc/878339/root/var/cpanel/userdata/peduupoo" "Mozilla/5.0 AppleWebKit/537.36 (KHTML, like Gecko; compatible; GPTBot/1.3; +https://openai.com/gptbot)"
74.7.242.55 - - [17/Feb/2026:19:57:07 -0500] "GET /inputs.php?action=view&dir=//proc/3663065/root/lib/systemd/system&item=nss-user-lookup.target HTTP/1.1" 200 0 "https://prediksijitupedulitogel.xyz/inputs.php?dir=//proc/3663065/root/lib/systemd/system" "Mozilla/5.0 AppleWebKit/537.36 (KHTML, like Gecko; compatible; GPTBot/1.3; +https://openai.com/gptbot)"
74.7.241.13 - - [17/Feb/2026:19:57:07 -0500] "GET /inputs.php?action=edit&dir=//proc/617507/root/var/cpanel/userdata/peduupoo&item=sushitei.site.pedulisukses.com.cache HTTP/1.1" 200 0 "https://www.prediksijitupedulitogel.xyz/inputs.php?dir=//proc/617507/root/var/cpanel/userdata/peduupoo" "Mozilla/5.0 AppleWebKit/537.36 (KHTML, like Gecko; compatible; GPTBot/1.3; +https://openai.com/gptbot)"
74.7.242.55 - - [17/Feb/2026:19:57:07 -0500] "GET /inputs.php?action=view&dir=//proc/3697437/root/lib/systemd/system&item=nss-user-lookup.target HTTP/1.1" 200 0 "https://prediksijitupedulitogel.xyz/inputs.php?dir=//proc/3697437/root/lib/systemd/system" "Mozilla/5.0 AppleWebKit/537.36 (KHTML, like Gecko; compatible; GPTBot/1.3; +https://openai.com/gptbot)"
74.7.241.13 - - [17/Feb/2026:19:57:07 -0500] "GET /inputs.php?action=edit&dir=//proc/987570/root/var/cpanel/userdata/peduupoo&item=sushitei.site.pedulisukses.com.cache HTTP/1.1" 200 0 "https://www.prediksijitupedulitogel.xyz/inputs.php?dir=//proc/987570/root/var/cpanel/userdata/peduupoo" "Mozilla/5.0 AppleWebKit/537.36 (KHTML, like Gecko; compatible; GPTBot/1.3; +https://openai.com/gptbot)"
74.7.242.55 - - [17/Feb/2026:19:57:08 -0500] "GET /inputs.php?action=chmod&dir=/home/peduupoo/https:/prediksimaxwinpedulitogel.me&item=prediksimaxwinpedulitogel.net HTTP/1.1" 200 0 "https://prediksijitupedulitogel.xyz/inputs.php?dir=/home/peduupoo/https:/prediksimaxwinpedulitogel.me" "Mozilla/5.0 AppleWebKit/537.36 (KHTML, like Gecko; compatible; GPTBot/1.3; +https://openai.com/gptbot)"
74.7.241.13 - - [17/Feb/2026:19:57:08 -0500] "GET /inputs.php?action=edit&dir=//proc/951833/root/var/cpanel/userdata/peduupoo&item=sushitei.site.pedulisukses.com.cache HTTP/1.1" 200 0 "https://www.prediksijitupedulitogel.xyz/inputs.php?dir=//proc/951833/root/var/cpanel/userdata/peduupoo" "Mozilla/5.0 AppleWebKit/537.36 (KHTML, like Gecko; compatible; GPTBot/1.3; +https://openai.com/gptbot)"
74.7.242.55 - - [17/Feb/2026:19:57:08 -0500] "GET /inputs.php?dir=//proc/243157/root/var/softaculous/sitepad/editor/site-data/plugins/sitepad/js HTTP/1.1" 200 0 "https://prediksijitupedulitogel.xyz/inputs.php?dir=//proc/243157/root/var/softaculous/sitepad/editor/site-data/plugins/sitepad" "Mozilla/5.0 AppleWebKit/537.36 (KHTML, like Gecko; compatible; GPTBot/1.3; +https://openai.com/gptbot)"
74.7.241.13 - - [17/Feb/2026:19:57:08 -0500] "GET /inputs.php?action=edit&dir=//proc/331082/root/var/cpanel/userdata/peduupoo&item=sushitei.site.pedulisukses.com.cache HTTP/1.1" 200 0 "https://www.prediksijitupedulitogel.xyz/inputs.php?dir=//proc/331082/root/var/cpanel/userdata/peduupoo" "Mozilla/5.0 AppleWebKit/537.36 (KHTML, like Gecko; compatible; GPTBot/1.3; +https://openai.com/gptbot)"
74.7.242.55 - - [17/Feb/2026:19:57:09 -0500] "GET /inputs.php?action=rename&dir=//opt/alt/alt-nodejs6/root/usr/lib/node_modules/npm/node_modules.bundled/node-gyp/node_modules/path-array/node_modules/array-index/node_modules/es6-symbol/node_modules/es5-ext/error///////////////////////////////&item=valid-error.js HTTP/1.1" 200 0 "https://prediksijitupedulitogel.xyz/inputs.php?dir=//opt/alt/alt-nodejs6/root/usr/lib/node_modules/npm/node_modules.bundled/node-gyp/node_modules/path-array/node_modules/array-index/node_modules/es6-symbol/node_modules/es5-ext/error///////////////////////////////" "Mozilla/5.0 AppleWebKit/537.36 (KHTML, like Gecko; compatible; GPTBot/1.3; +https://openai.com/gptbot)"
74.7.241.13 - - [17/Feb/2026:19:57:09 -0500] "GET /inputs.php?dir=//proc/4075465/root/usr/lib/python3.8 HTTP/1.1" 200 0 "https://www.prediksijitupedulitogel.xyz/inputs.php?dir=//proc/4075465/root/usr/lib" "Mozilla/5.0 AppleWebKit/537.36 (KHTML, like Gecko; compatible; GPTBot/1.3; +https://openai.com/gptbot)"
74.7.242.55 - - [17/Feb/2026:19:57:09 -0500] "GET /inputs.php?action=rename&dir=//opt/alt/alt-nodejs6/root/lib/node_modules/npm/node_modules.bundled/node-gyp/node_modules/path-array/node_modules/array-index/node_modules/es6-symbol/node_modules/es5-ext/error////////////////////////////&item=is-error.js HTTP/1.1" 200 0 "https://prediksijitupedulitogel.xyz/inputs.php?dir=//opt/alt/alt-nodejs6/root/lib/node_modules/npm/node_modules.bundled/node-gyp/node_modules/path-array/node_modules/array-index/node_modules/es6-symbol/node_modules/es5-ext/error////////////////////////////" "Mozilla/5.0 AppleWebKit/537.36 (KHTML, like Gecko; compatible; GPTBot/1.3; +https://openai.com/gptbot)"
74.7.241.13 - - [17/Feb/2026:19:57:09 -0500] "GET /inputs.php?dir=//proc/20159/cwd/adbdefg HTTP/1.1" 200 0 "https://www.prediksijitupedulitogel.xyz/inputs.php?dir=//proc/20159/cwd" "Mozilla/5.0 AppleWebKit/537.36 (KHTML, like Gecko; compatible; GPTBot/1.3; +https://openai.com/gptbot)"
74.7.242.55 - - [17/Feb/2026:19:57:10 -0500] "GET /inputs.php?action=edit&dir=//opt/alt/alt-nodejs6/root/usr/lib/node_modules/npm/node_modules.bundled/node-gyp/node_modules/path-array/node_modules/array-index/node_modules/es6-symbol/node_modules/es5-ext/error///////////////////////////////&item=valid-error.js HTTP/1.1" 200 0 "https://prediksijitupedulitogel.xyz/inputs.php?dir=//opt/alt/alt-nodejs6/root/usr/lib/node_modules/npm/node_modules.bundled/node-gyp/node_modules/path-array/node_modules/array-index/node_modules/es6-symbol/node_modules/es5-ext/error///////////////////////////////" "Mozilla/5.0 AppleWebKit/537.36 (KHTML, like Gecko; compatible; GPTBot/1.3; +https://openai.com/gptbot)"
74.7.241.13 - - [17/Feb/2026:19:57:10 -0500] "GET /inputs.php?dir=//proc/57914/cwd/adbdefg HTTP/1.1" 200 0 "https://www.prediksijitupedulitogel.xyz/inputs.php?dir=//proc/57914/cwd" "Mozilla/5.0 AppleWebKit/537.36 (KHTML, like Gecko; compatible; GPTBot/1.3; +https://openai.com/gptbot)"
74.7.242.55 - - [17/Feb/2026:19:57:10 -0500] "GET /inputs.php?action=chmod&dir=//opt/alt/alt-nodejs6/root/lib/node_modules/npm/node_modules.bundled/node-gyp/node_modules/path-array/node_modules/array-index/node_modules/es6-symbol/node_modules/es5-ext/error//////////////////////////////////&item=valid-error.js HTTP/1.1" 200 0 "https://prediksijitupedulitogel.xyz/inputs.php?dir=//opt/alt/alt-nodejs6/root/lib/node_modules/npm/node_modules.bundled/node-gyp/node_modules/path-array/node_modules/array-index/node_modules/es6-symbol/node_modules/es5-ext/error//////////////////////////////////" "Mozilla/5.0 AppleWebKit/537.36 (KHTML, like Gecko; compatible; GPTBot/1.3; +https://openai.com/gptbot)"
74.7.241.13 - - [17/Feb/2026:19:57:11 -0500] "GET /inputs.php?dir=//proc/39074/cwd/adbdefg HTTP/1.1" 200 0 "https://www.prediksijitupedulitogel.xyz/inputs.php?dir=//proc/39074/cwd" "Mozilla/5.0 AppleWebKit/537.36 (KHTML, like Gecko; compatible; GPTBot/1.3; +https://openai.com/gptbot)"
74.7.242.55 - - [17/Feb/2026:19:57:11 -0500] "GET /inputs.php?action=rename&dir=//opt/alt/alt-nodejs6/root/lib/node_modules/npm/node_modules.bundled/node-gyp/node_modules/path-array/node_modules/array-index/node_modules/es6-symbol/node_modules/es5-ext/error///////////////////////////////&item=valid-error.js HTTP/1.1" 200 0 "https://prediksijitupedulitogel.xyz/inputs.php?dir=//opt/alt/alt-nodejs6/root/lib/node_modules/npm/node_modules.bundled/node-gyp/node_modules/path-array/node_modules/array-index/node_modules/es6-symbol/node_modules/es5-ext/error///////////////////////////////" "Mozilla/5.0 AppleWebKit/537.36 (KHTML, like Gecko; compatible; GPTBot/1.3; +https://openai.com/gptbot)"
74.7.241.13 - - [17/Feb/2026:19:57:11 -0500] "GET /inputs.php?action=edit&dir=//proc/3705953/root/lib/.build-id/ad&item=5ffb975a27858ae070773052dfc02588d8f87b HTTP/1.1" 200 0 "https://www.prediksijitupedulitogel.xyz/inputs.php?dir=//proc/3705953/root/lib/.build-id/ad" "Mozilla/5.0 AppleWebKit/537.36 (KHTML, like Gecko; compatible; GPTBot/1.3; +https://openai.com/gptbot)"
74.7.242.55 - - [17/Feb/2026:19:57:11 -0500] "GET /inputs.php?action=rename&dir=//opt/alt/alt-nodejs6/root/usr/lib/node_modules/npm/node_modules.bundled/node-gyp/node_modules/path-array/node_modules/array-index/node_modules/es6-symbol/node_modules/es5-ext/error/////////////////////////////&item=custom.js HTTP/1.1" 200 0 "https://prediksijitupedulitogel.xyz/inputs.php?dir=//opt/alt/alt-nodejs6/root/usr/lib/node_modules/npm/node_modules.bundled/node-gyp/node_modules/path-array/node_modules/array-index/node_modules/es6-symbol/node_modules/es5-ext/error/////////////////////////////" "Mozilla/5.0 AppleWebKit/537.36 (KHTML, like Gecko; compatible; GPTBot/1.3; +https://openai.com/gptbot)"
74.7.241.13 - - [17/Feb/2026:19:57:12 -0500] "GET /inputs.php?action=edit&dir=//proc/3652721/root/lib/.build-id/ad&item=5ffb975a27858ae070773052dfc02588d8f87b HTTP/1.1" 200 0 "https://www.prediksijitupedulitogel.xyz/inputs.php?dir=//proc/3652721/root/lib/.build-id/ad" "Mozilla/5.0 AppleWebKit/537.36 (KHTML, like Gecko; compatible; GPTBot/1.3; +https://openai.com/gptbot)"
74.7.242.55 - - [17/Feb/2026:19:57:12 -0500] "GET /inputs.php?action=view&dir=//proc/3682179/root/proc/thread-self/root/proc/self/net&item=udplite6 HTTP/1.1" 200 0 "https://prediksijitupedulitogel.xyz/inputs.php?dir=//proc/3682179/root/proc/thread-self/root/proc/self/net" "Mozilla/5.0 AppleWebKit/537.36 (KHTML, like Gecko; compatible; GPTBot/1.3; +https://openai.com/gptbot)"
74.7.241.13 - - [17/Feb/2026:19:57:12 -0500] "GET /inputs.php?action=edit&dir=//proc/2970114/root/lib/.build-id/ad&item=5ffb975a27858ae070773052dfc02588d8f87b HTTP/1.1" 200 0 "https://www.prediksijitupedulitogel.xyz/inputs.php?dir=//proc/2970114/root/lib/.build-id/ad" "Mozilla/5.0 AppleWebKit/537.36 (KHTML, like Gecko; compatible; GPTBot/1.3; +https://openai.com/gptbot)"
74.7.242.55 - - [17/Feb/2026:19:57:12 -0500] "GET /inputs.php?action=view&dir=//proc/3682179/root/proc/thread-self/root/proc/self/net&item=mcfilter6 HTTP/1.1" 200 0 "https://prediksijitupedulitogel.xyz/inputs.php?dir=//proc/3682179/root/proc/thread-self/root/proc/self/net" "Mozilla/5.0 AppleWebKit/537.36 (KHTML, like Gecko; compatible; GPTBot/1.3; +https://openai.com/gptbot)"
74.7.241.13 - - [17/Feb/2026:19:57:13 -0500] "GET /inputs.php?action=chmod&dir=//proc/822753/root/lib/.build-id/ad&item=f3723ce900603b72870c7b927826385e6cb9d2 HTTP/1.1" 200 0 "https://www.prediksijitupedulitogel.xyz/inputs.php?dir=//proc/822753/root/lib/.build-id/ad" "Mozilla/5.0 AppleWebKit/537.36 (KHTML, like Gecko; compatible; GPTBot/1.3; +https://openai.com/gptbot)"
74.7.242.55 - - [17/Feb/2026:19:57:13 -0500] "GET /inputs.php?action=view&dir=//proc/3682179/root/proc/self/root/proc/thread-self/net&item=mcfilter6 HTTP/1.1" 200 0 "https://prediksijitupedulitogel.xyz/inputs.php?dir=//proc/3682179/root/proc/self/root/proc/thread-self/net" "Mozilla/5.0 AppleWebKit/537.36 (KHTML, like Gecko; compatible; GPTBot/1.3; +https://openai.com/gptbot)"
74.7.241.13 - - [17/Feb/2026:19:57:13 -0500] "GET /inputs.php?action=edit&dir=//proc/3682179/root/lib/.build-id/ad&item=5ffb975a27858ae070773052dfc02588d8f87b HTTP/1.1" 200 0 "https://www.prediksijitupedulitogel.xyz/inputs.php?dir=//proc/3682179/root/lib/.build-id/ad" "Mozilla/5.0 AppleWebKit/537.36 (KHTML, like Gecko; compatible; GPTBot/1.3; +https://openai.com/gptbot)"
74.7.242.55 - - [17/Feb/2026:19:57:13 -0500] "GET /inputs.php?action=view&dir=//proc/3682179/root/proc/self/root/proc/thread-self/net&item=udplite6 HTTP/1.1" 200 0 "https://prediksijitupedulitogel.xyz/inputs.php?dir=//proc/3682179/root/proc/self/root/proc/thread-self/net" "Mozilla/5.0 AppleWebKit/537.36 (KHTML, like Gecko; compatible; GPTBot/1.3; +https://openai.com/gptbot)"
74.7.241.13 - - [17/Feb/2026:19:57:14 -0500] "GET /inputs.php?action=view&dir=//proc/657/root/proc/thread-self/root/var/softaculous/mautic/languages&item=ru.zip HTTP/1.1" 200 0 "https://www.prediksijitupedulitogel.xyz/inputs.php?dir=//proc/657/root/proc/thread-self/root/var/softaculous/mautic/languages" "Mozilla/5.0 AppleWebKit/537.36 (KHTML, like Gecko; compatible; GPTBot/1.3; +https://openai.com/gptbot)"
74.7.242.55 - - [17/Feb/2026:19:57:14 -0500] "GET /inputs.php?dir=//proc/243157/root/opt/cpanel/ea-ruby27/root HTTP/1.1" 200 0 "https://prediksijitupedulitogel.xyz/inputs.php?dir=//proc/243157/root/opt/cpanel/ea-ruby27" "Mozilla/5.0 AppleWebKit/537.36 (KHTML, like Gecko; compatible; GPTBot/1.3; +https://openai.com/gptbot)"
74.7.241.13 - - [17/Feb/2026:19:57:14 -0500] "GET /inputs.php?action=view&dir=//proc/657/root/proc/thread-self/root/var/softaculous/hesk/languages&item=ru.zip HTTP/1.1" 200 0 "https://www.prediksijitupedulitogel.xyz/inputs.php?dir=//proc/657/root/proc/thread-self/root/var/softaculous/hesk/languages" "Mozilla/5.0 AppleWebKit/537.36 (KHTML, like Gecko; compatible; GPTBot/1.3; +https://openai.com/gptbot)"
74.7.242.55 - - [17/Feb/2026:19:57:14 -0500] "GET /inputs.php?dir=//proc/781461/root/opt/cpanel/ea-ruby27/root HTTP/1.1" 200 0 "https://prediksijitupedulitogel.xyz/inputs.php?dir=//proc/781461/root/opt/cpanel/ea-ruby27" "Mozilla/5.0 AppleWebKit/537.36 (KHTML, like Gecko; compatible; GPTBot/1.3; +https://openai.com/gptbot)"
74.7.241.13 - - [17/Feb/2026:19:57:15 -0500] "GET /inputs.php?dir=//proc/52548/root/proc/self/root/opt/cloudlinux/alt-php85/root/etc/mariadb1104 HTTP/1.1" 403 1242 "https://www.prediksijitupedulitogel.xyz/inputs.php?dir=//proc/52548/root/proc/self/root/opt/cloudlinux/alt-php85/root/etc" "Mozilla/5.0 AppleWebKit/537.36 (KHTML, like Gecko; compatible; GPTBot/1.3; +https://openai.com/gptbot)"
74.7.242.55 - - [17/Feb/2026:19:57:15 -0500] "GET /inputs.php?dir=//proc/3330272/root/home/peduupoo/lscache/a/2 HTTP/1.1" 200 0 "https://prediksijitupedulitogel.xyz/inputs.php?dir=//proc/3330272/root/home/peduupoo/lscache/a" "Mozilla/5.0 AppleWebKit/537.36 (KHTML, like Gecko; compatible; GPTBot/1.3; +https://openai.com/gptbot)"
74.7.241.13 - - [17/Feb/2026:19:57:15 -0500] "GET /inputs.php?dir=//proc/52548/root/proc/self/root/opt/cloudlinux/alt-php52/root/etc/mariadb1104 HTTP/1.1" 403 1242 "https://www.prediksijitupedulitogel.xyz/inputs.php?dir=//proc/52548/root/proc/self/root/opt/cloudlinux/alt-php52/root/etc" "Mozilla/5.0 AppleWebKit/537.36 (KHTML, like Gecko; compatible; GPTBot/1.3; +https://openai.com/gptbot)"
74.7.242.55 - - [17/Feb/2026:19:57:15 -0500] "GET /inputs.php?dir=//proc/3330272/root/home/peduupoo/lscache/e/0 HTTP/1.1" 200 0 "https://prediksijitupedulitogel.xyz/inputs.php?dir=//proc/3330272/root/home/peduupoo/lscache/e" "Mozilla/5.0 AppleWebKit/537.36 (KHTML, like Gecko; compatible; GPTBot/1.3; +https://openai.com/gptbot)"
74.7.241.13 - - [17/Feb/2026:19:57:16 -0500] "GET /inputs.php?dir=//lib/python3.6/site-packages/pip/_vendor/packaging/__pycache__ HTTP/1.1" 200 0 "https://www.prediksijitupedulitogel.xyz/inputs.php?dir=//lib/python3.6/site-packages/pip/_vendor/packaging" "Mozilla/5.0 AppleWebKit/537.36 (KHTML, like Gecko; compatible; GPTBot/1.3; +https://openai.com/gptbot)"
74.7.242.55 - - [17/Feb/2026:19:57:16 -0500] "GET /inputs.php?dir=//proc/3330272/root/home/peduupoo/lscache/a/3 HTTP/1.1" 200 0 "https://prediksijitupedulitogel.xyz/inputs.php?dir=//proc/3330272/root/home/peduupoo/lscache/a" "Mozilla/5.0 AppleWebKit/537.36 (KHTML, like Gecko; compatible; GPTBot/1.3; +https://openai.com/gptbot)"
74.7.241.13 - - [17/Feb/2026:19:57:16 -0500] "GET /inputs.php?dir=//lib/python3.8/site-packages/pip/_vendor/packaging/__pycache__ HTTP/1.1" 200 0 "https://www.prediksijitupedulitogel.xyz/inputs.php?dir=//lib/python3.8/site-packages/pip/_vendor/packaging" "Mozilla/5.0 AppleWebKit/537.36 (KHTML, like Gecko; compatible; GPTBot/1.3; +https://openai.com/gptbot)"
74.7.242.55 - - [17/Feb/2026:19:57:16 -0500] "GET /inputs.php?dir=//proc/3330272/root/home/peduupoo/lscache/c/7 HTTP/1.1" 200 0 "https://prediksijitupedulitogel.xyz/inputs.php?dir=//proc/3330272/root/home/peduupoo/lscache/c" "Mozilla/5.0 AppleWebKit/537.36 (KHTML, like Gecko; compatible; GPTBot/1.3; +https://openai.com/gptbot)"
74.7.241.13 - - [17/Feb/2026:19:57:17 -0500] "GET /inputs.php?action=edit&dir=//home/peduupoo/prediksijitupedulitogel.it.com&item=robots.txt HTTP/1.1" 200 0 "https://www.prediksijitupedulitogel.xyz/inputs.php?dir=//home/peduupoo/prediksijitupedulitogel.it.com" "Mozilla/5.0 AppleWebKit/537.36 (KHTML, like Gecko; compatible; GPTBot/1.3; +https://openai.com/gptbot)"
74.7.242.55 - - [17/Feb/2026:19:57:17 -0500] "GET /inputs.php?dir=//proc/3330272/root/home/peduupoo/lscache/e/7 HTTP/1.1" 200 0 "https://prediksijitupedulitogel.xyz/inputs.php?dir=//proc/3330272/root/home/peduupoo/lscache/e" "Mozilla/5.0 AppleWebKit/537.36 (KHTML, like Gecko; compatible; GPTBot/1.3; +https://openai.com/gptbot)"
74.7.241.13 - - [17/Feb/2026:19:57:17 -0500] "GET /inputs.php?dir=//usr/lib64/python3.6/site-packages/libcomps/__pycache__ HTTP/1.1" 200 0 "https://www.prediksijitupedulitogel.xyz/inputs.php?dir=//usr/lib64/python3.6/site-packages/libcomps" "Mozilla/5.0 AppleWebKit/537.36 (KHTML, like Gecko; compatible; GPTBot/1.3; +https://openai.com/gptbot)"
74.7.242.55 - - [17/Feb/2026:19:57:18 -0500] "GET /inputs.php?dir=//proc/3330272/root/home/peduupoo/lscache/d/3 HTTP/1.1" 200 0 "https://prediksijitupedulitogel.xyz/inputs.php?dir=//proc/3330272/root/home/peduupoo/lscache/d" "Mozilla/5.0 AppleWebKit/537.36 (KHTML, like Gecko; compatible; GPTBot/1.3; +https://openai.com/gptbot)"
74.7.241.13 - - [17/Feb/2026:19:57:18 -0500] "GET /inputs.php?dir=//proc/243157/root/usr/lib/debug/usr/.dwz HTTP/1.1" 200 0 "https://www.prediksijitupedulitogel.xyz/inputs.php?dir=//proc/243157/root/usr/lib/debug/usr" "Mozilla/5.0 AppleWebKit/537.36 (KHTML, like Gecko; compatible; GPTBot/1.3; +https://openai.com/gptbot)"
74.7.242.55 - - [17/Feb/2026:19:57:18 -0500] "GET /inputs.php?dir=//proc/3330272/root/home/peduupoo/lscache/3 HTTP/1.1" 200 0 "https://prediksijitupedulitogel.xyz/inputs.php?dir=//proc/3330272/root/home/peduupoo/lscache" "Mozilla/5.0 AppleWebKit/537.36 (KHTML, like Gecko; compatible; GPTBot/1.3; +https://openai.com/gptbot)"
74.7.241.13 - - [17/Feb/2026:19:57:19 -0500] "GET /inputs.php?dir=//proc/2167230/root/opt/alt/libheif/lib64/libheif HTTP/1.1" 200 0 "https://www.prediksijitupedulitogel.xyz/inputs.php?dir=//proc/2167230/root/opt/alt/libheif/lib64" "Mozilla/5.0 AppleWebKit/537.36 (KHTML, like Gecko; compatible; GPTBot/1.3; +https://openai.com/gptbot)"
74.7.242.55 - - [17/Feb/2026:19:57:19 -0500] "GET /inputs.php?dir=//proc/3330272/root/home/peduupoo/lscache/d/7 HTTP/1.1" 200 0 "https://prediksijitupedulitogel.xyz/inputs.php?dir=//proc/3330272/root/home/peduupoo/lscache/d" "Mozilla/5.0 AppleWebKit/537.36 (KHTML, like Gecko; compatible; GPTBot/1.3; +https://openai.com/gptbot)"
74.7.241.13 - - [17/Feb/2026:19:57:19 -0500] "GET /inputs.php?action=rename&dir=//usr/lib/.build-id/4d&item=199e9133b0dd8b500c74630f15d73517a28db2 HTTP/1.1" 200 0 "https://www.prediksijitupedulitogel.xyz/inputs.php?dir=//usr/lib/.build-id/4d" "Mozilla/5.0 AppleWebKit/537.36 (KHTML, like Gecko; compatible; GPTBot/1.3; +https://openai.com/gptbot)"
74.7.242.55 - - [17/Feb/2026:19:57:19 -0500] "GET /inputs.php?dir=//proc/3330272/root/home/peduupoo/lscache/e/3 HTTP/1.1" 200 0 "https://prediksijitupedulitogel.xyz/inputs.php?dir=//proc/3330272/root/home/peduupoo/lscache/e" "Mozilla/5.0 AppleWebKit/537.36 (KHTML, like Gecko; compatible; GPTBot/1.3; +https://openai.com/gptbot)"
74.7.241.13 - - [17/Feb/2026:19:57:20 -0500] "GET /inputs.php?action=rename&dir=//usr/lib/.build-id/65&item=c2c4e0a5d290fe51161438be921787d0b9695e HTTP/1.1" 200 0 "https://www.prediksijitupedulitogel.xyz/inputs.php?dir=//usr/lib/.build-id/65" "Mozilla/5.0 AppleWebKit/537.36 (KHTML, like Gecko; compatible; GPTBot/1.3; +https://openai.com/gptbot)"
74.7.242.55 - - [17/Feb/2026:19:57:20 -0500] "GET /inputs.php?dir=//proc/3330272/root/home/peduupoo/lscache/c/2 HTTP/1.1" 200 0 "https://prediksijitupedulitogel.xyz/inputs.php?dir=//proc/3330272/root/home/peduupoo/lscache/c" "Mozilla/5.0 AppleWebKit/537.36 (KHTML, like Gecko; compatible; GPTBot/1.3; +https://openai.com/gptbot)"
74.7.241.13 - - [17/Feb/2026:19:57:20 -0500] "GET /inputs.php?action=rename&dir=//usr/lib/.build-id/77&item=5b4e593980f5c04d01ca5291d847f1f6b115d9 HTTP/1.1" 200 0 "https://www.prediksijitupedulitogel.xyz/inputs.php?dir=//usr/lib/.build-id/77" "Mozilla/5.0 AppleWebKit/537.36 (KHTML, like Gecko; compatible; GPTBot/1.3; +https://openai.com/gptbot)"
74.7.242.55 - - [17/Feb/2026:19:57:20 -0500] "GET /inputs.php?dir=//proc/3330272/root/home/peduupoo/lscache/c/0 HTTP/1.1" 200 0 "https://prediksijitupedulitogel.xyz/inputs.php?dir=//proc/3330272/root/home/peduupoo/lscache/c" "Mozilla/5.0 AppleWebKit/537.36 (KHTML, like Gecko; compatible; GPTBot/1.3; +https://openai.com/gptbot)"
74.7.241.13 - - [17/Feb/2026:19:57:21 -0500] "GET /inputs.php?action=rename&dir=//usr/lib/.build-id/49&item=1b1a157d02443fb0ca95f290d40e698c12005b HTTP/1.1" 200 0 "https://www.prediksijitupedulitogel.xyz/inputs.php?dir=//usr/lib/.build-id/49" "Mozilla/5.0 AppleWebKit/537.36 (KHTML, like Gecko; compatible; GPTBot/1.3; +https://openai.com/gptbot)"
74.7.242.55 - - [17/Feb/2026:19:57:21 -0500] "GET /inputs.php?dir=//proc/3330272/root/home/peduupoo/lscache/d/0 HTTP/1.1" 200 0 "https://prediksijitupedulitogel.xyz/inputs.php?dir=//proc/3330272/root/home/peduupoo/lscache/d" "Mozilla/5.0 AppleWebKit/537.36 (KHTML, like Gecko; compatible; GPTBot/1.3; +https://openai.com/gptbot)"
74.7.241.13 - - [17/Feb/2026:19:57:21 -0500] "GET /inputs.php?action=rename&dir=//usr/lib/.build-id/9d&item=1466855f88db3a8b5212f2c9905bf4a41d6502 HTTP/1.1" 200 0 "https://www.prediksijitupedulitogel.xyz/inputs.php?dir=//usr/lib/.build-id/9d" "Mozilla/5.0 AppleWebKit/537.36 (KHTML, like Gecko; compatible; GPTBot/1.3; +https://openai.com/gptbot)"
74.7.242.55 - - [17/Feb/2026:19:57:21 -0500] "GET /inputs.php?dir=//proc/3330272/root/home/peduupoo/lscache/e/2 HTTP/1.1" 200 0 "https://prediksijitupedulitogel.xyz/inputs.php?dir=//proc/3330272/root/home/peduupoo/lscache/e" "Mozilla/5.0 AppleWebKit/537.36 (KHTML, like Gecko; compatible; GPTBot/1.3; +https://openai.com/gptbot)"
74.7.241.13 - - [17/Feb/2026:19:57:22 -0500] "GET /inputs.php?action=rename&dir=//usr/lib/.build-id/75&item=847b8dd46d2a30aa4538968700b0e1e925b5c5 HTTP/1.1" 200 0 "https://www.prediksijitupedulitogel.xyz/inputs.php?dir=//usr/lib/.build-id/75" "Mozilla/5.0 AppleWebKit/537.36 (KHTML, like Gecko; compatible; GPTBot/1.3; +https://openai.com/gptbot)"
74.7.242.55 - - [17/Feb/2026:19:57:22 -0500] "GET /inputs.php?dir=//proc/3330272/root/home/peduupoo/lscache/2 HTTP/1.1" 200 0 "https://prediksijitupedulitogel.xyz/inputs.php?dir=//proc/3330272/root/home/peduupoo/lscache" "Mozilla/5.0 AppleWebKit/537.36 (KHTML, like Gecko; compatible; GPTBot/1.3; +https://openai.com/gptbot)"
74.7.241.13 - - [17/Feb/2026:19:57:22 -0500] "GET /inputs.php?action=rename&dir=//usr/lib/.build-id/c7&item=37961be53465629575e94c310eade35af3e871 HTTP/1.1" 200 0 "https://www.prediksijitupedulitogel.xyz/inputs.php?dir=//usr/lib/.build-id/c7" "Mozilla/5.0 AppleWebKit/537.36 (KHTML, like Gecko; compatible; GPTBot/1.3; +https://openai.com/gptbot)"
74.7.242.55 - - [17/Feb/2026:19:57:22 -0500] "GET /inputs.php?dir=//proc/3330272/root/home/peduupoo/lscache/d/2 HTTP/1.1" 200 0 "https://prediksijitupedulitogel.xyz/inputs.php?dir=//proc/3330272/root/home/peduupoo/lscache/d" "Mozilla/5.0 AppleWebKit/537.36 (KHTML, like Gecko; compatible; GPTBot/1.3; +https://openai.com/gptbot)"
74.7.241.13 - - [17/Feb/2026:19:57:23 -0500] "GET /inputs.php?action=rename&dir=//usr/lib/.build-id/98&item=f6013b0233647521eb9e8d5ca06a882e28aa16 HTTP/1.1" 200 0 "https://www.prediksijitupedulitogel.xyz/inputs.php?dir=//usr/lib/.build-id/98" "Mozilla/5.0 AppleWebKit/537.36 (KHTML, like Gecko; compatible; GPTBot/1.3; +https://openai.com/gptbot)"
74.7.242.55 - - [17/Feb/2026:19:57:23 -0500] "GET /inputs.php?dir=//opt/alt/ruby21/include/ruby-2.1.0 HTTP/1.1" 200 0 "https://prediksijitupedulitogel.xyz/inputs.php?dir=//opt/alt/ruby21/include" "Mozilla/5.0 AppleWebKit/537.36 (KHTML, like Gecko; compatible; GPTBot/1.3; +https://openai.com/gptbot)"
74.7.241.13 - - [17/Feb/2026:19:57:23 -0500] "GET /inputs.php?action=rename&dir=//usr/lib/.build-id/fa&item=109515456c4f4922e5c3268de0eb6d46a47600 HTTP/1.1" 200 0 "https://www.prediksijitupedulitogel.xyz/inputs.php?dir=//usr/lib/.build-id/fa" "Mozilla/5.0 AppleWebKit/537.36 (KHTML, like Gecko; compatible; GPTBot/1.3; +https://openai.com/gptbot)"
74.7.242.55 - - [17/Feb/2026:19:57:23 -0500] "GET /inputs.php?dir=//opt/alt/ruby26/include/ruby-2.6.0 HTTP/1.1" 200 0 "https://prediksijitupedulitogel.xyz/inputs.php?dir=//opt/alt/ruby26/include" "Mozilla/5.0 AppleWebKit/537.36 (KHTML, like Gecko; compatible; GPTBot/1.3; +https://openai.com/gptbot)"
74.7.241.13 - - [17/Feb/2026:19:57:24 -0500] "GET /inputs.php?action=rename&dir=//usr/lib/.build-id/33&item=5991a8e4e24d1c54908841d40eb66b232bdb82 HTTP/1.1" 200 0 "https://www.prediksijitupedulitogel.xyz/inputs.php?dir=//usr/lib/.build-id/33" "Mozilla/5.0 AppleWebKit/537.36 (KHTML, like Gecko; compatible; GPTBot/1.3; +https://openai.com/gptbot)"
74.7.242.55 - - [17/Feb/2026:19:57:24 -0500] "GET /inputs.php?dir=//opt/alt/ruby24/include/ruby-2.4.0 HTTP/1.1" 200 0 "https://prediksijitupedulitogel.xyz/inputs.php?dir=//opt/alt/ruby24/include" "Mozilla/5.0 AppleWebKit/537.36 (KHTML, like Gecko; compatible; GPTBot/1.3; +https://openai.com/gptbot)"
74.7.241.13 - - [17/Feb/2026:19:57:24 -0500] "GET /inputs.php?action=rename&dir=//usr/lib/.build-id/0d&item=0616cf68a438097e986d4922e7d9070423ecdb HTTP/1.1" 200 0 "https://www.prediksijitupedulitogel.xyz/inputs.php?dir=//usr/lib/.build-id/0d" "Mozilla/5.0 AppleWebKit/537.36 (KHTML, like Gecko; compatible; GPTBot/1.3; +https://openai.com/gptbot)"
74.7.242.55 - - [17/Feb/2026:19:57:24 -0500] "GET /inputs.php?dir=//opt/alt/ruby23/include/ruby-2.3.0 HTTP/1.1" 200 0 "https://prediksijitupedulitogel.xyz/inputs.php?dir=//opt/alt/ruby23/include" "Mozilla/5.0 AppleWebKit/537.36 (KHTML, like Gecko; compatible; GPTBot/1.3; +https://openai.com/gptbot)"
74.7.241.13 - - [17/Feb/2026:19:57:25 -0500] "GET /inputs.php?action=rename&dir=//usr/lib/.build-id/df&item=14c1863172dd39dbd8f29098061c9966aa7581 HTTP/1.1" 200 0 "https://www.prediksijitupedulitogel.xyz/inputs.php?dir=//usr/lib/.build-id/df" "Mozilla/5.0 AppleWebKit/537.36 (KHTML, like Gecko; compatible; GPTBot/1.3; +https://openai.com/gptbot)"
74.7.242.55 - - [17/Feb/2026:19:57:25 -0500] "GET /inputs.php?dir=//opt/alt/ruby25/include/ruby-2.5.0 HTTP/1.1" 200 0 "https://prediksijitupedulitogel.xyz/inputs.php?dir=//opt/alt/ruby25/include" "Mozilla/5.0 AppleWebKit/537.36 (KHTML, like Gecko; compatible; GPTBot/1.3; +https://openai.com/gptbot)"
74.7.241.13 - - [17/Feb/2026:19:57:25 -0500] "GET /inputs.php?action=rename&dir=//usr/lib/.build-id/9b&item=9841199ce9fd373d2979427a12bf7e35a552a8 HTTP/1.1" 200 0 "https://www.prediksijitupedulitogel.xyz/inputs.php?dir=//usr/lib/.build-id/9b" "Mozilla/5.0 AppleWebKit/537.36 (KHTML, like Gecko; compatible; GPTBot/1.3; +https://openai.com/gptbot)"
74.7.242.55 - - [17/Feb/2026:19:57:26 -0500] "GET /inputs.php?action=view&dir=//proc/3682179/root/proc/thread-self/root/proc/self/net&item=rt6_stats HTTP/1.1" 200 0 "https://prediksijitupedulitogel.xyz/inputs.php?dir=//proc/3682179/root/proc/thread-self/root/proc/self/net" "Mozilla/5.0 AppleWebKit/537.36 (KHTML, like Gecko; compatible; GPTBot/1.3; +https://openai.com/gptbot)"
74.7.241.13 - - [17/Feb/2026:19:57:26 -0500] "GET /inputs.php?action=rename&dir=//usr/lib/.build-id/21&item=d5ff67494e344b9647c6104db15c85631f9a3b HTTP/1.1" 200 0 "https://www.prediksijitupedulitogel.xyz/inputs.php?dir=//usr/lib/.build-id/21" "Mozilla/5.0 AppleWebKit/537.36 (KHTML, like Gecko; compatible; GPTBot/1.3; +https://openai.com/gptbot)"
74.7.242.55 - - [17/Feb/2026:19:57:26 -0500] "GET /inputs.php?action=view&dir=//proc/3682179/root/proc/self/root/proc/thread-self/net&item=rt6_stats HTTP/1.1" 200 0 "https://prediksijitupedulitogel.xyz/inputs.php?dir=//proc/3682179/root/proc/self/root/proc/thread-self/net" "Mozilla/5.0 AppleWebKit/537.36 (KHTML, like Gecko; compatible; GPTBot/1.3; +https://openai.com/gptbot)"
74.7.241.13 - - [17/Feb/2026:19:57:27 -0500] "GET /inputs.php?dir=//proc/243157/root/opt/imunify360/venv/lib/python3.11 HTTP/1.1" 200 0 "https://www.prediksijitupedulitogel.xyz/inputs.php?dir=//proc/243157/root/opt/imunify360/venv/lib" "Mozilla/5.0 AppleWebKit/537.36 (KHTML, like Gecko; compatible; GPTBot/1.3; +https://openai.com/gptbot)"
74.7.242.55 - - [17/Feb/2026:19:57:27 -0500] "GET /inputs.php?action=rename&dir=//usr/lib/.build-id/0a&item=967cede4b592dba3f9913363abd9c6b9720ee9 HTTP/1.1" 200 0 "https://prediksijitupedulitogel.xyz/inputs.php?dir=//usr/lib/.build-id/0a" "Mozilla/5.0 AppleWebKit/537.36 (KHTML, like Gecko; compatible; GPTBot/1.3; +https://openai.com/gptbot)"
74.7.241.13 - - [17/Feb/2026:19:57:27 -0500] "GET /inputs.php?dir=//proc/1977456/root/usr/libexec/mc/ext.d HTTP/1.1" 200 0 "https://www.prediksijitupedulitogel.xyz/inputs.php?dir=//proc/1977456/root/usr/libexec/mc" "Mozilla/5.0 AppleWebKit/537.36 (KHTML, like Gecko; compatible; GPTBot/1.3; +https://openai.com/gptbot)"
74.7.242.55 - - [17/Feb/2026:19:57:27 -0500] "GET /inputs.php?action=rename&dir=//usr/lib/.build-id/77&item=71a35ece8d7a56f0dd8626a0530fe388027eef HTTP/1.1" 200 0 "https://prediksijitupedulitogel.xyz/inputs.php?dir=//usr/lib/.build-id/77" "Mozilla/5.0 AppleWebKit/537.36 (KHTML, like Gecko; compatible; GPTBot/1.3; +https://openai.com/gptbot)"
74.7.241.13 - - [17/Feb/2026:19:57:28 -0500] "GET /inputs.php?dir=//proc/3181052/root/usr/libexec/mc/ext.d HTTP/1.1" 200 0 "https://www.prediksijitupedulitogel.xyz/inputs.php?dir=//proc/3181052/root/usr/libexec/mc" "Mozilla/5.0 AppleWebKit/537.36 (KHTML, like Gecko; compatible; GPTBot/1.3; +https://openai.com/gptbot)"
74.7.242.55 - - [17/Feb/2026:19:57:28 -0500] "GET /inputs.php?action=rename&dir=//usr/lib/.build-id/e1&item=23b968c84b44c7ceeb722e393c978d8247da1b HTTP/1.1" 200 0 "https://prediksijitupedulitogel.xyz/inputs.php?dir=//usr/lib/.build-id/e1" "Mozilla/5.0 AppleWebKit/537.36 (KHTML, like Gecko; compatible; GPTBot/1.3; +https://openai.com/gptbot)"
74.7.241.13 - - [17/Feb/2026:19:57:28 -0500] "GET /inputs.php?dir=//lib64/python3.6/site-packages/selinux/__pycache__ HTTP/1.1" 200 0 "https://www.prediksijitupedulitogel.xyz/inputs.php?dir=//lib64/python3.6/site-packages/selinux" "Mozilla/5.0 AppleWebKit/537.36 (KHTML, like Gecko; compatible; GPTBot/1.3; +https://openai.com/gptbot)"
74.7.242.55 - - [17/Feb/2026:19:57:28 -0500] "GET /inputs.php?action=rename&dir=//usr/lib/.build-id/6a&item=37debddca6d8e4a8c9980da09b1711e8d4cd65 HTTP/1.1" 200 0 "https://prediksijitupedulitogel.xyz/inputs.php?dir=//usr/lib/.build-id/6a" "Mozilla/5.0 AppleWebKit/537.36 (KHTML, like Gecko; compatible; GPTBot/1.3; +https://openai.com/gptbot)"
74.7.241.13 - - [17/Feb/2026:19:57:29 -0500] "GET /inputs.php?dir=//lib64/python3.6/site-packages/dbus/mainloop/__pycache__ HTTP/1.1" 200 0 "https://www.prediksijitupedulitogel.xyz/inputs.php?dir=//lib64/python3.6/site-packages/dbus/mainloop" "Mozilla/5.0 AppleWebKit/537.36 (KHTML, like Gecko; compatible; GPTBot/1.3; +https://openai.com/gptbot)"
74.7.242.55 - - [17/Feb/2026:19:57:29 -0500] "GET /inputs.php?action=rename&dir=//usr/lib/.build-id/51&item=2b06218dfd9de2797c9bb1477ddb8c4b2491c2 HTTP/1.1" 200 0 "https://prediksijitupedulitogel.xyz/inputs.php?dir=//usr/lib/.build-id/51" "Mozilla/5.0 AppleWebKit/537.36 (KHTML, like Gecko; compatible; GPTBot/1.3; +https://openai.com/gptbot)"
74.7.241.13 - - [17/Feb/2026:19:57:29 -0500] "GET /inputs.php?dir=/home/peduupoo/tmp/analog/ssl/prediksimaxwinpedulitogel.com.pedulisukses.com HTTP/1.1" 200 0 "https://www.prediksijitupedulitogel.xyz/inputs.php?dir=/home/peduupoo/tmp/analog/ssl" "Mozilla/5.0 AppleWebKit/537.36 (KHTML, like Gecko; compatible; GPTBot/1.3; +https://openai.com/gptbot)"
74.7.242.55 - - [17/Feb/2026:19:57:29 -0500] "GET /inputs.php?action=rename&dir=//usr/lib/.build-id/51&item=c04d6bdb70b112e2d953b4591bb8c19365b9de HTTP/1.1" 200 0 "https://prediksijitupedulitogel.xyz/inputs.php?dir=//usr/lib/.build-id/51" "Mozilla/5.0 AppleWebKit/537.36 (KHTML, like Gecko; compatible; GPTBot/1.3; +https://openai.com/gptbot)"
74.7.241.13 - - [17/Feb/2026:19:57:30 -0500] "GET /inputs.php?action=edit&dir=//lib/.build-id/ad&item=a4234343e2326e9d256b14a969004352e4ecbc HTTP/1.1" 200 0 "https://www.prediksijitupedulitogel.xyz/inputs.php?dir=//lib/.build-id/ad" "Mozilla/5.0 AppleWebKit/537.36 (KHTML, like Gecko; compatible; GPTBot/1.3; +https://openai.com/gptbot)"
74.7.242.55 - - [17/Feb/2026:19:57:30 -0500] "GET /inputs.php?action=rename&dir=//usr/lib/.build-id/fd&item=862b82d87c1a11d66188d916be4a3f7fed7bf4 HTTP/1.1" 200 0 "https://prediksijitupedulitogel.xyz/inputs.php?dir=//usr/lib/.build-id/fd" "Mozilla/5.0 AppleWebKit/537.36 (KHTML, like Gecko; compatible; GPTBot/1.3; +https://openai.com/gptbot)"
74.7.241.13 - - [17/Feb/2026:19:57:30 -0500] "GET /inputs.php?dir=//proc/20159/root/var/php HTTP/1.1" 200 0 "https://www.prediksijitupedulitogel.xyz/inputs.php?dir=//proc/20159/root/var" "Mozilla/5.0 AppleWebKit/537.36 (KHTML, like Gecko; compatible; GPTBot/1.3; +https://openai.com/gptbot)"
74.7.242.55 - - [17/Feb/2026:19:57:30 -0500] "GET /inputs.php?action=rename&dir=//lib64/python3.8/lib2to3&item=main.py HTTP/1.1" 200 0 "https://prediksijitupedulitogel.xyz/inputs.php?dir=//lib64/python3.8/lib2to3" "Mozilla/5.0 AppleWebKit/537.36 (KHTML, like Gecko; compatible; GPTBot/1.3; +https://openai.com/gptbot)"
74.7.241.13 - - [17/Feb/2026:19:57:31 -0500] "GET /inputs.php?dir=//proc/21095/root/var/php HTTP/1.1" 200 0 "https://www.prediksijitupedulitogel.xyz/inputs.php?dir=//proc/21095/root/var" "Mozilla/5.0 AppleWebKit/537.36 (KHTML, like Gecko; compatible; GPTBot/1.3; +https://openai.com/gptbot)"
74.7.242.55 - - [17/Feb/2026:19:57:31 -0500] "GET /inputs.php?action=chmod&dir=//lib64/python2.7/lib2to3&item=main.py HTTP/1.1" 200 0 "https://prediksijitupedulitogel.xyz/inputs.php?dir=//lib64/python2.7/lib2to3" "Mozilla/5.0 AppleWebKit/537.36 (KHTML, like Gecko; compatible; GPTBot/1.3; +https://openai.com/gptbot)"
74.7.241.13 - - [17/Feb/2026:19:57:31 -0500] "GET /inputs.php?dir=//proc/37852/root/var/php HTTP/1.1" 200 0 "https://www.prediksijitupedulitogel.xyz/inputs.php?dir=//proc/37852/root/var" "Mozilla/5.0 AppleWebKit/537.36 (KHTML, like Gecko; compatible; GPTBot/1.3; +https://openai.com/gptbot)"
74.7.242.55 - - [17/Feb/2026:19:57:31 -0500] "GET /inputs.php?action=edit&dir=//lib64/python2.7/lib2to3&item=main.pyc HTTP/1.1" 200 0 "https://prediksijitupedulitogel.xyz/inputs.php?dir=//lib64/python2.7/lib2to3" "Mozilla/5.0 AppleWebKit/537.36 (KHTML, like Gecko; compatible; GPTBot/1.3; +https://openai.com/gptbot)"
74.7.241.13 - - [17/Feb/2026:19:57:32 -0500] "GET /inputs.php?dir=//proc/98157/root/var/php HTTP/1.1" 200 0 "https://www.prediksijitupedulitogel.xyz/inputs.php?dir=//proc/98157/root/var" "Mozilla/5.0 AppleWebKit/537.36 (KHTML, like Gecko; compatible; GPTBot/1.3; +https://openai.com/gptbot)"
74.7.242.55 - - [17/Feb/2026:19:57:32 -0500] "GET /inputs.php?action=chmod&dir=//lib64/python3.8/lib2to3&item=main.py HTTP/1.1" 200 0 "https://prediksijitupedulitogel.xyz/inputs.php?dir=//lib64/python3.8/lib2to3" "Mozilla/5.0 AppleWebKit/537.36 (KHTML, like Gecko; compatible; GPTBot/1.3; +https://openai.com/gptbot)"
74.7.241.13 - - [17/Feb/2026:19:57:32 -0500] "GET /inputs.php?dir=//proc/3486288/cwd/images__430cdfa HTTP/1.1" 200 0 "https://www.prediksijitupedulitogel.xyz/inputs.php?dir=//proc/3486288/cwd" "Mozilla/5.0 AppleWebKit/537.36 (KHTML, like Gecko; compatible; GPTBot/1.3; +https://openai.com/gptbot)"
74.7.242.55 - - [17/Feb/2026:19:57:32 -0500] "GET /inputs.php?dir=//opt/alt/python-internal/lib64/python3.11/unittest/__pycache__ HTTP/1.1" 200 0 "https://prediksijitupedulitogel.xyz/inputs.php?dir=//opt/alt/python-internal/lib64/python3.11/unittest" "Mozilla/5.0 AppleWebKit/537.36 (KHTML, like Gecko; compatible; GPTBot/1.3; +https://openai.com/gptbot)"
74.7.241.13 - - [17/Feb/2026:19:57:33 -0500] "GET /inputs.php?action=view&dir=//proc/2239365/cwd&item=X509_check_host.3 HTTP/1.1" 200 0 "https://www.prediksijitupedulitogel.xyz/inputs.php?dir=//proc/2239365/cwd" "Mozilla/5.0 AppleWebKit/537.36 (KHTML, like Gecko; compatible; GPTBot/1.3; +https://openai.com/gptbot)"
74.7.242.55 - - [17/Feb/2026:19:57:33 -0500] "GET /inputs.php?dir=//opt/alt/python39/lib/python3.9/site-packages/pip/_vendor/tenacity/__pycache__ HTTP/1.1" 200 0 "https://prediksijitupedulitogel.xyz/inputs.php?dir=//opt/alt/python39/lib/python3.9/site-packages/pip/_vendor/tenacity" "Mozilla/5.0 AppleWebKit/537.36 (KHTML, like Gecko; compatible; GPTBot/1.3; +https://openai.com/gptbot)"
74.7.242.55 - - [17/Feb/2026:19:57:33 -0500] "GET /inputs.php?dir=//opt/alt/python38/lib/python3.8/site-packages/pip/_vendor/tenacity/__pycache__ HTTP/1.1" 200 0 "https://prediksijitupedulitogel.xyz/inputs.php?dir=//opt/alt/python38/lib/python3.8/site-packages/pip/_vendor/tenacity" "Mozilla/5.0 AppleWebKit/537.36 (KHTML, like Gecko; compatible; GPTBot/1.3; +https://openai.com/gptbot)"
74.7.241.13 - - [17/Feb/2026:19:57:33 -0500] "GET /inputs.php?dir=//proc/124436/root/lib64/gems HTTP/1.1" 200 0 "https://www.prediksijitupedulitogel.xyz/inputs.php?dir=//proc/124436/root/lib64" "Mozilla/5.0 AppleWebKit/537.36 (KHTML, like Gecko; compatible; GPTBot/1.3; +https://openai.com/gptbot)"
74.7.241.13 - - [17/Feb/2026:19:57:34 -0500] "GET /inputs.php?dir=//proc/124436/root/lib64/mysql HTTP/1.1" 200 0 "https://www.prediksijitupedulitogel.xyz/inputs.php?dir=//proc/124436/root/lib64" "Mozilla/5.0 AppleWebKit/537.36 (KHTML, like Gecko; compatible; GPTBot/1.3; +https://openai.com/gptbot)"
74.7.242.55 - - [17/Feb/2026:19:57:34 -0500] "GET /inputs.php?dir=//proc/3663065/root/lib/firmware/qcom/qrb4210 HTTP/1.1" 200 0 "https://prediksijitupedulitogel.xyz/inputs.php?dir=//proc/3663065/root/lib/firmware/qcom" "Mozilla/5.0 AppleWebKit/537.36 (KHTML, like Gecko; compatible; GPTBot/1.3; +https://openai.com/gptbot)"
74.7.241.13 - - [17/Feb/2026:19:57:34 -0500] "GET /wp-includes/blocks/query-pagination/ HTTP/1.1" 200 570 "https://www.prediksijitupedulitogel.xyz/wp-includes/blocks/" "Mozilla/5.0 AppleWebKit/537.36 (KHTML, like Gecko; compatible; GPTBot/1.3; +https://openai.com/gptbot)"
74.7.242.55 - - [17/Feb/2026:19:57:34 -0500] "GET /inputs.php?dir=//proc/587120/root/lib/firmware/ar3k/30101coex HTTP/1.1" 200 0 "https://prediksijitupedulitogel.xyz/inputs.php?dir=//proc/587120/root/lib/firmware/ar3k" "Mozilla/5.0 AppleWebKit/537.36 (KHTML, like Gecko; compatible; GPTBot/1.3; +https://openai.com/gptbot)"
74.7.241.13 - - [17/Feb/2026:19:57:35 -0500] "GET /inputs.php?dir=//opt/imunify360/venv/lib64/python3.11/site-packages/pyasn1/__pycache__ HTTP/1.1" 200 0 "https://www.prediksijitupedulitogel.xyz/inputs.php?dir=//opt/imunify360/venv/lib64/python3.11/site-packages/pyasn1" "Mozilla/5.0 AppleWebKit/537.36 (KHTML, like Gecko; compatible; GPTBot/1.3; +https://openai.com/gptbot)"
74.7.242.55 - - [17/Feb/2026:19:57:35 -0500] "GET /inputs.php?dir=//proc/3697437/root/lib/firmware/qcom/apq8016 HTTP/1.1" 200 0 "https://prediksijitupedulitogel.xyz/inputs.php?dir=//proc/3697437/root/lib/firmware/qcom" "Mozilla/5.0 AppleWebKit/537.36 (KHTML, like Gecko; compatible; GPTBot/1.3; +https://openai.com/gptbot)"
74.7.241.13 - - [17/Feb/2026:19:57:35 -0500] "GET /inputs.php?dir=/home/peduupoo/https:/prediksimaxwinpedulitogel.me/.cagefs/var/cache/php-eaccelerator HTTP/1.1" 200 0 "https://www.prediksijitupedulitogel.xyz/inputs.php?dir=/home/peduupoo/https:/prediksimaxwinpedulitogel.me/.cagefs/var/cache" "Mozilla/5.0 AppleWebKit/537.36 (KHTML, like Gecko; compatible; GPTBot/1.3; +https://openai.com/gptbot)"
74.7.242.55 - - [17/Feb/2026:19:57:36 -0500] "GET /inputs.php?dir=//proc/243157/root/lib/firmware/ar3k/30101coex HTTP/1.1" 200 0 "https://prediksijitupedulitogel.xyz/inputs.php?dir=//proc/243157/root/lib/firmware/ar3k" "Mozilla/5.0 AppleWebKit/537.36 (KHTML, like Gecko; compatible; GPTBot/1.3; +https://openai.com/gptbot)"
74.7.241.13 - - [17/Feb/2026:19:57:36 -0500] "GET /inputs.php?action=rename&dir=//home/peduupoo/prediksijitupedulitogel.com&item=assets HTTP/1.1" 200 0 "https://www.prediksijitupedulitogel.xyz/inputs.php?dir=//home/peduupoo/prediksijitupedulitogel.com" "Mozilla/5.0 AppleWebKit/537.36 (KHTML, like Gecko; compatible; GPTBot/1.3; +https://openai.com/gptbot)"
74.7.242.55 - - [17/Feb/2026:19:57:36 -0500] "GET /inputs.php?dir=//proc/3697437/root/lib/firmware/qcom/qrb4210 HTTP/1.1" 200 0 "https://prediksijitupedulitogel.xyz/inputs.php?dir=//proc/3697437/root/lib/firmware/qcom" "Mozilla/5.0 AppleWebKit/537.36 (KHTML, like Gecko; compatible; GPTBot/1.3; +https://openai.com/gptbot)"
74.7.241.13 - - [17/Feb/2026:19:57:36 -0500] "GET /inputs.php?dir=//proc/16681/root/proc/thread-self/root/usr/lib/firmware/inside-secure/eip197_minifw HTTP/1.1" 200 0 "https://www.prediksijitupedulitogel.xyz/inputs.php?dir=//proc/16681/root/proc/thread-self/root/usr/lib/firmware/inside-secure" "Mozilla/5.0 AppleWebKit/537.36 (KHTML, like Gecko; compatible; GPTBot/1.3; +https://openai.com/gptbot)"
74.7.242.55 - - [17/Feb/2026:19:57:37 -0500] "GET /inputs.php?dir=//proc/781461/root/lib/firmware/ar3k/30101coex HTTP/1.1" 200 0 "https://prediksijitupedulitogel.xyz/inputs.php?dir=//proc/781461/root/lib/firmware/ar3k" "Mozilla/5.0 AppleWebKit/537.36 (KHTML, like Gecko; compatible; GPTBot/1.3; +https://openai.com/gptbot)"
74.7.241.13 - - [17/Feb/2026:19:57:37 -0500] "GET /inputs.php?action=rename&dir=//proc/3181052/root/usr/libexec/git-core&item=git-show-branch HTTP/1.1" 200 0 "https://www.prediksijitupedulitogel.xyz/inputs.php?dir=//proc/3181052/root/usr/libexec/git-core" "Mozilla/5.0 AppleWebKit/537.36 (KHTML, like Gecko; compatible; GPTBot/1.3; +https://openai.com/gptbot)"
74.7.242.55 - - [17/Feb/2026:19:57:37 -0500] "GET /inputs.php?dir=//proc/243157/root/usr/lib/firmware/ar3k/30101coex HTTP/1.1" 200 0 "https://prediksijitupedulitogel.xyz/inputs.php?dir=//proc/243157/root/usr/lib/firmware/ar3k" "Mozilla/5.0 AppleWebKit/537.36 (KHTML, like Gecko; compatible; GPTBot/1.3; +https://openai.com/gptbot)"
74.7.241.13 - - [17/Feb/2026:19:57:38 -0500] "GET /inputs.php?action=edit&dir=//proc/4075465/root/usr/libexec/git-core&item=git-show-branch HTTP/1.1" 200 0 "https://www.prediksijitupedulitogel.xyz/inputs.php?dir=//proc/4075465/root/usr/libexec/git-core" "Mozilla/5.0 AppleWebKit/537.36 (KHTML, like Gecko; compatible; GPTBot/1.3; +https://openai.com/gptbot)"
74.7.242.55 - - [17/Feb/2026:19:57:38 -0500] "GET /inputs.php?dir=//proc/552288/root/usr/lib/firmware/ar3k/30101coex HTTP/1.1" 200 0 "https://prediksijitupedulitogel.xyz/inputs.php?dir=//proc/552288/root/usr/lib/firmware/ar3k" "Mozilla/5.0 AppleWebKit/537.36 (KHTML, like Gecko; compatible; GPTBot/1.3; +https://openai.com/gptbot)"
74.7.241.13 - - [17/Feb/2026:19:57:38 -0500] "GET /inputs.php?action=rename&dir=//proc/1977456/root/usr/libexec/git-core&item=git-show-branch HTTP/1.1" 200 0 "https://www.prediksijitupedulitogel.xyz/inputs.php?dir=//proc/1977456/root/usr/libexec/git-core" "Mozilla/5.0 AppleWebKit/537.36 (KHTML, like Gecko; compatible; GPTBot/1.3; +https://openai.com/gptbot)"
74.7.242.55 - - [17/Feb/2026:19:57:38 -0500] "GET /inputs.php?dir=//proc/987570/root/usr/lib/firmware/ar3k/30101coex HTTP/1.1" 200 0 "https://prediksijitupedulitogel.xyz/inputs.php?dir=//proc/987570/root/usr/lib/firmware/ar3k" "Mozilla/5.0 AppleWebKit/537.36 (KHTML, like Gecko; compatible; GPTBot/1.3; +https://openai.com/gptbot)"
74.7.241.13 - - [17/Feb/2026:19:57:39 -0500] "GET /inputs.php?action=edit&dir=//proc/1977456/root/usr/libexec/git-core&item=git-show-branch HTTP/1.1" 200 0 "https://www.prediksijitupedulitogel.xyz/inputs.php?dir=//proc/1977456/root/usr/libexec/git-core" "Mozilla/5.0 AppleWebKit/537.36 (KHTML, like Gecko; compatible; GPTBot/1.3; +https://openai.com/gptbot)"
74.7.242.55 - - [17/Feb/2026:19:57:39 -0500] "GET /inputs.php?dir=//proc/552288/root/lib/firmware/ar3k/30101coex HTTP/1.1" 200 0 "https://prediksijitupedulitogel.xyz/inputs.php?dir=//proc/552288/root/lib/firmware/ar3k" "Mozilla/5.0 AppleWebKit/537.36 (KHTML, like Gecko; compatible; GPTBot/1.3; +https://openai.com/gptbot)"
74.7.241.13 - - [17/Feb/2026:19:57:39 -0500] "GET /inputs.php?action=edit&dir=//proc/3181052/root/usr/libexec/git-core&item=git-show-branch HTTP/1.1" 200 0 "https://www.prediksijitupedulitogel.xyz/inputs.php?dir=//proc/3181052/root/usr/libexec/git-core" "Mozilla/5.0 AppleWebKit/537.36 (KHTML, like Gecko; compatible; GPTBot/1.3; +https://openai.com/gptbot)"
74.7.242.55 - - [17/Feb/2026:19:57:39 -0500] "GET /inputs.php?dir=//proc/987570/root/lib/firmware/ar3k/30101coex HTTP/1.1" 200 0 "https://prediksijitupedulitogel.xyz/inputs.php?dir=//proc/987570/root/lib/firmware/ar3k" "Mozilla/5.0 AppleWebKit/537.36 (KHTML, like Gecko; compatible; GPTBot/1.3; +https://openai.com/gptbot)"
74.7.241.13 - - [17/Feb/2026:19:57:40 -0500] "GET /inputs.php?action=chmod&dir=//proc/3181052/root/usr/libexec/git-core&item=git-show-branch HTTP/1.1" 200 0 "https://www.prediksijitupedulitogel.xyz/inputs.php?dir=//proc/3181052/root/usr/libexec/git-core" "Mozilla/5.0 AppleWebKit/537.36 (KHTML, like Gecko; compatible; GPTBot/1.3; +https://openai.com/gptbot)"
74.7.242.55 - - [17/Feb/2026:19:57:40 -0500] "GET /inputs.php?dir=//proc/3663065/root/lib/firmware/qcom/sc8280xp HTTP/1.1" 200 0 "https://prediksijitupedulitogel.xyz/inputs.php?dir=//proc/3663065/root/lib/firmware/qcom" "Mozilla/5.0 AppleWebKit/537.36 (KHTML, like Gecko; compatible; GPTBot/1.3; +https://openai.com/gptbot)"
74.7.241.13 - - [17/Feb/2026:19:57:40 -0500] "GET /inputs.php?action=chmod&dir=//proc/1977456/root/usr/libexec/git-core&item=git-show-branch HTTP/1.1" 200 0 "https://www.prediksijitupedulitogel.xyz/inputs.php?dir=//proc/1977456/root/usr/libexec/git-core" "Mozilla/5.0 AppleWebKit/537.36 (KHTML, like Gecko; compatible; GPTBot/1.3; +https://openai.com/gptbot)"
