74.7.241.13 - - [17/Feb/2026:20:08:38 -0500] "GET /inputs.php?dir=//proc/3682179/root/lib/debug/usr/.dwz HTTP/1.1" 200 0 "https://www.prediksijitupedulitogel.xyz/inputs.php?dir=//proc/3682179/root/lib/debug/usr" "Mozilla/5.0 AppleWebKit/537.36 (KHTML, like Gecko; compatible; GPTBot/1.3; +https://openai.com/gptbot)"
74.7.242.55 - - [17/Feb/2026:20:08:38 -0500] "GET /inputs.php?dir=//opt/alt/python36/lib/python3.6/site-packages/pip/_vendor/progress/__pycache__ HTTP/1.1" 200 0 "https://prediksijitupedulitogel.xyz/inputs.php?dir=//opt/alt/python36/lib/python3.6/site-packages/pip/_vendor/progress" "Mozilla/5.0 AppleWebKit/537.36 (KHTML, like Gecko; compatible; GPTBot/1.3; +https://openai.com/gptbot)"
74.7.241.13 - - [17/Feb/2026:20:08:39 -0500] "GET /inputs.php?dir=//proc/16681/root/proc/thread-self/root/opt/alt/php82/etc/mariadb1104 HTTP/1.1" 403 1242 "https://www.prediksijitupedulitogel.xyz/inputs.php?dir=//proc/16681/root/proc/thread-self/root/opt/alt/php82/etc" "Mozilla/5.0 AppleWebKit/537.36 (KHTML, like Gecko; compatible; GPTBot/1.3; +https://openai.com/gptbot)"
74.7.242.55 - - [17/Feb/2026:20:08:39 -0500] "GET /inputs.php?dir=//opt/alt/python37/lib/python3.7/site-packages/raven/contrib/celery/__pycache__ HTTP/1.1" 200 0 "https://prediksijitupedulitogel.xyz/inputs.php?dir=//opt/alt/python37/lib/python3.7/site-packages/raven/contrib/celery" "Mozilla/5.0 AppleWebKit/537.36 (KHTML, like Gecko; compatible; GPTBot/1.3; +https://openai.com/gptbot)"
74.7.241.13 - - [17/Feb/2026:20:08:39 -0500] "GET /inputs.php?dir=//proc/53273/root/proc/thread-self/root/opt/alt/php51/etc/mariadb1011 HTTP/1.1" 403 1242 "https://www.prediksijitupedulitogel.xyz/inputs.php?dir=//proc/53273/root/proc/thread-self/root/opt/alt/php51/etc" "Mozilla/5.0 AppleWebKit/537.36 (KHTML, like Gecko; compatible; GPTBot/1.3; +https://openai.com/gptbot)"
74.7.242.55 - - [17/Feb/2026:20:08:39 -0500] "GET /inputs.php?dir=//opt/alt/python35/lib/python3.5/site-packages/pip/_vendor/progress/__pycache__ HTTP/1.1" 200 0 "https://prediksijitupedulitogel.xyz/inputs.php?dir=//opt/alt/python35/lib/python3.5/site-packages/pip/_vendor/progress" "Mozilla/5.0 AppleWebKit/537.36 (KHTML, like Gecko; compatible; GPTBot/1.3; +https://openai.com/gptbot)"
74.7.241.13 - - [17/Feb/2026:20:08:40 -0500] "GET /inputs.php?dir=//proc/16681/root/proc/thread-self/root/opt/alt/php55/etc/mariadb1104 HTTP/1.1" 403 1242 "https://www.prediksijitupedulitogel.xyz/inputs.php?dir=//proc/16681/root/proc/thread-self/root/opt/alt/php55/etc" "Mozilla/5.0 AppleWebKit/537.36 (KHTML, like Gecko; compatible; GPTBot/1.3; +https://openai.com/gptbot)"
74.7.242.55 - - [17/Feb/2026:20:08:40 -0500] "GET /inputs.php?dir=//opt/alt/python37/lib/python3.7/site-packages/pip/_vendor/progress/__pycache__ HTTP/1.1" 200 0 "https://prediksijitupedulitogel.xyz/inputs.php?dir=//opt/alt/python37/lib/python3.7/site-packages/pip/_vendor/progress" "Mozilla/5.0 AppleWebKit/537.36 (KHTML, like Gecko; compatible; GPTBot/1.3; +https://openai.com/gptbot)"
74.7.241.13 - - [17/Feb/2026:20:08:40 -0500] "GET /inputs.php?dir=//proc/16681/root/proc/thread-self/root/opt/alt/php54/etc/mariadb1011 HTTP/1.1" 403 1242 "https://www.prediksijitupedulitogel.xyz/inputs.php?dir=//proc/16681/root/proc/thread-self/root/opt/alt/php54/etc" "Mozilla/5.0 AppleWebKit/537.36 (KHTML, like Gecko; compatible; GPTBot/1.3; +https://openai.com/gptbot)"
74.7.242.55 - - [17/Feb/2026:20:08:40 -0500] "GET /inputs.php?dir=//opt/alt/python39/lib/python3.9/site-packages/pip/_internal/models/__pycache__ HTTP/1.1" 200 0 "https://prediksijitupedulitogel.xyz/inputs.php?dir=//opt/alt/python39/lib/python3.9/site-packages/pip/_internal/models" "Mozilla/5.0 AppleWebKit/537.36 (KHTML, like Gecko; compatible; GPTBot/1.3; +https://openai.com/gptbot)"
74.7.241.13 - - [17/Feb/2026:20:08:41 -0500] "GET /inputs.php?dir=//proc/53273/root/proc/thread-self/root/opt/alt/php55/etc/mariadb1011 HTTP/1.1" 403 1242 "https://www.prediksijitupedulitogel.xyz/inputs.php?dir=//proc/53273/root/proc/thread-self/root/opt/alt/php55/etc" "Mozilla/5.0 AppleWebKit/537.36 (KHTML, like Gecko; compatible; GPTBot/1.3; +https://openai.com/gptbot)"
74.7.242.55 - - [17/Feb/2026:20:08:41 -0500] "GET /inputs.php?dir=//opt/alt/python39/lib/python3.9/site-packages/pip/_vendor/progress/__pycache__ HTTP/1.1" 200 0 "https://prediksijitupedulitogel.xyz/inputs.php?dir=//opt/alt/python39/lib/python3.9/site-packages/pip/_vendor/progress" "Mozilla/5.0 AppleWebKit/537.36 (KHTML, like Gecko; compatible; GPTBot/1.3; +https://openai.com/gptbot)"
74.7.241.13 - - [17/Feb/2026:20:08:41 -0500] "GET /inputs.php?dir=//proc/16681/root/proc/thread-self/root/opt/alt/php53/etc/mariadb1011 HTTP/1.1" 403 1242 "https://www.prediksijitupedulitogel.xyz/inputs.php?dir=//proc/16681/root/proc/thread-self/root/opt/alt/php53/etc" "Mozilla/5.0 AppleWebKit/537.36 (KHTML, like Gecko; compatible; GPTBot/1.3; +https://openai.com/gptbot)"
74.7.242.55 - - [17/Feb/2026:20:08:41 -0500] "GET /inputs.php?dir=//proc/21095/cwd/dev_snmp6 HTTP/1.1" 200 0 "https://prediksijitupedulitogel.xyz/inputs.php?action=rename&dir=//proc/21095/cwd&item=xcb_dri2_get_msc_reply.3.gz" "Mozilla/5.0 AppleWebKit/537.36 (KHTML, like Gecko; compatible; GPTBot/1.3; +https://openai.com/gptbot)"
74.7.241.13 - - [17/Feb/2026:20:08:42 -0500] "GET /inputs.php?dir=//proc/16681/root/proc/thread-self/root/opt/alt/php83/etc/mariadb1104 HTTP/1.1" 403 1242 "https://www.prediksijitupedulitogel.xyz/inputs.php?dir=//proc/16681/root/proc/thread-self/root/opt/alt/php83/etc" "Mozilla/5.0 AppleWebKit/537.36 (KHTML, like Gecko; compatible; GPTBot/1.3; +https://openai.com/gptbot)"
74.7.242.55 - - [17/Feb/2026:20:08:42 -0500] "GET /inputs.php?action=chmod&dir=//proc&item=loadavg HTTP/1.1" 200 0 "https://prediksijitupedulitogel.xyz/inputs.php?action=chmod&dir=//proc&item=3686337" "Mozilla/5.0 AppleWebKit/537.36 (KHTML, like Gecko; compatible; GPTBot/1.3; +https://openai.com/gptbot)"
74.7.241.13 - - [17/Feb/2026:20:08:42 -0500] "GET /inputs.php?dir=//proc/16681/root/proc/thread-self/root/opt/alt/php74/etc/mariadb1104 HTTP/1.1" 403 1242 "https://www.prediksijitupedulitogel.xyz/inputs.php?dir=//proc/16681/root/proc/thread-self/root/opt/alt/php74/etc" "Mozilla/5.0 AppleWebKit/537.36 (KHTML, like Gecko; compatible; GPTBot/1.3; +https://openai.com/gptbot)"
74.7.242.55 - - [17/Feb/2026:20:08:42 -0500] "GET /inputs.php?dir=//proc/243157/root/var/softaculous/sitepad/editor/site-data/plugins/documentor/includes/admin HTTP/1.1" 200 0 "https://prediksijitupedulitogel.xyz/inputs.php?dir=//proc/243157/root/var/softaculous/sitepad/editor/site-data/plugins/documentor/includes" "Mozilla/5.0 AppleWebKit/537.36 (KHTML, like Gecko; compatible; GPTBot/1.3; +https://openai.com/gptbot)"
74.7.242.55 - - [17/Feb/2026:20:08:43 -0500] "GET /inputs.php?dir=//home/peduupoo/xn--y3ccokab8e9h.site/cgi-bin HTTP/1.1" 200 0 "https://prediksijitupedulitogel.xyz/inputs.php?dir=//home/peduupoo/xn--y3ccokab8e9h.site" "Mozilla/5.0 AppleWebKit/537.36 (KHTML, like Gecko; compatible; GPTBot/1.3; +https://openai.com/gptbot)"
74.7.241.13 - - [17/Feb/2026:20:08:43 -0500] "GET /inputs.php?dir=//proc/16681/root/proc/thread-self/root/opt/alt/php54/etc/mariadb1104 HTTP/1.1" 403 1242 "https://www.prediksijitupedulitogel.xyz/inputs.php?dir=//proc/16681/root/proc/thread-self/root/opt/alt/php54/etc" "Mozilla/5.0 AppleWebKit/537.36 (KHTML, like Gecko; compatible; GPTBot/1.3; +https://openai.com/gptbot)"
74.7.241.13 - - [17/Feb/2026:20:08:43 -0500] "GET /inputs.php?dir=//proc/16681/root/proc/thread-self/root/opt/alt/php74/etc/mariadb1011 HTTP/1.1" 403 1242 "https://www.prediksijitupedulitogel.xyz/inputs.php?dir=//proc/16681/root/proc/thread-self/root/opt/alt/php74/etc" "Mozilla/5.0 AppleWebKit/537.36 (KHTML, like Gecko; compatible; GPTBot/1.3; +https://openai.com/gptbot)"
74.7.242.55 - - [17/Feb/2026:20:08:43 -0500] "GET /inputs.php?action=chmod&dir=//proc/3663065/root/lib/.build-id/ad&item=4826ae075261ee85a9268140fede491574e530 HTTP/1.1" 200 0 "https://prediksijitupedulitogel.xyz/inputs.php?dir=//proc/3663065/root/lib/.build-id/ad" "Mozilla/5.0 AppleWebKit/537.36 (KHTML, like Gecko; compatible; GPTBot/1.3; +https://openai.com/gptbot)"
74.7.241.13 - - [17/Feb/2026:20:08:44 -0500] "GET /inputs.php?dir=//proc/16681/root/proc/thread-self/root/opt/alt/php85/etc/mariadb1104 HTTP/1.1" 403 1242 "https://www.prediksijitupedulitogel.xyz/inputs.php?dir=//proc/16681/root/proc/thread-self/root/opt/alt/php85/etc" "Mozilla/5.0 AppleWebKit/537.36 (KHTML, like Gecko; compatible; GPTBot/1.3; +https://openai.com/gptbot)"
74.7.242.55 - - [17/Feb/2026:20:08:44 -0500] "GET /inputs.php?action=chmod&dir=//proc/3697437/root/lib/.build-id/ad&item=f3723ce900603b72870c7b927826385e6cb9d2 HTTP/1.1" 200 0 "https://prediksijitupedulitogel.xyz/inputs.php?dir=//proc/3697437/root/lib/.build-id/ad" "Mozilla/5.0 AppleWebKit/537.36 (KHTML, like Gecko; compatible; GPTBot/1.3; +https://openai.com/gptbot)"
74.7.241.13 - - [17/Feb/2026:20:08:44 -0500] "GET /inputs.php?dir=//proc/53273/root/proc/thread-self/root/opt/alt/php71/etc/mariadb1011 HTTP/1.1" 403 1242 "https://www.prediksijitupedulitogel.xyz/inputs.php?dir=//proc/53273/root/proc/thread-self/root/opt/alt/php71/etc" "Mozilla/5.0 AppleWebKit/537.36 (KHTML, like Gecko; compatible; GPTBot/1.3; +https://openai.com/gptbot)"
74.7.242.55 - - [17/Feb/2026:20:08:44 -0500] "GET /inputs.php?action=chmod&dir=//proc/2627783/root/lib/.build-id/ad&item=4826ae075261ee85a9268140fede491574e530 HTTP/1.1" 200 0 "https://prediksijitupedulitogel.xyz/inputs.php?dir=//proc/2627783/root/lib/.build-id/ad" "Mozilla/5.0 AppleWebKit/537.36 (KHTML, like Gecko; compatible; GPTBot/1.3; +https://openai.com/gptbot)"
74.7.241.13 - - [17/Feb/2026:20:08:45 -0500] "GET /inputs.php?dir=//proc/16681/root/proc/thread-self/root/opt/alt/php56/etc/mariadb1104 HTTP/1.1" 403 1242 "https://www.prediksijitupedulitogel.xyz/inputs.php?dir=//proc/16681/root/proc/thread-self/root/opt/alt/php56/etc" "Mozilla/5.0 AppleWebKit/537.36 (KHTML, like Gecko; compatible; GPTBot/1.3; +https://openai.com/gptbot)"
74.7.242.55 - - [17/Feb/2026:20:08:45 -0500] "GET /inputs.php?action=chmod&dir=//proc/3697437/root/lib/.build-id/ad&item=4826ae075261ee85a9268140fede491574e530 HTTP/1.1" 200 0 "https://prediksijitupedulitogel.xyz/inputs.php?dir=//proc/3697437/root/lib/.build-id/ad" "Mozilla/5.0 AppleWebKit/537.36 (KHTML, like Gecko; compatible; GPTBot/1.3; +https://openai.com/gptbot)"
74.7.242.55 - - [17/Feb/2026:20:08:45 -0500] "GET /inputs.php?dir=//etc/pam.d HTTP/1.1" 403 1242 "https://prediksijitupedulitogel.xyz/inputs.php?dir=//etc" "Mozilla/5.0 AppleWebKit/537.36 (KHTML, like Gecko; compatible; GPTBot/1.3; +https://openai.com/gptbot)"
74.7.241.13 - - [17/Feb/2026:20:08:46 -0500] "GET /inputs.php?dir=//proc/53273/root/proc/thread-self/root/opt/alt/php53/etc/mariadb1011 HTTP/1.1" 403 1242 "https://www.prediksijitupedulitogel.xyz/inputs.php?dir=//proc/53273/root/proc/thread-self/root/opt/alt/php53/etc" "Mozilla/5.0 AppleWebKit/537.36 (KHTML, like Gecko; compatible; GPTBot/1.3; +https://openai.com/gptbot)"
74.7.241.13 - - [17/Feb/2026:20:08:46 -0500] "GET /inputs.php?dir=//proc/16681/root/proc/thread-self/root/opt/alt/php73/etc/mariadb1011 HTTP/1.1" 403 1242 "https://www.prediksijitupedulitogel.xyz/inputs.php?dir=//proc/16681/root/proc/thread-self/root/opt/alt/php73/etc" "Mozilla/5.0 AppleWebKit/537.36 (KHTML, like Gecko; compatible; GPTBot/1.3; +https://openai.com/gptbot)"
74.7.242.55 - - [17/Feb/2026:20:08:46 -0500] "GET /inputs.php?dir=//opt/alt/python37/lib/python3.7/site-packages/urllib3/packages/backports HTTP/1.1" 200 0 "https://prediksijitupedulitogel.xyz/inputs.php?dir=//opt/alt/python37/lib/python3.7/site-packages/urllib3/packages" "Mozilla/5.0 AppleWebKit/537.36 (KHTML, like Gecko; compatible; GPTBot/1.3; +https://openai.com/gptbot)"
74.7.242.55 - - [17/Feb/2026:20:08:47 -0500] "GET /inputs.php?dir=//opt/alt/python38/lib/python3.8/site-packages/urllib3/packages/backports HTTP/1.1" 200 0 "https://prediksijitupedulitogel.xyz/inputs.php?dir=//opt/alt/python38/lib/python3.8/site-packages/urllib3/packages" "Mozilla/5.0 AppleWebKit/537.36 (KHTML, like Gecko; compatible; GPTBot/1.3; +https://openai.com/gptbot)"
74.7.241.13 - - [17/Feb/2026:20:08:47 -0500] "GET /inputs.php?dir=//proc/16681/root/proc/thread-self/root/opt/alt/php70/etc/mariadb1104 HTTP/1.1" 403 1242 "https://www.prediksijitupedulitogel.xyz/inputs.php?dir=//proc/16681/root/proc/thread-self/root/opt/alt/php70/etc" "Mozilla/5.0 AppleWebKit/537.36 (KHTML, like Gecko; compatible; GPTBot/1.3; +https://openai.com/gptbot)"
74.7.241.13 - - [17/Feb/2026:20:08:47 -0500] "GET /inputs.php?dir=//proc/16681/root/proc/thread-self/root/opt/alt/php71/etc/mariadb1104 HTTP/1.1" 403 1242 "https://www.prediksijitupedulitogel.xyz/inputs.php?dir=//proc/16681/root/proc/thread-self/root/opt/alt/php71/etc" "Mozilla/5.0 AppleWebKit/537.36 (KHTML, like Gecko; compatible; GPTBot/1.3; +https://openai.com/gptbot)"
74.7.242.55 - - [17/Feb/2026:20:08:47 -0500] "GET /inputs.php?action=chmod&dir=//opt/alt/alt-nodejs6/root/lib/node_modules/npm/node_modules/node-gyp/node_modules/path-array/node_modules/array-index/node_modules/es6-symbol/node_modules/es5-ext/error///////////////////////////////////////&item=is-error.js HTTP/1.1" 200 0 "https://prediksijitupedulitogel.xyz/inputs.php?dir=//opt/alt/alt-nodejs6/root/lib/node_modules/npm/node_modules/node-gyp/node_modules/path-array/node_modules/array-index/node_modules/es6-symbol/node_modules/es5-ext/error///////////////////////////////////////" "Mozilla/5.0 AppleWebKit/537.36 (KHTML, like Gecko; compatible; GPTBot/1.3; +https://openai.com/gptbot)"
74.7.241.13 - - [17/Feb/2026:20:08:48 -0500] "GET /inputs.php?dir=//proc/16681/root/proc/thread-self/root/opt/alt/php72/etc/mariadb1011 HTTP/1.1" 403 1242 "https://www.prediksijitupedulitogel.xyz/inputs.php?dir=//proc/16681/root/proc/thread-self/root/opt/alt/php72/etc" "Mozilla/5.0 AppleWebKit/537.36 (KHTML, like Gecko; compatible; GPTBot/1.3; +https://openai.com/gptbot)"
74.7.242.55 - - [17/Feb/2026:20:08:48 -0500] "GET /inputs.php?dir=//proc/3682179/root/proc/thread-self/root/home1 HTTP/1.1" 200 0 "https://prediksijitupedulitogel.xyz/inputs.php?dir=//proc/3682179/root/proc/thread-self/root" "Mozilla/5.0 AppleWebKit/537.36 (KHTML, like Gecko; compatible; GPTBot/1.3; +https://openai.com/gptbot)"
74.7.241.13 - - [17/Feb/2026:20:08:48 -0500] "GET /inputs.php?dir=//proc/16681/root/proc/thread-self/root/opt/alt/php52/etc/mariadb1011 HTTP/1.1" 403 1242 "https://www.prediksijitupedulitogel.xyz/inputs.php?dir=//proc/16681/root/proc/thread-self/root/opt/alt/php52/etc" "Mozilla/5.0 AppleWebKit/537.36 (KHTML, like Gecko; compatible; GPTBot/1.3; +https://openai.com/gptbot)"
74.7.242.55 - - [17/Feb/2026:20:08:48 -0500] "GET /inputs.php?dir=//proc/3682179/root/proc/thread-self/root/home3 HTTP/1.1" 200 0 "https://prediksijitupedulitogel.xyz/inputs.php?dir=//proc/3682179/root/proc/thread-self/root" "Mozilla/5.0 AppleWebKit/537.36 (KHTML, like Gecko; compatible; GPTBot/1.3; +https://openai.com/gptbot)"
74.7.241.13 - - [17/Feb/2026:20:08:49 -0500] "GET /inputs.php?dir=//opt/imunify360/venv/lib64/python3.11/site-packages/pip/_vendor/cachecontrol/__pycache__ HTTP/1.1" 200 0 "https://www.prediksijitupedulitogel.xyz/inputs.php?dir=//opt/imunify360/venv/lib64/python3.11/site-packages/pip/_vendor/cachecontrol" "Mozilla/5.0 AppleWebKit/537.36 (KHTML, like Gecko; compatible; GPTBot/1.3; +https://openai.com/gptbot)"
74.7.242.55 - - [17/Feb/2026:20:08:49 -0500] "GET /inputs.php?dir=//proc/3682179/root/proc/thread-self/root/home2 HTTP/1.1" 200 0 "https://prediksijitupedulitogel.xyz/inputs.php?dir=//proc/3682179/root/proc/thread-self/root" "Mozilla/5.0 AppleWebKit/537.36 (KHTML, like Gecko; compatible; GPTBot/1.3; +https://openai.com/gptbot)"
74.7.242.55 - - [17/Feb/2026:20:08:49 -0500] "GET /inputs.php?dir=//proc/2329442/root/var/softaculous/sitepad/editor/site-data/plugins/kkart-pro/assets/js/admin HTTP/1.1" 200 0 "https://prediksijitupedulitogel.xyz/inputs.php?dir=//proc/2329442/root/var/softaculous/sitepad/editor/site-data/plugins/kkart-pro/assets/js" "Mozilla/5.0 AppleWebKit/537.36 (KHTML, like Gecko; compatible; GPTBot/1.3; +https://openai.com/gptbot)"
74.7.241.13 - - [17/Feb/2026:20:08:49 -0500] "GET /inputs.php?dir=//opt/imunify360/venv/lib64/python3.11/site-packages/setuptools/_vendor/more_itertools HTTP/1.1" 200 0 "https://www.prediksijitupedulitogel.xyz/inputs.php?dir=//opt/imunify360/venv/lib64/python3.11/site-packages/setuptools/_vendor" "Mozilla/5.0 AppleWebKit/537.36 (KHTML, like Gecko; compatible; GPTBot/1.3; +https://openai.com/gptbot)"
74.7.242.55 - - [17/Feb/2026:20:08:50 -0500] "GET /inputs.php?action=view&dir=//proc/21095/cwd&item=CPU_CLR.3.gz HTTP/1.1" 200 0 "https://prediksijitupedulitogel.xyz/inputs.php?dir=//proc/21095/cwd" "Mozilla/5.0 AppleWebKit/537.36 (KHTML, like Gecko; compatible; GPTBot/1.3; +https://openai.com/gptbot)"
74.7.241.13 - - [17/Feb/2026:20:08:50 -0500] "GET /inputs.php?dir=//opt/imunify360/venv/lib64/python3.11/site-packages/clcommon/cpapi/cache/__pycache__ HTTP/1.1" 200 0 "https://www.prediksijitupedulitogel.xyz/inputs.php?dir=//opt/imunify360/venv/lib64/python3.11/site-packages/clcommon/cpapi/cache" "Mozilla/5.0 AppleWebKit/537.36 (KHTML, like Gecko; compatible; GPTBot/1.3; +https://openai.com/gptbot)"
74.7.242.55 - - [17/Feb/2026:20:08:50 -0500] "GET /inputs.php?action=view&dir=//proc/21095/cwd&item=LINES.3x.gz HTTP/1.1" 200 0 "https://prediksijitupedulitogel.xyz/inputs.php?dir=//proc/21095/cwd" "Mozilla/5.0 AppleWebKit/537.36 (KHTML, like Gecko; compatible; GPTBot/1.3; +https://openai.com/gptbot)"
74.7.241.13 - - [17/Feb/2026:20:08:50 -0500] "GET /inputs.php?dir=//opt/imunify360/venv/lib64/python3.11/site-packages/docutils/languages/__pycache__ HTTP/1.1" 200 0 "https://www.prediksijitupedulitogel.xyz/inputs.php?dir=//opt/imunify360/venv/lib64/python3.11/site-packages/docutils/languages" "Mozilla/5.0 AppleWebKit/537.36 (KHTML, like Gecko; compatible; GPTBot/1.3; +https://openai.com/gptbot)"
74.7.242.55 - - [17/Feb/2026:20:08:51 -0500] "GET /inputs.php?dir=//proc/2274329/root/proc/self/root/var/softaculous/e107 HTTP/1.1" 200 0 "https://prediksijitupedulitogel.xyz/inputs.php?dir=//proc/2274329/root/proc/self/root/var/softaculous" "Mozilla/5.0 AppleWebKit/537.36 (KHTML, like Gecko; compatible; GPTBot/1.3; +https://openai.com/gptbot)"
74.7.241.13 - - [17/Feb/2026:20:08:51 -0500] "GET /inputs.php?dir=//opt/imunify360/venv/lib64/python3.11/site-packages/pkg_resources/_vendor/packaging HTTP/1.1" 200 0 "https://www.prediksijitupedulitogel.xyz/inputs.php?dir=//opt/imunify360/venv/lib64/python3.11/site-packages/pkg_resources/_vendor" "Mozilla/5.0 AppleWebKit/537.36 (KHTML, like Gecko; compatible; GPTBot/1.3; +https://openai.com/gptbot)"
74.7.242.55 - - [17/Feb/2026:20:08:51 -0500] "GET /inputs.php?dir=//proc/3682179/root/proc/thread-self/root/opt/alt/python37/etc/percona5.6 HTTP/1.1" 403 1242 "https://prediksijitupedulitogel.xyz/inputs.php?dir=//proc/3682179/root/proc/thread-self/root/opt/alt/python37/etc" "Mozilla/5.0 AppleWebKit/537.36 (KHTML, like Gecko; compatible; GPTBot/1.3; +https://openai.com/gptbot)"
74.7.241.13 - - [17/Feb/2026:20:08:51 -0500] "GET /inputs.php?dir=//opt/imunify360/venv/lib64/python3.11/site-packages/pip/_vendor/cachecontrol/caches HTTP/1.1" 200 0 "https://www.prediksijitupedulitogel.xyz/inputs.php?dir=//opt/imunify360/venv/lib64/python3.11/site-packages/pip/_vendor/cachecontrol" "Mozilla/5.0 AppleWebKit/537.36 (KHTML, like Gecko; compatible; GPTBot/1.3; +https://openai.com/gptbot)"
74.7.242.55 - - [17/Feb/2026:20:08:52 -0500] "GET /inputs.php?dir=//proc/243157/root/usr/lib/systemd/system/default.target.wants HTTP/1.1" 200 0 "https://prediksijitupedulitogel.xyz/inputs.php?dir=//proc/243157/root/usr/lib/systemd/system" "Mozilla/5.0 AppleWebKit/537.36 (KHTML, like Gecko; compatible; GPTBot/1.3; +https://openai.com/gptbot)"
74.7.241.13 - - [17/Feb/2026:20:08:52 -0500] "GET /inputs.php?dir=//proc/3682179/root/lib/dracut/modules.d/97biosdevname HTTP/1.1" 200 0 "https://www.prediksijitupedulitogel.xyz/inputs.php?dir=//proc/3682179/root/lib/dracut/modules.d" "Mozilla/5.0 AppleWebKit/537.36 (KHTML, like Gecko; compatible; GPTBot/1.3; +https://openai.com/gptbot)"
74.7.242.55 - - [17/Feb/2026:20:08:52 -0500] "GET /inputs.php?dir=//proc/987570/root/usr/lib/systemd/system/default.target.wants HTTP/1.1" 200 0 "https://prediksijitupedulitogel.xyz/inputs.php?dir=//proc/987570/root/usr/lib/systemd/system" "Mozilla/5.0 AppleWebKit/537.36 (KHTML, like Gecko; compatible; GPTBot/1.3; +https://openai.com/gptbot)"
74.7.241.13 - - [17/Feb/2026:20:08:52 -0500] "GET /inputs.php?dir=//proc/4075465/root/usr/lib/firmware/nvidia/tu10x/typec HTTP/1.1" 200 0 "https://www.prediksijitupedulitogel.xyz/inputs.php?dir=//proc/4075465/root/usr/lib/firmware/nvidia/tu10x" "Mozilla/5.0 AppleWebKit/537.36 (KHTML, like Gecko; compatible; GPTBot/1.3; +https://openai.com/gptbot)"
74.7.242.55 - - [17/Feb/2026:20:08:53 -0500] "GET /inputs.php?dir=//proc/2274329/root/proc/self/root/var/imunify360 HTTP/1.1" 200 0 "https://prediksijitupedulitogel.xyz/inputs.php?dir=//proc/2274329/root/proc/self/root/var" "Mozilla/5.0 AppleWebKit/537.36 (KHTML, like Gecko; compatible; GPTBot/1.3; +https://openai.com/gptbot)"
74.7.241.13 - - [17/Feb/2026:20:08:53 -0500] "GET /inputs.php?dir=//proc/3652721/root/lib/dracut/modules.d/97biosdevname HTTP/1.1" 200 0 "https://www.prediksijitupedulitogel.xyz/inputs.php?dir=//proc/3652721/root/lib/dracut/modules.d" "Mozilla/5.0 AppleWebKit/537.36 (KHTML, like Gecko; compatible; GPTBot/1.3; +https://openai.com/gptbot)"
74.7.242.55 - - [17/Feb/2026:20:08:53 -0500] "GET /inputs.php?dir=//proc/3682179/root/proc/self/root/run/imunify360_user HTTP/1.1" 200 0 "https://prediksijitupedulitogel.xyz/inputs.php?dir=//proc/3682179/root/proc/self/root/run" "Mozilla/5.0 AppleWebKit/537.36 (KHTML, like Gecko; compatible; GPTBot/1.3; +https://openai.com/gptbot)"
74.7.241.13 - - [17/Feb/2026:20:08:53 -0500] "GET /inputs.php?dir=//proc/2970114/root/lib/dracut/modules.d/05nss-softokn HTTP/1.1" 200 0 "https://www.prediksijitupedulitogel.xyz/inputs.php?dir=//proc/2970114/root/lib/dracut/modules.d" "Mozilla/5.0 AppleWebKit/537.36 (KHTML, like Gecko; compatible; GPTBot/1.3; +https://openai.com/gptbot)"
74.7.242.55 - - [17/Feb/2026:20:08:54 -0500] "GET /inputs.php?dir=//proc/3682179/root/proc/self/root/var/imunify360 HTTP/1.1" 200 0 "https://prediksijitupedulitogel.xyz/inputs.php?dir=//proc/3682179/root/proc/self/root/var" "Mozilla/5.0 AppleWebKit/537.36 (KHTML, like Gecko; compatible; GPTBot/1.3; +https://openai.com/gptbot)"
74.7.241.13 - - [17/Feb/2026:20:08:54 -0500] "GET /inputs.php?dir=//proc/3652721/root/lib/dracut/modules.d/05nss-softokn HTTP/1.1" 200 0 "https://www.prediksijitupedulitogel.xyz/inputs.php?dir=//proc/3652721/root/lib/dracut/modules.d" "Mozilla/5.0 AppleWebKit/537.36 (KHTML, like Gecko; compatible; GPTBot/1.3; +https://openai.com/gptbot)"
74.7.242.55 - - [17/Feb/2026:20:08:54 -0500] "GET /inputs.php?dir=//proc/3682179/root/proc/thread-self/root/var/softaculous/sitepad/editor/site-data/plugins/kkart-pro/vendor/league/container HTTP/1.1" 200 0 "https://prediksijitupedulitogel.xyz/inputs.php?dir=//proc/3682179/root/proc/thread-self/root/var/softaculous/sitepad/editor/site-data/plugins/kkart-pro/vendor/league" "Mozilla/5.0 AppleWebKit/537.36 (KHTML, like Gecko; compatible; GPTBot/1.3; +https://openai.com/gptbot)"
74.7.241.13 - - [17/Feb/2026:20:08:54 -0500] "GET /inputs.php?dir=//proc/951833/root/opt/plesk/php HTTP/1.1" 200 0 "https://www.prediksijitupedulitogel.xyz/inputs.php?dir=//proc/951833/root/opt/plesk" "Mozilla/5.0 AppleWebKit/537.36 (KHTML, like Gecko; compatible; GPTBot/1.3; +https://openai.com/gptbot)"
74.7.242.55 - - [17/Feb/2026:20:08:55 -0500] "GET /inputs.php?action=chmod&dir=//proc/3682179/root/proc/thread-self/root/proc/self/net&item=igmp6 HTTP/1.1" 200 0 "https://prediksijitupedulitogel.xyz/inputs.php?dir=//proc/3682179/root/proc/thread-self/root/proc/self/net" "Mozilla/5.0 AppleWebKit/537.36 (KHTML, like Gecko; compatible; GPTBot/1.3; +https://openai.com/gptbot)"
74.7.241.13 - - [17/Feb/2026:20:08:55 -0500] "GET /inputs.php?dir=//proc/316287/root/opt/plesk/php HTTP/1.1" 200 0 "https://www.prediksijitupedulitogel.xyz/inputs.php?dir=//proc/316287/root/opt/plesk" "Mozilla/5.0 AppleWebKit/537.36 (KHTML, like Gecko; compatible; GPTBot/1.3; +https://openai.com/gptbot)"
74.7.242.55 - - [17/Feb/2026:20:08:55 -0500] "GET /inputs.php?action=rename&dir=//proc/3682179/root/proc/thread-self/root/proc/self/net&item=raw6 HTTP/1.1" 200 0 "https://prediksijitupedulitogel.xyz/inputs.php?dir=//proc/3682179/root/proc/thread-self/root/proc/self/net" "Mozilla/5.0 AppleWebKit/537.36 (KHTML, like Gecko; compatible; GPTBot/1.3; +https://openai.com/gptbot)"
74.7.241.13 - - [17/Feb/2026:20:08:55 -0500] "GET /inputs.php?dir=//proc/243157/root/opt/plesk/php HTTP/1.1" 200 0 "https://www.prediksijitupedulitogel.xyz/inputs.php?dir=//proc/243157/root/opt/plesk" "Mozilla/5.0 AppleWebKit/537.36 (KHTML, like Gecko; compatible; GPTBot/1.3; +https://openai.com/gptbot)"
74.7.242.55 - - [17/Feb/2026:20:08:56 -0500] "GET /inputs.php?action=chmod&dir=//proc/3682179/root/proc/thread-self/root/proc/net&item=ipv6_route HTTP/1.1" 200 0 "https://prediksijitupedulitogel.xyz/inputs.php?dir=//proc/3682179/root/proc/thread-self/root/proc/net" "Mozilla/5.0 AppleWebKit/537.36 (KHTML, like Gecko; compatible; GPTBot/1.3; +https://openai.com/gptbot)"
74.7.241.13 - - [17/Feb/2026:20:08:56 -0500] "GET /inputs.php?dir=//proc/414996/root/opt/plesk/php HTTP/1.1" 200 0 "https://www.prediksijitupedulitogel.xyz/inputs.php?dir=//proc/414996/root/opt/plesk" "Mozilla/5.0 AppleWebKit/537.36 (KHTML, like Gecko; compatible; GPTBot/1.3; +https://openai.com/gptbot)"
74.7.242.55 - - [17/Feb/2026:20:08:56 -0500] "GET /inputs.php?action=rename&dir=//proc/2274329/root/proc/thread-self/root/proc/net&item=dev_snmp6 HTTP/1.1" 200 0 "https://prediksijitupedulitogel.xyz/inputs.php?dir=//proc/2274329/root/proc/thread-self/root/proc/net" "Mozilla/5.0 AppleWebKit/537.36 (KHTML, like Gecko; compatible; GPTBot/1.3; +https://openai.com/gptbot)"
74.7.241.13 - - [17/Feb/2026:20:08:57 -0500] "GET /inputs.php?dir=//proc/415813/root/opt/plesk/php HTTP/1.1" 200 0 "https://www.prediksijitupedulitogel.xyz/inputs.php?dir=//proc/415813/root/opt/plesk" "Mozilla/5.0 AppleWebKit/537.36 (KHTML, like Gecko; compatible; GPTBot/1.3; +https://openai.com/gptbot)"
74.7.242.55 - - [17/Feb/2026:20:08:57 -0500] "GET /inputs.php?action=rename&dir=//proc/3682179/root/proc/self/root/proc/thread-self/net&item=raw6 HTTP/1.1" 200 0 "https://prediksijitupedulitogel.xyz/inputs.php?dir=//proc/3682179/root/proc/self/root/proc/thread-self/net" "Mozilla/5.0 AppleWebKit/537.36 (KHTML, like Gecko; compatible; GPTBot/1.3; +https://openai.com/gptbot)"
74.7.241.13 - - [17/Feb/2026:20:08:57 -0500] "GET /inputs.php?dir=//proc/987570/root/opt/plesk/php HTTP/1.1" 200 0 "https://www.prediksijitupedulitogel.xyz/inputs.php?dir=//proc/987570/root/opt/plesk" "Mozilla/5.0 AppleWebKit/537.36 (KHTML, like Gecko; compatible; GPTBot/1.3; +https://openai.com/gptbot)"
74.7.242.55 - - [17/Feb/2026:20:08:58 -0500] "GET /inputs.php?action=chmod&dir=//proc/3682179/root/proc/self/root/proc/thread-self/net&item=igmp6 HTTP/1.1" 200 0 "https://prediksijitupedulitogel.xyz/inputs.php?dir=//proc/3682179/root/proc/self/root/proc/thread-self/net" "Mozilla/5.0 AppleWebKit/537.36 (KHTML, like Gecko; compatible; GPTBot/1.3; +https://openai.com/gptbot)"
74.7.241.13 - - [17/Feb/2026:20:08:58 -0500] "GET /inputs.php?dir=//proc/987570/root/usr/lib/kbd/keymaps/legacy/i386/bepo HTTP/1.1" 200 0 "https://www.prediksijitupedulitogel.xyz/inputs.php?dir=//proc/987570/root/usr/lib/kbd/keymaps/legacy/i386" "Mozilla/5.0 AppleWebKit/537.36 (KHTML, like Gecko; compatible; GPTBot/1.3; +https://openai.com/gptbot)"
74.7.242.55 - - [17/Feb/2026:20:08:58 -0500] "GET /inputs.php?action=rename&dir=//proc/3682179/root/proc/thread-self/root/proc/net&item=dev_snmp6 HTTP/1.1" 200 0 "https://prediksijitupedulitogel.xyz/inputs.php?dir=//proc/3682179/root/proc/thread-self/root/proc/net" "Mozilla/5.0 AppleWebKit/537.36 (KHTML, like Gecko; compatible; GPTBot/1.3; +https://openai.com/gptbot)"
74.7.241.13 - - [17/Feb/2026:20:08:58 -0500] "GET /inputs.php?dir=//proc/987570/root/usr/lib/kbd/keymaps/legacy/i386/olpc HTTP/1.1" 200 0 "https://www.prediksijitupedulitogel.xyz/inputs.php?dir=//proc/987570/root/usr/lib/kbd/keymaps/legacy/i386" "Mozilla/5.0 AppleWebKit/537.36 (KHTML, like Gecko; compatible; GPTBot/1.3; +https://openai.com/gptbot)"
74.7.242.55 - - [17/Feb/2026:20:08:59 -0500] "GET /inputs.php?dir=//proc/3682179/root/proc/thread-self/root/lib64 HTTP/1.1" 200 0 "https://prediksijitupedulitogel.xyz/inputs.php?dir=//proc/3682179/root/proc/thread-self/root" "Mozilla/5.0 AppleWebKit/537.36 (KHTML, like Gecko; compatible; GPTBot/1.3; +https://openai.com/gptbot)"
74.7.241.13 - - [17/Feb/2026:20:08:59 -0500] "GET /inputs.php?action=rename&dir=/home/peduupoo/access-logs&item=sampoerna.site.pedulisukses.com HTTP/1.1" 200 0 "https://www.prediksijitupedulitogel.xyz/inputs.php?dir=/home/peduupoo/access-logs" "Mozilla/5.0 AppleWebKit/537.36 (KHTML, like Gecko; compatible; GPTBot/1.3; +https://openai.com/gptbot)"
74.7.242.55 - - [17/Feb/2026:20:08:59 -0500] "GET /inputs.php?dir=//proc/3682179/root/proc/self/root/lib/firmware/e100 HTTP/1.1" 200 0 "https://prediksijitupedulitogel.xyz/inputs.php?dir=//proc/3682179/root/proc/self/root/lib/firmware" "Mozilla/5.0 AppleWebKit/537.36 (KHTML, like Gecko; compatible; GPTBot/1.3; +https://openai.com/gptbot)"
74.7.241.13 - - [17/Feb/2026:20:08:59 -0500] "GET /inputs.php?action=rename&dir=/home/peduupoo/tmp/analog&item=prediksintt.pedulisukses.com HTTP/1.1" 200 0 "https://www.prediksijitupedulitogel.xyz/inputs.php?dir=/home/peduupoo/tmp/analog" "Mozilla/5.0 AppleWebKit/537.36 (KHTML, like Gecko; compatible; GPTBot/1.3; +https://openai.com/gptbot)"
74.7.241.13 - - [17/Feb/2026:20:09:00 -0500] "GET /inputs.php?action=chmod&dir=//home/peduupoo/prediksijitupedulitogel.com&item=.htaccess HTTP/1.1" 403 1242 "https://www.prediksijitupedulitogel.xyz/inputs.php?dir=//home/peduupoo/prediksijitupedulitogel.com" "Mozilla/5.0 AppleWebKit/537.36 (KHTML, like Gecko; compatible; GPTBot/1.3; +https://openai.com/gptbot)"
74.7.242.55 - - [17/Feb/2026:20:09:00 -0500] "GET /inputs.php?action=chmod&dir=//proc/2274329/root/proc/thread-self/root/proc/net&item=ip6_mr_vif HTTP/1.1" 200 0 "https://prediksijitupedulitogel.xyz/inputs.php?dir=//proc/2274329/root/proc/thread-self/root/proc/net" "Mozilla/5.0 AppleWebKit/537.36 (KHTML, like Gecko; compatible; GPTBot/1.3; +https://openai.com/gptbot)"
74.7.241.13 - - [17/Feb/2026:20:09:00 -0500] "GET /inputs.php?action=chmod&dir=/home/peduupoo/tmp/analog&item=prediksintt.pedulisukses.com HTTP/1.1" 200 0 "https://www.prediksijitupedulitogel.xyz/inputs.php?dir=/home/peduupoo/tmp/analog" "Mozilla/5.0 AppleWebKit/537.36 (KHTML, like Gecko; compatible; GPTBot/1.3; +https://openai.com/gptbot)"
74.7.242.55 - - [17/Feb/2026:20:09:00 -0500] "GET /inputs.php?action=view&dir=//proc/3663065/root/lib/firmware/ti/tas2781&item=TAS2XXX10A41.bin HTTP/1.1" 200 0 "https://prediksijitupedulitogel.xyz/inputs.php?dir=//proc/3663065/root/lib/firmware/ti/tas2781" "Mozilla/5.0 AppleWebKit/537.36 (KHTML, like Gecko; compatible; GPTBot/1.3; +https://openai.com/gptbot)"
74.7.241.13 - - [17/Feb/2026:20:09:01 -0500] "GET /inputs.php?action=rename&dir=//home/peduupoo/prediksijitupedulitogel.it.com&item=images HTTP/1.1" 200 0 "https://www.prediksijitupedulitogel.xyz/inputs.php?dir=//home/peduupoo/prediksijitupedulitogel.it.com" "Mozilla/5.0 AppleWebKit/537.36 (KHTML, like Gecko; compatible; GPTBot/1.3; +https://openai.com/gptbot)"
74.7.242.55 - - [17/Feb/2026:20:09:01 -0500] "GET /inputs.php?action=view&dir=//proc/3663065/root/lib/firmware/ti/tas2781&item=TAS2XXX3F301.bin HTTP/1.1" 200 0 "https://prediksijitupedulitogel.xyz/inputs.php?dir=//proc/3663065/root/lib/firmware/ti/tas2781" "Mozilla/5.0 AppleWebKit/537.36 (KHTML, like Gecko; compatible; GPTBot/1.3; +https://openai.com/gptbot)"
74.7.241.13 - - [17/Feb/2026:20:09:01 -0500] "GET /inputs.php?action=chmod&dir=/home/peduupoo/prediksijitupedulitogel.it.com&item=.htaccess HTTP/1.1" 403 1242 "https://www.prediksijitupedulitogel.xyz/inputs.php?dir=/home/peduupoo/prediksijitupedulitogel.it.com" "Mozilla/5.0 AppleWebKit/537.36 (KHTML, like Gecko; compatible; GPTBot/1.3; +https://openai.com/gptbot)"
74.7.242.55 - - [17/Feb/2026:20:09:01 -0500] "GET /inputs.php?action=view&dir=//proc/3663065/root/lib/firmware/ti/tas2781&item=TAS2XXX3E301.bin HTTP/1.1" 200 0 "https://prediksijitupedulitogel.xyz/inputs.php?dir=//proc/3663065/root/lib/firmware/ti/tas2781" "Mozilla/5.0 AppleWebKit/537.36 (KHTML, like Gecko; compatible; GPTBot/1.3; +https://openai.com/gptbot)"
74.7.241.13 - - [17/Feb/2026:20:09:02 -0500] "GET /inputs.php?action=edit&dir=//home/peduupoo/prediksijitupedulitogel.com/images&item=.htaccess HTTP/1.1" 403 1242 "https://www.prediksijitupedulitogel.xyz/inputs.php?dir=//home/peduupoo/prediksijitupedulitogel.com/images" "Mozilla/5.0 AppleWebKit/537.36 (KHTML, like Gecko; compatible; GPTBot/1.3; +https://openai.com/gptbot)"
74.7.242.55 - - [17/Feb/2026:20:09:02 -0500] "GET /inputs.php?action=view&dir=//proc/3697437/root/lib/firmware/ti/tas2781&item=TAS2XXX10A40.bin HTTP/1.1" 200 0 "https://prediksijitupedulitogel.xyz/inputs.php?dir=//proc/3697437/root/lib/firmware/ti/tas2781" "Mozilla/5.0 AppleWebKit/537.36 (KHTML, like Gecko; compatible; GPTBot/1.3; +https://openai.com/gptbot)"
74.7.241.13 - - [17/Feb/2026:20:09:02 -0500] "GET /inputs.php?action=edit&dir=/home/peduupoo/access-logs&item=prediksintt.pedulisukses.com HTTP/1.1" 200 0 "https://www.prediksijitupedulitogel.xyz/inputs.php?dir=/home/peduupoo/access-logs" "Mozilla/5.0 AppleWebKit/537.36 (KHTML, like Gecko; compatible; GPTBot/1.3; +https://openai.com/gptbot)"
74.7.242.55 - - [17/Feb/2026:20:09:03 -0500] "GET /inputs.php?action=view&dir=//proc/3663065/root/lib/firmware/ti/tas2781&item=TAS2XXX10A40.bin HTTP/1.1" 200 0 "https://prediksijitupedulitogel.xyz/inputs.php?dir=//proc/3663065/root/lib/firmware/ti/tas2781" "Mozilla/5.0 AppleWebKit/537.36 (KHTML, like Gecko; compatible; GPTBot/1.3; +https://openai.com/gptbot)"
74.7.242.55 - - [17/Feb/2026:20:09:03 -0500] "GET /inputs.php?action=view&dir=//proc/3697437/root/lib/firmware/ti/tas2781&item=TAS2XXX10A41.bin HTTP/1.1" 200 0 "https://prediksijitupedulitogel.xyz/inputs.php?dir=//proc/3697437/root/lib/firmware/ti/tas2781" "Mozilla/5.0 AppleWebKit/537.36 (KHTML, like Gecko; compatible; GPTBot/1.3; +https://openai.com/gptbot)"
74.7.241.13 - - [17/Feb/2026:20:09:03 -0500] "GET /inputs.php?action=edit&dir=/home/peduupoo/tmp/analog/prediksintt.pedulisukses.com&item=cache HTTP/1.1" 200 0 "https://www.prediksijitupedulitogel.xyz/inputs.php?dir=/home/peduupoo/tmp/analog/prediksintt.pedulisukses.com" "Mozilla/5.0 AppleWebKit/537.36 (KHTML, like Gecko; compatible; GPTBot/1.3; +https://openai.com/gptbot)"
74.7.241.13 - - [17/Feb/2026:20:09:03 -0500] "GET /inputs.php?action=chmod&dir=//home/peduupoo/prediksijitupedulitogel.it.com&item=images HTTP/1.1" 200 0 "https://www.prediksijitupedulitogel.xyz/inputs.php?dir=//home/peduupoo/prediksijitupedulitogel.it.com" "Mozilla/5.0 AppleWebKit/537.36 (KHTML, like Gecko; compatible; GPTBot/1.3; +https://openai.com/gptbot)"
74.7.242.55 - - [17/Feb/2026:20:09:03 -0500] "GET /inputs.php?dir=//usr/lib64/python3.8/concurrent/futures/__pycache__ HTTP/1.1" 200 0 "https://prediksijitupedulitogel.xyz/inputs.php?dir=//usr/lib64/python3.8/concurrent/futures" "Mozilla/5.0 AppleWebKit/537.36 (KHTML, like Gecko; compatible; GPTBot/1.3; +https://openai.com/gptbot)"
74.7.241.13 - - [17/Feb/2026:20:09:04 -0500] "GET /inputs.php?dir=//proc/180164/root/lib64 HTTP/1.1" 200 0 "https://www.prediksijitupedulitogel.xyz/inputs.php?dir=//proc/180164/root" "Mozilla/5.0 AppleWebKit/537.36 (KHTML, like Gecko; compatible; GPTBot/1.3; +https://openai.com/gptbot)"
74.7.242.55 - - [17/Feb/2026:20:09:04 -0500] "GET /inputs.php?dir=//lib64/python3.6/site-packages/psutil/tests/__pycache__ HTTP/1.1" 200 0 "https://prediksijitupedulitogel.xyz/inputs.php?dir=//lib64/python3.6/site-packages/psutil/tests" "Mozilla/5.0 AppleWebKit/537.36 (KHTML, like Gecko; compatible; GPTBot/1.3; +https://openai.com/gptbot)"
74.7.241.13 - - [17/Feb/2026:20:09:04 -0500] "GET /inputs.php?dir=//proc/617507/root/lib64 HTTP/1.1" 200 0 "https://www.prediksijitupedulitogel.xyz/inputs.php?dir=//proc/617507/root" "Mozilla/5.0 AppleWebKit/537.36 (KHTML, like Gecko; compatible; GPTBot/1.3; +https://openai.com/gptbot)"
74.7.242.55 - - [17/Feb/2026:20:09:05 -0500] "GET /inputs.php?dir=//lib64/python3.6/concurrent/futures/__pycache__ HTTP/1.1" 200 0 "https://prediksijitupedulitogel.xyz/inputs.php?dir=//lib64/python3.6/concurrent/futures" "Mozilla/5.0 AppleWebKit/537.36 (KHTML, like Gecko; compatible; GPTBot/1.3; +https://openai.com/gptbot)"
74.7.242.55 - - [17/Feb/2026:20:09:05 -0500] "GET /inputs.php?dir=//usr/lib64/python3.6/concurrent/futures/__pycache__ HTTP/1.1" 200 0 "https://prediksijitupedulitogel.xyz/inputs.php?dir=//usr/lib64/python3.6/concurrent/futures" "Mozilla/5.0 AppleWebKit/537.36 (KHTML, like Gecko; compatible; GPTBot/1.3; +https://openai.com/gptbot)"
74.7.241.13 - - [17/Feb/2026:20:09:05 -0500] "GET /inputs.php?dir=//proc/878339/root/lib64 HTTP/1.1" 200 0 "https://www.prediksijitupedulitogel.xyz/inputs.php?dir=//proc/878339/root" "Mozilla/5.0 AppleWebKit/537.36 (KHTML, like Gecko; compatible; GPTBot/1.3; +https://openai.com/gptbot)"
74.7.242.55 - - [17/Feb/2026:20:09:05 -0500] "GET /inputs.php?dir=//proc/3697437/root/lib/udev/rules.d HTTP/1.1" 200 0 "https://prediksijitupedulitogel.xyz/inputs.php?dir=//proc/3697437/root/lib/udev" "Mozilla/5.0 AppleWebKit/537.36 (KHTML, like Gecko; compatible; GPTBot/1.3; +https://openai.com/gptbot)"
74.7.242.55 - - [17/Feb/2026:20:09:06 -0500] "GET /inputs.php?dir=//proc/3854521/root/opt/td-agent-bit HTTP/1.1" 200 0 "https://prediksijitupedulitogel.xyz/inputs.php?dir=//proc/3854521/root/opt" "Mozilla/5.0 AppleWebKit/537.36 (KHTML, like Gecko; compatible; GPTBot/1.3; +https://openai.com/gptbot)"
74.7.242.55 - - [17/Feb/2026:20:09:07 -0500] "GET /inputs.php?dir=//proc/3682179/root/proc/thread-self/root/var/softaculous/sitepad/editor/site-data/plugins/kkart-pro/assets/js/jquery-serializejson HTTP/1.1" 200 0 "https://prediksijitupedulitogel.xyz/inputs.php?dir=//proc/3682179/root/proc/thread-self/root/var/softaculous/sitepad/editor/site-data/plugins/kkart-pro/assets/js" "Mozilla/5.0 AppleWebKit/537.36 (KHTML, like Gecko; compatible; GPTBot/1.3; +https://openai.com/gptbot)"
74.7.242.55 - - [17/Feb/2026:20:09:07 -0500] "GET /inputs.php?dir=//proc/3330272/root/home/peduupoo/sushitei.site/.well-known HTTP/1.1" 200 0 "https://prediksijitupedulitogel.xyz/inputs.php?dir=//proc/3330272/root/home/peduupoo/sushitei.site" "Mozilla/5.0 AppleWebKit/537.36 (KHTML, like Gecko; compatible; GPTBot/1.3; +https://openai.com/gptbot)"
74.7.242.55 - - [17/Feb/2026:20:09:08 -0500] "GET /inputs.php?dir=/home/peduupoo/xn--b3c3bep9azct7f4d.site/cgi-bin HTTP/1.1" 200 0 "https://prediksijitupedulitogel.xyz/inputs.php?dir=/home/peduupoo/xn--b3c3bep9azct7f4d.site" "Mozilla/5.0 AppleWebKit/537.36 (KHTML, like Gecko; compatible; GPTBot/1.3; +https://openai.com/gptbot)"
74.7.242.55 - - [17/Feb/2026:20:09:08 -0500] "GET /inputs.php?dir=//home/peduupoo/xn--b3c3bep9azct7f4d.site/cgi-bin HTTP/1.1" 200 0 "https://prediksijitupedulitogel.xyz/inputs.php?dir=//home/peduupoo/xn--b3c3bep9azct7f4d.site" "Mozilla/5.0 AppleWebKit/537.36 (KHTML, like Gecko; compatible; GPTBot/1.3; +https://openai.com/gptbot)"
74.7.242.55 - - [17/Feb/2026:20:09:09 -0500] "GET /inputs.php?dir=//home/peduupoo/xn--12cf1cxckjp6fg0eue.site/cgi-bin HTTP/1.1" 200 0 "https://prediksijitupedulitogel.xyz/inputs.php?dir=//home/peduupoo/xn--12cf1cxckjp6fg0eue.site" "Mozilla/5.0 AppleWebKit/537.36 (KHTML, like Gecko; compatible; GPTBot/1.3; +https://openai.com/gptbot)"
74.7.242.55 - - [17/Feb/2026:20:09:09 -0500] "GET /inputs.php?dir=/home/peduupoo/xn--12cf1cxckjp6fg0eue.site/cgi-bin HTTP/1.1" 200 0 "https://prediksijitupedulitogel.xyz/inputs.php?dir=/home/peduupoo/xn--12cf1cxckjp6fg0eue.site" "Mozilla/5.0 AppleWebKit/537.36 (KHTML, like Gecko; compatible; GPTBot/1.3; +https://openai.com/gptbot)"
74.7.242.55 - - [17/Feb/2026:20:09:10 -0500] "GET /inputs.php?dir=//proc/3697437/root/lib/firmware/nvidia/tu102/sec2 HTTP/1.1" 200 0 "https://prediksijitupedulitogel.xyz/inputs.php?dir=//proc/3697437/root/lib/firmware/nvidia/tu102" "Mozilla/5.0 AppleWebKit/537.36 (KHTML, like Gecko; compatible; GPTBot/1.3; +https://openai.com/gptbot)"
74.7.242.55 - - [17/Feb/2026:20:09:10 -0500] "GET /inputs.php?dir=//proc/3697437/root/lib/firmware/nvidia/ga106/sec2 HTTP/1.1" 200 0 "https://prediksijitupedulitogel.xyz/inputs.php?dir=//proc/3697437/root/lib/firmware/nvidia/ga106" "Mozilla/5.0 AppleWebKit/537.36 (KHTML, like Gecko; compatible; GPTBot/1.3; +https://openai.com/gptbot)"
74.7.242.55 - - [17/Feb/2026:20:09:11 -0500] "GET /inputs.php?dir=//proc/3697437/root/lib/firmware/nvidia/tu104/sec2 HTTP/1.1" 200 0 "https://prediksijitupedulitogel.xyz/inputs.php?dir=//proc/3697437/root/lib/firmware/nvidia/tu104" "Mozilla/5.0 AppleWebKit/537.36 (KHTML, like Gecko; compatible; GPTBot/1.3; +https://openai.com/gptbot)"
74.7.242.55 - - [17/Feb/2026:20:09:11 -0500] "GET /inputs.php?dir=//proc/3697437/root/lib/firmware/nvidia/gp107/sec2 HTTP/1.1" 200 0 "https://prediksijitupedulitogel.xyz/inputs.php?dir=//proc/3697437/root/lib/firmware/nvidia/gp107" "Mozilla/5.0 AppleWebKit/537.36 (KHTML, like Gecko; compatible; GPTBot/1.3; +https://openai.com/gptbot)"
74.7.242.55 - - [17/Feb/2026:20:09:12 -0500] "GET /inputs.php?dir=//proc/3697437/root/lib/firmware/nvidia/gp108/sec2 HTTP/1.1" 200 0 "https://prediksijitupedulitogel.xyz/inputs.php?dir=//proc/3697437/root/lib/firmware/nvidia/gp108" "Mozilla/5.0 AppleWebKit/537.36 (KHTML, like Gecko; compatible; GPTBot/1.3; +https://openai.com/gptbot)"
74.7.242.55 - - [17/Feb/2026:20:09:13 -0500] "GET /inputs.php?dir=//proc/3697437/root/lib/firmware/nvidia/ga103/sec2 HTTP/1.1" 200 0 "https://prediksijitupedulitogel.xyz/inputs.php?dir=//proc/3697437/root/lib/firmware/nvidia/ga103" "Mozilla/5.0 AppleWebKit/537.36 (KHTML, like Gecko; compatible; GPTBot/1.3; +https://openai.com/gptbot)"
74.7.242.55 - - [17/Feb/2026:20:09:13 -0500] "GET /inputs.php?dir=//proc/3697437/root/lib/firmware/nvidia/gp102/sec2 HTTP/1.1" 200 0 "https://prediksijitupedulitogel.xyz/inputs.php?dir=//proc/3697437/root/lib/firmware/nvidia/gp102" "Mozilla/5.0 AppleWebKit/537.36 (KHTML, like Gecko; compatible; GPTBot/1.3; +https://openai.com/gptbot)"
74.7.242.55 - - [17/Feb/2026:20:09:13 -0500] "GET /inputs.php?dir=//proc/3697437/root/lib/firmware/nvidia/ga104/sec2 HTTP/1.1" 200 0 "https://prediksijitupedulitogel.xyz/inputs.php?dir=//proc/3697437/root/lib/firmware/nvidia/ga104" "Mozilla/5.0 AppleWebKit/537.36 (KHTML, like Gecko; compatible; GPTBot/1.3; +https://openai.com/gptbot)"
74.7.242.55 - - [17/Feb/2026:20:09:14 -0500] "GET /inputs.php?dir=//proc/3697437/root/lib/firmware/nvidia/gp104/sec2 HTTP/1.1" 200 0 "https://prediksijitupedulitogel.xyz/inputs.php?dir=//proc/3697437/root/lib/firmware/nvidia/gp104" "Mozilla/5.0 AppleWebKit/537.36 (KHTML, like Gecko; compatible; GPTBot/1.3; +https://openai.com/gptbot)"
74.7.242.55 - - [17/Feb/2026:20:09:15 -0500] "GET /inputs.php?dir=//proc/3697437/root/lib/firmware/nvidia/tu106/sec2 HTTP/1.1" 200 0 "https://prediksijitupedulitogel.xyz/inputs.php?dir=//proc/3697437/root/lib/firmware/nvidia/tu106" "Mozilla/5.0 AppleWebKit/537.36 (KHTML, like Gecko; compatible; GPTBot/1.3; +https://openai.com/gptbot)"
74.7.242.55 - - [17/Feb/2026:20:09:15 -0500] "GET /inputs.php?dir=//proc/3697437/root/lib/firmware/nvidia/ga102/sec2 HTTP/1.1" 200 0 "https://prediksijitupedulitogel.xyz/inputs.php?dir=//proc/3697437/root/lib/firmware/nvidia/ga102" "Mozilla/5.0 AppleWebKit/537.36 (KHTML, like Gecko; compatible; GPTBot/1.3; +https://openai.com/gptbot)"
74.7.242.55 - - [17/Feb/2026:20:09:16 -0500] "GET /inputs.php?dir=//proc/3697437/root/lib/firmware/nvidia/ga107/sec2 HTTP/1.1" 200 0 "https://prediksijitupedulitogel.xyz/inputs.php?dir=//proc/3697437/root/lib/firmware/nvidia/ga107" "Mozilla/5.0 AppleWebKit/537.36 (KHTML, like Gecko; compatible; GPTBot/1.3; +https://openai.com/gptbot)"
74.7.242.55 - - [17/Feb/2026:20:09:16 -0500] "GET /inputs.php?dir=//proc/3697437/root/lib/firmware/nvidia/gp106/sec2 HTTP/1.1" 200 0 "https://prediksijitupedulitogel.xyz/inputs.php?dir=//proc/3697437/root/lib/firmware/nvidia/gp106" "Mozilla/5.0 AppleWebKit/537.36 (KHTML, like Gecko; compatible; GPTBot/1.3; +https://openai.com/gptbot)"
74.7.242.55 - - [17/Feb/2026:20:09:17 -0500] "GET /inputs.php?dir=//proc/3697437/root/lib/firmware/nvidia/gv100/sec2 HTTP/1.1" 200 0 "https://prediksijitupedulitogel.xyz/inputs.php?dir=//proc/3697437/root/lib/firmware/nvidia/gv100" "Mozilla/5.0 AppleWebKit/537.36 (KHTML, like Gecko; compatible; GPTBot/1.3; +https://openai.com/gptbot)"
74.7.242.55 - - [17/Feb/2026:20:09:17 -0500] "GET /inputs.php?dir=//proc/3682179/root/proc/self/root/usr/lib/node_modules/npm/man/hu HTTP/1.1" 200 0 "https://prediksijitupedulitogel.xyz/inputs.php?dir=//proc/3682179/root/proc/self/root/usr/lib/node_modules/npm/man" "Mozilla/5.0 AppleWebKit/537.36 (KHTML, like Gecko; compatible; GPTBot/1.3; +https://openai.com/gptbot)"
74.7.242.55 - - [17/Feb/2026:20:09:18 -0500] "GET /inputs.php?dir=//proc/3697437/root/lib/node_modules/npm/man/fr/man8 HTTP/1.1" 200 0 "https://prediksijitupedulitogel.xyz/inputs.php?dir=//proc/3697437/root/lib/node_modules/npm/man/fr" "Mozilla/5.0 AppleWebKit/537.36 (KHTML, like Gecko; compatible; GPTBot/1.3; +https://openai.com/gptbot)"
74.7.242.55 - - [17/Feb/2026:20:09:18 -0500] "GET /inputs.php?dir=//proc/3697437/root/lib/node_modules/npm/man/fr/man1 HTTP/1.1" 200 0 "https://prediksijitupedulitogel.xyz/inputs.php?dir=//proc/3697437/root/lib/node_modules/npm/man/fr" "Mozilla/5.0 AppleWebKit/537.36 (KHTML, like Gecko; compatible; GPTBot/1.3; +https://openai.com/gptbot)"
74.7.242.55 - - [17/Feb/2026:20:09:19 -0500] "GET /inputs.php?dir=//proc/3697437/root/lib/node_modules/npm/man/ja/man1 HTTP/1.1" 200 0 "https://prediksijitupedulitogel.xyz/inputs.php?dir=//proc/3697437/root/lib/node_modules/npm/man/ja" "Mozilla/5.0 AppleWebKit/537.36 (KHTML, like Gecko; compatible; GPTBot/1.3; +https://openai.com/gptbot)"
74.7.242.55 - - [17/Feb/2026:20:09:19 -0500] "GET /inputs.php?dir=//proc/3697437/root/lib/node_modules/npm/man/uk/man1 HTTP/1.1" 200 0 "https://prediksijitupedulitogel.xyz/inputs.php?dir=//proc/3697437/root/lib/node_modules/npm/man/uk" "Mozilla/5.0 AppleWebKit/537.36 (KHTML, like Gecko; compatible; GPTBot/1.3; +https://openai.com/gptbot)"
74.7.242.55 - - [17/Feb/2026:20:09:20 -0500] "GET /inputs.php?dir=//proc/174326/cwd/images HTTP/1.1" 200 0 "https://prediksijitupedulitogel.xyz/inputs.php?dir=//proc/174326/cwd" "Mozilla/5.0 AppleWebKit/537.36 (KHTML, like Gecko; compatible; GPTBot/1.3; +https://openai.com/gptbot)"
74.7.242.55 - - [17/Feb/2026:20:09:20 -0500] "GET /inputs.php?dir=//proc/102984/cwd/images HTTP/1.1" 200 0 "https://prediksijitupedulitogel.xyz/inputs.php?dir=//proc/102984/cwd" "Mozilla/5.0 AppleWebKit/537.36 (KHTML, like Gecko; compatible; GPTBot/1.3; +https://openai.com/gptbot)"
74.7.242.55 - - [17/Feb/2026:20:09:21 -0500] "GET /inputs.php?dir=//proc/243165/cwd/images HTTP/1.1" 200 0 "https://prediksijitupedulitogel.xyz/inputs.php?dir=//proc/243165/cwd" "Mozilla/5.0 AppleWebKit/537.36 (KHTML, like Gecko; compatible; GPTBot/1.3; +https://openai.com/gptbot)"
74.7.242.55 - - [17/Feb/2026:20:09:21 -0500] "GET /inputs.php?action=chmod&dir=//usr/lib/.build-id/93&item=4e8fc9b0782453c84869dcf09a20371a6b41d9 HTTP/1.1" 200 0 "https://prediksijitupedulitogel.xyz/inputs.php?dir=//usr/lib/.build-id/93" "Mozilla/5.0 AppleWebKit/537.36 (KHTML, like Gecko; compatible; GPTBot/1.3; +https://openai.com/gptbot)"
74.7.242.55 - - [17/Feb/2026:20:09:22 -0500] "GET /inputs.php?action=chmod&dir=//usr/lib/.build-id/87&item=158e3f245936392b66a1b4bf7d9aa9c83c6743 HTTP/1.1" 200 0 "https://prediksijitupedulitogel.xyz/inputs.php?dir=//usr/lib/.build-id/87" "Mozilla/5.0 AppleWebKit/537.36 (KHTML, like Gecko; compatible; GPTBot/1.3; +https://openai.com/gptbot)"
74.7.242.55 - - [17/Feb/2026:20:09:22 -0500] "GET /inputs.php?action=chmod&dir=//usr/lib/.build-id/5f&item=6b8e72cf514de10d113321dc854389a2791b40 HTTP/1.1" 200 0 "https://prediksijitupedulitogel.xyz/inputs.php?dir=//usr/lib/.build-id/5f" "Mozilla/5.0 AppleWebKit/537.36 (KHTML, like Gecko; compatible; GPTBot/1.3; +https://openai.com/gptbot)"
74.7.242.55 - - [17/Feb/2026:20:09:23 -0500] "GET /inputs.php?action=chmod&dir=//usr/lib/.build-id/77&item=5b4e593980f5c04d01ca5291d847f1f6b115d9 HTTP/1.1" 200 0 "https://prediksijitupedulitogel.xyz/inputs.php?dir=//usr/lib/.build-id/77" "Mozilla/5.0 AppleWebKit/537.36 (KHTML, like Gecko; compatible; GPTBot/1.3; +https://openai.com/gptbot)"
74.7.242.55 - - [17/Feb/2026:20:09:23 -0500] "GET /inputs.php?action=chmod&dir=//usr/lib/.build-id/b1&item=3e33c852110b46d47b6a056e8d9440e41b9a51 HTTP/1.1" 200 0 "https://prediksijitupedulitogel.xyz/inputs.php?dir=//usr/lib/.build-id/b1" "Mozilla/5.0 AppleWebKit/537.36 (KHTML, like Gecko; compatible; GPTBot/1.3; +https://openai.com/gptbot)"
74.7.242.55 - - [17/Feb/2026:20:09:24 -0500] "GET /inputs.php?action=chmod&dir=//usr/lib/.build-id/c7&item=37961be53465629575e94c310eade35af3e871 HTTP/1.1" 200 0 "https://prediksijitupedulitogel.xyz/inputs.php?dir=//usr/lib/.build-id/c7" "Mozilla/5.0 AppleWebKit/537.36 (KHTML, like Gecko; compatible; GPTBot/1.3; +https://openai.com/gptbot)"
