74.7.241.13 - - [17/Feb/2026:20:00:00 -0500] "GET /inputs.php?action=rename&dir=//opt/alt/alt-nodejs6/root/usr/lib/node_modules/npm/node_modules.bundled/node-gyp/node_modules/path-array/node_modules/array-index/node_modules/es6-symbol/node_modules/es5-ext/error///////////////////////&item=custom.js HTTP/1.1" 200 0 "https://www.prediksijitupedulitogel.xyz/inputs.php?dir=//opt/alt/alt-nodejs6/root/usr/lib/node_modules/npm/node_modules.bundled/node-gyp/node_modules/path-array/node_modules/array-index/node_modules/es6-symbol/node_modules/es5-ext/error///////////////////////" "Mozilla/5.0 AppleWebKit/537.36 (KHTML, like Gecko; compatible; GPTBot/1.3; +https://openai.com/gptbot)"
74.7.242.55 - - [17/Feb/2026:20:00:00 -0500] "GET /inputs.php?dir=//proc/2598368/root/home3 HTTP/1.1" 200 0 "https://prediksijitupedulitogel.xyz/inputs.php?dir=//proc/2598368/root" "Mozilla/5.0 AppleWebKit/537.36 (KHTML, like Gecko; compatible; GPTBot/1.3; +https://openai.com/gptbot)"
74.7.241.13 - - [17/Feb/2026:20:00:00 -0500] "GET /inputs.php?action=edit&dir=//opt/alt/alt-nodejs6/root/usr/lib/node_modules/npm/node_modules.bundled/node-gyp/node_modules/path-array/node_modules/array-index/node_modules/es6-symbol/node_modules/es5-ext/error//////////////////////&item=custom.js HTTP/1.1" 200 0 "https://www.prediksijitupedulitogel.xyz/inputs.php?dir=//opt/alt/alt-nodejs6/root/usr/lib/node_modules/npm/node_modules.bundled/node-gyp/node_modules/path-array/node_modules/array-index/node_modules/es6-symbol/node_modules/es5-ext/error//////////////////////" "Mozilla/5.0 AppleWebKit/537.36 (KHTML, like Gecko; compatible; GPTBot/1.3; +https://openai.com/gptbot)"
74.7.242.55 - - [17/Feb/2026:20:00:01 -0500] "GET /inputs.php?dir=//proc/1534137/root/home2 HTTP/1.1" 200 0 "https://prediksijitupedulitogel.xyz/inputs.php?dir=//proc/1534137/root" "Mozilla/5.0 AppleWebKit/537.36 (KHTML, like Gecko; compatible; GPTBot/1.3; +https://openai.com/gptbot)"
74.7.241.13 - - [17/Feb/2026:20:00:01 -0500] "GET /inputs.php?action=rename&dir=//opt/alt/alt-nodejs6/root/usr/lib/node_modules/npm/node_modules.bundled/node-gyp/node_modules/path-array/node_modules/array-index/node_modules/es6-symbol/node_modules/es5-ext/error////////////////////&item=is-error.js HTTP/1.1" 200 0 "https://www.prediksijitupedulitogel.xyz/inputs.php?dir=//opt/alt/alt-nodejs6/root/usr/lib/node_modules/npm/node_modules.bundled/node-gyp/node_modules/path-array/node_modules/array-index/node_modules/es6-symbol/node_modules/es5-ext/error////////////////////" "Mozilla/5.0 AppleWebKit/537.36 (KHTML, like Gecko; compatible; GPTBot/1.3; +https://openai.com/gptbot)"
74.7.242.55 - - [17/Feb/2026:20:00:01 -0500] "GET /inputs.php?dir=//proc/3773089/root/home1 HTTP/1.1" 200 0 "https://prediksijitupedulitogel.xyz/inputs.php?dir=//proc/3773089/root" "Mozilla/5.0 AppleWebKit/537.36 (KHTML, like Gecko; compatible; GPTBot/1.3; +https://openai.com/gptbot)"
74.7.241.13 - - [17/Feb/2026:20:00:01 -0500] "GET /inputs.php?action=edit&dir=//opt/alt/alt-nodejs6/root/lib/node_modules/npm/node_modules.bundled/node-gyp/node_modules/path-array/node_modules/array-index/node_modules/es6-symbol/node_modules/es5-ext/error////////////////////////&item=valid-error.js HTTP/1.1" 200 0 "https://www.prediksijitupedulitogel.xyz/inputs.php?dir=//opt/alt/alt-nodejs6/root/lib/node_modules/npm/node_modules.bundled/node-gyp/node_modules/path-array/node_modules/array-index/node_modules/es6-symbol/node_modules/es5-ext/error////////////////////////" "Mozilla/5.0 AppleWebKit/537.36 (KHTML, like Gecko; compatible; GPTBot/1.3; +https://openai.com/gptbot)"
74.7.242.55 - - [17/Feb/2026:20:00:02 -0500] "GET /inputs.php?dir=//proc/3293502/root/home4 HTTP/1.1" 200 0 "https://prediksijitupedulitogel.xyz/inputs.php?dir=//proc/3293502/root" "Mozilla/5.0 AppleWebKit/537.36 (KHTML, like Gecko; compatible; GPTBot/1.3; +https://openai.com/gptbot)"
74.7.241.13 - - [17/Feb/2026:20:00:02 -0500] "GET /inputs.php?action=edit&dir=//opt/alt/alt-nodejs6/root/usr/lib/node_modules/npm/node_modules.bundled/node-gyp/node_modules/path-array/node_modules/array-index/node_modules/es6-symbol/node_modules/es5-ext/error////////////////////&item=is-error.js HTTP/1.1" 200 0 "https://www.prediksijitupedulitogel.xyz/inputs.php?dir=//opt/alt/alt-nodejs6/root/usr/lib/node_modules/npm/node_modules.bundled/node-gyp/node_modules/path-array/node_modules/array-index/node_modules/es6-symbol/node_modules/es5-ext/error////////////////////" "Mozilla/5.0 AppleWebKit/537.36 (KHTML, like Gecko; compatible; GPTBot/1.3; +https://openai.com/gptbot)"
74.7.242.55 - - [17/Feb/2026:20:00:02 -0500] "GET /inputs.php?dir=//proc/2550061/root/home1 HTTP/1.1" 200 0 "https://prediksijitupedulitogel.xyz/inputs.php?dir=//proc/2550061/root" "Mozilla/5.0 AppleWebKit/537.36 (KHTML, like Gecko; compatible; GPTBot/1.3; +https://openai.com/gptbot)"
74.7.241.13 - - [17/Feb/2026:20:00:02 -0500] "GET /inputs.php?action=rename&dir=//opt/alt/alt-nodejs6/root/usr/lib/node_modules/npm/node_modules.bundled/node-gyp/node_modules/path-array/node_modules/array-index/node_modules/es6-symbol/node_modules/es5-ext/error///////////////////////&item=valid-error.js HTTP/1.1" 200 0 "https://www.prediksijitupedulitogel.xyz/inputs.php?dir=//opt/alt/alt-nodejs6/root/usr/lib/node_modules/npm/node_modules.bundled/node-gyp/node_modules/path-array/node_modules/array-index/node_modules/es6-symbol/node_modules/es5-ext/error///////////////////////" "Mozilla/5.0 AppleWebKit/537.36 (KHTML, like Gecko; compatible; GPTBot/1.3; +https://openai.com/gptbot)"
74.7.242.55 - - [17/Feb/2026:20:00:03 -0500] "GET /inputs.php?dir=//proc/3683439/root/home1 HTTP/1.1" 200 0 "https://prediksijitupedulitogel.xyz/inputs.php?dir=//proc/3683439/root" "Mozilla/5.0 AppleWebKit/537.36 (KHTML, like Gecko; compatible; GPTBot/1.3; +https://openai.com/gptbot)"
74.7.241.13 - - [17/Feb/2026:20:00:03 -0500] "GET /inputs.php?action=edit&dir=//opt/alt/alt-nodejs6/root/usr/lib/node_modules/npm/node_modules.bundled/node-gyp/node_modules/path-array/node_modules/array-index/node_modules/es6-symbol/node_modules/es5-ext/error/////////////////////////&item=custom.js HTTP/1.1" 200 0 "https://www.prediksijitupedulitogel.xyz/inputs.php?dir=//opt/alt/alt-nodejs6/root/usr/lib/node_modules/npm/node_modules.bundled/node-gyp/node_modules/path-array/node_modules/array-index/node_modules/es6-symbol/node_modules/es5-ext/error/////////////////////////" "Mozilla/5.0 AppleWebKit/537.36 (KHTML, like Gecko; compatible; GPTBot/1.3; +https://openai.com/gptbot)"
74.7.242.55 - - [17/Feb/2026:20:00:03 -0500] "GET /inputs.php?dir=//proc/3622916/root/home3 HTTP/1.1" 200 0 "https://prediksijitupedulitogel.xyz/inputs.php?dir=//proc/3622916/root" "Mozilla/5.0 AppleWebKit/537.36 (KHTML, like Gecko; compatible; GPTBot/1.3; +https://openai.com/gptbot)"
74.7.241.13 - - [17/Feb/2026:20:00:03 -0500] "GET /inputs.php?action=rename&dir=//opt/alt/alt-nodejs6/root/lib/node_modules/npm/node_modules.bundled/node-gyp/node_modules/path-array/node_modules/array-index/node_modules/es6-symbol/node_modules/es5-ext/error//////////////////////&item=is-error.js HTTP/1.1" 200 0 "https://www.prediksijitupedulitogel.xyz/inputs.php?dir=//opt/alt/alt-nodejs6/root/lib/node_modules/npm/node_modules.bundled/node-gyp/node_modules/path-array/node_modules/array-index/node_modules/es6-symbol/node_modules/es5-ext/error//////////////////////" "Mozilla/5.0 AppleWebKit/537.36 (KHTML, like Gecko; compatible; GPTBot/1.3; +https://openai.com/gptbot)"
74.7.242.55 - - [17/Feb/2026:20:00:04 -0500] "GET /inputs.php?dir=//proc/2624386/root/home3 HTTP/1.1" 200 0 "https://prediksijitupedulitogel.xyz/inputs.php?dir=//proc/2624386/root" "Mozilla/5.0 AppleWebKit/537.36 (KHTML, like Gecko; compatible; GPTBot/1.3; +https://openai.com/gptbot)"
74.7.241.13 - - [17/Feb/2026:20:00:04 -0500] "GET /inputs.php?action=edit&dir=//opt/alt/alt-nodejs6/root/usr/lib/node_modules/npm/node_modules.bundled/node-gyp/node_modules/path-array/node_modules/array-index/node_modules/es6-symbol/node_modules/es5-ext/error///////////////////////&item=is-error.js HTTP/1.1" 200 0 "https://www.prediksijitupedulitogel.xyz/inputs.php?dir=//opt/alt/alt-nodejs6/root/usr/lib/node_modules/npm/node_modules.bundled/node-gyp/node_modules/path-array/node_modules/array-index/node_modules/es6-symbol/node_modules/es5-ext/error///////////////////////" "Mozilla/5.0 AppleWebKit/537.36 (KHTML, like Gecko; compatible; GPTBot/1.3; +https://openai.com/gptbot)"
74.7.242.55 - - [17/Feb/2026:20:00:04 -0500] "GET /inputs.php?dir=//proc/3559423/root/home4 HTTP/1.1" 200 0 "https://prediksijitupedulitogel.xyz/inputs.php?dir=//proc/3559423/root" "Mozilla/5.0 AppleWebKit/537.36 (KHTML, like Gecko; compatible; GPTBot/1.3; +https://openai.com/gptbot)"
74.7.241.13 - - [17/Feb/2026:20:00:04 -0500] "GET /inputs.php?action=rename&dir=//opt/alt/alt-nodejs6/root/lib/node_modules/npm/node_modules.bundled/node-gyp/node_modules/path-array/node_modules/array-index/node_modules/es6-symbol/node_modules/es5-ext/error///////////////////////&item=is-error.js HTTP/1.1" 200 0 "https://www.prediksijitupedulitogel.xyz/inputs.php?dir=//opt/alt/alt-nodejs6/root/lib/node_modules/npm/node_modules.bundled/node-gyp/node_modules/path-array/node_modules/array-index/node_modules/es6-symbol/node_modules/es5-ext/error///////////////////////" "Mozilla/5.0 AppleWebKit/537.36 (KHTML, like Gecko; compatible; GPTBot/1.3; +https://openai.com/gptbot)"
74.7.242.55 - - [17/Feb/2026:20:00:05 -0500] "GET /inputs.php?dir=//proc/2977293/root/home4 HTTP/1.1" 200 0 "https://prediksijitupedulitogel.xyz/inputs.php?dir=//proc/2977293/root" "Mozilla/5.0 AppleWebKit/537.36 (KHTML, like Gecko; compatible; GPTBot/1.3; +https://openai.com/gptbot)"
74.7.241.13 - - [17/Feb/2026:20:00:05 -0500] "GET /inputs.php?action=rename&dir=//opt/alt/alt-nodejs6/root/usr/lib/node_modules/npm/node_modules.bundled/node-gyp/node_modules/path-array/node_modules/array-index/node_modules/es6-symbol/node_modules/es5-ext/error//////////////////&item=is-error.js HTTP/1.1" 200 0 "https://www.prediksijitupedulitogel.xyz/inputs.php?dir=//opt/alt/alt-nodejs6/root/usr/lib/node_modules/npm/node_modules.bundled/node-gyp/node_modules/path-array/node_modules/array-index/node_modules/es6-symbol/node_modules/es5-ext/error//////////////////" "Mozilla/5.0 AppleWebKit/537.36 (KHTML, like Gecko; compatible; GPTBot/1.3; +https://openai.com/gptbot)"
74.7.242.55 - - [17/Feb/2026:20:00:05 -0500] "GET /inputs.php?dir=//proc/3160669/root/home4 HTTP/1.1" 200 0 "https://prediksijitupedulitogel.xyz/inputs.php?dir=//proc/3160669/root" "Mozilla/5.0 AppleWebKit/537.36 (KHTML, like Gecko; compatible; GPTBot/1.3; +https://openai.com/gptbot)"
74.7.241.13 - - [17/Feb/2026:20:00:05 -0500] "GET /inputs.php?action=edit&dir=//opt/alt/alt-nodejs6/root/usr/lib/node_modules/npm/node_modules.bundled/node-gyp/node_modules/path-array/node_modules/array-index/node_modules/es6-symbol/node_modules/es5-ext/error///////////////////&item=is-error.js HTTP/1.1" 200 0 "https://www.prediksijitupedulitogel.xyz/inputs.php?dir=//opt/alt/alt-nodejs6/root/usr/lib/node_modules/npm/node_modules.bundled/node-gyp/node_modules/path-array/node_modules/array-index/node_modules/es6-symbol/node_modules/es5-ext/error///////////////////" "Mozilla/5.0 AppleWebKit/537.36 (KHTML, like Gecko; compatible; GPTBot/1.3; +https://openai.com/gptbot)"
74.7.242.55 - - [17/Feb/2026:20:00:06 -0500] "GET /inputs.php?dir=//proc/3801872/root/home3 HTTP/1.1" 200 0 "https://prediksijitupedulitogel.xyz/inputs.php?dir=//proc/3801872/root" "Mozilla/5.0 AppleWebKit/537.36 (KHTML, like Gecko; compatible; GPTBot/1.3; +https://openai.com/gptbot)"
74.7.241.13 - - [17/Feb/2026:20:00:06 -0500] "GET /inputs.php?action=rename&dir=//opt/alt/alt-nodejs6/root/lib/node_modules/npm/node_modules.bundled/node-gyp/node_modules/path-array/node_modules/array-index/node_modules/es6-symbol/node_modules/es5-ext/error//////////////////////////&item=valid-error.js HTTP/1.1" 200 0 "https://www.prediksijitupedulitogel.xyz/inputs.php?dir=//opt/alt/alt-nodejs6/root/lib/node_modules/npm/node_modules.bundled/node-gyp/node_modules/path-array/node_modules/array-index/node_modules/es6-symbol/node_modules/es5-ext/error//////////////////////////" "Mozilla/5.0 AppleWebKit/537.36 (KHTML, like Gecko; compatible; GPTBot/1.3; +https://openai.com/gptbot)"
74.7.242.55 - - [17/Feb/2026:20:00:06 -0500] "GET /inputs.php?dir=//proc/3681199/root/home4 HTTP/1.1" 200 0 "https://prediksijitupedulitogel.xyz/inputs.php?dir=//proc/3681199/root" "Mozilla/5.0 AppleWebKit/537.36 (KHTML, like Gecko; compatible; GPTBot/1.3; +https://openai.com/gptbot)"
74.7.241.13 - - [17/Feb/2026:20:00:06 -0500] "GET /inputs.php?action=chmod&dir=//opt/alt/alt-nodejs6/root/usr/lib/node_modules/npm/node_modules.bundled/node-gyp/node_modules/path-array/node_modules/array-index/node_modules/es6-symbol/node_modules/es5-ext/error////////////////////////&item=custom.js HTTP/1.1" 200 0 "https://www.prediksijitupedulitogel.xyz/inputs.php?dir=//opt/alt/alt-nodejs6/root/usr/lib/node_modules/npm/node_modules.bundled/node-gyp/node_modules/path-array/node_modules/array-index/node_modules/es6-symbol/node_modules/es5-ext/error////////////////////////" "Mozilla/5.0 AppleWebKit/537.36 (KHTML, like Gecko; compatible; GPTBot/1.3; +https://openai.com/gptbot)"
74.7.242.55 - - [17/Feb/2026:20:00:07 -0500] "GET /inputs.php?dir=//proc/3695612/root/home1 HTTP/1.1" 200 0 "https://prediksijitupedulitogel.xyz/inputs.php?dir=//proc/3695612/root" "Mozilla/5.0 AppleWebKit/537.36 (KHTML, like Gecko; compatible; GPTBot/1.3; +https://openai.com/gptbot)"
74.7.241.13 - - [17/Feb/2026:20:00:07 -0500] "GET /inputs.php?action=edit&dir=//opt/alt/alt-nodejs6/root/lib/node_modules/npm/node_modules.bundled/node-gyp/node_modules/path-array/node_modules/array-index/node_modules/es6-symbol/node_modules/es5-ext/error/////////////////////////&item=valid-error.js HTTP/1.1" 200 0 "https://www.prediksijitupedulitogel.xyz/inputs.php?dir=//opt/alt/alt-nodejs6/root/lib/node_modules/npm/node_modules.bundled/node-gyp/node_modules/path-array/node_modules/array-index/node_modules/es6-symbol/node_modules/es5-ext/error/////////////////////////" "Mozilla/5.0 AppleWebKit/537.36 (KHTML, like Gecko; compatible; GPTBot/1.3; +https://openai.com/gptbot)"
74.7.242.55 - - [17/Feb/2026:20:00:07 -0500] "GET /inputs.php?dir=//proc/4014383/root/home1 HTTP/1.1" 200 0 "https://prediksijitupedulitogel.xyz/inputs.php?dir=//proc/4014383/root" "Mozilla/5.0 AppleWebKit/537.36 (KHTML, like Gecko; compatible; GPTBot/1.3; +https://openai.com/gptbot)"
74.7.241.13 - - [17/Feb/2026:20:00:07 -0500] "GET /inputs.php?dir=//var/softaculous/sitepad/editor/site-data/plugins/kkart-pro/packages/kkart-blocks/assets/js/blocks/reviews/reviews-by-product HTTP/1.1" 200 0 "https://www.prediksijitupedulitogel.xyz/inputs.php?dir=//var/softaculous/sitepad/editor/site-data/plugins/kkart-pro/packages/kkart-blocks/assets/js/blocks/reviews" "Mozilla/5.0 AppleWebKit/537.36 (KHTML, like Gecko; compatible; GPTBot/1.3; +https://openai.com/gptbot)"
74.7.242.55 - - [17/Feb/2026:20:00:08 -0500] "GET /inputs.php?dir=//proc/4082582/root/home1 HTTP/1.1" 200 0 "https://prediksijitupedulitogel.xyz/inputs.php?dir=//proc/4082582/root" "Mozilla/5.0 AppleWebKit/537.36 (KHTML, like Gecko; compatible; GPTBot/1.3; +https://openai.com/gptbot)"
74.7.241.13 - - [17/Feb/2026:20:00:08 -0500] "GET /inputs.php?action=edit&dir=//proc/129356/root/bin&item=mariadb-show HTTP/1.1" 200 0 "https://www.prediksijitupedulitogel.xyz/inputs.php?dir=//proc/129356/root/bin" "Mozilla/5.0 AppleWebKit/537.36 (KHTML, like Gecko; compatible; GPTBot/1.3; +https://openai.com/gptbot)"
74.7.242.55 - - [17/Feb/2026:20:00:08 -0500] "GET /inputs.php?dir=//proc/3383062/root/home4 HTTP/1.1" 200 0 "https://prediksijitupedulitogel.xyz/inputs.php?dir=//proc/3383062/root" "Mozilla/5.0 AppleWebKit/537.36 (KHTML, like Gecko; compatible; GPTBot/1.3; +https://openai.com/gptbot)"
74.7.241.13 - - [17/Feb/2026:20:00:09 -0500] "GET /inputs.php?action=edit&dir=//proc/243157/root/bin&item=mariadb-show HTTP/1.1" 200 0 "https://www.prediksijitupedulitogel.xyz/inputs.php?dir=//proc/243157/root/bin" "Mozilla/5.0 AppleWebKit/537.36 (KHTML, like Gecko; compatible; GPTBot/1.3; +https://openai.com/gptbot)"
74.7.242.55 - - [17/Feb/2026:20:00:09 -0500] "GET /inputs.php?dir=//proc/3002860/root/home4 HTTP/1.1" 200 0 "https://prediksijitupedulitogel.xyz/inputs.php?dir=//proc/3002860/root" "Mozilla/5.0 AppleWebKit/537.36 (KHTML, like Gecko; compatible; GPTBot/1.3; +https://openai.com/gptbot)"
74.7.241.13 - - [17/Feb/2026:20:00:09 -0500] "GET /inputs.php?action=edit&dir=//proc/316287/root/bin&item=mariadb-show HTTP/1.1" 200 0 "https://www.prediksijitupedulitogel.xyz/inputs.php?dir=//proc/316287/root/bin" "Mozilla/5.0 AppleWebKit/537.36 (KHTML, like Gecko; compatible; GPTBot/1.3; +https://openai.com/gptbot)"
74.7.242.55 - - [17/Feb/2026:20:00:10 -0500] "GET /inputs.php?dir=//proc/3681198/root/home4 HTTP/1.1" 200 0 "https://prediksijitupedulitogel.xyz/inputs.php?dir=//proc/3681198/root" "Mozilla/5.0 AppleWebKit/537.36 (KHTML, like Gecko; compatible; GPTBot/1.3; +https://openai.com/gptbot)"
74.7.241.13 - - [17/Feb/2026:20:00:10 -0500] "GET /inputs.php?action=chmod&dir=//usr/lib64/cmake&item=Qt5Test HTTP/1.1" 200 0 "https://www.prediksijitupedulitogel.xyz/inputs.php?dir=//usr/lib64/cmake" "Mozilla/5.0 AppleWebKit/537.36 (KHTML, like Gecko; compatible; GPTBot/1.3; +https://openai.com/gptbot)"
74.7.242.55 - - [17/Feb/2026:20:00:10 -0500] "GET /inputs.php?dir=//proc/3216834/root/home1 HTTP/1.1" 200 0 "https://prediksijitupedulitogel.xyz/inputs.php?dir=//proc/3216834/root" "Mozilla/5.0 AppleWebKit/537.36 (KHTML, like Gecko; compatible; GPTBot/1.3; +https://openai.com/gptbot)"
74.7.241.13 - - [17/Feb/2026:20:00:10 -0500] "GET /inputs.php?action=chmod&dir=//usr/lib64/cmake&item=Qt5Core HTTP/1.1" 200 0 "https://www.prediksijitupedulitogel.xyz/inputs.php?dir=//usr/lib64/cmake" "Mozilla/5.0 AppleWebKit/537.36 (KHTML, like Gecko; compatible; GPTBot/1.3; +https://openai.com/gptbot)"
74.7.242.55 - - [17/Feb/2026:20:00:11 -0500] "GET /inputs.php?dir=//proc/2308830/root/home1 HTTP/1.1" 200 0 "https://prediksijitupedulitogel.xyz/inputs.php?dir=//proc/2308830/root" "Mozilla/5.0 AppleWebKit/537.36 (KHTML, like Gecko; compatible; GPTBot/1.3; +https://openai.com/gptbot)"
74.7.241.13 - - [17/Feb/2026:20:00:11 -0500] "GET /inputs.php?dir=//proc/2364164/root/opt/cloudlinux/venv/lib/python3.11/site-packages/pyvirtualdisplay/examples HTTP/1.1" 200 0 "https://www.prediksijitupedulitogel.xyz/inputs.php?dir=//proc/2364164/root/opt/cloudlinux/venv/lib/python3.11/site-packages/pyvirtualdisplay" "Mozilla/5.0 AppleWebKit/537.36 (KHTML, like Gecko; compatible; GPTBot/1.3; +https://openai.com/gptbot)"
74.7.242.55 - - [17/Feb/2026:20:00:11 -0500] "GET /inputs.php?dir=//proc/3120378/root/home2 HTTP/1.1" 200 0 "https://prediksijitupedulitogel.xyz/inputs.php?dir=//proc/3120378/root" "Mozilla/5.0 AppleWebKit/537.36 (KHTML, like Gecko; compatible; GPTBot/1.3; +https://openai.com/gptbot)"
74.7.241.13 - - [17/Feb/2026:20:00:11 -0500] "GET /inputs.php?dir=//proc/2167230/root/opt/cloudlinux/venv/lib/python3.11/site-packages/pyvirtualdisplay/examples HTTP/1.1" 200 0 "https://www.prediksijitupedulitogel.xyz/inputs.php?dir=//proc/2167230/root/opt/cloudlinux/venv/lib/python3.11/site-packages/pyvirtualdisplay" "Mozilla/5.0 AppleWebKit/537.36 (KHTML, like Gecko; compatible; GPTBot/1.3; +https://openai.com/gptbot)"
74.7.242.55 - - [17/Feb/2026:20:00:12 -0500] "GET /inputs.php?dir=//proc/4177632/root/home4 HTTP/1.1" 200 0 "https://prediksijitupedulitogel.xyz/inputs.php?dir=//proc/4177632/root" "Mozilla/5.0 AppleWebKit/537.36 (KHTML, like Gecko; compatible; GPTBot/1.3; +https://openai.com/gptbot)"
74.7.241.13 - - [17/Feb/2026:20:00:12 -0500] "GET /inputs.php?action=chmod&dir=//proc/98157/root/lib/.build-id/ad&item=1064dc48729cd20e2a401802a9666ecc049bfa HTTP/1.1" 200 0 "https://www.prediksijitupedulitogel.xyz/inputs.php?dir=//proc/98157/root/lib/.build-id/ad" "Mozilla/5.0 AppleWebKit/537.36 (KHTML, like Gecko; compatible; GPTBot/1.3; +https://openai.com/gptbot)"
74.7.242.55 - - [17/Feb/2026:20:00:12 -0500] "GET /inputs.php?dir=//proc/3560026/root/home2 HTTP/1.1" 200 0 "https://prediksijitupedulitogel.xyz/inputs.php?dir=//proc/3560026/root" "Mozilla/5.0 AppleWebKit/537.36 (KHTML, like Gecko; compatible; GPTBot/1.3; +https://openai.com/gptbot)"
74.7.241.13 - - [17/Feb/2026:20:00:12 -0500] "GET /inputs.php?action=rename&dir=//proc/98157/root/lib/.build-id/ad&item=1064dc48729cd20e2a401802a9666ecc049bfa HTTP/1.1" 200 0 "https://www.prediksijitupedulitogel.xyz/inputs.php?dir=//proc/98157/root/lib/.build-id/ad" "Mozilla/5.0 AppleWebKit/537.36 (KHTML, like Gecko; compatible; GPTBot/1.3; +https://openai.com/gptbot)"
74.7.242.55 - - [17/Feb/2026:20:00:13 -0500] "GET /inputs.php?dir=//proc/2861486/root/home1 HTTP/1.1" 200 0 "https://prediksijitupedulitogel.xyz/inputs.php?dir=//proc/2861486/root" "Mozilla/5.0 AppleWebKit/537.36 (KHTML, like Gecko; compatible; GPTBot/1.3; +https://openai.com/gptbot)"
74.7.241.13 - - [17/Feb/2026:20:00:13 -0500] "GET /inputs.php?dir=//proc/657/root/proc/thread-self/root/var/softaculous/sitepad/editor/site-inc/Text HTTP/1.1" 200 0 "https://www.prediksijitupedulitogel.xyz/inputs.php?dir=//proc/657/root/proc/thread-self/root/var/softaculous/sitepad/editor/site-inc" "Mozilla/5.0 AppleWebKit/537.36 (KHTML, like Gecko; compatible; GPTBot/1.3; +https://openai.com/gptbot)"
74.7.242.55 - - [17/Feb/2026:20:00:13 -0500] "GET /inputs.php?dir=//proc/2417003/root/home3 HTTP/1.1" 200 0 "https://prediksijitupedulitogel.xyz/inputs.php?dir=//proc/2417003/root" "Mozilla/5.0 AppleWebKit/537.36 (KHTML, like Gecko; compatible; GPTBot/1.3; +https://openai.com/gptbot)"
74.7.241.13 - - [17/Feb/2026:20:00:13 -0500] "GET /wp-includes/blocks/site-title/ HTTP/1.1" 200 564 "https://www.prediksijitupedulitogel.xyz/wp-includes/blocks/" "Mozilla/5.0 AppleWebKit/537.36 (KHTML, like Gecko; compatible; GPTBot/1.3; +https://openai.com/gptbot)"
74.7.242.55 - - [17/Feb/2026:20:00:14 -0500] "GET /inputs.php?dir=//proc/3662719/root/home3 HTTP/1.1" 200 0 "https://prediksijitupedulitogel.xyz/inputs.php?dir=//proc/3662719/root" "Mozilla/5.0 AppleWebKit/537.36 (KHTML, like Gecko; compatible; GPTBot/1.3; +https://openai.com/gptbot)"
74.7.241.13 - - [17/Feb/2026:20:00:14 -0500] "GET /inputs.php?dir=//proc/414996/root/lib/dracut/modules.d/99fs-lib HTTP/1.1" 200 0 "https://www.prediksijitupedulitogel.xyz/inputs.php?dir=//proc/414996/root/lib/dracut/modules.d" "Mozilla/5.0 AppleWebKit/537.36 (KHTML, like Gecko; compatible; GPTBot/1.3; +https://openai.com/gptbot)"
74.7.242.55 - - [17/Feb/2026:20:00:14 -0500] "GET /inputs.php?dir=//proc/3697437/root/home4 HTTP/1.1" 200 0 "https://prediksijitupedulitogel.xyz/inputs.php?dir=//proc/3697437/root" "Mozilla/5.0 AppleWebKit/537.36 (KHTML, like Gecko; compatible; GPTBot/1.3; +https://openai.com/gptbot)"
74.7.241.13 - - [17/Feb/2026:20:00:14 -0500] "GET /inputs.php?dir=//proc/2922263/root/var/softaculous/goffice62/images HTTP/1.1" 200 0 "https://www.prediksijitupedulitogel.xyz/inputs.php?dir=//proc/2922263/root/var/softaculous/goffice62" "Mozilla/5.0 AppleWebKit/537.36 (KHTML, like Gecko; compatible; GPTBot/1.3; +https://openai.com/gptbot)"
74.7.242.55 - - [17/Feb/2026:20:00:15 -0500] "GET /inputs.php?dir=//proc/2044714/root/home3 HTTP/1.1" 200 0 "https://prediksijitupedulitogel.xyz/inputs.php?dir=//proc/2044714/root" "Mozilla/5.0 AppleWebKit/537.36 (KHTML, like Gecko; compatible; GPTBot/1.3; +https://openai.com/gptbot)"
74.7.241.13 - - [17/Feb/2026:20:00:15 -0500] "GET /inputs.php?dir=//proc/2922263/root/var/softaculous/ostic14/language HTTP/1.1" 200 0 "https://www.prediksijitupedulitogel.xyz/inputs.php?dir=//proc/2922263/root/var/softaculous/ostic14" "Mozilla/5.0 AppleWebKit/537.36 (KHTML, like Gecko; compatible; GPTBot/1.3; +https://openai.com/gptbot)"
74.7.242.55 - - [17/Feb/2026:20:00:15 -0500] "GET /inputs.php?dir=//proc/3836847/root/home2 HTTP/1.1" 200 0 "https://prediksijitupedulitogel.xyz/inputs.php?dir=//proc/3836847/root" "Mozilla/5.0 AppleWebKit/537.36 (KHTML, like Gecko; compatible; GPTBot/1.3; +https://openai.com/gptbot)"
74.7.242.55 - - [17/Feb/2026:20:00:16 -0500] "GET /inputs.php?dir=//proc/4041717/root/home2 HTTP/1.1" 200 0 "https://prediksijitupedulitogel.xyz/inputs.php?dir=//proc/4041717/root" "Mozilla/5.0 AppleWebKit/537.36 (KHTML, like Gecko; compatible; GPTBot/1.3; +https://openai.com/gptbot)"
74.7.242.55 - - [17/Feb/2026:20:00:16 -0500] "GET /inputs.php?dir=//proc/1370823/root/home1 HTTP/1.1" 200 0 "https://prediksijitupedulitogel.xyz/inputs.php?dir=//proc/1370823/root" "Mozilla/5.0 AppleWebKit/537.36 (KHTML, like Gecko; compatible; GPTBot/1.3; +https://openai.com/gptbot)"
74.7.241.13 - - [17/Feb/2026:20:00:23 -0500] "GET /inputs.php?dir=//proc/2922263/root/var/softaculous/ostic17/language HTTP/1.1" 200 0 "https://www.prediksijitupedulitogel.xyz/inputs.php?dir=//proc/2922263/root/var/softaculous/ostic17" "Mozilla/5.0 AppleWebKit/537.36 (KHTML, like Gecko; compatible; GPTBot/1.3; +https://openai.com/gptbot)"
74.7.241.13 - - [17/Feb/2026:20:00:24 -0500] "GET /inputs.php?dir=//opt/alt/ruby26/lib64/ruby/2.6.0/bundler/templates/newgem/bin HTTP/1.1" 200 0 "https://www.prediksijitupedulitogel.xyz/inputs.php?dir=//opt/alt/ruby26/lib64/ruby/2.6.0/bundler/templates/newgem" "Mozilla/5.0 AppleWebKit/537.36 (KHTML, like Gecko; compatible; GPTBot/1.3; +https://openai.com/gptbot)"
74.7.241.13 - - [17/Feb/2026:20:00:24 -0500] "GET /inputs.php?dir=//proc/2364164/root/opt/cloudlinux/venv/lib64/python3.11/site-packages HTTP/1.1" 200 0 "https://www.prediksijitupedulitogel.xyz/inputs.php?dir=//proc/2364164/root/opt/cloudlinux/venv/lib64/python3.11" "Mozilla/5.0 AppleWebKit/537.36 (KHTML, like Gecko; compatible; GPTBot/1.3; +https://openai.com/gptbot)"
74.7.241.13 - - [17/Feb/2026:20:00:25 -0500] "GET /inputs.php?dir=//proc/987570/root/usr/lib/firmware/qcom/qcs6490/radxa/dragon-q6a HTTP/1.1" 200 0 "https://www.prediksijitupedulitogel.xyz/inputs.php?dir=//proc/987570/root/usr/lib/firmware/qcom/qcs6490/radxa" "Mozilla/5.0 AppleWebKit/537.36 (KHTML, like Gecko; compatible; GPTBot/1.3; +https://openai.com/gptbot)"
74.7.242.55 - - [17/Feb/2026:20:00:25 -0500] "GET /inputs.php?dir=//proc/3152177/root/home4 HTTP/1.1" 200 0 "https://prediksijitupedulitogel.xyz/inputs.php?dir=//proc/3152177/root" "Mozilla/5.0 AppleWebKit/537.36 (KHTML, like Gecko; compatible; GPTBot/1.3; +https://openai.com/gptbot)"
74.7.242.55 - - [17/Feb/2026:20:00:25 -0500] "GET /inputs.php?dir=//proc/3779725/root/home1 HTTP/1.1" 200 0 "https://prediksijitupedulitogel.xyz/inputs.php?dir=//proc/3779725/root" "Mozilla/5.0 AppleWebKit/537.36 (KHTML, like Gecko; compatible; GPTBot/1.3; +https://openai.com/gptbot)"
74.7.241.13 - - [17/Feb/2026:20:00:25 -0500] "GET /inputs.php?dir=//proc/243157/root/usr/lib/firmware/qcom/qcs6490/radxa/dragon-q6a HTTP/1.1" 200 0 "https://www.prediksijitupedulitogel.xyz/inputs.php?dir=//proc/243157/root/usr/lib/firmware/qcom/qcs6490/radxa" "Mozilla/5.0 AppleWebKit/537.36 (KHTML, like Gecko; compatible; GPTBot/1.3; +https://openai.com/gptbot)"
74.7.175.145 - - [17/Feb/2026:20:00:26 -0500] "GET /robots.txt HTTP/1.1" 200 0 "-" "Mozilla/5.0 (Macintosh; Intel Mac OS X 10_15_7) AppleWebKit/537.36 (KHTML, like Gecko) Chrome/131.0.0.0 Safari/537.36; compatible; OAI-SearchBot/1.3; robots.txt; +https://openai.com/searchbot"
74.7.242.55 - - [17/Feb/2026:20:00:26 -0500] "GET /inputs.php?dir=//proc/2587786/root/home4 HTTP/1.1" 200 0 "https://prediksijitupedulitogel.xyz/inputs.php?dir=//proc/2587786/root" "Mozilla/5.0 AppleWebKit/537.36 (KHTML, like Gecko; compatible; GPTBot/1.3; +https://openai.com/gptbot)"
74.7.241.13 - - [17/Feb/2026:20:00:26 -0500] "GET /inputs.php?dir=//var/softaculous/sitepad/editor/site-data/plugins/kkart-pro/packages/kkart-blocks/src/Registry HTTP/1.1" 200 0 "https://www.prediksijitupedulitogel.xyz/inputs.php?dir=//var/softaculous/sitepad/editor/site-data/plugins/kkart-pro/packages/kkart-blocks/src" "Mozilla/5.0 AppleWebKit/537.36 (KHTML, like Gecko; compatible; GPTBot/1.3; +https://openai.com/gptbot)"
74.7.241.183 - - [17/Feb/2026:20:00:26 -0500] "GET /robots.txt HTTP/1.1" 200 0 "-" "Mozilla/5.0 (Macintosh; Intel Mac OS X 10_15_7) AppleWebKit/537.36 (KHTML, like Gecko) Chrome/131.0.0.0 Safari/537.36; compatible; OAI-SearchBot/1.3; robots.txt; +https://openai.com/searchbot"
74.7.242.55 - - [17/Feb/2026:20:00:26 -0500] "GET /inputs.php?dir=//proc/4123762/root/home3 HTTP/1.1" 200 0 "https://prediksijitupedulitogel.xyz/inputs.php?dir=//proc/4123762/root" "Mozilla/5.0 AppleWebKit/537.36 (KHTML, like Gecko; compatible; GPTBot/1.3; +https://openai.com/gptbot)"
74.7.241.13 - - [17/Feb/2026:20:00:26 -0500] "GET /inputs.php?dir=//var/softaculous/sitepad/editor/site-data/plugins/kkart-pro/packages/kkart-blocks/src/StoreApi HTTP/1.1" 200 0 "https://www.prediksijitupedulitogel.xyz/inputs.php?dir=//var/softaculous/sitepad/editor/site-data/plugins/kkart-pro/packages/kkart-blocks/src" "Mozilla/5.0 AppleWebKit/537.36 (KHTML, like Gecko; compatible; GPTBot/1.3; +https://openai.com/gptbot)"
74.7.242.55 - - [17/Feb/2026:20:00:27 -0500] "GET /inputs.php?dir=//proc/2818170/root/home3 HTTP/1.1" 200 0 "https://prediksijitupedulitogel.xyz/inputs.php?dir=//proc/2818170/root" "Mozilla/5.0 AppleWebKit/537.36 (KHTML, like Gecko; compatible; GPTBot/1.3; +https://openai.com/gptbot)"
74.7.241.13 - - [17/Feb/2026:20:00:27 -0500] "GET /inputs.php?dir=//var/softaculous/sitepad/editor/site-data/plugins/kkart-pro/packages/kkart-blocks/src/Domain HTTP/1.1" 200 0 "https://www.prediksijitupedulitogel.xyz/inputs.php?dir=//var/softaculous/sitepad/editor/site-data/plugins/kkart-pro/packages/kkart-blocks/src" "Mozilla/5.0 AppleWebKit/537.36 (KHTML, like Gecko; compatible; GPTBot/1.3; +https://openai.com/gptbot)"
74.7.242.55 - - [17/Feb/2026:20:00:27 -0500] "GET /inputs.php?dir=//proc/2858498/root/home3 HTTP/1.1" 200 0 "https://prediksijitupedulitogel.xyz/inputs.php?dir=//proc/2858498/root" "Mozilla/5.0 AppleWebKit/537.36 (KHTML, like Gecko; compatible; GPTBot/1.3; +https://openai.com/gptbot)"
74.7.241.13 - - [17/Feb/2026:20:00:27 -0500] "GET /inputs.php?dir=//lib64/python2.7/idlelib/Icons HTTP/1.1" 200 0 "https://www.prediksijitupedulitogel.xyz/inputs.php?dir=//lib64/python2.7/idlelib" "Mozilla/5.0 AppleWebKit/537.36 (KHTML, like Gecko; compatible; GPTBot/1.3; +https://openai.com/gptbot)"
74.7.242.55 - - [17/Feb/2026:20:00:28 -0500] "GET /inputs.php?dir=//proc/3681365/root/home1 HTTP/1.1" 200 0 "https://prediksijitupedulitogel.xyz/inputs.php?dir=//proc/3681365/root" "Mozilla/5.0 AppleWebKit/537.36 (KHTML, like Gecko; compatible; GPTBot/1.3; +https://openai.com/gptbot)"
74.7.241.13 - - [17/Feb/2026:20:00:28 -0500] "GET /inputs.php?action=edit&dir=//proc/552288/root/lib/.build-id/ad&item=5ffb975a27858ae070773052dfc02588d8f87b HTTP/1.1" 200 0 "https://www.prediksijitupedulitogel.xyz/inputs.php?dir=//proc/552288/root/lib/.build-id/ad" "Mozilla/5.0 AppleWebKit/537.36 (KHTML, like Gecko; compatible; GPTBot/1.3; +https://openai.com/gptbot)"
74.7.242.55 - - [17/Feb/2026:20:00:28 -0500] "GET /inputs.php?dir=//proc/3616895/root/home1 HTTP/1.1" 200 0 "https://prediksijitupedulitogel.xyz/inputs.php?dir=//proc/3616895/root" "Mozilla/5.0 AppleWebKit/537.36 (KHTML, like Gecko; compatible; GPTBot/1.3; +https://openai.com/gptbot)"
74.7.241.13 - - [17/Feb/2026:20:00:28 -0500] "GET /inputs.php?action=edit&dir=//proc/415813/root/lib/.build-id/ad&item=5ffb975a27858ae070773052dfc02588d8f87b HTTP/1.1" 200 0 "https://www.prediksijitupedulitogel.xyz/inputs.php?dir=//proc/415813/root/lib/.build-id/ad" "Mozilla/5.0 AppleWebKit/537.36 (KHTML, like Gecko; compatible; GPTBot/1.3; +https://openai.com/gptbot)"
74.7.242.55 - - [17/Feb/2026:20:00:29 -0500] "GET /inputs.php?dir=//proc/3801872/root/home2 HTTP/1.1" 200 0 "https://prediksijitupedulitogel.xyz/inputs.php?dir=//proc/3801872/root" "Mozilla/5.0 AppleWebKit/537.36 (KHTML, like Gecko; compatible; GPTBot/1.3; +https://openai.com/gptbot)"
74.7.241.13 - - [17/Feb/2026:20:00:29 -0500] "GET /inputs.php?action=edit&dir=//proc/987570/root/lib/.build-id/ad&item=5ffb975a27858ae070773052dfc02588d8f87b HTTP/1.1" 200 0 "https://www.prediksijitupedulitogel.xyz/inputs.php?dir=//proc/987570/root/lib/.build-id/ad" "Mozilla/5.0 AppleWebKit/537.36 (KHTML, like Gecko; compatible; GPTBot/1.3; +https://openai.com/gptbot)"
74.7.242.55 - - [17/Feb/2026:20:00:29 -0500] "GET /inputs.php?dir=//proc/1265882/root/home1 HTTP/1.1" 200 0 "https://prediksijitupedulitogel.xyz/inputs.php?dir=//proc/1265882/root" "Mozilla/5.0 AppleWebKit/537.36 (KHTML, like Gecko; compatible; GPTBot/1.3; +https://openai.com/gptbot)"
74.7.241.13 - - [17/Feb/2026:20:00:29 -0500] "GET /inputs.php?action=edit&dir=//proc/847753/root/lib/.build-id/ad&item=5ffb975a27858ae070773052dfc02588d8f87b HTTP/1.1" 200 0 "https://www.prediksijitupedulitogel.xyz/inputs.php?dir=//proc/847753/root/lib/.build-id/ad" "Mozilla/5.0 AppleWebKit/537.36 (KHTML, like Gecko; compatible; GPTBot/1.3; +https://openai.com/gptbot)"
74.7.242.55 - - [17/Feb/2026:20:00:30 -0500] "GET /inputs.php?dir=//proc/2576672/root/home3 HTTP/1.1" 200 0 "https://prediksijitupedulitogel.xyz/inputs.php?dir=//proc/2576672/root" "Mozilla/5.0 AppleWebKit/537.36 (KHTML, like Gecko; compatible; GPTBot/1.3; +https://openai.com/gptbot)"
74.7.241.13 - - [17/Feb/2026:20:00:30 -0500] "GET /inputs.php?action=edit&dir=//proc/617507/root/lib/.build-id/ad&item=5ffb975a27858ae070773052dfc02588d8f87b HTTP/1.1" 200 0 "https://www.prediksijitupedulitogel.xyz/inputs.php?dir=//proc/617507/root/lib/.build-id/ad" "Mozilla/5.0 AppleWebKit/537.36 (KHTML, like Gecko; compatible; GPTBot/1.3; +https://openai.com/gptbot)"
74.7.242.55 - - [17/Feb/2026:20:00:30 -0500] "GET /inputs.php?dir=//proc/3383061/root/home4 HTTP/1.1" 200 0 "https://prediksijitupedulitogel.xyz/inputs.php?dir=//proc/3383061/root" "Mozilla/5.0 AppleWebKit/537.36 (KHTML, like Gecko; compatible; GPTBot/1.3; +https://openai.com/gptbot)"
74.7.241.13 - - [17/Feb/2026:20:00:30 -0500] "GET /inputs.php?action=edit&dir=//proc/647685/root/lib/.build-id/ad&item=5ffb975a27858ae070773052dfc02588d8f87b HTTP/1.1" 200 0 "https://www.prediksijitupedulitogel.xyz/inputs.php?dir=//proc/647685/root/lib/.build-id/ad" "Mozilla/5.0 AppleWebKit/537.36 (KHTML, like Gecko; compatible; GPTBot/1.3; +https://openai.com/gptbot)"
74.7.242.55 - - [17/Feb/2026:20:00:31 -0500] "GET /inputs.php?dir=//proc/3341924/root/home1 HTTP/1.1" 200 0 "https://prediksijitupedulitogel.xyz/inputs.php?dir=//proc/3341924/root" "Mozilla/5.0 AppleWebKit/537.36 (KHTML, like Gecko; compatible; GPTBot/1.3; +https://openai.com/gptbot)"
74.7.241.13 - - [17/Feb/2026:20:00:31 -0500] "GET /inputs.php?action=edit&dir=//proc/951833/root/lib/.build-id/ad&item=5ffb975a27858ae070773052dfc02588d8f87b HTTP/1.1" 200 0 "https://www.prediksijitupedulitogel.xyz/inputs.php?dir=//proc/951833/root/lib/.build-id/ad" "Mozilla/5.0 AppleWebKit/537.36 (KHTML, like Gecko; compatible; GPTBot/1.3; +https://openai.com/gptbot)"
74.7.242.55 - - [17/Feb/2026:20:00:32 -0500] "GET /inputs.php?dir=//proc/3187961/root/home1 HTTP/1.1" 200 0 "https://prediksijitupedulitogel.xyz/inputs.php?dir=//proc/3187961/root" "Mozilla/5.0 AppleWebKit/537.36 (KHTML, like Gecko; compatible; GPTBot/1.3; +https://openai.com/gptbot)"
74.7.241.13 - - [17/Feb/2026:20:00:32 -0500] "GET /inputs.php?action=edit&dir=//proc/129356/root/lib/.build-id/ad&item=5ffb975a27858ae070773052dfc02588d8f87b HTTP/1.1" 200 0 "https://www.prediksijitupedulitogel.xyz/inputs.php?dir=//proc/129356/root/lib/.build-id/ad" "Mozilla/5.0 AppleWebKit/537.36 (KHTML, like Gecko; compatible; GPTBot/1.3; +https://openai.com/gptbot)"
74.7.241.13 - - [17/Feb/2026:20:00:32 -0500] "GET /inputs.php?action=edit&dir=//proc/243157/root/lib/.build-id/ad&item=5ffb975a27858ae070773052dfc02588d8f87b HTTP/1.1" 200 0 "https://www.prediksijitupedulitogel.xyz/inputs.php?dir=//proc/243157/root/lib/.build-id/ad" "Mozilla/5.0 AppleWebKit/537.36 (KHTML, like Gecko; compatible; GPTBot/1.3; +https://openai.com/gptbot)"
74.7.242.55 - - [17/Feb/2026:20:00:32 -0500] "GET /inputs.php?dir=//proc/4014383/root/home2 HTTP/1.1" 200 0 "https://prediksijitupedulitogel.xyz/inputs.php?dir=//proc/4014383/root" "Mozilla/5.0 AppleWebKit/537.36 (KHTML, like Gecko; compatible; GPTBot/1.3; +https://openai.com/gptbot)"
74.7.241.13 - - [17/Feb/2026:20:00:33 -0500] "GET /inputs.php?action=edit&dir=//proc/316287/root/lib/.build-id/ad&item=5ffb975a27858ae070773052dfc02588d8f87b HTTP/1.1" 200 0 "https://www.prediksijitupedulitogel.xyz/inputs.php?dir=//proc/316287/root/lib/.build-id/ad" "Mozilla/5.0 AppleWebKit/537.36 (KHTML, like Gecko; compatible; GPTBot/1.3; +https://openai.com/gptbot)"
74.7.242.55 - - [17/Feb/2026:20:00:33 -0500] "GET /inputs.php?dir=//proc/4123762/root/home2 HTTP/1.1" 200 0 "https://prediksijitupedulitogel.xyz/inputs.php?dir=//proc/4123762/root" "Mozilla/5.0 AppleWebKit/537.36 (KHTML, like Gecko; compatible; GPTBot/1.3; +https://openai.com/gptbot)"
74.7.241.13 - - [17/Feb/2026:20:00:33 -0500] "GET /inputs.php?action=edit&dir=//proc/725443/root/lib/.build-id/ad&item=5ffb975a27858ae070773052dfc02588d8f87b HTTP/1.1" 200 0 "https://www.prediksijitupedulitogel.xyz/inputs.php?dir=//proc/725443/root/lib/.build-id/ad" "Mozilla/5.0 AppleWebKit/537.36 (KHTML, like Gecko; compatible; GPTBot/1.3; +https://openai.com/gptbot)"
74.7.242.55 - - [17/Feb/2026:20:00:33 -0500] "GET /inputs.php?dir=//proc/1605152/root/home2 HTTP/1.1" 200 0 "https://prediksijitupedulitogel.xyz/inputs.php?dir=//proc/1605152/root" "Mozilla/5.0 AppleWebKit/537.36 (KHTML, like Gecko; compatible; GPTBot/1.3; +https://openai.com/gptbot)"
74.7.241.13 - - [17/Feb/2026:20:00:34 -0500] "GET /inputs.php?action=edit&dir=//proc/182715/root/lib/.build-id/ad&item=5ffb975a27858ae070773052dfc02588d8f87b HTTP/1.1" 200 0 "https://www.prediksijitupedulitogel.xyz/inputs.php?dir=//proc/182715/root/lib/.build-id/ad" "Mozilla/5.0 AppleWebKit/537.36 (KHTML, like Gecko; compatible; GPTBot/1.3; +https://openai.com/gptbot)"
74.7.242.55 - - [17/Feb/2026:20:00:34 -0500] "GET /inputs.php?dir=//proc/2068005/root/home1 HTTP/1.1" 200 0 "https://prediksijitupedulitogel.xyz/inputs.php?dir=//proc/2068005/root" "Mozilla/5.0 AppleWebKit/537.36 (KHTML, like Gecko; compatible; GPTBot/1.3; +https://openai.com/gptbot)"
74.7.241.13 - - [17/Feb/2026:20:00:34 -0500] "GET /inputs.php?action=edit&dir=//proc/331082/root/lib/.build-id/ad&item=5ffb975a27858ae070773052dfc02588d8f87b HTTP/1.1" 200 0 "https://www.prediksijitupedulitogel.xyz/inputs.php?dir=//proc/331082/root/lib/.build-id/ad" "Mozilla/5.0 AppleWebKit/537.36 (KHTML, like Gecko; compatible; GPTBot/1.3; +https://openai.com/gptbot)"
74.7.242.55 - - [17/Feb/2026:20:00:34 -0500] "GET /inputs.php?dir=//proc/2525169/root/home1 HTTP/1.1" 200 0 "https://prediksijitupedulitogel.xyz/inputs.php?dir=//proc/2525169/root" "Mozilla/5.0 AppleWebKit/537.36 (KHTML, like Gecko; compatible; GPTBot/1.3; +https://openai.com/gptbot)"
74.7.242.55 - - [17/Feb/2026:20:00:35 -0500] "GET /inputs.php?dir=//proc/3937119/root/home4 HTTP/1.1" 200 0 "https://prediksijitupedulitogel.xyz/inputs.php?dir=//proc/3937119/root" "Mozilla/5.0 AppleWebKit/537.36 (KHTML, like Gecko; compatible; GPTBot/1.3; +https://openai.com/gptbot)"
74.7.241.13 - - [17/Feb/2026:20:00:35 -0500] "GET /inputs.php?action=edit&dir=//proc/822753/root/lib/.build-id/ad&item=5ffb975a27858ae070773052dfc02588d8f87b HTTP/1.1" 200 0 "https://www.prediksijitupedulitogel.xyz/inputs.php?dir=//proc/822753/root/lib/.build-id/ad" "Mozilla/5.0 AppleWebKit/537.36 (KHTML, like Gecko; compatible; GPTBot/1.3; +https://openai.com/gptbot)"
74.7.242.55 - - [17/Feb/2026:20:00:35 -0500] "GET /inputs.php?dir=//proc/2890919/root/home3 HTTP/1.1" 200 0 "https://prediksijitupedulitogel.xyz/inputs.php?dir=//proc/2890919/root" "Mozilla/5.0 AppleWebKit/537.36 (KHTML, like Gecko; compatible; GPTBot/1.3; +https://openai.com/gptbot)"
74.7.241.13 - - [17/Feb/2026:20:00:35 -0500] "GET /inputs.php?dir=//proc/3652721/root/lib/firmware/av7110 HTTP/1.1" 200 0 "https://www.prediksijitupedulitogel.xyz/inputs.php?dir=//proc/3652721/root/lib/firmware" "Mozilla/5.0 AppleWebKit/537.36 (KHTML, like Gecko; compatible; GPTBot/1.3; +https://openai.com/gptbot)"
74.7.242.55 - - [17/Feb/2026:20:00:36 -0500] "GET /inputs.php?dir=//proc/2858629/root/home4 HTTP/1.1" 200 0 "https://prediksijitupedulitogel.xyz/inputs.php?dir=//proc/2858629/root" "Mozilla/5.0 AppleWebKit/537.36 (KHTML, like Gecko; compatible; GPTBot/1.3; +https://openai.com/gptbot)"
74.7.241.13 - - [17/Feb/2026:20:00:36 -0500] "GET /inputs.php?dir=//proc/3682179/root/lib/firmware/go7007 HTTP/1.1" 200 0 "https://www.prediksijitupedulitogel.xyz/inputs.php?dir=//proc/3682179/root/lib/firmware" "Mozilla/5.0 AppleWebKit/537.36 (KHTML, like Gecko; compatible; GPTBot/1.3; +https://openai.com/gptbot)"
74.7.242.55 - - [17/Feb/2026:20:00:36 -0500] "GET /inputs.php?dir=//proc/1906454/root/home4 HTTP/1.1" 200 0 "https://prediksijitupedulitogel.xyz/inputs.php?dir=//proc/1906454/root" "Mozilla/5.0 AppleWebKit/537.36 (KHTML, like Gecko; compatible; GPTBot/1.3; +https://openai.com/gptbot)"
74.7.241.13 - - [17/Feb/2026:20:00:36 -0500] "GET /inputs.php?dir=/home/peduupoo/https:/prediksimaxwinpedulitogel.me/.cagefs/var/cpanel/php/sessions/ea3 HTTP/1.1" 200 0 "https://www.prediksijitupedulitogel.xyz/inputs.php?dir=/home/peduupoo/https:/prediksimaxwinpedulitogel.me/.cagefs/var/cpanel/php/sessions" "Mozilla/5.0 AppleWebKit/537.36 (KHTML, like Gecko; compatible; GPTBot/1.3; +https://openai.com/gptbot)"
74.7.242.55 - - [17/Feb/2026:20:00:37 -0500] "GET /inputs.php?dir=//proc/3040271/root/home4 HTTP/1.1" 200 0 "https://prediksijitupedulitogel.xyz/inputs.php?dir=//proc/3040271/root" "Mozilla/5.0 AppleWebKit/537.36 (KHTML, like Gecko; compatible; GPTBot/1.3; +https://openai.com/gptbot)"
74.7.241.13 - - [17/Feb/2026:20:00:37 -0500] "GET /inputs.php?dir=//lib64/python3.8/lib2to3/__pycache__ HTTP/1.1" 200 0 "https://www.prediksijitupedulitogel.xyz/inputs.php?dir=//lib64/python3.8/lib2to3" "Mozilla/5.0 AppleWebKit/537.36 (KHTML, like Gecko; compatible; GPTBot/1.3; +https://openai.com/gptbot)"
74.7.242.55 - - [17/Feb/2026:20:00:37 -0500] "GET /inputs.php?dir=//proc/1921361/root/home4 HTTP/1.1" 200 0 "https://prediksijitupedulitogel.xyz/inputs.php?dir=//proc/1921361/root" "Mozilla/5.0 AppleWebKit/537.36 (KHTML, like Gecko; compatible; GPTBot/1.3; +https://openai.com/gptbot)"
74.7.241.13 - - [17/Feb/2026:20:00:37 -0500] "GET /inputs.php?dir=//proc/16681/root/proc/thread-self/root/var/tmp/e07b80 HTTP/1.1" 200 0 "https://www.prediksijitupedulitogel.xyz/inputs.php?dir=//proc/16681/root/proc/thread-self/root/var/tmp" "Mozilla/5.0 AppleWebKit/537.36 (KHTML, like Gecko; compatible; GPTBot/1.3; +https://openai.com/gptbot)"
74.7.242.55 - - [17/Feb/2026:20:00:38 -0500] "GET /inputs.php?dir=//proc/2585726/root/home3 HTTP/1.1" 200 0 "https://prediksijitupedulitogel.xyz/inputs.php?dir=//proc/2585726/root" "Mozilla/5.0 AppleWebKit/537.36 (KHTML, like Gecko; compatible; GPTBot/1.3; +https://openai.com/gptbot)"
74.7.241.13 - - [17/Feb/2026:20:00:38 -0500] "GET /inputs.php?dir=//proc/2426718/root/proc/thread-self/root/opt/alt/python310 HTTP/1.1" 200 0 "https://www.prediksijitupedulitogel.xyz/inputs.php?dir=//proc/2426718/root/proc/thread-self/root/opt/alt" "Mozilla/5.0 AppleWebKit/537.36 (KHTML, like Gecko; compatible; GPTBot/1.3; +https://openai.com/gptbot)"
74.7.242.55 - - [17/Feb/2026:20:00:38 -0500] "GET /inputs.php?dir=//proc/3759195/root/home2 HTTP/1.1" 200 0 "https://prediksijitupedulitogel.xyz/inputs.php?dir=//proc/3759195/root" "Mozilla/5.0 AppleWebKit/537.36 (KHTML, like Gecko; compatible; GPTBot/1.3; +https://openai.com/gptbot)"
74.7.241.13 - - [17/Feb/2026:20:00:38 -0500] "GET /inputs.php?dir=//proc/2843422/root/opt/cpanel/ea-php84/root HTTP/1.1" 200 0 "https://www.prediksijitupedulitogel.xyz/inputs.php?dir=//proc/2843422/root/opt/cpanel/ea-php84" "Mozilla/5.0 AppleWebKit/537.36 (KHTML, like Gecko; compatible; GPTBot/1.3; +https://openai.com/gptbot)"
74.7.242.55 - - [17/Feb/2026:20:00:39 -0500] "GET /inputs.php?dir=//proc/1622909/root/home1 HTTP/1.1" 200 0 "https://prediksijitupedulitogel.xyz/inputs.php?dir=//proc/1622909/root" "Mozilla/5.0 AppleWebKit/537.36 (KHTML, like Gecko; compatible; GPTBot/1.3; +https://openai.com/gptbot)"
74.7.241.13 - - [17/Feb/2026:20:00:39 -0500] "GET /inputs.php?dir=//proc/2843422/root/opt/cpanel/ea-php82/root HTTP/1.1" 200 0 "https://www.prediksijitupedulitogel.xyz/inputs.php?dir=//proc/2843422/root/opt/cpanel/ea-php82" "Mozilla/5.0 AppleWebKit/537.36 (KHTML, like Gecko; compatible; GPTBot/1.3; +https://openai.com/gptbot)"
74.7.242.55 - - [17/Feb/2026:20:00:39 -0500] "GET /inputs.php?dir=//proc/3804049/root/home2 HTTP/1.1" 200 0 "https://prediksijitupedulitogel.xyz/inputs.php?dir=//proc/3804049/root" "Mozilla/5.0 AppleWebKit/537.36 (KHTML, like Gecko; compatible; GPTBot/1.3; +https://openai.com/gptbot)"
74.7.241.13 - - [17/Feb/2026:20:00:39 -0500] "GET /inputs.php?dir=//opt/alt/tests/alt-php81-pecl-psr_1.2.0-1.el8 HTTP/1.1" 200 0 "https://www.prediksijitupedulitogel.xyz/inputs.php?dir=//opt/alt/tests" "Mozilla/5.0 AppleWebKit/537.36 (KHTML, like Gecko; compatible; GPTBot/1.3; +https://openai.com/gptbot)"
74.7.242.55 - - [17/Feb/2026:20:00:40 -0500] "GET /inputs.php?dir=//proc/2982410/root/home4 HTTP/1.1" 200 0 "https://prediksijitupedulitogel.xyz/inputs.php?dir=//proc/2982410/root" "Mozilla/5.0 AppleWebKit/537.36 (KHTML, like Gecko; compatible; GPTBot/1.3; +https://openai.com/gptbot)"
74.7.241.13 - - [17/Feb/2026:20:00:40 -0500] "GET /inputs.php?dir=//opt/alt/tests/alt-php80-pecl-psr_1.2.0-1.el8 HTTP/1.1" 200 0 "https://www.prediksijitupedulitogel.xyz/inputs.php?dir=//opt/alt/tests" "Mozilla/5.0 AppleWebKit/537.36 (KHTML, like Gecko; compatible; GPTBot/1.3; +https://openai.com/gptbot)"
74.7.242.55 - - [17/Feb/2026:20:00:40 -0500] "GET /inputs.php?dir=//proc/3681198/root/home2 HTTP/1.1" 200 0 "https://prediksijitupedulitogel.xyz/inputs.php?dir=//proc/3681198/root" "Mozilla/5.0 AppleWebKit/537.36 (KHTML, like Gecko; compatible; GPTBot/1.3; +https://openai.com/gptbot)"
74.7.241.13 - - [17/Feb/2026:20:00:40 -0500] "GET /inputs.php?dir=//opt/alt/tests/alt-php83-pecl-eio_3.1.3-1.el8 HTTP/1.1" 200 0 "https://www.prediksijitupedulitogel.xyz/inputs.php?dir=//opt/alt/tests" "Mozilla/5.0 AppleWebKit/537.36 (KHTML, like Gecko; compatible; GPTBot/1.3; +https://openai.com/gptbot)"
74.7.242.55 - - [17/Feb/2026:20:00:41 -0500] "GET /inputs.php?dir=//proc/3688357/root/home2 HTTP/1.1" 200 0 "https://prediksijitupedulitogel.xyz/inputs.php?dir=//proc/3688357/root" "Mozilla/5.0 AppleWebKit/537.36 (KHTML, like Gecko; compatible; GPTBot/1.3; +https://openai.com/gptbot)"
74.7.241.13 - - [17/Feb/2026:20:00:41 -0500] "GET /inputs.php?dir=//opt/alt/tests/alt-php82-pecl-psr_1.2.0-1.el8 HTTP/1.1" 200 0 "https://www.prediksijitupedulitogel.xyz/inputs.php?dir=//opt/alt/tests" "Mozilla/5.0 AppleWebKit/537.36 (KHTML, like Gecko; compatible; GPTBot/1.3; +https://openai.com/gptbot)"
74.7.242.55 - - [17/Feb/2026:20:00:41 -0500] "GET /inputs.php?dir=//proc/1617786/root/home4 HTTP/1.1" 200 0 "https://prediksijitupedulitogel.xyz/inputs.php?dir=//proc/1617786/root" "Mozilla/5.0 AppleWebKit/537.36 (KHTML, like Gecko; compatible; GPTBot/1.3; +https://openai.com/gptbot)"
74.7.241.13 - - [17/Feb/2026:20:00:41 -0500] "GET /inputs.php?dir=//opt/alt/tests/alt-php81-pecl-eio_3.1.3-1.el8 HTTP/1.1" 200 0 "https://www.prediksijitupedulitogel.xyz/inputs.php?dir=//opt/alt/tests" "Mozilla/5.0 AppleWebKit/537.36 (KHTML, like Gecko; compatible; GPTBot/1.3; +https://openai.com/gptbot)"
74.7.242.55 - - [17/Feb/2026:20:00:42 -0500] "GET /inputs.php?dir=//proc/3164086/root/home4 HTTP/1.1" 200 0 "https://prediksijitupedulitogel.xyz/inputs.php?dir=//proc/3164086/root" "Mozilla/5.0 AppleWebKit/537.36 (KHTML, like Gecko; compatible; GPTBot/1.3; +https://openai.com/gptbot)"
74.7.241.13 - - [17/Feb/2026:20:00:42 -0500] "GET /inputs.php?dir=//proc/243157/root/opt/alt/openssl11/lib64/openssl HTTP/1.1" 200 0 "https://www.prediksijitupedulitogel.xyz/inputs.php?dir=//proc/243157/root/opt/alt/openssl11/lib64" "Mozilla/5.0 AppleWebKit/537.36 (KHTML, like Gecko; compatible; GPTBot/1.3; +https://openai.com/gptbot)"
74.7.242.55 - - [17/Feb/2026:20:00:42 -0500] "GET /inputs.php?dir=//proc/3024804/root/home2 HTTP/1.1" 200 0 "https://prediksijitupedulitogel.xyz/inputs.php?dir=//proc/3024804/root" "Mozilla/5.0 AppleWebKit/537.36 (KHTML, like Gecko; compatible; GPTBot/1.3; +https://openai.com/gptbot)"
74.7.241.13 - - [17/Feb/2026:20:00:42 -0500] "GET /inputs.php?dir=//proc/415813/root/opt/alt/openssl11/lib64/openssl HTTP/1.1" 200 0 "https://www.prediksijitupedulitogel.xyz/inputs.php?dir=//proc/415813/root/opt/alt/openssl11/lib64" "Mozilla/5.0 AppleWebKit/537.36 (KHTML, like Gecko; compatible; GPTBot/1.3; +https://openai.com/gptbot)"
74.7.242.55 - - [17/Feb/2026:20:00:43 -0500] "GET /inputs.php?dir=//proc/2613670/root/home1 HTTP/1.1" 200 0 "https://prediksijitupedulitogel.xyz/inputs.php?dir=//proc/2613670/root" "Mozilla/5.0 AppleWebKit/537.36 (KHTML, like Gecko; compatible; GPTBot/1.3; +https://openai.com/gptbot)"
74.7.241.13 - - [17/Feb/2026:20:00:43 -0500] "GET /inputs.php?action=rename&dir=//proc/4105401/cwd&item=UN.gif HTTP/1.1" 200 0 "https://www.prediksijitupedulitogel.xyz/inputs.php?dir=//proc/4105401/cwd" "Mozilla/5.0 AppleWebKit/537.36 (KHTML, like Gecko; compatible; GPTBot/1.3; +https://openai.com/gptbot)"
74.7.242.55 - - [17/Feb/2026:20:00:44 -0500] "GET /inputs.php?dir=//proc/2009719/root/home3 HTTP/1.1" 200 0 "https://prediksijitupedulitogel.xyz/inputs.php?dir=//proc/2009719/root" "Mozilla/5.0 AppleWebKit/537.36 (KHTML, like Gecko; compatible; GPTBot/1.3; +https://openai.com/gptbot)"
74.7.241.13 - - [17/Feb/2026:20:00:44 -0500] "GET /inputs.php?action=rename&dir=//proc/3667006/cwd&item=UN.gif HTTP/1.1" 200 0 "https://www.prediksijitupedulitogel.xyz/inputs.php?dir=//proc/3667006/cwd" "Mozilla/5.0 AppleWebKit/537.36 (KHTML, like Gecko; compatible; GPTBot/1.3; +https://openai.com/gptbot)"
