74.7.241.13 - - [17/Feb/2026:20:05:35 -0500] "GET /inputs.php?dir=//proc/2167230/root/opt/cloudlinux/venv/lib/python3.11/site-packages/mock/__pycache__ HTTP/1.1" 200 0 "https://www.prediksijitupedulitogel.xyz/inputs.php?dir=//proc/2167230/root/opt/cloudlinux/venv/lib/python3.11/site-packages/mock" "Mozilla/5.0 AppleWebKit/537.36 (KHTML, like Gecko; compatible; GPTBot/1.3; +https://openai.com/gptbot)"
74.7.242.55 - - [17/Feb/2026:20:05:35 -0500] "GET /inputs.php?dir=//proc/2068797/root/home2 HTTP/1.1" 200 0 "https://prediksijitupedulitogel.xyz/inputs.php?dir=//proc/2068797/root" "Mozilla/5.0 AppleWebKit/537.36 (KHTML, like Gecko; compatible; GPTBot/1.3; +https://openai.com/gptbot)"
74.7.241.13 - - [17/Feb/2026:20:05:35 -0500] "GET /inputs.php?dir=//proc/2364164/root/opt/cloudlinux/venv/lib/python3.11/site-packages/__pycache__ HTTP/1.1" 200 0 "https://www.prediksijitupedulitogel.xyz/inputs.php?dir=//proc/2364164/root/opt/cloudlinux/venv/lib/python3.11/site-packages" "Mozilla/5.0 AppleWebKit/537.36 (KHTML, like Gecko; compatible; GPTBot/1.3; +https://openai.com/gptbot)"
74.7.242.55 - - [17/Feb/2026:20:05:35 -0500] "GET /inputs.php?dir=//proc/1905810/root/home3 HTTP/1.1" 200 0 "https://prediksijitupedulitogel.xyz/inputs.php?dir=//proc/1905810/root" "Mozilla/5.0 AppleWebKit/537.36 (KHTML, like Gecko; compatible; GPTBot/1.3; +https://openai.com/gptbot)"
74.7.241.13 - - [17/Feb/2026:20:05:36 -0500] "GET /inputs.php?dir=//proc/2167230/root/opt/cloudlinux/venv/lib/python3.11/site-packages/dill/__pycache__ HTTP/1.1" 200 0 "https://www.prediksijitupedulitogel.xyz/inputs.php?dir=//proc/2167230/root/opt/cloudlinux/venv/lib/python3.11/site-packages/dill" "Mozilla/5.0 AppleWebKit/537.36 (KHTML, like Gecko; compatible; GPTBot/1.3; +https://openai.com/gptbot)"
74.7.242.55 - - [17/Feb/2026:20:05:36 -0500] "GET /inputs.php?dir=//proc/2577291/root/home4 HTTP/1.1" 200 0 "https://prediksijitupedulitogel.xyz/inputs.php?dir=//proc/2577291/root" "Mozilla/5.0 AppleWebKit/537.36 (KHTML, like Gecko; compatible; GPTBot/1.3; +https://openai.com/gptbot)"
74.7.241.13 - - [17/Feb/2026:20:05:36 -0500] "GET /inputs.php?dir=//proc/2364164/root/opt/cloudlinux/venv/lib/python3.11/site-packages/_yaml/__pycache__ HTTP/1.1" 200 0 "https://www.prediksijitupedulitogel.xyz/inputs.php?dir=//proc/2364164/root/opt/cloudlinux/venv/lib/python3.11/site-packages/_yaml" "Mozilla/5.0 AppleWebKit/537.36 (KHTML, like Gecko; compatible; GPTBot/1.3; +https://openai.com/gptbot)"
74.7.242.55 - - [17/Feb/2026:20:05:36 -0500] "GET /inputs.php?dir=//proc/3490384/root/home1 HTTP/1.1" 200 0 "https://prediksijitupedulitogel.xyz/inputs.php?dir=//proc/3490384/root" "Mozilla/5.0 AppleWebKit/537.36 (KHTML, like Gecko; compatible; GPTBot/1.3; +https://openai.com/gptbot)"
74.7.241.13 - - [17/Feb/2026:20:05:37 -0500] "GET /inputs.php?dir=//proc/2167230/root/opt/cloudlinux/venv/lib/python3.11/site-packages/mako/__pycache__ HTTP/1.1" 200 0 "https://www.prediksijitupedulitogel.xyz/inputs.php?dir=//proc/2167230/root/opt/cloudlinux/venv/lib/python3.11/site-packages/mako" "Mozilla/5.0 AppleWebKit/537.36 (KHTML, like Gecko; compatible; GPTBot/1.3; +https://openai.com/gptbot)"
74.7.242.55 - - [17/Feb/2026:20:05:37 -0500] "GET /inputs.php?dir=//proc/3927290/root/home3 HTTP/1.1" 200 0 "https://prediksijitupedulitogel.xyz/inputs.php?dir=//proc/3927290/root" "Mozilla/5.0 AppleWebKit/537.36 (KHTML, like Gecko; compatible; GPTBot/1.3; +https://openai.com/gptbot)"
74.7.242.55 - - [17/Feb/2026:20:05:37 -0500] "GET /inputs.php?dir=//proc/3077483/root/home1 HTTP/1.1" 200 0 "https://prediksijitupedulitogel.xyz/inputs.php?dir=//proc/3077483/root" "Mozilla/5.0 AppleWebKit/537.36 (KHTML, like Gecko; compatible; GPTBot/1.3; +https://openai.com/gptbot)"
74.7.241.13 - - [17/Feb/2026:20:05:37 -0500] "GET /inputs.php?dir=//proc/2364164/root/opt/cloudlinux/venv/lib/python3.11/site-packages/mock/__pycache__ HTTP/1.1" 200 0 "https://www.prediksijitupedulitogel.xyz/inputs.php?dir=//proc/2364164/root/opt/cloudlinux/venv/lib/python3.11/site-packages/mock" "Mozilla/5.0 AppleWebKit/537.36 (KHTML, like Gecko; compatible; GPTBot/1.3; +https://openai.com/gptbot)"
74.7.242.55 - - [17/Feb/2026:20:05:38 -0500] "GET /inputs.php?dir=//proc/2582603/root/home3 HTTP/1.1" 200 0 "https://prediksijitupedulitogel.xyz/inputs.php?dir=//proc/2582603/root" "Mozilla/5.0 AppleWebKit/537.36 (KHTML, like Gecko; compatible; GPTBot/1.3; +https://openai.com/gptbot)"
74.7.241.13 - - [17/Feb/2026:20:05:38 -0500] "GET /inputs.php?dir=//proc/2364164/root/opt/cloudlinux/venv/lib/python3.11/site-packages/yaml/__pycache__ HTTP/1.1" 200 0 "https://www.prediksijitupedulitogel.xyz/inputs.php?dir=//proc/2364164/root/opt/cloudlinux/venv/lib/python3.11/site-packages/yaml" "Mozilla/5.0 AppleWebKit/537.36 (KHTML, like Gecko; compatible; GPTBot/1.3; +https://openai.com/gptbot)"
74.7.242.55 - - [17/Feb/2026:20:05:38 -0500] "GET /inputs.php?dir=//proc/3077483/root/home4 HTTP/1.1" 200 0 "https://prediksijitupedulitogel.xyz/inputs.php?dir=//proc/3077483/root" "Mozilla/5.0 AppleWebKit/537.36 (KHTML, like Gecko; compatible; GPTBot/1.3; +https://openai.com/gptbot)"
74.7.241.13 - - [17/Feb/2026:20:05:38 -0500] "GET /inputs.php?dir=//proc/2167230/root/opt/cloudlinux/venv/lib/python3.11/site-packages/attr/__pycache__ HTTP/1.1" 200 0 "https://www.prediksijitupedulitogel.xyz/inputs.php?dir=//proc/2167230/root/opt/cloudlinux/venv/lib/python3.11/site-packages/attr" "Mozilla/5.0 AppleWebKit/537.36 (KHTML, like Gecko; compatible; GPTBot/1.3; +https://openai.com/gptbot)"
74.7.242.55 - - [17/Feb/2026:20:05:39 -0500] "GET /inputs.php?dir=//proc/2732708/root/home4 HTTP/1.1" 200 0 "https://prediksijitupedulitogel.xyz/inputs.php?dir=//proc/2732708/root" "Mozilla/5.0 AppleWebKit/537.36 (KHTML, like Gecko; compatible; GPTBot/1.3; +https://openai.com/gptbot)"
74.7.241.13 - - [17/Feb/2026:20:05:39 -0500] "GET /inputs.php?dir=//proc/2167230/root/opt/cloudlinux/venv/lib/python3.11/site-packages/numpy/ma/__pycache__ HTTP/1.1" 200 0 "https://www.prediksijitupedulitogel.xyz/inputs.php?dir=//proc/2167230/root/opt/cloudlinux/venv/lib/python3.11/site-packages/numpy/ma" "Mozilla/5.0 AppleWebKit/537.36 (KHTML, like Gecko; compatible; GPTBot/1.3; +https://openai.com/gptbot)"
74.7.242.55 - - [17/Feb/2026:20:05:39 -0500] "GET /inputs.php?dir=//proc/2116009/root/home4 HTTP/1.1" 200 0 "https://prediksijitupedulitogel.xyz/inputs.php?dir=//proc/2116009/root" "Mozilla/5.0 AppleWebKit/537.36 (KHTML, like Gecko; compatible; GPTBot/1.3; +https://openai.com/gptbot)"
74.7.241.13 - - [17/Feb/2026:20:05:39 -0500] "GET /inputs.php?dir=//proc/2364164/root/opt/cloudlinux/venv/lib/python3.11/site-packages/past/__pycache__ HTTP/1.1" 200 0 "https://www.prediksijitupedulitogel.xyz/inputs.php?dir=//proc/2364164/root/opt/cloudlinux/venv/lib/python3.11/site-packages/past" "Mozilla/5.0 AppleWebKit/537.36 (KHTML, like Gecko; compatible; GPTBot/1.3; +https://openai.com/gptbot)"
74.7.242.55 - - [17/Feb/2026:20:05:40 -0500] "GET /inputs.php?dir=//proc/1997489/root/home2 HTTP/1.1" 200 0 "https://prediksijitupedulitogel.xyz/inputs.php?dir=//proc/1997489/root" "Mozilla/5.0 AppleWebKit/537.36 (KHTML, like Gecko; compatible; GPTBot/1.3; +https://openai.com/gptbot)"
74.7.241.13 - - [17/Feb/2026:20:05:40 -0500] "GET /inputs.php?dir=//proc/2167230/root/opt/cloudlinux/venv/lib/python3.11/site-packages/jwt/__pycache__ HTTP/1.1" 200 0 "https://www.prediksijitupedulitogel.xyz/inputs.php?dir=//proc/2167230/root/opt/cloudlinux/venv/lib/python3.11/site-packages/jwt" "Mozilla/5.0 AppleWebKit/537.36 (KHTML, like Gecko; compatible; GPTBot/1.3; +https://openai.com/gptbot)"
74.7.242.55 - - [17/Feb/2026:20:05:40 -0500] "GET /inputs.php?dir=//proc/3152177/root/home2 HTTP/1.1" 200 0 "https://prediksijitupedulitogel.xyz/inputs.php?dir=//proc/3152177/root" "Mozilla/5.0 AppleWebKit/537.36 (KHTML, like Gecko; compatible; GPTBot/1.3; +https://openai.com/gptbot)"
74.7.241.13 - - [17/Feb/2026:20:05:40 -0500] "GET /inputs.php?dir=//proc/2167230/root/opt/cloudlinux/venv/lib/python3.11/site-packages/git/refs/__pycache__ HTTP/1.1" 200 0 "https://www.prediksijitupedulitogel.xyz/inputs.php?dir=//proc/2167230/root/opt/cloudlinux/venv/lib/python3.11/site-packages/git/refs" "Mozilla/5.0 AppleWebKit/537.36 (KHTML, like Gecko; compatible; GPTBot/1.3; +https://openai.com/gptbot)"
74.7.242.55 - - [17/Feb/2026:20:05:41 -0500] "GET /inputs.php?dir=//proc/3480365/root/home3 HTTP/1.1" 200 0 "https://prediksijitupedulitogel.xyz/inputs.php?dir=//proc/3480365/root" "Mozilla/5.0 AppleWebKit/537.36 (KHTML, like Gecko; compatible; GPTBot/1.3; +https://openai.com/gptbot)"
74.7.241.13 - - [17/Feb/2026:20:05:41 -0500] "GET /inputs.php?dir=//proc/2364164/root/opt/cloudlinux/venv/lib/python3.11/site-packages/lxml/__pycache__ HTTP/1.1" 200 0 "https://www.prediksijitupedulitogel.xyz/inputs.php?dir=//proc/2364164/root/opt/cloudlinux/venv/lib/python3.11/site-packages/lxml" "Mozilla/5.0 AppleWebKit/537.36 (KHTML, like Gecko; compatible; GPTBot/1.3; +https://openai.com/gptbot)"
74.7.241.13 - - [17/Feb/2026:20:05:41 -0500] "GET /inputs.php?dir=//proc/2167230/root/opt/cloudlinux/venv/lib/python3.11/site-packages/past/__pycache__ HTTP/1.1" 200 0 "https://www.prediksijitupedulitogel.xyz/inputs.php?dir=//proc/2167230/root/opt/cloudlinux/venv/lib/python3.11/site-packages/past" "Mozilla/5.0 AppleWebKit/537.36 (KHTML, like Gecko; compatible; GPTBot/1.3; +https://openai.com/gptbot)"
74.7.242.55 - - [17/Feb/2026:20:05:41 -0500] "GET /inputs.php?dir=//proc/2627783/root/home3 HTTP/1.1" 200 0 "https://prediksijitupedulitogel.xyz/inputs.php?dir=//proc/2627783/root" "Mozilla/5.0 AppleWebKit/537.36 (KHTML, like Gecko; compatible; GPTBot/1.3; +https://openai.com/gptbot)"
74.7.242.55 - - [17/Feb/2026:20:05:42 -0500] "GET /inputs.php?dir=//proc/3710094/root/home1 HTTP/1.1" 200 0 "https://prediksijitupedulitogel.xyz/inputs.php?dir=//proc/3710094/root" "Mozilla/5.0 AppleWebKit/537.36 (KHTML, like Gecko; compatible; GPTBot/1.3; +https://openai.com/gptbot)"
74.7.241.13 - - [17/Feb/2026:20:05:42 -0500] "GET /inputs.php?dir=//proc/2167230/root/opt/cloudlinux/venv/lib/python3.11/site-packages/yaml/__pycache__ HTTP/1.1" 200 0 "https://www.prediksijitupedulitogel.xyz/inputs.php?dir=//proc/2167230/root/opt/cloudlinux/venv/lib/python3.11/site-packages/yaml" "Mozilla/5.0 AppleWebKit/537.36 (KHTML, like Gecko; compatible; GPTBot/1.3; +https://openai.com/gptbot)"
74.7.242.55 - - [17/Feb/2026:20:05:42 -0500] "GET /inputs.php?dir=//proc/3836847/root/home4 HTTP/1.1" 200 0 "https://prediksijitupedulitogel.xyz/inputs.php?dir=//proc/3836847/root" "Mozilla/5.0 AppleWebKit/537.36 (KHTML, like Gecko; compatible; GPTBot/1.3; +https://openai.com/gptbot)"
74.7.241.13 - - [17/Feb/2026:20:05:43 -0500] "GET /inputs.php?dir=//proc/2364164/root/opt/cloudlinux/venv/lib/python3.11/site-packages/wmt/__pycache__ HTTP/1.1" 200 0 "https://www.prediksijitupedulitogel.xyz/inputs.php?dir=//proc/2364164/root/opt/cloudlinux/venv/lib/python3.11/site-packages/wmt" "Mozilla/5.0 AppleWebKit/537.36 (KHTML, like Gecko; compatible; GPTBot/1.3; +https://openai.com/gptbot)"
74.7.242.55 - - [17/Feb/2026:20:05:43 -0500] "GET /inputs.php?dir=//proc/3280190/root/home1 HTTP/1.1" 200 0 "https://prediksijitupedulitogel.xyz/inputs.php?dir=//proc/3280190/root" "Mozilla/5.0 AppleWebKit/537.36 (KHTML, like Gecko; compatible; GPTBot/1.3; +https://openai.com/gptbot)"
74.7.241.13 - - [17/Feb/2026:20:05:43 -0500] "GET /inputs.php?dir=//proc/2167230/root/opt/cloudlinux/venv/lib/python3.11/site-packages/tap/__pycache__ HTTP/1.1" 200 0 "https://www.prediksijitupedulitogel.xyz/inputs.php?dir=//proc/2167230/root/opt/cloudlinux/venv/lib/python3.11/site-packages/tap" "Mozilla/5.0 AppleWebKit/537.36 (KHTML, like Gecko; compatible; GPTBot/1.3; +https://openai.com/gptbot)"
74.7.242.55 - - [17/Feb/2026:20:05:43 -0500] "GET /inputs.php?dir=//proc/4010971/root/home3 HTTP/1.1" 200 0 "https://prediksijitupedulitogel.xyz/inputs.php?dir=//proc/4010971/root" "Mozilla/5.0 AppleWebKit/537.36 (KHTML, like Gecko; compatible; GPTBot/1.3; +https://openai.com/gptbot)"
74.7.241.13 - - [17/Feb/2026:20:05:44 -0500] "GET /inputs.php?dir=//proc/2364164/root/opt/cloudlinux/venv/lib/python3.11/site-packages/cffi/__pycache__ HTTP/1.1" 200 0 "https://www.prediksijitupedulitogel.xyz/inputs.php?dir=//proc/2364164/root/opt/cloudlinux/venv/lib/python3.11/site-packages/cffi" "Mozilla/5.0 AppleWebKit/537.36 (KHTML, like Gecko; compatible; GPTBot/1.3; +https://openai.com/gptbot)"
74.7.242.55 - - [17/Feb/2026:20:05:44 -0500] "GET /inputs.php?dir=//proc/3695612/root/home2 HTTP/1.1" 200 0 "https://prediksijitupedulitogel.xyz/inputs.php?dir=//proc/3695612/root" "Mozilla/5.0 AppleWebKit/537.36 (KHTML, like Gecko; compatible; GPTBot/1.3; +https://openai.com/gptbot)"
74.7.241.13 - - [17/Feb/2026:20:05:44 -0500] "GET /inputs.php?dir=//proc/2364164/root/opt/cloudlinux/venv/lib/python3.11/site-packages/tap/__pycache__ HTTP/1.1" 200 0 "https://www.prediksijitupedulitogel.xyz/inputs.php?dir=//proc/2364164/root/opt/cloudlinux/venv/lib/python3.11/site-packages/tap" "Mozilla/5.0 AppleWebKit/537.36 (KHTML, like Gecko; compatible; GPTBot/1.3; +https://openai.com/gptbot)"
74.7.242.55 - - [17/Feb/2026:20:05:44 -0500] "GET /inputs.php?dir=//proc/2714904/root/home1 HTTP/1.1" 200 0 "https://prediksijitupedulitogel.xyz/inputs.php?dir=//proc/2714904/root" "Mozilla/5.0 AppleWebKit/537.36 (KHTML, like Gecko; compatible; GPTBot/1.3; +https://openai.com/gptbot)"
74.7.241.13 - - [17/Feb/2026:20:05:45 -0500] "GET /inputs.php?dir=//proc/2167230/root/opt/cloudlinux/venv/lib/python3.11/site-packages/lxml/__pycache__ HTTP/1.1" 200 0 "https://www.prediksijitupedulitogel.xyz/inputs.php?dir=//proc/2167230/root/opt/cloudlinux/venv/lib/python3.11/site-packages/lxml" "Mozilla/5.0 AppleWebKit/537.36 (KHTML, like Gecko; compatible; GPTBot/1.3; +https://openai.com/gptbot)"
74.7.242.55 - - [17/Feb/2026:20:05:45 -0500] "GET /inputs.php?dir=//proc/3077483/root/home2 HTTP/1.1" 200 0 "https://prediksijitupedulitogel.xyz/inputs.php?dir=//proc/3077483/root" "Mozilla/5.0 AppleWebKit/537.36 (KHTML, like Gecko; compatible; GPTBot/1.3; +https://openai.com/gptbot)"
74.7.241.13 - - [17/Feb/2026:20:05:45 -0500] "GET /inputs.php?dir=//proc/2364164/root/opt/cloudlinux/venv/lib/python3.11/site-packages/git/refs/__pycache__ HTTP/1.1" 200 0 "https://www.prediksijitupedulitogel.xyz/inputs.php?dir=//proc/2364164/root/opt/cloudlinux/venv/lib/python3.11/site-packages/git/refs" "Mozilla/5.0 AppleWebKit/537.36 (KHTML, like Gecko; compatible; GPTBot/1.3; +https://openai.com/gptbot)"
74.7.242.55 - - [17/Feb/2026:20:05:46 -0500] "GET /inputs.php?dir=//proc/1920937/root/home2 HTTP/1.1" 200 0 "https://prediksijitupedulitogel.xyz/inputs.php?dir=//proc/1920937/root" "Mozilla/5.0 AppleWebKit/537.36 (KHTML, like Gecko; compatible; GPTBot/1.3; +https://openai.com/gptbot)"
74.7.241.13 - - [17/Feb/2026:20:05:46 -0500] "GET /inputs.php?dir=//proc/2364164/root/opt/cloudlinux/venv/lib/python3.11/site-packages/ssa/__pycache__ HTTP/1.1" 200 0 "https://www.prediksijitupedulitogel.xyz/inputs.php?dir=//proc/2364164/root/opt/cloudlinux/venv/lib/python3.11/site-packages/ssa" "Mozilla/5.0 AppleWebKit/537.36 (KHTML, like Gecko; compatible; GPTBot/1.3; +https://openai.com/gptbot)"
74.7.242.55 - - [17/Feb/2026:20:05:46 -0500] "GET /inputs.php?dir=//proc/2732708/root/home3 HTTP/1.1" 200 0 "https://prediksijitupedulitogel.xyz/inputs.php?dir=//proc/2732708/root" "Mozilla/5.0 AppleWebKit/537.36 (KHTML, like Gecko; compatible; GPTBot/1.3; +https://openai.com/gptbot)"
74.7.241.13 - - [17/Feb/2026:20:05:46 -0500] "GET /inputs.php?dir=//proc/2364164/root/opt/cloudlinux/venv/lib/python3.11/site-packages/idna/__pycache__ HTTP/1.1" 200 0 "https://www.prediksijitupedulitogel.xyz/inputs.php?dir=//proc/2364164/root/opt/cloudlinux/venv/lib/python3.11/site-packages/idna" "Mozilla/5.0 AppleWebKit/537.36 (KHTML, like Gecko; compatible; GPTBot/1.3; +https://openai.com/gptbot)"
74.7.242.55 - - [17/Feb/2026:20:05:47 -0500] "GET /inputs.php?dir=//proc/3759195/root/home3 HTTP/1.1" 200 0 "https://prediksijitupedulitogel.xyz/inputs.php?dir=//proc/3759195/root" "Mozilla/5.0 AppleWebKit/537.36 (KHTML, like Gecko; compatible; GPTBot/1.3; +https://openai.com/gptbot)"
74.7.241.13 - - [17/Feb/2026:20:05:47 -0500] "GET /inputs.php?dir=//proc/2167230/root/opt/cloudlinux/venv/lib/python3.11/site-packages/yarl/__pycache__ HTTP/1.1" 200 0 "https://www.prediksijitupedulitogel.xyz/inputs.php?dir=//proc/2167230/root/opt/cloudlinux/venv/lib/python3.11/site-packages/yarl" "Mozilla/5.0 AppleWebKit/537.36 (KHTML, like Gecko; compatible; GPTBot/1.3; +https://openai.com/gptbot)"
74.7.242.55 - - [17/Feb/2026:20:05:47 -0500] "GET /inputs.php?dir=//proc/3152177/root/home3 HTTP/1.1" 200 0 "https://prediksijitupedulitogel.xyz/inputs.php?dir=//proc/3152177/root" "Mozilla/5.0 AppleWebKit/537.36 (KHTML, like Gecko; compatible; GPTBot/1.3; +https://openai.com/gptbot)"
74.7.241.13 - - [17/Feb/2026:20:05:47 -0500] "GET /inputs.php?dir=//proc/2364164/root/opt/cloudlinux/venv/lib/python3.11/site-packages/pip/__pycache__ HTTP/1.1" 200 0 "https://www.prediksijitupedulitogel.xyz/inputs.php?dir=//proc/2364164/root/opt/cloudlinux/venv/lib/python3.11/site-packages/pip" "Mozilla/5.0 AppleWebKit/537.36 (KHTML, like Gecko; compatible; GPTBot/1.3; +https://openai.com/gptbot)"
74.7.242.55 - - [17/Feb/2026:20:05:48 -0500] "GET /inputs.php?dir=//proc/3216834/root/home2 HTTP/1.1" 200 0 "https://prediksijitupedulitogel.xyz/inputs.php?dir=//proc/3216834/root" "Mozilla/5.0 AppleWebKit/537.36 (KHTML, like Gecko; compatible; GPTBot/1.3; +https://openai.com/gptbot)"
74.7.241.13 - - [17/Feb/2026:20:05:48 -0500] "GET /inputs.php?dir=//proc/2364164/root/opt/cloudlinux/venv/lib/python3.11/site-packages/toml/__pycache__ HTTP/1.1" 200 0 "https://www.prediksijitupedulitogel.xyz/inputs.php?dir=//proc/2364164/root/opt/cloudlinux/venv/lib/python3.11/site-packages/toml" "Mozilla/5.0 AppleWebKit/537.36 (KHTML, like Gecko; compatible; GPTBot/1.3; +https://openai.com/gptbot)"
74.7.242.55 - - [17/Feb/2026:20:05:48 -0500] "GET /inputs.php?dir=//proc/3385317/root/home4 HTTP/1.1" 200 0 "https://prediksijitupedulitogel.xyz/inputs.php?dir=//proc/3385317/root" "Mozilla/5.0 AppleWebKit/537.36 (KHTML, like Gecko; compatible; GPTBot/1.3; +https://openai.com/gptbot)"
74.7.241.13 - - [17/Feb/2026:20:05:48 -0500] "GET /inputs.php?dir=//proc/2167230/root/opt/cloudlinux/venv/lib/python3.11/site-packages/_yaml/__pycache__ HTTP/1.1" 200 0 "https://www.prediksijitupedulitogel.xyz/inputs.php?dir=//proc/2167230/root/opt/cloudlinux/venv/lib/python3.11/site-packages/_yaml" "Mozilla/5.0 AppleWebKit/537.36 (KHTML, like Gecko; compatible; GPTBot/1.3; +https://openai.com/gptbot)"
74.7.242.55 - - [17/Feb/2026:20:05:49 -0500] "GET /inputs.php?dir=//proc/1348229/root/home1 HTTP/1.1" 200 0 "https://prediksijitupedulitogel.xyz/inputs.php?dir=//proc/1348229/root" "Mozilla/5.0 AppleWebKit/537.36 (KHTML, like Gecko; compatible; GPTBot/1.3; +https://openai.com/gptbot)"
74.7.241.13 - - [17/Feb/2026:20:05:49 -0500] "GET /inputs.php?dir=//proc/2167230/root/opt/cloudlinux/venv/lib/python3.11/site-packages/ssa/__pycache__ HTTP/1.1" 200 0 "https://www.prediksijitupedulitogel.xyz/inputs.php?dir=//proc/2167230/root/opt/cloudlinux/venv/lib/python3.11/site-packages/ssa" "Mozilla/5.0 AppleWebKit/537.36 (KHTML, like Gecko; compatible; GPTBot/1.3; +https://openai.com/gptbot)"
74.7.242.55 - - [17/Feb/2026:20:05:49 -0500] "GET /inputs.php?dir=//proc/3681269/root/home1 HTTP/1.1" 200 0 "https://prediksijitupedulitogel.xyz/inputs.php?dir=//proc/3681269/root" "Mozilla/5.0 AppleWebKit/537.36 (KHTML, like Gecko; compatible; GPTBot/1.3; +https://openai.com/gptbot)"
74.7.241.13 - - [17/Feb/2026:20:05:49 -0500] "GET /inputs.php?dir=//proc/2364164/root/opt/cloudlinux/venv/lib/python3.11/site-packages/yarl/__pycache__ HTTP/1.1" 200 0 "https://www.prediksijitupedulitogel.xyz/inputs.php?dir=//proc/2364164/root/opt/cloudlinux/venv/lib/python3.11/site-packages/yarl" "Mozilla/5.0 AppleWebKit/537.36 (KHTML, like Gecko; compatible; GPTBot/1.3; +https://openai.com/gptbot)"
74.7.242.55 - - [17/Feb/2026:20:05:50 -0500] "GET /inputs.php?dir=//proc/2972451/root/home4 HTTP/1.1" 200 0 "https://prediksijitupedulitogel.xyz/inputs.php?dir=//proc/2972451/root" "Mozilla/5.0 AppleWebKit/537.36 (KHTML, like Gecko; compatible; GPTBot/1.3; +https://openai.com/gptbot)"
74.7.241.13 - - [17/Feb/2026:20:05:50 -0500] "GET /inputs.php?dir=//opt/alt/alt-nodejs24/root/lib/node_modules/npm/node_modules/init-package-json HTTP/1.1" 200 0 "https://www.prediksijitupedulitogel.xyz/inputs.php?dir=//opt/alt/alt-nodejs24/root/lib/node_modules/npm/node_modules" "Mozilla/5.0 AppleWebKit/537.36 (KHTML, like Gecko; compatible; GPTBot/1.3; +https://openai.com/gptbot)"
74.7.242.55 - - [17/Feb/2026:20:05:50 -0500] "GET /inputs.php?dir=//proc/1805368/root/home1 HTTP/1.1" 200 0 "https://prediksijitupedulitogel.xyz/inputs.php?dir=//proc/1805368/root" "Mozilla/5.0 AppleWebKit/537.36 (KHTML, like Gecko; compatible; GPTBot/1.3; +https://openai.com/gptbot)"
74.7.241.13 - - [17/Feb/2026:20:05:50 -0500] "GET /inputs.php?dir=//opt/alt/alt-nodejs20/root/lib/node_modules/npm/node_modules/init-package-json HTTP/1.1" 200 0 "https://www.prediksijitupedulitogel.xyz/inputs.php?dir=//opt/alt/alt-nodejs20/root/lib/node_modules/npm/node_modules" "Mozilla/5.0 AppleWebKit/537.36 (KHTML, like Gecko; compatible; GPTBot/1.3; +https://openai.com/gptbot)"
74.7.242.55 - - [17/Feb/2026:20:05:51 -0500] "GET /inputs.php?dir=//proc/2624386/root/home4 HTTP/1.1" 200 0 "https://prediksijitupedulitogel.xyz/inputs.php?dir=//proc/2624386/root" "Mozilla/5.0 AppleWebKit/537.36 (KHTML, like Gecko; compatible; GPTBot/1.3; +https://openai.com/gptbot)"
74.7.241.13 - - [17/Feb/2026:20:05:51 -0500] "GET /inputs.php?dir=//var/softaculous/sitepad/editor/site-inc/Requests/Proxy HTTP/1.1" 200 0 "https://www.prediksijitupedulitogel.xyz/inputs.php?dir=//var/softaculous/sitepad/editor/site-inc/Requests" "Mozilla/5.0 AppleWebKit/537.36 (KHTML, like Gecko; compatible; GPTBot/1.3; +https://openai.com/gptbot)"
74.7.242.55 - - [17/Feb/2026:20:05:51 -0500] "GET /inputs.php?dir=//proc/3662725/root/home1 HTTP/1.1" 200 0 "https://prediksijitupedulitogel.xyz/inputs.php?dir=//proc/3662725/root" "Mozilla/5.0 AppleWebKit/537.36 (KHTML, like Gecko; compatible; GPTBot/1.3; +https://openai.com/gptbot)"
74.7.241.13 - - [17/Feb/2026:20:05:51 -0500] "GET /inputs.php?dir=//var/softaculous/sitepad/editor/site-inc/PHPMailer HTTP/1.1" 200 0 "https://www.prediksijitupedulitogel.xyz/inputs.php?dir=//var/softaculous/sitepad/editor/site-inc" "Mozilla/5.0 AppleWebKit/537.36 (KHTML, like Gecko; compatible; GPTBot/1.3; +https://openai.com/gptbot)"
74.7.242.55 - - [17/Feb/2026:20:05:52 -0500] "GET /inputs.php?dir=//proc/4156191/root/home2 HTTP/1.1" 200 0 "https://prediksijitupedulitogel.xyz/inputs.php?dir=//proc/4156191/root" "Mozilla/5.0 AppleWebKit/537.36 (KHTML, like Gecko; compatible; GPTBot/1.3; +https://openai.com/gptbot)"
74.7.241.13 - - [17/Feb/2026:20:05:52 -0500] "GET /inputs.php?action=view&dir=//home/peduupoo/prediksilambo4d.net&item=.hcflag HTTP/1.1" 200 0 "https://www.prediksijitupedulitogel.xyz/inputs.php?dir=//home/peduupoo/prediksilambo4d.net" "Mozilla/5.0 AppleWebKit/537.36 (KHTML, like Gecko; compatible; GPTBot/1.3; +https://openai.com/gptbot)"
74.7.242.55 - - [17/Feb/2026:20:05:52 -0500] "GET /inputs.php?dir=//proc/1622909/root/home4 HTTP/1.1" 200 0 "https://prediksijitupedulitogel.xyz/inputs.php?dir=//proc/1622909/root" "Mozilla/5.0 AppleWebKit/537.36 (KHTML, like Gecko; compatible; GPTBot/1.3; +https://openai.com/gptbot)"
74.7.241.13 - - [17/Feb/2026:20:05:52 -0500] "GET /inputs.php?action=edit&dir=/home/peduupoo/prediksijitupedulitogel.it.com&item=robots.txt HTTP/1.1" 200 0 "https://www.prediksijitupedulitogel.xyz/inputs.php?dir=/home/peduupoo/prediksijitupedulitogel.it.com" "Mozilla/5.0 AppleWebKit/537.36 (KHTML, like Gecko; compatible; GPTBot/1.3; +https://openai.com/gptbot)"
74.7.242.55 - - [17/Feb/2026:20:05:53 -0500] "GET /inputs.php?dir=//proc/3652462/root/home3 HTTP/1.1" 200 0 "https://prediksijitupedulitogel.xyz/inputs.php?dir=//proc/3652462/root" "Mozilla/5.0 AppleWebKit/537.36 (KHTML, like Gecko; compatible; GPTBot/1.3; +https://openai.com/gptbot)"
74.7.241.13 - - [17/Feb/2026:20:05:53 -0500] "GET /inputs.php?dir=//lib/python3.6/site-packages/tuned/__pycache__ HTTP/1.1" 200 0 "https://www.prediksijitupedulitogel.xyz/inputs.php?dir=//lib/python3.6/site-packages/tuned" "Mozilla/5.0 AppleWebKit/537.36 (KHTML, like Gecko; compatible; GPTBot/1.3; +https://openai.com/gptbot)"
74.7.242.55 - - [17/Feb/2026:20:05:53 -0500] "GET /inputs.php?dir=//proc/3524400/root/home1 HTTP/1.1" 200 0 "https://prediksijitupedulitogel.xyz/inputs.php?dir=//proc/3524400/root" "Mozilla/5.0 AppleWebKit/537.36 (KHTML, like Gecko; compatible; GPTBot/1.3; +https://openai.com/gptbot)"
74.7.241.13 - - [17/Feb/2026:20:05:54 -0500] "GET /inputs.php?dir=//usr/lib/python3.6/site-packages/__pycache__ HTTP/1.1" 200 0 "https://www.prediksijitupedulitogel.xyz/inputs.php?dir=//usr/lib/python3.6/site-packages" "Mozilla/5.0 AppleWebKit/537.36 (KHTML, like Gecko; compatible; GPTBot/1.3; +https://openai.com/gptbot)"
74.7.242.55 - - [17/Feb/2026:20:05:54 -0500] "GET /inputs.php?dir=//proc/2714904/root/home2 HTTP/1.1" 200 0 "https://prediksijitupedulitogel.xyz/inputs.php?dir=//proc/2714904/root" "Mozilla/5.0 AppleWebKit/537.36 (KHTML, like Gecko; compatible; GPTBot/1.3; +https://openai.com/gptbot)"
74.7.241.13 - - [17/Feb/2026:20:05:54 -0500] "GET /inputs.php?dir=//lib/python3.6/site-packages/dnf/__pycache__ HTTP/1.1" 200 0 "https://www.prediksijitupedulitogel.xyz/inputs.php?dir=//lib/python3.6/site-packages/dnf" "Mozilla/5.0 AppleWebKit/537.36 (KHTML, like Gecko; compatible; GPTBot/1.3; +https://openai.com/gptbot)"
74.7.242.55 - - [17/Feb/2026:20:05:54 -0500] "GET /inputs.php?dir=//proc/3773089/root/home2 HTTP/1.1" 200 0 "https://prediksijitupedulitogel.xyz/inputs.php?dir=//proc/3773089/root" "Mozilla/5.0 AppleWebKit/537.36 (KHTML, like Gecko; compatible; GPTBot/1.3; +https://openai.com/gptbot)"
74.7.241.13 - - [17/Feb/2026:20:05:55 -0500] "GET /inputs.php?dir=//usr/lib/python3.8/site-packages/__pycache__ HTTP/1.1" 200 0 "https://www.prediksijitupedulitogel.xyz/inputs.php?dir=//usr/lib/python3.8/site-packages" "Mozilla/5.0 AppleWebKit/537.36 (KHTML, like Gecko; compatible; GPTBot/1.3; +https://openai.com/gptbot)"
74.7.242.55 - - [17/Feb/2026:20:05:55 -0500] "GET /inputs.php?dir=//proc/3901832/root/home1 HTTP/1.1" 200 0 "https://prediksijitupedulitogel.xyz/inputs.php?dir=//proc/3901832/root" "Mozilla/5.0 AppleWebKit/537.36 (KHTML, like Gecko; compatible; GPTBot/1.3; +https://openai.com/gptbot)"
74.7.241.13 - - [17/Feb/2026:20:05:55 -0500] "GET /inputs.php?action=edit&dir=//usr/lib/.build-id/ad&item=08f5a2ea6e7f53bfb59550d9fa691fe33be37b HTTP/1.1" 200 0 "https://www.prediksijitupedulitogel.xyz/inputs.php?dir=//usr/lib/.build-id/ad" "Mozilla/5.0 AppleWebKit/537.36 (KHTML, like Gecko; compatible; GPTBot/1.3; +https://openai.com/gptbot)"
74.7.242.55 - - [17/Feb/2026:20:05:55 -0500] "GET /inputs.php?action=rename&dir=//proc/2274329/root/proc/self/root/usr/include/sys&item=user.h HTTP/1.1" 200 0 "https://prediksijitupedulitogel.xyz/inputs.php?dir=//proc/2274329/root/proc/self/root/usr/include/sys" "Mozilla/5.0 AppleWebKit/537.36 (KHTML, like Gecko; compatible; GPTBot/1.3; +https://openai.com/gptbot)"
74.7.241.13 - - [17/Feb/2026:20:05:56 -0500] "GET /inputs.php?action=edit&dir=//usr/lib/.build-id/ad&item=c81d24e6d0d0eef518b1aeb748e84a2f086843 HTTP/1.1" 200 0 "https://www.prediksijitupedulitogel.xyz/inputs.php?dir=//usr/lib/.build-id/ad" "Mozilla/5.0 AppleWebKit/537.36 (KHTML, like Gecko; compatible; GPTBot/1.3; +https://openai.com/gptbot)"
74.7.242.55 - - [17/Feb/2026:20:05:56 -0500] "GET /inputs.php?action=rename&dir=//usr/lib/.build-id/ad&item=0928e2a64aaa58237ed7f376ca151215ae5645 HTTP/1.1" 200 0 "https://prediksijitupedulitogel.xyz/inputs.php?dir=//usr/lib/.build-id/ad" "Mozilla/5.0 AppleWebKit/537.36 (KHTML, like Gecko; compatible; GPTBot/1.3; +https://openai.com/gptbot)"
74.7.241.13 - - [17/Feb/2026:20:05:56 -0500] "GET /inputs.php?action=edit&dir=//usr/lib/.build-id/ad&item=47f0b3c26ba878f3354f2fb8ab08937abd3867 HTTP/1.1" 200 0 "https://www.prediksijitupedulitogel.xyz/inputs.php?dir=//usr/lib/.build-id/ad" "Mozilla/5.0 AppleWebKit/537.36 (KHTML, like Gecko; compatible; GPTBot/1.3; +https://openai.com/gptbot)"
74.7.242.55 - - [17/Feb/2026:20:05:57 -0500] "GET /inputs.php?action=view&dir=//opt/alt/alt-nodejs6/root/lib/node_modules/npm/node_modules.bundled/node-gyp/node_modules/path-array/node_modules/array-index/node_modules/es6-symbol/node_modules/es5-ext/error////////////////////////////////////////////////&item=custom.js HTTP/1.1" 200 0 "https://prediksijitupedulitogel.xyz/inputs.php?dir=//opt/alt/alt-nodejs6/root/lib/node_modules/npm/node_modules.bundled/node-gyp/node_modules/path-array/node_modules/array-index/node_modules/es6-symbol/node_modules/es5-ext/error////////////////////////////////////////////////" "Mozilla/5.0 AppleWebKit/537.36 (KHTML, like Gecko; compatible; GPTBot/1.3; +https://openai.com/gptbot)"
74.7.241.13 - - [17/Feb/2026:20:05:57 -0500] "GET /inputs.php?action=edit&dir=//usr/lib/.build-id/ad&item=b20bd4e96be6e04544dea70253a93fa06b25ea HTTP/1.1" 200 0 "https://www.prediksijitupedulitogel.xyz/inputs.php?dir=//usr/lib/.build-id/ad" "Mozilla/5.0 AppleWebKit/537.36 (KHTML, like Gecko; compatible; GPTBot/1.3; +https://openai.com/gptbot)"
74.7.242.55 - - [17/Feb/2026:20:05:57 -0500] "GET /inputs.php?action=view&dir=//opt/alt/alt-nodejs6/root/lib/node_modules/npm/node_modules/node-gyp/node_modules/path-array/node_modules/array-index/node_modules/es6-symbol/node_modules/es5-ext/error/////////////////////////////////////////////&item=custom.js HTTP/1.1" 200 0 "https://prediksijitupedulitogel.xyz/inputs.php?dir=//opt/alt/alt-nodejs6/root/lib/node_modules/npm/node_modules/node-gyp/node_modules/path-array/node_modules/array-index/node_modules/es6-symbol/node_modules/es5-ext/error/////////////////////////////////////////////" "Mozilla/5.0 AppleWebKit/537.36 (KHTML, like Gecko; compatible; GPTBot/1.3; +https://openai.com/gptbot)"
74.7.241.13 - - [17/Feb/2026:20:05:57 -0500] "GET /inputs.php?action=edit&dir=//usr/lib/.build-id/ad&item=9cc708e8d1ccee91da1050dd91e30b9677c082 HTTP/1.1" 200 0 "https://www.prediksijitupedulitogel.xyz/inputs.php?dir=//usr/lib/.build-id/ad" "Mozilla/5.0 AppleWebKit/537.36 (KHTML, like Gecko; compatible; GPTBot/1.3; +https://openai.com/gptbot)"
74.7.242.55 - - [17/Feb/2026:20:05:58 -0500] "GET /inputs.php?action=view&dir=//opt/alt/alt-nodejs6/root/lib/node_modules/npm/node_modules.bundled/node-gyp/node_modules/path-array/node_modules/array-index/node_modules/es6-symbol/node_modules/es5-ext/error///////////////////////////////////////////////&item=is-error.js HTTP/1.1" 200 0 "https://prediksijitupedulitogel.xyz/inputs.php?dir=//opt/alt/alt-nodejs6/root/lib/node_modules/npm/node_modules.bundled/node-gyp/node_modules/path-array/node_modules/array-index/node_modules/es6-symbol/node_modules/es5-ext/error///////////////////////////////////////////////" "Mozilla/5.0 AppleWebKit/537.36 (KHTML, like Gecko; compatible; GPTBot/1.3; +https://openai.com/gptbot)"
74.7.241.13 - - [17/Feb/2026:20:05:58 -0500] "GET /inputs.php?action=edit&dir=//proc/316287/root/lib/.build-id/ad&item=f3723ce900603b72870c7b927826385e6cb9d2 HTTP/1.1" 200 0 "https://www.prediksijitupedulitogel.xyz/inputs.php?dir=//proc/316287/root/lib/.build-id/ad" "Mozilla/5.0 AppleWebKit/537.36 (KHTML, like Gecko; compatible; GPTBot/1.3; +https://openai.com/gptbot)"
74.7.242.55 - - [17/Feb/2026:20:05:58 -0500] "GET /inputs.php?action=view&dir=//opt/alt/alt-nodejs6/root/lib/node_modules/npm/node_modules/node-gyp/node_modules/path-array/node_modules/array-index/node_modules/es6-symbol/node_modules/es5-ext/error//////////////////////////////////////////////&item=valid-error.js HTTP/1.1" 200 0 "https://prediksijitupedulitogel.xyz/inputs.php?dir=//opt/alt/alt-nodejs6/root/lib/node_modules/npm/node_modules/node-gyp/node_modules/path-array/node_modules/array-index/node_modules/es6-symbol/node_modules/es5-ext/error//////////////////////////////////////////////" "Mozilla/5.0 AppleWebKit/537.36 (KHTML, like Gecko; compatible; GPTBot/1.3; +https://openai.com/gptbot)"
74.7.241.13 - - [17/Feb/2026:20:05:58 -0500] "GET /inputs.php?dir=/home/peduupoo/perl5/lib/perl5/5.10.0 HTTP/1.1" 200 0 "https://www.prediksijitupedulitogel.xyz/inputs.php?dir=/home/peduupoo/perl5/lib/perl5" "Mozilla/5.0 AppleWebKit/537.36 (KHTML, like Gecko; compatible; GPTBot/1.3; +https://openai.com/gptbot)"
74.7.242.55 - - [17/Feb/2026:20:05:59 -0500] "GET /inputs.php?dir=//proc/3385317/root/var/softaculous/impresspage/php56 HTTP/1.1" 200 0 "https://prediksijitupedulitogel.xyz/inputs.php?dir=//proc/3385317/root/var/softaculous/impresspage" "Mozilla/5.0 AppleWebKit/537.36 (KHTML, like Gecko; compatible; GPTBot/1.3; +https://openai.com/gptbot)"
74.7.241.13 - - [17/Feb/2026:20:05:59 -0500] "GET /inputs.php?dir=/home/peduupoo/perl5/lib/perl5/5.10.1 HTTP/1.1" 200 0 "https://www.prediksijitupedulitogel.xyz/inputs.php?dir=/home/peduupoo/perl5/lib/perl5" "Mozilla/5.0 AppleWebKit/537.36 (KHTML, like Gecko; compatible; GPTBot/1.3; +https://openai.com/gptbot)"
74.7.242.55 - - [17/Feb/2026:20:05:59 -0500] "GET /inputs.php?dir=//proc/3385317/root/var/softaculous/impresspage/php71 HTTP/1.1" 200 0 "https://prediksijitupedulitogel.xyz/inputs.php?dir=//proc/3385317/root/var/softaculous/impresspage" "Mozilla/5.0 AppleWebKit/537.36 (KHTML, like Gecko; compatible; GPTBot/1.3; +https://openai.com/gptbot)"
74.7.241.13 - - [17/Feb/2026:20:05:59 -0500] "GET /inputs.php?dir=//home/peduupoo/perl5/lib/perl5/5.10.1 HTTP/1.1" 200 0 "https://www.prediksijitupedulitogel.xyz/inputs.php?dir=//home/peduupoo/perl5/lib/perl5" "Mozilla/5.0 AppleWebKit/537.36 (KHTML, like Gecko; compatible; GPTBot/1.3; +https://openai.com/gptbot)"
74.7.242.55 - - [17/Feb/2026:20:06:00 -0500] "GET /inputs.php?dir=//proc/3385317/root/var/softaculous/impresspage/php81 HTTP/1.1" 200 0 "https://prediksijitupedulitogel.xyz/inputs.php?dir=//proc/3385317/root/var/softaculous/impresspage" "Mozilla/5.0 AppleWebKit/537.36 (KHTML, like Gecko; compatible; GPTBot/1.3; +https://openai.com/gptbot)"
74.7.241.13 - - [17/Feb/2026:20:06:00 -0500] "GET /inputs.php?dir=//home/peduupoo/perl5/lib/perl5/5.10.0 HTTP/1.1" 200 0 "https://www.prediksijitupedulitogel.xyz/inputs.php?dir=//home/peduupoo/perl5/lib/perl5" "Mozilla/5.0 AppleWebKit/537.36 (KHTML, like Gecko; compatible; GPTBot/1.3; +https://openai.com/gptbot)"
74.7.242.55 - - [17/Feb/2026:20:06:00 -0500] "GET /inputs.php?dir=//usr/include/bits HTTP/1.1" 200 0 "https://prediksijitupedulitogel.xyz/inputs.php?dir=//usr/include" "Mozilla/5.0 AppleWebKit/537.36 (KHTML, like Gecko; compatible; GPTBot/1.3; +https://openai.com/gptbot)"
74.7.241.13 - - [17/Feb/2026:20:06:00 -0500] "GET /inputs.php?dir=//lib64/gems/ruby/bigdecimal-1.3.4 HTTP/1.1" 200 0 "https://www.prediksijitupedulitogel.xyz/inputs.php?dir=//lib64/gems/ruby" "Mozilla/5.0 AppleWebKit/537.36 (KHTML, like Gecko; compatible; GPTBot/1.3; +https://openai.com/gptbot)"
74.7.242.55 - - [17/Feb/2026:20:06:01 -0500] "GET /inputs.php?dir=//usr/include/arpa HTTP/1.1" 200 0 "https://prediksijitupedulitogel.xyz/inputs.php?dir=//usr/include" "Mozilla/5.0 AppleWebKit/537.36 (KHTML, like Gecko; compatible; GPTBot/1.3; +https://openai.com/gptbot)"
74.7.241.13 - - [17/Feb/2026:20:06:01 -0500] "GET /inputs.php?dir=//lib64/gems/ruby/io-console-0.4.6 HTTP/1.1" 200 0 "https://www.prediksijitupedulitogel.xyz/inputs.php?dir=//lib64/gems/ruby" "Mozilla/5.0 AppleWebKit/537.36 (KHTML, like Gecko; compatible; GPTBot/1.3; +https://openai.com/gptbot)"
74.7.242.55 - - [17/Feb/2026:20:06:01 -0500] "GET /inputs.php?dir=//usr/include/sasl HTTP/1.1" 200 0 "https://prediksijitupedulitogel.xyz/inputs.php?dir=//usr/include" "Mozilla/5.0 AppleWebKit/537.36 (KHTML, like Gecko; compatible; GPTBot/1.3; +https://openai.com/gptbot)"
74.7.241.13 - - [17/Feb/2026:20:06:01 -0500] "GET /inputs.php?dir=//lib/python3.8/site-packages/pip/__pycache__ HTTP/1.1" 200 0 "https://www.prediksijitupedulitogel.xyz/inputs.php?dir=//lib/python3.8/site-packages/pip" "Mozilla/5.0 AppleWebKit/537.36 (KHTML, like Gecko; compatible; GPTBot/1.3; +https://openai.com/gptbot)"
74.7.242.55 - - [17/Feb/2026:20:06:02 -0500] "GET /inputs.php?dir=//usr/include/rdma HTTP/1.1" 200 0 "https://prediksijitupedulitogel.xyz/inputs.php?dir=//usr/include" "Mozilla/5.0 AppleWebKit/537.36 (KHTML, like Gecko; compatible; GPTBot/1.3; +https://openai.com/gptbot)"
74.7.241.13 - - [17/Feb/2026:20:06:02 -0500] "GET /inputs.php?dir=//lib/python3.6/site-packages/pip/__pycache__ HTTP/1.1" 200 0 "https://www.prediksijitupedulitogel.xyz/inputs.php?dir=//lib/python3.6/site-packages/pip" "Mozilla/5.0 AppleWebKit/537.36 (KHTML, like Gecko; compatible; GPTBot/1.3; +https://openai.com/gptbot)"
74.7.242.55 - - [17/Feb/2026:20:06:02 -0500] "GET /inputs.php?dir=//usr/include/misc HTTP/1.1" 200 0 "https://prediksijitupedulitogel.xyz/inputs.php?dir=//usr/include" "Mozilla/5.0 AppleWebKit/537.36 (KHTML, like Gecko; compatible; GPTBot/1.3; +https://openai.com/gptbot)"
74.7.241.13 - - [17/Feb/2026:20:06:02 -0500] "GET /inputs.php?dir=//lib/python3.6/site-packages/pip/_vendor/urllib3/packages/backports/__pycache__ HTTP/1.1" 200 0 "https://www.prediksijitupedulitogel.xyz/inputs.php?dir=//lib/python3.6/site-packages/pip/_vendor/urllib3/packages/backports" "Mozilla/5.0 AppleWebKit/537.36 (KHTML, like Gecko; compatible; GPTBot/1.3; +https://openai.com/gptbot)"
74.7.242.55 - - [17/Feb/2026:20:06:03 -0500] "GET /inputs.php?dir=//opt/hc_python/lib64/python3.12/site-packages/virtualenv/create/via_global_ref/builtin/cpython/__pycache__ HTTP/1.1" 200 0 "https://prediksijitupedulitogel.xyz/inputs.php?dir=//opt/hc_python/lib64/python3.12/site-packages/virtualenv/create/via_global_ref/builtin/cpython" "Mozilla/5.0 AppleWebKit/537.36 (KHTML, like Gecko; compatible; GPTBot/1.3; +https://openai.com/gptbot)"
74.7.241.13 - - [17/Feb/2026:20:06:03 -0500] "GET /inputs.php?dir=//usr/lib/python3.8/site-packages/pip/_vendor/urllib3/packages/backports/__pycache__ HTTP/1.1" 200 0 "https://www.prediksijitupedulitogel.xyz/inputs.php?dir=//usr/lib/python3.8/site-packages/pip/_vendor/urllib3/packages/backports" "Mozilla/5.0 AppleWebKit/537.36 (KHTML, like Gecko; compatible; GPTBot/1.3; +https://openai.com/gptbot)"
74.7.242.55 - - [17/Feb/2026:20:06:03 -0500] "GET /inputs.php?action=chmod&dir=//home/peduupoo/mail&item=pedulisukses.com HTTP/1.1" 200 0 "https://prediksijitupedulitogel.xyz/inputs.php?dir=//home/peduupoo/mail" "Mozilla/5.0 AppleWebKit/537.36 (KHTML, like Gecko; compatible; GPTBot/1.3; +https://openai.com/gptbot)"
74.7.241.13 - - [17/Feb/2026:20:06:03 -0500] "GET /inputs.php?dir=//lib/python3.8/site-packages/pip/_vendor/urllib3/packages/backports/__pycache__ HTTP/1.1" 200 0 "https://www.prediksijitupedulitogel.xyz/inputs.php?dir=//lib/python3.8/site-packages/pip/_vendor/urllib3/packages/backports" "Mozilla/5.0 AppleWebKit/537.36 (KHTML, like Gecko; compatible; GPTBot/1.3; +https://openai.com/gptbot)"
74.7.242.55 - - [17/Feb/2026:20:06:04 -0500] "GET /inputs.php?dir=//var/softaculous/sitepad/editor/site-data/plugins/kkart-pro/src/Internal HTTP/1.1" 200 0 "https://prediksijitupedulitogel.xyz/inputs.php?dir=//var/softaculous/sitepad/editor/site-data/plugins/kkart-pro/src" "Mozilla/5.0 AppleWebKit/537.36 (KHTML, like Gecko; compatible; GPTBot/1.3; +https://openai.com/gptbot)"
74.7.241.13 - - [17/Feb/2026:20:06:04 -0500] "GET /inputs.php?dir=//usr/lib/python3.6/site-packages/pip/_vendor/urllib3/packages/backports/__pycache__ HTTP/1.1" 200 0 "https://www.prediksijitupedulitogel.xyz/inputs.php?dir=//usr/lib/python3.6/site-packages/pip/_vendor/urllib3/packages/backports" "Mozilla/5.0 AppleWebKit/537.36 (KHTML, like Gecko; compatible; GPTBot/1.3; +https://openai.com/gptbot)"
74.7.242.55 - - [17/Feb/2026:20:06:04 -0500] "GET /inputs.php?dir=//lib64/perl5/vendor_perl/HTML HTTP/1.1" 200 0 "https://prediksijitupedulitogel.xyz/inputs.php?dir=//lib64/perl5/vendor_perl" "Mozilla/5.0 AppleWebKit/537.36 (KHTML, like Gecko; compatible; GPTBot/1.3; +https://openai.com/gptbot)"
74.7.241.13 - - [17/Feb/2026:20:06:05 -0500] "GET /inputs.php?action=rename&dir=//var&item=lib HTTP/1.1" 200 0 "https://www.prediksijitupedulitogel.xyz/inputs.php?dir=//var" "Mozilla/5.0 AppleWebKit/537.36 (KHTML, like Gecko; compatible; GPTBot/1.3; +https://openai.com/gptbot)"
74.7.242.55 - - [17/Feb/2026:20:06:05 -0500] "GET /inputs.php?dir=//lib64/perl5/vendor_perl/YAML HTTP/1.1" 200 0 "https://prediksijitupedulitogel.xyz/inputs.php?dir=//lib64/perl5/vendor_perl" "Mozilla/5.0 AppleWebKit/537.36 (KHTML, like Gecko; compatible; GPTBot/1.3; +https://openai.com/gptbot)"
74.7.241.13 - - [17/Feb/2026:20:06:05 -0500] "GET /inputs.php?action=rename&dir=//usr&item=lib HTTP/1.1" 200 0 "https://www.prediksijitupedulitogel.xyz/inputs.php?dir=//usr" "Mozilla/5.0 AppleWebKit/537.36 (KHTML, like Gecko; compatible; GPTBot/1.3; +https://openai.com/gptbot)"
74.7.242.55 - - [17/Feb/2026:20:06:06 -0500] "GET /inputs.php?dir=//lib64/perl5/vendor_perl/JSON HTTP/1.1" 200 0 "https://prediksijitupedulitogel.xyz/inputs.php?dir=//lib64/perl5/vendor_perl" "Mozilla/5.0 AppleWebKit/537.36 (KHTML, like Gecko; compatible; GPTBot/1.3; +https://openai.com/gptbot)"
74.7.241.13 - - [17/Feb/2026:20:06:06 -0500] "GET /inputs.php?action=rename&dir=//proc&item=fb HTTP/1.1" 200 0 "https://www.prediksijitupedulitogel.xyz/inputs.php?action=chmod&dir=//proc&item=3520460" "Mozilla/5.0 AppleWebKit/537.36 (KHTML, like Gecko; compatible; GPTBot/1.3; +https://openai.com/gptbot)"
74.7.242.55 - - [17/Feb/2026:20:06:06 -0500] "GET /inputs.php?dir=//lib64/perl5/vendor_perl/auto/IPC HTTP/1.1" 200 0 "https://prediksijitupedulitogel.xyz/inputs.php?dir=//lib64/perl5/vendor_perl/auto" "Mozilla/5.0 AppleWebKit/537.36 (KHTML, like Gecko; compatible; GPTBot/1.3; +https://openai.com/gptbot)"
74.7.241.13 - - [17/Feb/2026:20:06:06 -0500] "GET /inputs.php?action=chmod&dir=//proc&item=lve HTTP/1.1" 200 0 "https://www.prediksijitupedulitogel.xyz/inputs.php?action=chmod&dir=//proc&item=3520460" "Mozilla/5.0 AppleWebKit/537.36 (KHTML, like Gecko; compatible; GPTBot/1.3; +https://openai.com/gptbot)"
74.7.242.55 - - [17/Feb/2026:20:06:07 -0500] "GET /inputs.php?action=rename&dir=/home/peduupoo/kerajaanpeduli.com&item=index.php HTTP/1.1" 200 0 "https://prediksijitupedulitogel.xyz/inputs.php?dir=/home/peduupoo/kerajaanpeduli.com" "Mozilla/5.0 AppleWebKit/537.36 (KHTML, like Gecko; compatible; GPTBot/1.3; +https://openai.com/gptbot)"
74.7.241.13 - - [17/Feb/2026:20:06:07 -0500] "GET /inputs.php?action=chmod&dir=//etc&item=skel HTTP/1.1" 200 0 "https://www.prediksijitupedulitogel.xyz/inputs.php?dir=//etc" "Mozilla/5.0 AppleWebKit/537.36 (KHTML, like Gecko; compatible; GPTBot/1.3; +https://openai.com/gptbot)"
74.7.242.55 - - [17/Feb/2026:20:06:07 -0500] "GET /inputs.php?action=chmod&dir=/home/peduupoo/kerajaanpeduli.com&item=index.php HTTP/1.1" 200 0 "https://prediksijitupedulitogel.xyz/inputs.php?dir=/home/peduupoo/kerajaanpeduli.com" "Mozilla/5.0 AppleWebKit/537.36 (KHTML, like Gecko; compatible; GPTBot/1.3; +https://openai.com/gptbot)"
74.7.241.13 - - [17/Feb/2026:20:06:07 -0500] "GET /inputs.php?action=chmod&dir=//proc&item=bus HTTP/1.1" 200 0 "https://www.prediksijitupedulitogel.xyz/inputs.php?action=chmod&dir=//proc&item=3520460" "Mozilla/5.0 AppleWebKit/537.36 (KHTML, like Gecko; compatible; GPTBot/1.3; +https://openai.com/gptbot)"
74.7.242.55 - - [17/Feb/2026:20:06:08 -0500] "GET /inputs.php?action=view&dir=//proc/52548/root/proc/thread-self/root/usr/include/sys&item=user.h HTTP/1.1" 200 0 "https://prediksijitupedulitogel.xyz/inputs.php?dir=//proc/52548/root/proc/thread-self/root/usr/include/sys" "Mozilla/5.0 AppleWebKit/537.36 (KHTML, like Gecko; compatible; GPTBot/1.3; +https://openai.com/gptbot)"
74.7.241.13 - - [17/Feb/2026:20:06:08 -0500] "GET /inputs.php?action=chmod&dir=//lib&item=exim HTTP/1.1" 200 0 "https://www.prediksijitupedulitogel.xyz/inputs.php?dir=//lib" "Mozilla/5.0 AppleWebKit/537.36 (KHTML, like Gecko; compatible; GPTBot/1.3; +https://openai.com/gptbot)"
74.7.242.55 - - [17/Feb/2026:20:06:08 -0500] "GET /inputs.php?action=view&dir=//proc/37858/root/proc/thread-self/root/usr/include/sys&item=user.h HTTP/1.1" 200 0 "https://prediksijitupedulitogel.xyz/inputs.php?dir=//proc/37858/root/proc/thread-self/root/usr/include/sys" "Mozilla/5.0 AppleWebKit/537.36 (KHTML, like Gecko; compatible; GPTBot/1.3; +https://openai.com/gptbot)"
74.7.241.13 - - [17/Feb/2026:20:06:08 -0500] "GET /inputs.php?action=rename&dir=//var&item=lve HTTP/1.1" 200 0 "https://www.prediksijitupedulitogel.xyz/inputs.php?dir=//var" "Mozilla/5.0 AppleWebKit/537.36 (KHTML, like Gecko; compatible; GPTBot/1.3; +https://openai.com/gptbot)"
74.7.242.55 - - [17/Feb/2026:20:06:09 -0500] "GET /inputs.php?action=view&dir=//proc/88047/root/proc/thread-self/root/usr/include/sys&item=user.h HTTP/1.1" 200 0 "https://prediksijitupedulitogel.xyz/inputs.php?dir=//proc/88047/root/proc/thread-self/root/usr/include/sys" "Mozilla/5.0 AppleWebKit/537.36 (KHTML, like Gecko; compatible; GPTBot/1.3; +https://openai.com/gptbot)"
74.7.241.13 - - [17/Feb/2026:20:06:09 -0500] "GET /inputs.php?action=chmod&dir=//run&item=dbus HTTP/1.1" 200 0 "https://www.prediksijitupedulitogel.xyz/inputs.php?dir=//run" "Mozilla/5.0 AppleWebKit/537.36 (KHTML, like Gecko; compatible; GPTBot/1.3; +https://openai.com/gptbot)"
74.7.242.55 - - [17/Feb/2026:20:06:09 -0500] "GET /inputs.php?action=edit&dir=//proc/829388/root/lib/.build-id/ad&item=4826ae075261ee85a9268140fede491574e530 HTTP/1.1" 200 0 "https://prediksijitupedulitogel.xyz/inputs.php?dir=//proc/829388/root/lib/.build-id/ad" "Mozilla/5.0 AppleWebKit/537.36 (KHTML, like Gecko; compatible; GPTBot/1.3; +https://openai.com/gptbot)"
74.7.241.13 - - [17/Feb/2026:20:06:09 -0500] "GET /inputs.php?dir=//proc/3354833/map_files HTTP/1.1" 200 0 "https://www.prediksijitupedulitogel.xyz/inputs.php?dir=//proc/3354833" "Mozilla/5.0 AppleWebKit/537.36 (KHTML, like Gecko; compatible; GPTBot/1.3; +https://openai.com/gptbot)"
74.7.242.55 - - [17/Feb/2026:20:06:10 -0500] "GET /inputs.php?action=edit&dir=//proc/951833/root/lib/.build-id/ad&item=4826ae075261ee85a9268140fede491574e530 HTTP/1.1" 200 0 "https://prediksijitupedulitogel.xyz/inputs.php?dir=//proc/951833/root/lib/.build-id/ad" "Mozilla/5.0 AppleWebKit/537.36 (KHTML, like Gecko; compatible; GPTBot/1.3; +https://openai.com/gptbot)"
74.7.241.13 - - [17/Feb/2026:20:06:10 -0500] "GET /inputs.php?dir=//proc/3433873/map_files HTTP/1.1" 200 0 "https://www.prediksijitupedulitogel.xyz/inputs.php?dir=//proc/3433873" "Mozilla/5.0 AppleWebKit/537.36 (KHTML, like Gecko; compatible; GPTBot/1.3; +https://openai.com/gptbot)"
74.7.242.55 - - [17/Feb/2026:20:06:10 -0500] "GET /inputs.php?action=edit&dir=//proc/3697437/root/lib/.build-id/ad&item=4826ae075261ee85a9268140fede491574e530 HTTP/1.1" 200 0 "https://prediksijitupedulitogel.xyz/inputs.php?dir=//proc/3697437/root/lib/.build-id/ad" "Mozilla/5.0 AppleWebKit/537.36 (KHTML, like Gecko; compatible; GPTBot/1.3; +https://openai.com/gptbot)"
74.7.241.13 - - [17/Feb/2026:20:06:10 -0500] "GET /inputs.php?dir=//proc/3530373/map_files HTTP/1.1" 200 0 "https://www.prediksijitupedulitogel.xyz/inputs.php?dir=//proc/3530373" "Mozilla/5.0 AppleWebKit/537.36 (KHTML, like Gecko; compatible; GPTBot/1.3; +https://openai.com/gptbot)"
74.7.242.55 - - [17/Feb/2026:20:06:11 -0500] "GET /inputs.php?action=edit&dir=//proc/331082/root/lib/.build-id/ad&item=4826ae075261ee85a9268140fede491574e530 HTTP/1.1" 200 0 "https://prediksijitupedulitogel.xyz/inputs.php?dir=//proc/331082/root/lib/.build-id/ad" "Mozilla/5.0 AppleWebKit/537.36 (KHTML, like Gecko; compatible; GPTBot/1.3; +https://openai.com/gptbot)"
74.7.241.13 - - [17/Feb/2026:20:06:11 -0500] "GET /inputs.php?dir=//proc/3383573/map_files HTTP/1.1" 200 0 "https://www.prediksijitupedulitogel.xyz/inputs.php?dir=//proc/3383573" "Mozilla/5.0 AppleWebKit/537.36 (KHTML, like Gecko; compatible; GPTBot/1.3; +https://openai.com/gptbot)"
74.7.242.55 - - [17/Feb/2026:20:06:11 -0500] "GET /inputs.php?action=edit&dir=//proc/129356/root/lib/.build-id/ad&item=4826ae075261ee85a9268140fede491574e530 HTTP/1.1" 200 0 "https://prediksijitupedulitogel.xyz/inputs.php?dir=//proc/129356/root/lib/.build-id/ad" "Mozilla/5.0 AppleWebKit/537.36 (KHTML, like Gecko; compatible; GPTBot/1.3; +https://openai.com/gptbot)"
74.7.241.13 - - [17/Feb/2026:20:06:11 -0500] "GET /inputs.php?dir=//proc/2240229/map_files HTTP/1.1" 200 0 "https://www.prediksijitupedulitogel.xyz/inputs.php?dir=//proc/2240229" "Mozilla/5.0 AppleWebKit/537.36 (KHTML, like Gecko; compatible; GPTBot/1.3; +https://openai.com/gptbot)"
74.7.242.55 - - [17/Feb/2026:20:06:12 -0500] "GET /inputs.php?action=edit&dir=//proc/987570/root/lib/.build-id/ad&item=4826ae075261ee85a9268140fede491574e530 HTTP/1.1" 200 0 "https://prediksijitupedulitogel.xyz/inputs.php?dir=//proc/987570/root/lib/.build-id/ad" "Mozilla/5.0 AppleWebKit/537.36 (KHTML, like Gecko; compatible; GPTBot/1.3; +https://openai.com/gptbot)"
74.7.241.13 - - [17/Feb/2026:20:06:12 -0500] "GET /inputs.php?dir=//proc/3770774/map_files HTTP/1.1" 200 0 "https://www.prediksijitupedulitogel.xyz/inputs.php?dir=//proc/3770774" "Mozilla/5.0 AppleWebKit/537.36 (KHTML, like Gecko; compatible; GPTBot/1.3; +https://openai.com/gptbot)"
74.7.242.55 - - [17/Feb/2026:20:06:12 -0500] "GET /inputs.php?action=edit&dir=//proc/587120/root/lib/.build-id/ad&item=4826ae075261ee85a9268140fede491574e530 HTTP/1.1" 200 0 "https://prediksijitupedulitogel.xyz/inputs.php?dir=//proc/587120/root/lib/.build-id/ad" "Mozilla/5.0 AppleWebKit/537.36 (KHTML, like Gecko; compatible; GPTBot/1.3; +https://openai.com/gptbot)"
