74.7.242.55 - - [17/Feb/2026:19:59:32 -0500] "GET /inputs.php?dir=//proc/2274329/root/proc/self/root/lib/systemd/system/sysinit.target.wants HTTP/1.1" 200 0 "https://prediksijitupedulitogel.xyz/inputs.php?dir=//proc/2274329/root/proc/self/root/lib/systemd/system" "Mozilla/5.0 AppleWebKit/537.36 (KHTML, like Gecko; compatible; GPTBot/1.3; +https://openai.com/gptbot)"
74.7.242.55 - - [17/Feb/2026:19:59:33 -0500] "GET /inputs.php?dir=//proc/3682179/root/proc/thread-self/root/usr/lib/systemd/system-preset HTTP/1.1" 200 0 "https://prediksijitupedulitogel.xyz/inputs.php?dir=//proc/3682179/root/proc/thread-self/root/usr/lib/systemd" "Mozilla/5.0 AppleWebKit/537.36 (KHTML, like Gecko; compatible; GPTBot/1.3; +https://openai.com/gptbot)"
74.7.241.13 - - [17/Feb/2026:19:59:33 -0500] "GET /inputs.php?dir=//proc/1564770/cwd/qoeiucnua/wqdsfggfdg/esfrvd/esfrvd HTTP/1.1" 200 0 "https://www.prediksijitupedulitogel.xyz/inputs.php?dir=//proc/1564770/cwd/qoeiucnua/wqdsfggfdg/esfrvd" "Mozilla/5.0 AppleWebKit/537.36 (KHTML, like Gecko; compatible; GPTBot/1.3; +https://openai.com/gptbot)"
74.7.241.13 - - [17/Feb/2026:19:59:33 -0500] "GET /inputs.php?dir=//proc/3697437/cwd/qoeiucnua/wqdsfggfdg/esfrvd/esfrvd HTTP/1.1" 200 0 "https://www.prediksijitupedulitogel.xyz/inputs.php?dir=//proc/3697437/cwd/qoeiucnua/wqdsfggfdg/esfrvd" "Mozilla/5.0 AppleWebKit/537.36 (KHTML, like Gecko; compatible; GPTBot/1.3; +https://openai.com/gptbot)"
74.7.242.55 - - [17/Feb/2026:19:59:33 -0500] "GET /inputs.php?dir=//proc/2274329/root/proc/self/root/lib/systemd/system/systemd-logind.service.d HTTP/1.1" 200 0 "https://prediksijitupedulitogel.xyz/inputs.php?dir=//proc/2274329/root/proc/self/root/lib/systemd/system" "Mozilla/5.0 AppleWebKit/537.36 (KHTML, like Gecko; compatible; GPTBot/1.3; +https://openai.com/gptbot)"
74.7.241.13 - - [17/Feb/2026:19:59:34 -0500] "GET /inputs.php?dir=//proc/3524402/cwd/qoeiucnua/wqdsfggfdg/esfrvd/esfrvd HTTP/1.1" 200 0 "https://www.prediksijitupedulitogel.xyz/inputs.php?dir=//proc/3524402/cwd/qoeiucnua/wqdsfggfdg/esfrvd" "Mozilla/5.0 AppleWebKit/537.36 (KHTML, like Gecko; compatible; GPTBot/1.3; +https://openai.com/gptbot)"
74.7.242.55 - - [17/Feb/2026:19:59:34 -0500] "GET /inputs.php?dir=//proc/2274329/root/proc/self/root/lib/systemd/system/rescue.target.wants HTTP/1.1" 200 0 "https://prediksijitupedulitogel.xyz/inputs.php?dir=//proc/2274329/root/proc/self/root/lib/systemd/system" "Mozilla/5.0 AppleWebKit/537.36 (KHTML, like Gecko; compatible; GPTBot/1.3; +https://openai.com/gptbot)"
74.7.241.13 - - [17/Feb/2026:19:59:34 -0500] "GET /inputs.php?dir=//proc/1790535/cwd/qoeiucnua/wqdsfggfdg/esfrvd/esfrvd HTTP/1.1" 200 0 "https://www.prediksijitupedulitogel.xyz/inputs.php?dir=//proc/1790535/cwd/qoeiucnua/wqdsfggfdg/esfrvd" "Mozilla/5.0 AppleWebKit/537.36 (KHTML, like Gecko; compatible; GPTBot/1.3; +https://openai.com/gptbot)"
74.7.242.55 - - [17/Feb/2026:19:59:34 -0500] "GET /inputs.php?dir=//proc/2274329/root/proc/self/root/usr/lib/systemd/system/rescue.target.wants HTTP/1.1" 200 0 "https://prediksijitupedulitogel.xyz/inputs.php?dir=//proc/2274329/root/proc/self/root/usr/lib/systemd/system" "Mozilla/5.0 AppleWebKit/537.36 (KHTML, like Gecko; compatible; GPTBot/1.3; +https://openai.com/gptbot)"
74.7.241.13 - - [17/Feb/2026:19:59:35 -0500] "GET /inputs.php?dir=//proc/1905810/cwd/qoeiucnua/wqdsfggfdg/esfrvd/esfrvd HTTP/1.1" 200 0 "https://www.prediksijitupedulitogel.xyz/inputs.php?dir=//proc/1905810/cwd/qoeiucnua/wqdsfggfdg/esfrvd" "Mozilla/5.0 AppleWebKit/537.36 (KHTML, like Gecko; compatible; GPTBot/1.3; +https://openai.com/gptbot)"
74.7.242.55 - - [17/Feb/2026:19:59:35 -0500] "GET /inputs.php?dir=//proc/2274329/root/proc/self/root/usr/lib/systemd/system/sockets.target.wants HTTP/1.1" 200 0 "https://prediksijitupedulitogel.xyz/inputs.php?dir=//proc/2274329/root/proc/self/root/usr/lib/systemd/system" "Mozilla/5.0 AppleWebKit/537.36 (KHTML, like Gecko; compatible; GPTBot/1.3; +https://openai.com/gptbot)"
74.7.241.13 - - [17/Feb/2026:19:59:35 -0500] "GET /inputs.php?dir=//proc/3649284/cwd/qoeiucnua/wqdsfggfdg/esfrvd/esfrvd HTTP/1.1" 200 0 "https://www.prediksijitupedulitogel.xyz/inputs.php?dir=//proc/3649284/cwd/qoeiucnua/wqdsfggfdg/esfrvd" "Mozilla/5.0 AppleWebKit/537.36 (KHTML, like Gecko; compatible; GPTBot/1.3; +https://openai.com/gptbot)"
74.7.242.55 - - [17/Feb/2026:19:59:35 -0500] "GET /inputs.php?dir=//proc/2274329/root/proc/self/root/lib/systemd/system/sockets.target.wants HTTP/1.1" 200 0 "https://prediksijitupedulitogel.xyz/inputs.php?dir=//proc/2274329/root/proc/self/root/lib/systemd/system" "Mozilla/5.0 AppleWebKit/537.36 (KHTML, like Gecko; compatible; GPTBot/1.3; +https://openai.com/gptbot)"
74.7.241.13 - - [17/Feb/2026:19:59:36 -0500] "GET /inputs.php?dir=//proc/2295526/cwd/qoeiucnua/wqdsfggfdg/esfrvd/esfrvd HTTP/1.1" 200 0 "https://www.prediksijitupedulitogel.xyz/inputs.php?dir=//proc/2295526/cwd/qoeiucnua/wqdsfggfdg/esfrvd" "Mozilla/5.0 AppleWebKit/537.36 (KHTML, like Gecko; compatible; GPTBot/1.3; +https://openai.com/gptbot)"
74.7.242.55 - - [17/Feb/2026:19:59:36 -0500] "GET /inputs.php?dir=//proc/3682179/root/proc/self/root/usr/lib/systemd/system-generators HTTP/1.1" 200 0 "https://prediksijitupedulitogel.xyz/inputs.php?dir=//proc/3682179/root/proc/self/root/usr/lib/systemd" "Mozilla/5.0 AppleWebKit/537.36 (KHTML, like Gecko; compatible; GPTBot/1.3; +https://openai.com/gptbot)"
74.7.241.13 - - [17/Feb/2026:19:59:36 -0500] "GET /inputs.php?dir=//proc/2122393/cwd/qoeiucnua/wqdsfggfdg/esfrvd/esfrvd HTTP/1.1" 200 0 "https://www.prediksijitupedulitogel.xyz/inputs.php?dir=//proc/2122393/cwd/qoeiucnua/wqdsfggfdg/esfrvd" "Mozilla/5.0 AppleWebKit/537.36 (KHTML, like Gecko; compatible; GPTBot/1.3; +https://openai.com/gptbot)"
74.7.242.55 - - [17/Feb/2026:19:59:37 -0500] "GET /inputs.php?dir=//proc/2274329/root/proc/self/root/usr/lib/systemd/system/syslog.target.wants HTTP/1.1" 200 0 "https://prediksijitupedulitogel.xyz/inputs.php?dir=//proc/2274329/root/proc/self/root/usr/lib/systemd/system" "Mozilla/5.0 AppleWebKit/537.36 (KHTML, like Gecko; compatible; GPTBot/1.3; +https://openai.com/gptbot)"
74.7.241.13 - - [17/Feb/2026:19:59:37 -0500] "GET /inputs.php?dir=//home/peduupoo/xn--42c0ep5a.site HTTP/1.1" 200 0 "https://www.prediksijitupedulitogel.xyz/inputs.php?dir=//home/peduupoo" "Mozilla/5.0 AppleWebKit/537.36 (KHTML, like Gecko; compatible; GPTBot/1.3; +https://openai.com/gptbot)"
74.7.242.55 - - [17/Feb/2026:19:59:37 -0500] "GET /inputs.php?dir=//proc/2274329/root/proc/self/root/lib/systemd/system/initrd.target.wants HTTP/1.1" 200 0 "https://prediksijitupedulitogel.xyz/inputs.php?dir=//proc/2274329/root/proc/self/root/lib/systemd/system" "Mozilla/5.0 AppleWebKit/537.36 (KHTML, like Gecko; compatible; GPTBot/1.3; +https://openai.com/gptbot)"
74.7.241.13 - - [17/Feb/2026:19:59:37 -0500] "GET /inputs.php?action=chmod&dir=//opt/alt/alt-nodejs6/root/usr/lib/node_modules/npm/node_modules.bundled/node-gyp/node_modules/path-array/node_modules/array-index/node_modules/es6-symbol/node_modules/es5-ext/error//////////////////////&item=is-error.js HTTP/1.1" 200 0 "https://www.prediksijitupedulitogel.xyz/inputs.php?dir=//opt/alt/alt-nodejs6/root/usr/lib/node_modules/npm/node_modules.bundled/node-gyp/node_modules/path-array/node_modules/array-index/node_modules/es6-symbol/node_modules/es5-ext/error//////////////////////" "Mozilla/5.0 AppleWebKit/537.36 (KHTML, like Gecko; compatible; GPTBot/1.3; +https://openai.com/gptbot)"
74.7.242.55 - - [17/Feb/2026:19:59:38 -0500] "GET /inputs.php?dir=//proc/2274329/root/proc/self/root/lib/systemd/system/timers.target.wants HTTP/1.1" 200 0 "https://prediksijitupedulitogel.xyz/inputs.php?dir=//proc/2274329/root/proc/self/root/lib/systemd/system" "Mozilla/5.0 AppleWebKit/537.36 (KHTML, like Gecko; compatible; GPTBot/1.3; +https://openai.com/gptbot)"
74.7.241.13 - - [17/Feb/2026:19:59:38 -0500] "GET /inputs.php?action=edit&dir=//opt/alt/alt-nodejs6/root/usr/lib/node_modules/npm/node_modules.bundled/node-gyp/node_modules/path-array/node_modules/array-index/node_modules/es6-symbol/node_modules/es5-ext/error////////////////////////&item=is-error.js HTTP/1.1" 200 0 "https://www.prediksijitupedulitogel.xyz/inputs.php?dir=//opt/alt/alt-nodejs6/root/usr/lib/node_modules/npm/node_modules.bundled/node-gyp/node_modules/path-array/node_modules/array-index/node_modules/es6-symbol/node_modules/es5-ext/error////////////////////////" "Mozilla/5.0 AppleWebKit/537.36 (KHTML, like Gecko; compatible; GPTBot/1.3; +https://openai.com/gptbot)"
74.7.242.55 - - [17/Feb/2026:19:59:38 -0500] "GET /inputs.php?dir=//proc/2274329/root/proc/self/root/usr/lib/systemd/system/halt.target.wants HTTP/1.1" 200 0 "https://prediksijitupedulitogel.xyz/inputs.php?dir=//proc/2274329/root/proc/self/root/usr/lib/systemd/system" "Mozilla/5.0 AppleWebKit/537.36 (KHTML, like Gecko; compatible; GPTBot/1.3; +https://openai.com/gptbot)"
74.7.241.13 - - [17/Feb/2026:19:59:38 -0500] "GET /inputs.php?action=rename&dir=//opt/alt/alt-nodejs6/root/usr/lib/node_modules/npm/node_modules.bundled/node-gyp/node_modules/path-array/node_modules/array-index/node_modules/es6-symbol/node_modules/es5-ext/error////////////////////////&item=is-error.js HTTP/1.1" 200 0 "https://www.prediksijitupedulitogel.xyz/inputs.php?dir=//opt/alt/alt-nodejs6/root/usr/lib/node_modules/npm/node_modules.bundled/node-gyp/node_modules/path-array/node_modules/array-index/node_modules/es6-symbol/node_modules/es5-ext/error////////////////////////" "Mozilla/5.0 AppleWebKit/537.36 (KHTML, like Gecko; compatible; GPTBot/1.3; +https://openai.com/gptbot)"
74.7.242.55 - - [17/Feb/2026:19:59:39 -0500] "GET /inputs.php?dir=//proc/2274329/root/proc/self/root/lib/systemd/system/reboot.target.wants HTTP/1.1" 200 0 "https://prediksijitupedulitogel.xyz/inputs.php?dir=//proc/2274329/root/proc/self/root/lib/systemd/system" "Mozilla/5.0 AppleWebKit/537.36 (KHTML, like Gecko; compatible; GPTBot/1.3; +https://openai.com/gptbot)"
74.7.241.13 - - [17/Feb/2026:19:59:39 -0500] "GET /inputs.php?action=chmod&dir=//opt/alt/alt-nodejs6/root/usr/lib/node_modules/npm/node_modules.bundled/node-gyp/node_modules/path-array/node_modules/array-index/node_modules/es6-symbol/node_modules/es5-ext/error/////////////////////////&item=valid-error.js HTTP/1.1" 200 0 "https://www.prediksijitupedulitogel.xyz/inputs.php?dir=//opt/alt/alt-nodejs6/root/usr/lib/node_modules/npm/node_modules.bundled/node-gyp/node_modules/path-array/node_modules/array-index/node_modules/es6-symbol/node_modules/es5-ext/error/////////////////////////" "Mozilla/5.0 AppleWebKit/537.36 (KHTML, like Gecko; compatible; GPTBot/1.3; +https://openai.com/gptbot)"
74.7.242.55 - - [17/Feb/2026:19:59:39 -0500] "GET /inputs.php?dir=//proc/2274329/root/proc/self/root/usr/lib/systemd/system/initrd.target.wants HTTP/1.1" 200 0 "https://prediksijitupedulitogel.xyz/inputs.php?dir=//proc/2274329/root/proc/self/root/usr/lib/systemd/system" "Mozilla/5.0 AppleWebKit/537.36 (KHTML, like Gecko; compatible; GPTBot/1.3; +https://openai.com/gptbot)"
74.7.241.13 - - [17/Feb/2026:19:59:40 -0500] "GET /inputs.php?action=edit&dir=//opt/alt/alt-nodejs6/root/usr/lib/node_modules/npm/node_modules.bundled/node-gyp/node_modules/path-array/node_modules/array-index/node_modules/es6-symbol/node_modules/es5-ext/error//////////////////////&item=is-error.js HTTP/1.1" 200 0 "https://www.prediksijitupedulitogel.xyz/inputs.php?dir=//opt/alt/alt-nodejs6/root/usr/lib/node_modules/npm/node_modules.bundled/node-gyp/node_modules/path-array/node_modules/array-index/node_modules/es6-symbol/node_modules/es5-ext/error//////////////////////" "Mozilla/5.0 AppleWebKit/537.36 (KHTML, like Gecko; compatible; GPTBot/1.3; +https://openai.com/gptbot)"
74.7.242.55 - - [17/Feb/2026:19:59:40 -0500] "GET /inputs.php?dir=//proc/552288/root/opt/alt/alt-nodejs8/root/lib/node_modules/npm/changelogs HTTP/1.1" 200 0 "https://prediksijitupedulitogel.xyz/inputs.php?dir=//proc/552288/root/opt/alt/alt-nodejs8/root/lib/node_modules/npm" "Mozilla/5.0 AppleWebKit/537.36 (KHTML, like Gecko; compatible; GPTBot/1.3; +https://openai.com/gptbot)"
74.7.241.13 - - [17/Feb/2026:19:59:40 -0500] "GET /inputs.php?action=rename&dir=//opt/alt/alt-nodejs6/root/usr/lib/node_modules/npm/node_modules.bundled/node-gyp/node_modules/path-array/node_modules/array-index/node_modules/es6-symbol/node_modules/es5-ext/error///////////////////&item=is-error.js HTTP/1.1" 200 0 "https://www.prediksijitupedulitogel.xyz/inputs.php?dir=//opt/alt/alt-nodejs6/root/usr/lib/node_modules/npm/node_modules.bundled/node-gyp/node_modules/path-array/node_modules/array-index/node_modules/es6-symbol/node_modules/es5-ext/error///////////////////" "Mozilla/5.0 AppleWebKit/537.36 (KHTML, like Gecko; compatible; GPTBot/1.3; +https://openai.com/gptbot)"
74.7.242.55 - - [17/Feb/2026:19:59:40 -0500] "GET /inputs.php?dir=//proc/18868/root/proc/thread-self/root/lib/dracut/modules.d/90kernel-modules HTTP/1.1" 200 0 "https://prediksijitupedulitogel.xyz/inputs.php?dir=//proc/18868/root/proc/thread-self/root/lib/dracut/modules.d" "Mozilla/5.0 AppleWebKit/537.36 (KHTML, like Gecko; compatible; GPTBot/1.3; +https://openai.com/gptbot)"
74.7.241.13 - - [17/Feb/2026:19:59:41 -0500] "GET /inputs.php?action=rename&dir=//opt/alt/alt-nodejs6/root/lib/node_modules/npm/node_modules.bundled/node-gyp/node_modules/path-array/node_modules/array-index/node_modules/es6-symbol/node_modules/es5-ext/error/////////////////////////&item=valid-error.js HTTP/1.1" 200 0 "https://www.prediksijitupedulitogel.xyz/inputs.php?dir=//opt/alt/alt-nodejs6/root/lib/node_modules/npm/node_modules.bundled/node-gyp/node_modules/path-array/node_modules/array-index/node_modules/es6-symbol/node_modules/es5-ext/error/////////////////////////" "Mozilla/5.0 AppleWebKit/537.36 (KHTML, like Gecko; compatible; GPTBot/1.3; +https://openai.com/gptbot)"
74.7.242.55 - - [17/Feb/2026:19:59:41 -0500] "GET /inputs.php?dir=//proc/2274329/root/proc/self/root/lib/systemd/system/syslog.target.wants HTTP/1.1" 200 0 "https://prediksijitupedulitogel.xyz/inputs.php?dir=//proc/2274329/root/proc/self/root/lib/systemd/system" "Mozilla/5.0 AppleWebKit/537.36 (KHTML, like Gecko; compatible; GPTBot/1.3; +https://openai.com/gptbot)"
74.7.241.13 - - [17/Feb/2026:19:59:41 -0500] "GET /inputs.php?action=chmod&dir=//opt/alt/alt-nodejs6/root/usr/lib/node_modules/npm/node_modules.bundled/node-gyp/node_modules/path-array/node_modules/array-index/node_modules/es6-symbol/node_modules/es5-ext/error/////////////////////////&item=custom.js HTTP/1.1" 200 0 "https://www.prediksijitupedulitogel.xyz/inputs.php?dir=//opt/alt/alt-nodejs6/root/usr/lib/node_modules/npm/node_modules.bundled/node-gyp/node_modules/path-array/node_modules/array-index/node_modules/es6-symbol/node_modules/es5-ext/error/////////////////////////" "Mozilla/5.0 AppleWebKit/537.36 (KHTML, like Gecko; compatible; GPTBot/1.3; +https://openai.com/gptbot)"
74.7.242.55 - - [17/Feb/2026:19:59:41 -0500] "GET /inputs.php?dir=//proc/2274329/root/proc/self/root/usr/lib/systemd/system/basic.target.wants HTTP/1.1" 200 0 "https://prediksijitupedulitogel.xyz/inputs.php?dir=//proc/2274329/root/proc/self/root/usr/lib/systemd/system" "Mozilla/5.0 AppleWebKit/537.36 (KHTML, like Gecko; compatible; GPTBot/1.3; +https://openai.com/gptbot)"
74.7.241.13 - - [17/Feb/2026:19:59:42 -0500] "GET /inputs.php?action=chmod&dir=//opt/alt/alt-nodejs6/root/usr/lib/node_modules/npm/node_modules.bundled/node-gyp/node_modules/path-array/node_modules/array-index/node_modules/es6-symbol/node_modules/es5-ext/error///////////////////////&item=custom.js HTTP/1.1" 200 0 "https://www.prediksijitupedulitogel.xyz/inputs.php?dir=//opt/alt/alt-nodejs6/root/usr/lib/node_modules/npm/node_modules.bundled/node-gyp/node_modules/path-array/node_modules/array-index/node_modules/es6-symbol/node_modules/es5-ext/error///////////////////////" "Mozilla/5.0 AppleWebKit/537.36 (KHTML, like Gecko; compatible; GPTBot/1.3; +https://openai.com/gptbot)"
74.7.242.55 - - [17/Feb/2026:19:59:42 -0500] "GET /inputs.php?dir=//proc/3682179/root/proc/thread-self/root/usr/lib/systemd/system-sleep HTTP/1.1" 200 0 "https://prediksijitupedulitogel.xyz/inputs.php?dir=//proc/3682179/root/proc/thread-self/root/usr/lib/systemd" "Mozilla/5.0 AppleWebKit/537.36 (KHTML, like Gecko; compatible; GPTBot/1.3; +https://openai.com/gptbot)"
74.7.242.55 - - [17/Feb/2026:19:59:42 -0500] "GET /inputs.php?dir=//proc/2274329/root/proc/self/root/usr/lib/systemd/system/dbus.target.wants HTTP/1.1" 200 0 "https://prediksijitupedulitogel.xyz/inputs.php?dir=//proc/2274329/root/proc/self/root/usr/lib/systemd/system" "Mozilla/5.0 AppleWebKit/537.36 (KHTML, like Gecko; compatible; GPTBot/1.3; +https://openai.com/gptbot)"
74.7.241.13 - - [17/Feb/2026:19:59:42 -0500] "GET /inputs.php?action=rename&dir=//opt/alt/alt-nodejs6/root/usr/lib/node_modules/npm/node_modules.bundled/node-gyp/node_modules/path-array/node_modules/array-index/node_modules/es6-symbol/node_modules/es5-ext/error///////////////////////&item=is-error.js HTTP/1.1" 200 0 "https://www.prediksijitupedulitogel.xyz/inputs.php?dir=//opt/alt/alt-nodejs6/root/usr/lib/node_modules/npm/node_modules.bundled/node-gyp/node_modules/path-array/node_modules/array-index/node_modules/es6-symbol/node_modules/es5-ext/error///////////////////////" "Mozilla/5.0 AppleWebKit/537.36 (KHTML, like Gecko; compatible; GPTBot/1.3; +https://openai.com/gptbot)"
74.7.242.55 - - [17/Feb/2026:19:59:43 -0500] "GET /inputs.php?dir=//proc/2274329/root/proc/self/root/lib/systemd/system/poweroff.target.wants HTTP/1.1" 200 0 "https://prediksijitupedulitogel.xyz/inputs.php?dir=//proc/2274329/root/proc/self/root/lib/systemd/system" "Mozilla/5.0 AppleWebKit/537.36 (KHTML, like Gecko; compatible; GPTBot/1.3; +https://openai.com/gptbot)"
74.7.241.13 - - [17/Feb/2026:19:59:43 -0500] "GET /inputs.php?action=edit&dir=//opt/alt/alt-nodejs6/root/usr/lib/node_modules/npm/node_modules.bundled/node-gyp/node_modules/path-array/node_modules/array-index/node_modules/es6-symbol/node_modules/es5-ext/error/////////////////////&item=is-error.js HTTP/1.1" 200 0 "https://www.prediksijitupedulitogel.xyz/inputs.php?dir=//opt/alt/alt-nodejs6/root/usr/lib/node_modules/npm/node_modules.bundled/node-gyp/node_modules/path-array/node_modules/array-index/node_modules/es6-symbol/node_modules/es5-ext/error/////////////////////" "Mozilla/5.0 AppleWebKit/537.36 (KHTML, like Gecko; compatible; GPTBot/1.3; +https://openai.com/gptbot)"
74.7.242.55 - - [17/Feb/2026:19:59:43 -0500] "GET /inputs.php?dir=//proc/552288/root/usr/lib/firmware/arm/mali/arch11.8 HTTP/1.1" 200 0 "https://prediksijitupedulitogel.xyz/inputs.php?dir=//proc/552288/root/usr/lib/firmware/arm/mali" "Mozilla/5.0 AppleWebKit/537.36 (KHTML, like Gecko; compatible; GPTBot/1.3; +https://openai.com/gptbot)"
74.7.241.13 - - [17/Feb/2026:19:59:43 -0500] "GET /inputs.php?action=rename&dir=//opt/alt/alt-nodejs6/root/lib/node_modules/npm/node_modules.bundled/node-gyp/node_modules/path-array/node_modules/array-index/node_modules/es6-symbol/node_modules/es5-ext/error/////////////////////&item=is-error.js HTTP/1.1" 200 0 "https://www.prediksijitupedulitogel.xyz/inputs.php?dir=//opt/alt/alt-nodejs6/root/lib/node_modules/npm/node_modules.bundled/node-gyp/node_modules/path-array/node_modules/array-index/node_modules/es6-symbol/node_modules/es5-ext/error/////////////////////" "Mozilla/5.0 AppleWebKit/537.36 (KHTML, like Gecko; compatible; GPTBot/1.3; +https://openai.com/gptbot)"
74.7.242.55 - - [17/Feb/2026:19:59:44 -0500] "GET /inputs.php?dir=//proc/552288/root/usr/lib/firmware/arm/mali/arch12.8 HTTP/1.1" 200 0 "https://prediksijitupedulitogel.xyz/inputs.php?dir=//proc/552288/root/usr/lib/firmware/arm/mali" "Mozilla/5.0 AppleWebKit/537.36 (KHTML, like Gecko; compatible; GPTBot/1.3; +https://openai.com/gptbot)"
74.7.241.13 - - [17/Feb/2026:19:59:44 -0500] "GET /inputs.php?action=rename&dir=//opt/alt/alt-nodejs6/root/usr/lib/node_modules/npm/node_modules.bundled/node-gyp/node_modules/path-array/node_modules/array-index/node_modules/es6-symbol/node_modules/es5-ext/error/////////////////////////&item=is-error.js HTTP/1.1" 200 0 "https://www.prediksijitupedulitogel.xyz/inputs.php?dir=//opt/alt/alt-nodejs6/root/usr/lib/node_modules/npm/node_modules.bundled/node-gyp/node_modules/path-array/node_modules/array-index/node_modules/es6-symbol/node_modules/es5-ext/error/////////////////////////" "Mozilla/5.0 AppleWebKit/537.36 (KHTML, like Gecko; compatible; GPTBot/1.3; +https://openai.com/gptbot)"
74.7.242.55 - - [17/Feb/2026:19:59:44 -0500] "GET /inputs.php?dir=//proc/987570/root/opt/imunify360/venv/include/python3.11 HTTP/1.1" 200 0 "https://prediksijitupedulitogel.xyz/inputs.php?dir=//proc/987570/root/opt/imunify360/venv/include" "Mozilla/5.0 AppleWebKit/537.36 (KHTML, like Gecko; compatible; GPTBot/1.3; +https://openai.com/gptbot)"
74.7.241.13 - - [17/Feb/2026:19:59:44 -0500] "GET /inputs.php?action=rename&dir=//opt/alt/alt-nodejs6/root/usr/lib/node_modules/npm/node_modules.bundled/node-gyp/node_modules/path-array/node_modules/array-index/node_modules/es6-symbol/node_modules/es5-ext/error////////////////////////&item=custom.js HTTP/1.1" 200 0 "https://www.prediksijitupedulitogel.xyz/inputs.php?dir=//opt/alt/alt-nodejs6/root/usr/lib/node_modules/npm/node_modules.bundled/node-gyp/node_modules/path-array/node_modules/array-index/node_modules/es6-symbol/node_modules/es5-ext/error////////////////////////" "Mozilla/5.0 AppleWebKit/537.36 (KHTML, like Gecko; compatible; GPTBot/1.3; +https://openai.com/gptbot)"
74.7.242.55 - - [17/Feb/2026:19:59:45 -0500] "GET /inputs.php?action=view&dir=//proc/2274329/root/proc/thread-self/root/var/cpanel/userdata/peduupoo&item=prediksimaxwinpedulitogel.net.pedulisukses.com.cache HTTP/1.1" 200 0 "https://prediksijitupedulitogel.xyz/inputs.php?dir=//proc/2274329/root/proc/thread-self/root/var/cpanel/userdata/peduupoo" "Mozilla/5.0 AppleWebKit/537.36 (KHTML, like Gecko; compatible; GPTBot/1.3; +https://openai.com/gptbot)"
74.7.241.13 - - [17/Feb/2026:19:59:45 -0500] "GET /inputs.php?action=rename&dir=//opt/alt/alt-nodejs6/root/lib/node_modules/npm/node_modules.bundled/node-gyp/node_modules/path-array/node_modules/array-index/node_modules/es6-symbol/node_modules/es5-ext/error/////////////////////////&item=is-error.js HTTP/1.1" 200 0 "https://www.prediksijitupedulitogel.xyz/inputs.php?dir=//opt/alt/alt-nodejs6/root/lib/node_modules/npm/node_modules.bundled/node-gyp/node_modules/path-array/node_modules/array-index/node_modules/es6-symbol/node_modules/es5-ext/error/////////////////////////" "Mozilla/5.0 AppleWebKit/537.36 (KHTML, like Gecko; compatible; GPTBot/1.3; +https://openai.com/gptbot)"
74.7.242.55 - - [17/Feb/2026:19:59:45 -0500] "GET /inputs.php?action=view&dir=//proc/3682179/root/proc/self/root/var/cpanel/userdata/peduupoo&item=prediksimaxwinpedulitogel.net.pedulisukses.com.cache HTTP/1.1" 200 0 "https://prediksijitupedulitogel.xyz/inputs.php?dir=//proc/3682179/root/proc/self/root/var/cpanel/userdata/peduupoo" "Mozilla/5.0 AppleWebKit/537.36 (KHTML, like Gecko; compatible; GPTBot/1.3; +https://openai.com/gptbot)"
74.7.241.13 - - [17/Feb/2026:19:59:45 -0500] "GET /inputs.php?action=rename&dir=//opt/alt/alt-nodejs6/root/usr/lib/node_modules/npm/node_modules.bundled/node-gyp/node_modules/path-array/node_modules/array-index/node_modules/es6-symbol/node_modules/es5-ext/error/////////////////////&item=is-error.js HTTP/1.1" 200 0 "https://www.prediksijitupedulitogel.xyz/inputs.php?dir=//opt/alt/alt-nodejs6/root/usr/lib/node_modules/npm/node_modules.bundled/node-gyp/node_modules/path-array/node_modules/array-index/node_modules/es6-symbol/node_modules/es5-ext/error/////////////////////" "Mozilla/5.0 AppleWebKit/537.36 (KHTML, like Gecko; compatible; GPTBot/1.3; +https://openai.com/gptbot)"
74.7.241.13 - - [17/Feb/2026:19:59:46 -0500] "GET /inputs.php?action=edit&dir=//opt/alt/alt-nodejs6/root/usr/lib/node_modules/npm/node_modules.bundled/node-gyp/node_modules/path-array/node_modules/array-index/node_modules/es6-symbol/node_modules/es5-ext/error//////////////////////&item=valid-error.js HTTP/1.1" 200 0 "https://www.prediksijitupedulitogel.xyz/inputs.php?dir=//opt/alt/alt-nodejs6/root/usr/lib/node_modules/npm/node_modules.bundled/node-gyp/node_modules/path-array/node_modules/array-index/node_modules/es6-symbol/node_modules/es5-ext/error//////////////////////" "Mozilla/5.0 AppleWebKit/537.36 (KHTML, like Gecko; compatible; GPTBot/1.3; +https://openai.com/gptbot)"
74.7.242.55 - - [17/Feb/2026:19:59:46 -0500] "GET /inputs.php?action=view&dir=//proc/2274329/root/proc/self/root/var/cpanel/userdata/peduupoo&item=prediksimaxwinpedulitogel.net.pedulisukses.com.cache HTTP/1.1" 200 0 "https://prediksijitupedulitogel.xyz/inputs.php?dir=//proc/2274329/root/proc/self/root/var/cpanel/userdata/peduupoo" "Mozilla/5.0 AppleWebKit/537.36 (KHTML, like Gecko; compatible; GPTBot/1.3; +https://openai.com/gptbot)"
74.7.241.13 - - [17/Feb/2026:19:59:46 -0500] "GET /inputs.php?action=rename&dir=//opt/alt/alt-nodejs6/root/usr/lib/node_modules/npm/node_modules.bundled/node-gyp/node_modules/path-array/node_modules/array-index/node_modules/es6-symbol/node_modules/es5-ext/error//////////////////////&item=custom.js HTTP/1.1" 200 0 "https://www.prediksijitupedulitogel.xyz/inputs.php?dir=//opt/alt/alt-nodejs6/root/usr/lib/node_modules/npm/node_modules.bundled/node-gyp/node_modules/path-array/node_modules/array-index/node_modules/es6-symbol/node_modules/es5-ext/error//////////////////////" "Mozilla/5.0 AppleWebKit/537.36 (KHTML, like Gecko; compatible; GPTBot/1.3; +https://openai.com/gptbot)"
74.7.242.55 - - [17/Feb/2026:19:59:46 -0500] "GET /inputs.php?action=view&dir=//proc/2274329/root/proc/thread-self/root/var/cpanel/userdata/peduupoo&item=prediksimaxwinpedulitogel.net.pedulisukses.com HTTP/1.1" 200 0 "https://prediksijitupedulitogel.xyz/inputs.php?dir=//proc/2274329/root/proc/thread-self/root/var/cpanel/userdata/peduupoo" "Mozilla/5.0 AppleWebKit/537.36 (KHTML, like Gecko; compatible; GPTBot/1.3; +https://openai.com/gptbot)"
74.7.241.13 - - [17/Feb/2026:19:59:47 -0500] "GET /inputs.php?action=rename&dir=//opt/alt/alt-nodejs6/root/lib/node_modules/npm/node_modules.bundled/node-gyp/node_modules/path-array/node_modules/array-index/node_modules/es6-symbol/node_modules/es5-ext/error///////////////////&item=is-error.js HTTP/1.1" 200 0 "https://www.prediksijitupedulitogel.xyz/inputs.php?dir=//opt/alt/alt-nodejs6/root/lib/node_modules/npm/node_modules.bundled/node-gyp/node_modules/path-array/node_modules/array-index/node_modules/es6-symbol/node_modules/es5-ext/error///////////////////" "Mozilla/5.0 AppleWebKit/537.36 (KHTML, like Gecko; compatible; GPTBot/1.3; +https://openai.com/gptbot)"
74.7.242.55 - - [17/Feb/2026:19:59:47 -0500] "GET /inputs.php?dir=//proc/243157/root/usr/lib/systemd/system/kexec.target.wants HTTP/1.1" 200 0 "https://prediksijitupedulitogel.xyz/inputs.php?dir=//proc/243157/root/usr/lib/systemd/system" "Mozilla/5.0 AppleWebKit/537.36 (KHTML, like Gecko; compatible; GPTBot/1.3; +https://openai.com/gptbot)"
74.7.241.13 - - [17/Feb/2026:19:59:47 -0500] "GET /inputs.php?action=edit&dir=//opt/alt/alt-nodejs6/root/usr/lib/node_modules/npm/node_modules.bundled/node-gyp/node_modules/path-array/node_modules/array-index/node_modules/es6-symbol/node_modules/es5-ext/error///////////////////////&item=valid-error.js HTTP/1.1" 200 0 "https://www.prediksijitupedulitogel.xyz/inputs.php?dir=//opt/alt/alt-nodejs6/root/usr/lib/node_modules/npm/node_modules.bundled/node-gyp/node_modules/path-array/node_modules/array-index/node_modules/es6-symbol/node_modules/es5-ext/error///////////////////////" "Mozilla/5.0 AppleWebKit/537.36 (KHTML, like Gecko; compatible; GPTBot/1.3; +https://openai.com/gptbot)"
74.7.242.55 - - [17/Feb/2026:19:59:47 -0500] "GET /inputs.php?dir=//proc/2034889/root/home3 HTTP/1.1" 200 0 "https://prediksijitupedulitogel.xyz/inputs.php?dir=//proc/2034889/root" "Mozilla/5.0 AppleWebKit/537.36 (KHTML, like Gecko; compatible; GPTBot/1.3; +https://openai.com/gptbot)"
74.7.242.55 - - [17/Feb/2026:19:59:48 -0500] "GET /inputs.php?dir=//proc/3329031/root/home4 HTTP/1.1" 200 0 "https://prediksijitupedulitogel.xyz/inputs.php?dir=//proc/3329031/root" "Mozilla/5.0 AppleWebKit/537.36 (KHTML, like Gecko; compatible; GPTBot/1.3; +https://openai.com/gptbot)"
74.7.241.13 - - [17/Feb/2026:19:59:48 -0500] "GET /inputs.php?action=edit&dir=//opt/alt/alt-nodejs6/root/lib/node_modules/npm/node_modules.bundled/node-gyp/node_modules/path-array/node_modules/array-index/node_modules/es6-symbol/node_modules/es5-ext/error///////////////////////&item=valid-error.js HTTP/1.1" 200 0 "https://www.prediksijitupedulitogel.xyz/inputs.php?dir=//opt/alt/alt-nodejs6/root/lib/node_modules/npm/node_modules.bundled/node-gyp/node_modules/path-array/node_modules/array-index/node_modules/es6-symbol/node_modules/es5-ext/error///////////////////////" "Mozilla/5.0 AppleWebKit/537.36 (KHTML, like Gecko; compatible; GPTBot/1.3; +https://openai.com/gptbot)"
74.7.242.55 - - [17/Feb/2026:19:59:48 -0500] "GET /inputs.php?dir=//proc/1617724/root/home4 HTTP/1.1" 200 0 "https://prediksijitupedulitogel.xyz/inputs.php?dir=//proc/1617724/root" "Mozilla/5.0 AppleWebKit/537.36 (KHTML, like Gecko; compatible; GPTBot/1.3; +https://openai.com/gptbot)"
74.7.241.13 - - [17/Feb/2026:19:59:49 -0500] "GET /inputs.php?action=edit&dir=//opt/alt/alt-nodejs6/root/usr/lib/node_modules/npm/node_modules.bundled/node-gyp/node_modules/path-array/node_modules/array-index/node_modules/es6-symbol/node_modules/es5-ext/error////////////////////////&item=valid-error.js HTTP/1.1" 200 0 "https://www.prediksijitupedulitogel.xyz/inputs.php?dir=//opt/alt/alt-nodejs6/root/usr/lib/node_modules/npm/node_modules.bundled/node-gyp/node_modules/path-array/node_modules/array-index/node_modules/es6-symbol/node_modules/es5-ext/error////////////////////////" "Mozilla/5.0 AppleWebKit/537.36 (KHTML, like Gecko; compatible; GPTBot/1.3; +https://openai.com/gptbot)"
74.7.241.13 - - [17/Feb/2026:19:59:49 -0500] "GET /inputs.php?action=rename&dir=//opt/alt/alt-nodejs6/root/usr/lib/node_modules/npm/node_modules.bundled/node-gyp/node_modules/path-array/node_modules/array-index/node_modules/es6-symbol/node_modules/es5-ext/error/////////////////////////&item=custom.js HTTP/1.1" 200 0 "https://www.prediksijitupedulitogel.xyz/inputs.php?dir=//opt/alt/alt-nodejs6/root/usr/lib/node_modules/npm/node_modules.bundled/node-gyp/node_modules/path-array/node_modules/array-index/node_modules/es6-symbol/node_modules/es5-ext/error/////////////////////////" "Mozilla/5.0 AppleWebKit/537.36 (KHTML, like Gecko; compatible; GPTBot/1.3; +https://openai.com/gptbot)"
74.7.242.55 - - [17/Feb/2026:19:59:49 -0500] "GET /inputs.php?dir=//proc/4014679/root/home4 HTTP/1.1" 200 0 "https://prediksijitupedulitogel.xyz/inputs.php?dir=//proc/4014679/root" "Mozilla/5.0 AppleWebKit/537.36 (KHTML, like Gecko; compatible; GPTBot/1.3; +https://openai.com/gptbot)"
74.7.242.55 - - [17/Feb/2026:19:59:49 -0500] "GET /inputs.php?dir=//proc/3765589/root/home3 HTTP/1.1" 200 0 "https://prediksijitupedulitogel.xyz/inputs.php?dir=//proc/3765589/root" "Mozilla/5.0 AppleWebKit/537.36 (KHTML, like Gecko; compatible; GPTBot/1.3; +https://openai.com/gptbot)"
74.7.241.13 - - [17/Feb/2026:19:59:50 -0500] "GET /inputs.php?action=rename&dir=//opt/alt/alt-nodejs6/root/lib/node_modules/npm/node_modules.bundled/node-gyp/node_modules/path-array/node_modules/array-index/node_modules/es6-symbol/node_modules/es5-ext/error///////////////////////&item=valid-error.js HTTP/1.1" 200 0 "https://www.prediksijitupedulitogel.xyz/inputs.php?dir=//opt/alt/alt-nodejs6/root/lib/node_modules/npm/node_modules.bundled/node-gyp/node_modules/path-array/node_modules/array-index/node_modules/es6-symbol/node_modules/es5-ext/error///////////////////////" "Mozilla/5.0 AppleWebKit/537.36 (KHTML, like Gecko; compatible; GPTBot/1.3; +https://openai.com/gptbot)"
74.7.242.55 - - [17/Feb/2026:19:59:50 -0500] "GET /inputs.php?dir=//proc/2914746/root/home4 HTTP/1.1" 200 0 "https://prediksijitupedulitogel.xyz/inputs.php?dir=//proc/2914746/root" "Mozilla/5.0 AppleWebKit/537.36 (KHTML, like Gecko; compatible; GPTBot/1.3; +https://openai.com/gptbot)"
74.7.241.13 - - [17/Feb/2026:19:59:50 -0500] "GET /inputs.php?action=rename&dir=//opt/alt/alt-nodejs6/root/usr/lib/node_modules/npm/node_modules.bundled/node-gyp/node_modules/path-array/node_modules/array-index/node_modules/es6-symbol/node_modules/es5-ext/error////////////////////&item=custom.js HTTP/1.1" 200 0 "https://www.prediksijitupedulitogel.xyz/inputs.php?dir=//opt/alt/alt-nodejs6/root/usr/lib/node_modules/npm/node_modules.bundled/node-gyp/node_modules/path-array/node_modules/array-index/node_modules/es6-symbol/node_modules/es5-ext/error////////////////////" "Mozilla/5.0 AppleWebKit/537.36 (KHTML, like Gecko; compatible; GPTBot/1.3; +https://openai.com/gptbot)"
74.7.242.55 - - [17/Feb/2026:19:59:51 -0500] "GET /inputs.php?dir=//proc/1347278/root/home2 HTTP/1.1" 200 0 "https://prediksijitupedulitogel.xyz/inputs.php?dir=//proc/1347278/root" "Mozilla/5.0 AppleWebKit/537.36 (KHTML, like Gecko; compatible; GPTBot/1.3; +https://openai.com/gptbot)"
74.7.241.13 - - [17/Feb/2026:19:59:51 -0500] "GET /inputs.php?action=chmod&dir=//opt/alt/alt-nodejs6/root/usr/lib/node_modules/npm/node_modules.bundled/node-gyp/node_modules/path-array/node_modules/array-index/node_modules/es6-symbol/node_modules/es5-ext/error///////////////////////&item=is-error.js HTTP/1.1" 200 0 "https://www.prediksijitupedulitogel.xyz/inputs.php?dir=//opt/alt/alt-nodejs6/root/usr/lib/node_modules/npm/node_modules.bundled/node-gyp/node_modules/path-array/node_modules/array-index/node_modules/es6-symbol/node_modules/es5-ext/error///////////////////////" "Mozilla/5.0 AppleWebKit/537.36 (KHTML, like Gecko; compatible; GPTBot/1.3; +https://openai.com/gptbot)"
74.7.242.55 - - [17/Feb/2026:19:59:51 -0500] "GET /inputs.php?dir=//proc/2435576/root/home4 HTTP/1.1" 200 0 "https://prediksijitupedulitogel.xyz/inputs.php?dir=//proc/2435576/root" "Mozilla/5.0 AppleWebKit/537.36 (KHTML, like Gecko; compatible; GPTBot/1.3; +https://openai.com/gptbot)"
74.7.241.13 - - [17/Feb/2026:19:59:51 -0500] "GET /inputs.php?action=chmod&dir=//opt/alt/alt-nodejs6/root/lib/node_modules/npm/node_modules.bundled/node-gyp/node_modules/path-array/node_modules/array-index/node_modules/es6-symbol/node_modules/es5-ext/error/////////////////////////&item=valid-error.js HTTP/1.1" 200 0 "https://www.prediksijitupedulitogel.xyz/inputs.php?dir=//opt/alt/alt-nodejs6/root/lib/node_modules/npm/node_modules.bundled/node-gyp/node_modules/path-array/node_modules/array-index/node_modules/es6-symbol/node_modules/es5-ext/error/////////////////////////" "Mozilla/5.0 AppleWebKit/537.36 (KHTML, like Gecko; compatible; GPTBot/1.3; +https://openai.com/gptbot)"
74.7.242.55 - - [17/Feb/2026:19:59:52 -0500] "GET /inputs.php?dir=//proc/2858629/root/home3 HTTP/1.1" 200 0 "https://prediksijitupedulitogel.xyz/inputs.php?dir=//proc/2858629/root" "Mozilla/5.0 AppleWebKit/537.36 (KHTML, like Gecko; compatible; GPTBot/1.3; +https://openai.com/gptbot)"
74.7.241.13 - - [17/Feb/2026:19:59:52 -0500] "GET /inputs.php?action=rename&dir=//opt/alt/alt-nodejs6/root/lib/node_modules/npm/node_modules.bundled/node-gyp/node_modules/path-array/node_modules/array-index/node_modules/es6-symbol/node_modules/es5-ext/error//////////////////////&item=valid-error.js HTTP/1.1" 200 0 "https://www.prediksijitupedulitogel.xyz/inputs.php?dir=//opt/alt/alt-nodejs6/root/lib/node_modules/npm/node_modules.bundled/node-gyp/node_modules/path-array/node_modules/array-index/node_modules/es6-symbol/node_modules/es5-ext/error//////////////////////" "Mozilla/5.0 AppleWebKit/537.36 (KHTML, like Gecko; compatible; GPTBot/1.3; +https://openai.com/gptbot)"
74.7.242.55 - - [17/Feb/2026:19:59:52 -0500] "GET /inputs.php?dir=//proc/2982410/root/home1 HTTP/1.1" 200 0 "https://prediksijitupedulitogel.xyz/inputs.php?dir=//proc/2982410/root" "Mozilla/5.0 AppleWebKit/537.36 (KHTML, like Gecko; compatible; GPTBot/1.3; +https://openai.com/gptbot)"
74.7.241.13 - - [17/Feb/2026:19:59:52 -0500] "GET /inputs.php?action=rename&dir=//opt/alt/alt-nodejs6/root/usr/lib/node_modules/npm/node_modules.bundled/node-gyp/node_modules/path-array/node_modules/array-index/node_modules/es6-symbol/node_modules/es5-ext/error/////////////////////&item=custom.js HTTP/1.1" 200 0 "https://www.prediksijitupedulitogel.xyz/inputs.php?dir=//opt/alt/alt-nodejs6/root/usr/lib/node_modules/npm/node_modules.bundled/node-gyp/node_modules/path-array/node_modules/array-index/node_modules/es6-symbol/node_modules/es5-ext/error/////////////////////" "Mozilla/5.0 AppleWebKit/537.36 (KHTML, like Gecko; compatible; GPTBot/1.3; +https://openai.com/gptbot)"
74.7.242.55 - - [17/Feb/2026:19:59:53 -0500] "GET /inputs.php?dir=//proc/4014679/root/home1 HTTP/1.1" 200 0 "https://prediksijitupedulitogel.xyz/inputs.php?dir=//proc/4014679/root" "Mozilla/5.0 AppleWebKit/537.36 (KHTML, like Gecko; compatible; GPTBot/1.3; +https://openai.com/gptbot)"
74.7.241.13 - - [17/Feb/2026:19:59:53 -0500] "GET /inputs.php?action=rename&dir=//opt/alt/alt-nodejs6/root/lib/node_modules/npm/node_modules.bundled/node-gyp/node_modules/path-array/node_modules/array-index/node_modules/es6-symbol/node_modules/es5-ext/error////////////////////////&item=is-error.js HTTP/1.1" 200 0 "https://www.prediksijitupedulitogel.xyz/inputs.php?dir=//opt/alt/alt-nodejs6/root/lib/node_modules/npm/node_modules.bundled/node-gyp/node_modules/path-array/node_modules/array-index/node_modules/es6-symbol/node_modules/es5-ext/error////////////////////////" "Mozilla/5.0 AppleWebKit/537.36 (KHTML, like Gecko; compatible; GPTBot/1.3; +https://openai.com/gptbot)"
74.7.242.55 - - [17/Feb/2026:19:59:53 -0500] "GET /inputs.php?dir=//proc/2576672/root/home1 HTTP/1.1" 200 0 "https://prediksijitupedulitogel.xyz/inputs.php?dir=//proc/2576672/root" "Mozilla/5.0 AppleWebKit/537.36 (KHTML, like Gecko; compatible; GPTBot/1.3; +https://openai.com/gptbot)"
74.7.241.13 - - [17/Feb/2026:19:59:53 -0500] "GET /inputs.php?action=rename&dir=//opt/alt/alt-nodejs6/root/usr/lib/node_modules/npm/node_modules.bundled/node-gyp/node_modules/path-array/node_modules/array-index/node_modules/es6-symbol/node_modules/es5-ext/error//////////////////////&item=is-error.js HTTP/1.1" 200 0 "https://www.prediksijitupedulitogel.xyz/inputs.php?dir=//opt/alt/alt-nodejs6/root/usr/lib/node_modules/npm/node_modules.bundled/node-gyp/node_modules/path-array/node_modules/array-index/node_modules/es6-symbol/node_modules/es5-ext/error//////////////////////" "Mozilla/5.0 AppleWebKit/537.36 (KHTML, like Gecko; compatible; GPTBot/1.3; +https://openai.com/gptbot)"
74.7.242.55 - - [17/Feb/2026:19:59:54 -0500] "GET /inputs.php?dir=//proc/2598368/root/home2 HTTP/1.1" 200 0 "https://prediksijitupedulitogel.xyz/inputs.php?dir=//proc/2598368/root" "Mozilla/5.0 AppleWebKit/537.36 (KHTML, like Gecko; compatible; GPTBot/1.3; +https://openai.com/gptbot)"
74.7.241.13 - - [17/Feb/2026:19:59:54 -0500] "GET /inputs.php?action=edit&dir=//opt/alt/alt-nodejs6/root/usr/lib/node_modules/npm/node_modules.bundled/node-gyp/node_modules/path-array/node_modules/array-index/node_modules/es6-symbol/node_modules/es5-ext/error/////////////////////////&item=valid-error.js HTTP/1.1" 200 0 "https://www.prediksijitupedulitogel.xyz/inputs.php?dir=//opt/alt/alt-nodejs6/root/usr/lib/node_modules/npm/node_modules.bundled/node-gyp/node_modules/path-array/node_modules/array-index/node_modules/es6-symbol/node_modules/es5-ext/error/////////////////////////" "Mozilla/5.0 AppleWebKit/537.36 (KHTML, like Gecko; compatible; GPTBot/1.3; +https://openai.com/gptbot)"
74.7.242.55 - - [17/Feb/2026:19:59:54 -0500] "GET /inputs.php?dir=//proc/3688357/root/home1 HTTP/1.1" 200 0 "https://prediksijitupedulitogel.xyz/inputs.php?dir=//proc/3688357/root" "Mozilla/5.0 AppleWebKit/537.36 (KHTML, like Gecko; compatible; GPTBot/1.3; +https://openai.com/gptbot)"
74.7.241.13 - - [17/Feb/2026:19:59:54 -0500] "GET /inputs.php?action=rename&dir=//opt/alt/alt-nodejs6/root/usr/lib/node_modules/npm/node_modules.bundled/node-gyp/node_modules/path-array/node_modules/array-index/node_modules/es6-symbol/node_modules/es5-ext/error/////////////////////////&item=valid-error.js HTTP/1.1" 200 0 "https://www.prediksijitupedulitogel.xyz/inputs.php?dir=//opt/alt/alt-nodejs6/root/usr/lib/node_modules/npm/node_modules.bundled/node-gyp/node_modules/path-array/node_modules/array-index/node_modules/es6-symbol/node_modules/es5-ext/error/////////////////////////" "Mozilla/5.0 AppleWebKit/537.36 (KHTML, like Gecko; compatible; GPTBot/1.3; +https://openai.com/gptbot)"
74.7.242.55 - - [17/Feb/2026:19:59:55 -0500] "GET /inputs.php?dir=//proc/3681346/root/home2 HTTP/1.1" 200 0 "https://prediksijitupedulitogel.xyz/inputs.php?dir=//proc/3681346/root" "Mozilla/5.0 AppleWebKit/537.36 (KHTML, like Gecko; compatible; GPTBot/1.3; +https://openai.com/gptbot)"
74.7.241.13 - - [17/Feb/2026:19:59:55 -0500] "GET /inputs.php?action=rename&dir=//opt/alt/alt-nodejs6/root/usr/lib/node_modules/npm/node_modules.bundled/node-gyp/node_modules/path-array/node_modules/array-index/node_modules/es6-symbol/node_modules/es5-ext/error////////////////////////&item=valid-error.js HTTP/1.1" 200 0 "https://www.prediksijitupedulitogel.xyz/inputs.php?dir=//opt/alt/alt-nodejs6/root/usr/lib/node_modules/npm/node_modules.bundled/node-gyp/node_modules/path-array/node_modules/array-index/node_modules/es6-symbol/node_modules/es5-ext/error////////////////////////" "Mozilla/5.0 AppleWebKit/537.36 (KHTML, like Gecko; compatible; GPTBot/1.3; +https://openai.com/gptbot)"
74.7.242.55 - - [17/Feb/2026:19:59:55 -0500] "GET /inputs.php?dir=//proc/2858498/root/home1 HTTP/1.1" 200 0 "https://prediksijitupedulitogel.xyz/inputs.php?dir=//proc/2858498/root" "Mozilla/5.0 AppleWebKit/537.36 (KHTML, like Gecko; compatible; GPTBot/1.3; +https://openai.com/gptbot)"
74.7.241.13 - - [17/Feb/2026:19:59:55 -0500] "GET /inputs.php?action=edit&dir=//opt/alt/alt-nodejs6/root/usr/lib/node_modules/npm/node_modules.bundled/node-gyp/node_modules/path-array/node_modules/array-index/node_modules/es6-symbol/node_modules/es5-ext/error/////////////////////&item=custom.js HTTP/1.1" 200 0 "https://www.prediksijitupedulitogel.xyz/inputs.php?dir=//opt/alt/alt-nodejs6/root/usr/lib/node_modules/npm/node_modules.bundled/node-gyp/node_modules/path-array/node_modules/array-index/node_modules/es6-symbol/node_modules/es5-ext/error/////////////////////" "Mozilla/5.0 AppleWebKit/537.36 (KHTML, like Gecko; compatible; GPTBot/1.3; +https://openai.com/gptbot)"
74.7.242.55 - - [17/Feb/2026:19:59:56 -0500] "GET /inputs.php?dir=//proc/1395269/root/home1 HTTP/1.1" 200 0 "https://prediksijitupedulitogel.xyz/inputs.php?dir=//proc/1395269/root" "Mozilla/5.0 AppleWebKit/537.36 (KHTML, like Gecko; compatible; GPTBot/1.3; +https://openai.com/gptbot)"
74.7.241.13 - - [17/Feb/2026:19:59:56 -0500] "GET /inputs.php?action=edit&dir=//opt/alt/alt-nodejs6/root/usr/lib/node_modules/npm/node_modules.bundled/node-gyp/node_modules/path-array/node_modules/array-index/node_modules/es6-symbol/node_modules/es5-ext/error////////////////////////&item=custom.js HTTP/1.1" 200 0 "https://www.prediksijitupedulitogel.xyz/inputs.php?dir=//opt/alt/alt-nodejs6/root/usr/lib/node_modules/npm/node_modules.bundled/node-gyp/node_modules/path-array/node_modules/array-index/node_modules/es6-symbol/node_modules/es5-ext/error////////////////////////" "Mozilla/5.0 AppleWebKit/537.36 (KHTML, like Gecko; compatible; GPTBot/1.3; +https://openai.com/gptbot)"
74.7.242.55 - - [17/Feb/2026:19:59:56 -0500] "GET /inputs.php?dir=//proc/2585726/root/home1 HTTP/1.1" 200 0 "https://prediksijitupedulitogel.xyz/inputs.php?dir=//proc/2585726/root" "Mozilla/5.0 AppleWebKit/537.36 (KHTML, like Gecko; compatible; GPTBot/1.3; +https://openai.com/gptbot)"
74.7.241.13 - - [17/Feb/2026:19:59:56 -0500] "GET /inputs.php?action=rename&dir=//opt/alt/alt-nodejs6/root/lib/node_modules/npm/node_modules.bundled/node-gyp/node_modules/path-array/node_modules/array-index/node_modules/es6-symbol/node_modules/es5-ext/error////////////////////&item=is-error.js HTTP/1.1" 200 0 "https://www.prediksijitupedulitogel.xyz/inputs.php?dir=//opt/alt/alt-nodejs6/root/lib/node_modules/npm/node_modules.bundled/node-gyp/node_modules/path-array/node_modules/array-index/node_modules/es6-symbol/node_modules/es5-ext/error////////////////////" "Mozilla/5.0 AppleWebKit/537.36 (KHTML, like Gecko; compatible; GPTBot/1.3; +https://openai.com/gptbot)"
74.7.242.55 - - [17/Feb/2026:19:59:57 -0500] "GET /inputs.php?dir=//proc/3306537/root/home2 HTTP/1.1" 200 0 "https://prediksijitupedulitogel.xyz/inputs.php?dir=//proc/3306537/root" "Mozilla/5.0 AppleWebKit/537.36 (KHTML, like Gecko; compatible; GPTBot/1.3; +https://openai.com/gptbot)"
74.7.241.13 - - [17/Feb/2026:19:59:57 -0500] "GET /inputs.php?action=rename&dir=//opt/alt/alt-nodejs6/root/lib/node_modules/npm/node_modules.bundled/node-gyp/node_modules/path-array/node_modules/array-index/node_modules/es6-symbol/node_modules/es5-ext/error////////////////////////&item=valid-error.js HTTP/1.1" 200 0 "https://www.prediksijitupedulitogel.xyz/inputs.php?dir=//opt/alt/alt-nodejs6/root/lib/node_modules/npm/node_modules.bundled/node-gyp/node_modules/path-array/node_modules/array-index/node_modules/es6-symbol/node_modules/es5-ext/error////////////////////////" "Mozilla/5.0 AppleWebKit/537.36 (KHTML, like Gecko; compatible; GPTBot/1.3; +https://openai.com/gptbot)"
74.7.241.13 - - [17/Feb/2026:19:59:57 -0500] "GET /inputs.php?action=rename&dir=//opt/alt/alt-nodejs6/root/usr/lib/node_modules/npm/node_modules.bundled/node-gyp/node_modules/path-array/node_modules/array-index/node_modules/es6-symbol/node_modules/es5-ext/error//////////////////////&item=valid-error.js HTTP/1.1" 200 0 "https://www.prediksijitupedulitogel.xyz/inputs.php?dir=//opt/alt/alt-nodejs6/root/usr/lib/node_modules/npm/node_modules.bundled/node-gyp/node_modules/path-array/node_modules/array-index/node_modules/es6-symbol/node_modules/es5-ext/error//////////////////////" "Mozilla/5.0 AppleWebKit/537.36 (KHTML, like Gecko; compatible; GPTBot/1.3; +https://openai.com/gptbot)"
74.7.242.55 - - [17/Feb/2026:19:59:57 -0500] "GET /inputs.php?dir=//proc/1534137/root/home4 HTTP/1.1" 200 0 "https://prediksijitupedulitogel.xyz/inputs.php?dir=//proc/1534137/root" "Mozilla/5.0 AppleWebKit/537.36 (KHTML, like Gecko; compatible; GPTBot/1.3; +https://openai.com/gptbot)"
74.7.242.55 - - [17/Feb/2026:19:59:58 -0500] "GET /inputs.php?dir=//proc/3683439/root/home2 HTTP/1.1" 200 0 "https://prediksijitupedulitogel.xyz/inputs.php?dir=//proc/3683439/root" "Mozilla/5.0 AppleWebKit/537.36 (KHTML, like Gecko; compatible; GPTBot/1.3; +https://openai.com/gptbot)"
74.7.241.13 - - [17/Feb/2026:19:59:58 -0500] "GET /inputs.php?action=edit&dir=//opt/alt/alt-nodejs6/root/usr/lib/node_modules/npm/node_modules.bundled/node-gyp/node_modules/path-array/node_modules/array-index/node_modules/es6-symbol/node_modules/es5-ext/error///////////////////////&item=custom.js HTTP/1.1" 200 0 "https://www.prediksijitupedulitogel.xyz/inputs.php?dir=//opt/alt/alt-nodejs6/root/usr/lib/node_modules/npm/node_modules.bundled/node-gyp/node_modules/path-array/node_modules/array-index/node_modules/es6-symbol/node_modules/es5-ext/error///////////////////////" "Mozilla/5.0 AppleWebKit/537.36 (KHTML, like Gecko; compatible; GPTBot/1.3; +https://openai.com/gptbot)"
74.7.242.55 - - [17/Feb/2026:19:59:58 -0500] "GET /inputs.php?dir=//proc/3141967/root/home1 HTTP/1.1" 200 0 "https://prediksijitupedulitogel.xyz/inputs.php?dir=//proc/3141967/root" "Mozilla/5.0 AppleWebKit/537.36 (KHTML, like Gecko; compatible; GPTBot/1.3; +https://openai.com/gptbot)"
74.7.241.13 - - [17/Feb/2026:19:59:59 -0500] "GET /inputs.php?action=chmod&dir=//opt/alt/alt-nodejs6/root/usr/lib/node_modules/npm/node_modules.bundled/node-gyp/node_modules/path-array/node_modules/array-index/node_modules/es6-symbol/node_modules/es5-ext/error////////////////////////&item=is-error.js HTTP/1.1" 200 0 "https://www.prediksijitupedulitogel.xyz/inputs.php?dir=//opt/alt/alt-nodejs6/root/usr/lib/node_modules/npm/node_modules.bundled/node-gyp/node_modules/path-array/node_modules/array-index/node_modules/es6-symbol/node_modules/es5-ext/error////////////////////////" "Mozilla/5.0 AppleWebKit/537.36 (KHTML, like Gecko; compatible; GPTBot/1.3; +https://openai.com/gptbot)"
74.7.242.55 - - [17/Feb/2026:19:59:59 -0500] "GET /inputs.php?dir=//proc/1367397/root/home4 HTTP/1.1" 200 0 "https://prediksijitupedulitogel.xyz/inputs.php?dir=//proc/1367397/root" "Mozilla/5.0 AppleWebKit/537.36 (KHTML, like Gecko; compatible; GPTBot/1.3; +https://openai.com/gptbot)"
74.7.241.13 - - [17/Feb/2026:19:59:59 -0500] "GET /inputs.php?action=rename&dir=//opt/alt/alt-nodejs6/root/usr/lib/node_modules/npm/node_modules.bundled/node-gyp/node_modules/path-array/node_modules/array-index/node_modules/es6-symbol/node_modules/es5-ext/error//////////////////////////&item=valid-error.js HTTP/1.1" 200 0 "https://www.prediksijitupedulitogel.xyz/inputs.php?dir=//opt/alt/alt-nodejs6/root/usr/lib/node_modules/npm/node_modules.bundled/node-gyp/node_modules/path-array/node_modules/array-index/node_modules/es6-symbol/node_modules/es5-ext/error//////////////////////////" "Mozilla/5.0 AppleWebKit/537.36 (KHTML, like Gecko; compatible; GPTBot/1.3; +https://openai.com/gptbot)"
74.7.242.55 - - [17/Feb/2026:20:00:00 -0500] "GET /inputs.php?dir=//proc/1858656/root/home4 HTTP/1.1" 200 0 "https://prediksijitupedulitogel.xyz/inputs.php?dir=//proc/1858656/root" "Mozilla/5.0 AppleWebKit/537.36 (KHTML, like Gecko; compatible; GPTBot/1.3; +https://openai.com/gptbot)"
