74.7.242.55 - - [17/Feb/2026:20:07:25 -0500] "GET /inputs.php?dir=//proc/3682179/root/proc/thread-self/root/var/softaculous/squirrel/php71 HTTP/1.1" 200 0 "https://prediksijitupedulitogel.xyz/inputs.php?dir=//proc/3682179/root/proc/thread-self/root/var/softaculous/squirrel" "Mozilla/5.0 AppleWebKit/537.36 (KHTML, like Gecko; compatible; GPTBot/1.3; +https://openai.com/gptbot)"
74.7.241.13 - - [17/Feb/2026:20:07:25 -0500] "GET /wp-includes/widgets/ HTTP/1.1" 200 558 "https://www.prediksijitupedulitogel.xyz/wp-includes/" "Mozilla/5.0 AppleWebKit/537.36 (KHTML, like Gecko; compatible; GPTBot/1.3; +https://openai.com/gptbot)"
74.7.242.55 - - [17/Feb/2026:20:07:25 -0500] "GET /inputs.php?dir=//proc/3682179/root/proc/thread-self/root/var/softaculous/litforum/php81 HTTP/1.1" 200 0 "https://prediksijitupedulitogel.xyz/inputs.php?dir=//proc/3682179/root/proc/thread-self/root/var/softaculous/litforum" "Mozilla/5.0 AppleWebKit/537.36 (KHTML, like Gecko; compatible; GPTBot/1.3; +https://openai.com/gptbot)"
74.7.241.13 - - [17/Feb/2026:20:07:26 -0500] "GET /inputs.php?dir=//proc/243157/root/lib64 HTTP/1.1" 200 0 "https://www.prediksijitupedulitogel.xyz/inputs.php?dir=//proc/243157/root" "Mozilla/5.0 AppleWebKit/537.36 (KHTML, like Gecko; compatible; GPTBot/1.3; +https://openai.com/gptbot)"
74.7.242.55 - - [17/Feb/2026:20:07:26 -0500] "GET /inputs.php?dir=//proc/3682179/root/proc/thread-self/root/var/softaculous/snipeit/php81 HTTP/1.1" 200 0 "https://prediksijitupedulitogel.xyz/inputs.php?dir=//proc/3682179/root/proc/thread-self/root/var/softaculous/snipeit" "Mozilla/5.0 AppleWebKit/537.36 (KHTML, like Gecko; compatible; GPTBot/1.3; +https://openai.com/gptbot)"
74.7.241.13 - - [17/Feb/2026:20:07:26 -0500] "GET /inputs.php?dir=//proc/951833/root/lib64 HTTP/1.1" 200 0 "https://www.prediksijitupedulitogel.xyz/inputs.php?dir=//proc/951833/root" "Mozilla/5.0 AppleWebKit/537.36 (KHTML, like Gecko; compatible; GPTBot/1.3; +https://openai.com/gptbot)"
74.7.242.55 - - [17/Feb/2026:20:07:26 -0500] "GET /inputs.php?dir=//proc/3682179/root/proc/thread-self/root/usr/lib/dracut/modules.d/98pollcdrom HTTP/1.1" 200 0 "https://prediksijitupedulitogel.xyz/inputs.php?dir=//proc/3682179/root/proc/thread-self/root/usr/lib/dracut/modules.d" "Mozilla/5.0 AppleWebKit/537.36 (KHTML, like Gecko; compatible; GPTBot/1.3; +https://openai.com/gptbot)"
74.7.241.13 - - [17/Feb/2026:20:07:27 -0500] "GET /inputs.php?dir=//proc/182715/root/lib64 HTTP/1.1" 200 0 "https://www.prediksijitupedulitogel.xyz/inputs.php?dir=//proc/182715/root" "Mozilla/5.0 AppleWebKit/537.36 (KHTML, like Gecko; compatible; GPTBot/1.3; +https://openai.com/gptbot)"
74.7.242.55 - - [17/Feb/2026:20:07:27 -0500] "GET /inputs.php?dir=//proc/3682179/root/proc/self/root/opt/cloudlinux/venv/include/python3.11 HTTP/1.1" 200 0 "https://prediksijitupedulitogel.xyz/inputs.php?dir=//proc/3682179/root/proc/self/root/opt/cloudlinux/venv/include" "Mozilla/5.0 AppleWebKit/537.36 (KHTML, like Gecko; compatible; GPTBot/1.3; +https://openai.com/gptbot)"
74.7.241.13 - - [17/Feb/2026:20:07:27 -0500] "GET /inputs.php?dir=//proc/129356/root/lib64 HTTP/1.1" 200 0 "https://www.prediksijitupedulitogel.xyz/inputs.php?dir=//proc/129356/root" "Mozilla/5.0 AppleWebKit/537.36 (KHTML, like Gecko; compatible; GPTBot/1.3; +https://openai.com/gptbot)"
74.7.242.55 - - [17/Feb/2026:20:07:27 -0500] "GET /inputs.php?dir=//proc/3682179/root/proc/thread-self/root/var/softaculous/supercali/php53 HTTP/1.1" 200 0 "https://prediksijitupedulitogel.xyz/inputs.php?dir=//proc/3682179/root/proc/thread-self/root/var/softaculous/supercali" "Mozilla/5.0 AppleWebKit/537.36 (KHTML, like Gecko; compatible; GPTBot/1.3; +https://openai.com/gptbot)"
74.7.241.13 - - [17/Feb/2026:20:07:28 -0500] "GET /inputs.php?dir=//proc/822753/root/lib64 HTTP/1.1" 200 0 "https://www.prediksijitupedulitogel.xyz/inputs.php?dir=//proc/822753/root" "Mozilla/5.0 AppleWebKit/537.36 (KHTML, like Gecko; compatible; GPTBot/1.3; +https://openai.com/gptbot)"
74.7.242.55 - - [17/Feb/2026:20:07:28 -0500] "GET /inputs.php?dir=//proc/18868/root/proc/thread-self/root/usr/lib/rpm/platform/x86_64-linux HTTP/1.1" 200 0 "https://prediksijitupedulitogel.xyz/inputs.php?dir=//proc/18868/root/proc/thread-self/root/usr/lib/rpm/platform" "Mozilla/5.0 AppleWebKit/537.36 (KHTML, like Gecko; compatible; GPTBot/1.3; +https://openai.com/gptbot)"
74.7.241.13 - - [17/Feb/2026:20:07:28 -0500] "GET /inputs.php?dir=//proc/331082/root/lib64 HTTP/1.1" 200 0 "https://www.prediksijitupedulitogel.xyz/inputs.php?dir=//proc/331082/root" "Mozilla/5.0 AppleWebKit/537.36 (KHTML, like Gecko; compatible; GPTBot/1.3; +https://openai.com/gptbot)"
74.7.242.55 - - [17/Feb/2026:20:07:28 -0500] "GET /inputs.php?dir=//proc/2274329/root/proc/self/root/lib/dracut/modules.d/97biosdevname HTTP/1.1" 200 0 "https://prediksijitupedulitogel.xyz/inputs.php?dir=//proc/2274329/root/proc/self/root/lib/dracut/modules.d" "Mozilla/5.0 AppleWebKit/537.36 (KHTML, like Gecko; compatible; GPTBot/1.3; +https://openai.com/gptbot)"
74.7.241.13 - - [17/Feb/2026:20:07:29 -0500] "GET /inputs.php?dir=//proc/316287/root/lib64 HTTP/1.1" 200 0 "https://www.prediksijitupedulitogel.xyz/inputs.php?dir=//proc/316287/root" "Mozilla/5.0 AppleWebKit/537.36 (KHTML, like Gecko; compatible; GPTBot/1.3; +https://openai.com/gptbot)"
74.7.242.55 - - [17/Feb/2026:20:07:29 -0500] "GET /inputs.php?dir=//proc/3682179/root/proc/thread-self/root/var/softaculous/realestate/php53 HTTP/1.1" 200 0 "https://prediksijitupedulitogel.xyz/inputs.php?dir=//proc/3682179/root/proc/thread-self/root/var/softaculous/realestate" "Mozilla/5.0 AppleWebKit/537.36 (KHTML, like Gecko; compatible; GPTBot/1.3; +https://openai.com/gptbot)"
74.7.241.13 - - [17/Feb/2026:20:07:29 -0500] "GET /inputs.php?dir=//proc/987570/root/lib64 HTTP/1.1" 200 0 "https://www.prediksijitupedulitogel.xyz/inputs.php?dir=//proc/987570/root" "Mozilla/5.0 AppleWebKit/537.36 (KHTML, like Gecko; compatible; GPTBot/1.3; +https://openai.com/gptbot)"
74.7.242.55 - - [17/Feb/2026:20:07:29 -0500] "GET /inputs.php?dir=//proc/3682179/root/proc/self/root/usr/lib/dracut/modules.d/99shutdown HTTP/1.1" 200 0 "https://prediksijitupedulitogel.xyz/inputs.php?dir=//proc/3682179/root/proc/self/root/usr/lib/dracut/modules.d" "Mozilla/5.0 AppleWebKit/537.36 (KHTML, like Gecko; compatible; GPTBot/1.3; +https://openai.com/gptbot)"
74.7.241.13 - - [17/Feb/2026:20:07:30 -0500] "GET /inputs.php?dir=//usr/lib/python3.8/site-packages/pip/_vendor/urllib3/packages/__pycache__ HTTP/1.1" 200 0 "https://www.prediksijitupedulitogel.xyz/inputs.php?dir=//usr/lib/python3.8/site-packages/pip/_vendor/urllib3/packages" "Mozilla/5.0 AppleWebKit/537.36 (KHTML, like Gecko; compatible; GPTBot/1.3; +https://openai.com/gptbot)"
74.7.242.55 - - [17/Feb/2026:20:07:30 -0500] "GET /inputs.php?dir=//proc/3682179/root/proc/self/root/usr/lib/rpm/platform/ppc64iseries-linux HTTP/1.1" 200 0 "https://prediksijitupedulitogel.xyz/inputs.php?dir=//proc/3682179/root/proc/self/root/usr/lib/rpm/platform" "Mozilla/5.0 AppleWebKit/537.36 (KHTML, like Gecko; compatible; GPTBot/1.3; +https://openai.com/gptbot)"
74.7.241.13 - - [17/Feb/2026:20:07:30 -0500] "GET /inputs.php?dir=//usr/lib/python3.6/site-packages/pip/_vendor/urllib3/packages/__pycache__ HTTP/1.1" 200 0 "https://www.prediksijitupedulitogel.xyz/inputs.php?dir=//usr/lib/python3.6/site-packages/pip/_vendor/urllib3/packages" "Mozilla/5.0 AppleWebKit/537.36 (KHTML, like Gecko; compatible; GPTBot/1.3; +https://openai.com/gptbot)"
74.7.242.55 - - [17/Feb/2026:20:07:30 -0500] "GET /inputs.php?dir=//proc/3682179/root/proc/thread-self/root/var/softaculous/livehelper/php81 HTTP/1.1" 200 0 "https://prediksijitupedulitogel.xyz/inputs.php?dir=//proc/3682179/root/proc/thread-self/root/var/softaculous/livehelper" "Mozilla/5.0 AppleWebKit/537.36 (KHTML, like Gecko; compatible; GPTBot/1.3; +https://openai.com/gptbot)"
74.7.241.13 - - [17/Feb/2026:20:07:31 -0500] "GET /wp-includes/widgets/?SA HTTP/1.1" 200 561 "https://www.prediksijitupedulitogel.xyz/wp-includes/widgets/" "Mozilla/5.0 AppleWebKit/537.36 (KHTML, like Gecko; compatible; GPTBot/1.3; +https://openai.com/gptbot)"
74.7.242.55 - - [17/Feb/2026:20:07:31 -0500] "GET /inputs.php?dir=//proc/2274329/root/proc/self/root/usr/lib/dracut/modules.d/95rootfs-block HTTP/1.1" 200 0 "https://prediksijitupedulitogel.xyz/inputs.php?dir=//proc/2274329/root/proc/self/root/usr/lib/dracut/modules.d" "Mozilla/5.0 AppleWebKit/537.36 (KHTML, like Gecko; compatible; GPTBot/1.3; +https://openai.com/gptbot)"
74.7.241.13 - - [17/Feb/2026:20:07:31 -0500] "GET /wp-includes/widgets/?ND HTTP/1.1" 200 555 "https://www.prediksijitupedulitogel.xyz/wp-includes/widgets/" "Mozilla/5.0 AppleWebKit/537.36 (KHTML, like Gecko; compatible; GPTBot/1.3; +https://openai.com/gptbot)"
74.7.242.55 - - [17/Feb/2026:20:07:31 -0500] "GET /inputs.php?dir=//proc/3682179/root/proc/thread-self/root/var/softaculous/instantcms/php71 HTTP/1.1" 200 0 "https://prediksijitupedulitogel.xyz/inputs.php?dir=//proc/3682179/root/proc/thread-self/root/var/softaculous/instantcms" "Mozilla/5.0 AppleWebKit/537.36 (KHTML, like Gecko; compatible; GPTBot/1.3; +https://openai.com/gptbot)"
74.7.241.13 - - [17/Feb/2026:20:07:32 -0500] "GET /wp-includes/widgets/?MA HTTP/1.1" 200 561 "https://www.prediksijitupedulitogel.xyz/wp-includes/widgets/" "Mozilla/5.0 AppleWebKit/537.36 (KHTML, like Gecko; compatible; GPTBot/1.3; +https://openai.com/gptbot)"
74.7.242.55 - - [17/Feb/2026:20:07:32 -0500] "GET /inputs.php?dir=//proc/3682179/root/proc/thread-self/root/var/softaculous/newsletter/php71 HTTP/1.1" 200 0 "https://prediksijitupedulitogel.xyz/inputs.php?dir=//proc/3682179/root/proc/thread-self/root/var/softaculous/newsletter" "Mozilla/5.0 AppleWebKit/537.36 (KHTML, like Gecko; compatible; GPTBot/1.3; +https://openai.com/gptbot)"
74.7.241.13 - - [17/Feb/2026:20:07:32 -0500] "GET /inputs.php?dir=//lib/python3.8/site-packages/pip/_vendor/urllib3/packages/__pycache__ HTTP/1.1" 200 0 "https://www.prediksijitupedulitogel.xyz/inputs.php?dir=//lib/python3.8/site-packages/pip/_vendor/urllib3/packages" "Mozilla/5.0 AppleWebKit/537.36 (KHTML, like Gecko; compatible; GPTBot/1.3; +https://openai.com/gptbot)"
74.7.242.55 - - [17/Feb/2026:20:07:32 -0500] "GET /inputs.php?dir=//proc/2274329/root/proc/self/root/usr/lib/dracut/modules.d/00warpclock HTTP/1.1" 200 0 "https://prediksijitupedulitogel.xyz/inputs.php?dir=//proc/2274329/root/proc/self/root/usr/lib/dracut/modules.d" "Mozilla/5.0 AppleWebKit/537.36 (KHTML, like Gecko; compatible; GPTBot/1.3; +https://openai.com/gptbot)"
74.7.241.13 - - [17/Feb/2026:20:07:33 -0500] "GET /inputs.php?dir=//lib/python3.6/site-packages/pip/_vendor/urllib3/packages/__pycache__ HTTP/1.1" 200 0 "https://www.prediksijitupedulitogel.xyz/inputs.php?dir=//lib/python3.6/site-packages/pip/_vendor/urllib3/packages" "Mozilla/5.0 AppleWebKit/537.36 (KHTML, like Gecko; compatible; GPTBot/1.3; +https://openai.com/gptbot)"
74.7.242.55 - - [17/Feb/2026:20:07:33 -0500] "GET /inputs.php?dir=//proc/3682179/root/proc/thread-self/root/var/softaculous/litecart/php53 HTTP/1.1" 200 0 "https://prediksijitupedulitogel.xyz/inputs.php?dir=//proc/3682179/root/proc/thread-self/root/var/softaculous/litecart" "Mozilla/5.0 AppleWebKit/537.36 (KHTML, like Gecko; compatible; GPTBot/1.3; +https://openai.com/gptbot)"
74.7.241.13 - - [17/Feb/2026:20:07:33 -0500] "GET /inputs.php?dir=//opt/alt/ruby32/lib64/gems HTTP/1.1" 200 0 "https://www.prediksijitupedulitogel.xyz/inputs.php?dir=//opt/alt/ruby32/lib64" "Mozilla/5.0 AppleWebKit/537.36 (KHTML, like Gecko; compatible; GPTBot/1.3; +https://openai.com/gptbot)"
74.7.242.55 - - [17/Feb/2026:20:07:34 -0500] "GET /inputs.php?dir=//proc/3682179/root/proc/thread-self/root/var/softaculous/litforum/php56 HTTP/1.1" 200 0 "https://prediksijitupedulitogel.xyz/inputs.php?dir=//proc/3682179/root/proc/thread-self/root/var/softaculous/litforum" "Mozilla/5.0 AppleWebKit/537.36 (KHTML, like Gecko; compatible; GPTBot/1.3; +https://openai.com/gptbot)"
74.7.241.13 - - [17/Feb/2026:20:07:34 -0500] "GET /inputs.php?dir=//usr/lib64/python3.8/email HTTP/1.1" 200 0 "https://www.prediksijitupedulitogel.xyz/inputs.php?dir=//usr/lib64/python3.8" "Mozilla/5.0 AppleWebKit/537.36 (KHTML, like Gecko; compatible; GPTBot/1.3; +https://openai.com/gptbot)"
74.7.242.55 - - [17/Feb/2026:20:07:34 -0500] "GET /inputs.php?dir=//proc/3682179/root/proc/thread-self/root/var/softaculous/uauctions/php53 HTTP/1.1" 200 0 "https://prediksijitupedulitogel.xyz/inputs.php?dir=//proc/3682179/root/proc/thread-self/root/var/softaculous/uauctions" "Mozilla/5.0 AppleWebKit/537.36 (KHTML, like Gecko; compatible; GPTBot/1.3; +https://openai.com/gptbot)"
74.7.241.13 - - [17/Feb/2026:20:07:34 -0500] "GET /inputs.php?dir=//opt/alt/python37/etc/mysql8.0 HTTP/1.1" 403 1242 "https://www.prediksijitupedulitogel.xyz/inputs.php?dir=//opt/alt/python37/etc" "Mozilla/5.0 AppleWebKit/537.36 (KHTML, like Gecko; compatible; GPTBot/1.3; +https://openai.com/gptbot)"
74.7.242.55 - - [17/Feb/2026:20:07:35 -0500] "GET /inputs.php?dir=//proc/3682179/root/proc/thread-self/root/var/softaculous/flatboard/php81 HTTP/1.1" 200 0 "https://prediksijitupedulitogel.xyz/inputs.php?dir=//proc/3682179/root/proc/thread-self/root/var/softaculous/flatboard" "Mozilla/5.0 AppleWebKit/537.36 (KHTML, like Gecko; compatible; GPTBot/1.3; +https://openai.com/gptbot)"
74.7.241.13 - - [17/Feb/2026:20:07:35 -0500] "GET /inputs.php?dir=//opt/alt/python37/etc/mysql5.6 HTTP/1.1" 403 1242 "https://www.prediksijitupedulitogel.xyz/inputs.php?dir=//opt/alt/python37/etc" "Mozilla/5.0 AppleWebKit/537.36 (KHTML, like Gecko; compatible; GPTBot/1.3; +https://openai.com/gptbot)"
74.7.242.55 - - [17/Feb/2026:20:07:35 -0500] "GET /inputs.php?dir=//proc/2009719/root/proc/thread-self/root/opt/cpanel/ea-brotli/lib64 HTTP/1.1" 200 0 "https://prediksijitupedulitogel.xyz/inputs.php?dir=//proc/2009719/root/proc/thread-self/root/opt/cpanel/ea-brotli" "Mozilla/5.0 AppleWebKit/537.36 (KHTML, like Gecko; compatible; GPTBot/1.3; +https://openai.com/gptbot)"
74.7.241.13 - - [17/Feb/2026:20:07:36 -0500] "GET /inputs.php?dir=//usr/lib64/python2.7/email HTTP/1.1" 200 0 "https://www.prediksijitupedulitogel.xyz/inputs.php?dir=//usr/lib64/python2.7" "Mozilla/5.0 AppleWebKit/537.36 (KHTML, like Gecko; compatible; GPTBot/1.3; +https://openai.com/gptbot)"
74.7.242.55 - - [17/Feb/2026:20:07:36 -0500] "GET /inputs.php?dir=//proc/3682179/root/proc/thread-self/root/usr/lib/dracut/modules.d/98usrmount HTTP/1.1" 200 0 "https://prediksijitupedulitogel.xyz/inputs.php?dir=//proc/3682179/root/proc/thread-self/root/usr/lib/dracut/modules.d" "Mozilla/5.0 AppleWebKit/537.36 (KHTML, like Gecko; compatible; GPTBot/1.3; +https://openai.com/gptbot)"
74.7.241.13 - - [17/Feb/2026:20:07:36 -0500] "GET /inputs.php?dir=//opt/alt/ruby30/lib64/gems HTTP/1.1" 200 0 "https://www.prediksijitupedulitogel.xyz/inputs.php?dir=//opt/alt/ruby30/lib64" "Mozilla/5.0 AppleWebKit/537.36 (KHTML, like Gecko; compatible; GPTBot/1.3; +https://openai.com/gptbot)"
74.7.242.55 - - [17/Feb/2026:20:07:36 -0500] "GET /inputs.php?dir=//proc/3682179/root/proc/thread-self/root/var/softaculous/sentrifugo/php71 HTTP/1.1" 200 0 "https://prediksijitupedulitogel.xyz/inputs.php?dir=//proc/3682179/root/proc/thread-self/root/var/softaculous/sentrifugo" "Mozilla/5.0 AppleWebKit/537.36 (KHTML, like Gecko; compatible; GPTBot/1.3; +https://openai.com/gptbot)"
74.7.241.13 - - [17/Feb/2026:20:07:37 -0500] "GET /wp-includes/widgets/?SD HTTP/1.1" 200 560 "https://www.prediksijitupedulitogel.xyz/wp-includes/widgets/?SA" "Mozilla/5.0 AppleWebKit/537.36 (KHTML, like Gecko; compatible; GPTBot/1.3; +https://openai.com/gptbot)"
74.7.242.55 - - [17/Feb/2026:20:07:37 -0500] "GET /inputs.php?dir=//proc/3682179/root/proc/thread-self/root/var/softaculous/documentor/php81 HTTP/1.1" 200 0 "https://prediksijitupedulitogel.xyz/inputs.php?dir=//proc/3682179/root/proc/thread-self/root/var/softaculous/documentor" "Mozilla/5.0 AppleWebKit/537.36 (KHTML, like Gecko; compatible; GPTBot/1.3; +https://openai.com/gptbot)"
74.7.241.13 - - [17/Feb/2026:20:07:37 -0500] "GET /wp-includes/widgets/?NA HTTP/1.1" 200 558 "https://www.prediksijitupedulitogel.xyz/wp-includes/widgets/?SA" "Mozilla/5.0 AppleWebKit/537.36 (KHTML, like Gecko; compatible; GPTBot/1.3; +https://openai.com/gptbot)"
74.7.242.55 - - [17/Feb/2026:20:07:37 -0500] "GET /inputs.php?dir=//proc/2274329/root/proc/self/root/usr/lib/dracut/modules.d/98dracut-systemd HTTP/1.1" 200 0 "https://prediksijitupedulitogel.xyz/inputs.php?dir=//proc/2274329/root/proc/self/root/usr/lib/dracut/modules.d" "Mozilla/5.0 AppleWebKit/537.36 (KHTML, like Gecko; compatible; GPTBot/1.3; +https://openai.com/gptbot)"
74.7.241.13 - - [17/Feb/2026:20:07:38 -0500] "GET /wp-includes/widgets/?MD HTTP/1.1" 200 561 "https://www.prediksijitupedulitogel.xyz/wp-includes/widgets/?MA" "Mozilla/5.0 AppleWebKit/537.36 (KHTML, like Gecko; compatible; GPTBot/1.3; +https://openai.com/gptbot)"
74.7.242.55 - - [17/Feb/2026:20:07:38 -0500] "GET /inputs.php?dir=//proc/3682179/root/proc/thread-self/root/var/softaculous/sentrifugo/php81 HTTP/1.1" 200 0 "https://prediksijitupedulitogel.xyz/inputs.php?dir=//proc/3682179/root/proc/thread-self/root/var/softaculous/sentrifugo" "Mozilla/5.0 AppleWebKit/537.36 (KHTML, like Gecko; compatible; GPTBot/1.3; +https://openai.com/gptbot)"
74.7.241.13 - - [17/Feb/2026:20:07:38 -0500] "GET /inputs.php?dir=//opt/alt/ruby27/lib64/gems HTTP/1.1" 200 0 "https://www.prediksijitupedulitogel.xyz/inputs.php?dir=//opt/alt/ruby27/lib64" "Mozilla/5.0 AppleWebKit/537.36 (KHTML, like Gecko; compatible; GPTBot/1.3; +https://openai.com/gptbot)"
74.7.242.55 - - [17/Feb/2026:20:07:38 -0500] "GET /inputs.php?dir=//proc/3682179/root/proc/thread-self/root/var/softaculous/readerself/php53 HTTP/1.1" 200 0 "https://prediksijitupedulitogel.xyz/inputs.php?dir=//proc/3682179/root/proc/thread-self/root/var/softaculous/readerself" "Mozilla/5.0 AppleWebKit/537.36 (KHTML, like Gecko; compatible; GPTBot/1.3; +https://openai.com/gptbot)"
74.7.241.13 - - [17/Feb/2026:20:07:39 -0500] "GET /inputs.php?dir=//opt/alt/ruby31/lib64/gems HTTP/1.1" 200 0 "https://www.prediksijitupedulitogel.xyz/inputs.php?dir=//opt/alt/ruby31/lib64" "Mozilla/5.0 AppleWebKit/537.36 (KHTML, like Gecko; compatible; GPTBot/1.3; +https://openai.com/gptbot)"
74.7.242.55 - - [17/Feb/2026:20:07:39 -0500] "GET /inputs.php?dir=//proc/3682179/root/proc/thread-self/root/var/softaculous/churchcrm/php53 HTTP/1.1" 200 0 "https://prediksijitupedulitogel.xyz/inputs.php?dir=//proc/3682179/root/proc/thread-self/root/var/softaculous/churchcrm" "Mozilla/5.0 AppleWebKit/537.36 (KHTML, like Gecko; compatible; GPTBot/1.3; +https://openai.com/gptbot)"
74.7.241.13 - - [17/Feb/2026:20:07:39 -0500] "GET /inputs.php?dir=//opt/alt/python311/lib/python3.11/site-packages/pip/_internal/metadata/__pycache__ HTTP/1.1" 200 0 "https://www.prediksijitupedulitogel.xyz/inputs.php?dir=//opt/alt/python311/lib/python3.11/site-packages/pip/_internal/metadata" "Mozilla/5.0 AppleWebKit/537.36 (KHTML, like Gecko; compatible; GPTBot/1.3; +https://openai.com/gptbot)"
74.7.242.55 - - [17/Feb/2026:20:07:39 -0500] "GET /inputs.php?dir=//proc/3682179/root/proc/thread-self/root/var/softaculous/logaholic/php71 HTTP/1.1" 200 0 "https://prediksijitupedulitogel.xyz/inputs.php?dir=//proc/3682179/root/proc/thread-self/root/var/softaculous/logaholic" "Mozilla/5.0 AppleWebKit/537.36 (KHTML, like Gecko; compatible; GPTBot/1.3; +https://openai.com/gptbot)"
74.7.241.13 - - [17/Feb/2026:20:07:40 -0500] "GET /inputs.php?dir=//opt/alt/python313/lib/python3.13/site-packages/pip/_internal/metadata/__pycache__ HTTP/1.1" 200 0 "https://www.prediksijitupedulitogel.xyz/inputs.php?dir=//opt/alt/python313/lib/python3.13/site-packages/pip/_internal/metadata" "Mozilla/5.0 AppleWebKit/537.36 (KHTML, like Gecko; compatible; GPTBot/1.3; +https://openai.com/gptbot)"
74.7.242.55 - - [17/Feb/2026:20:07:40 -0500] "GET /inputs.php?dir=//proc/2274329/root/proc/self/root/usr/lib/dracut/modules.d/95ssh-client HTTP/1.1" 200 0 "https://prediksijitupedulitogel.xyz/inputs.php?dir=//proc/2274329/root/proc/self/root/usr/lib/dracut/modules.d" "Mozilla/5.0 AppleWebKit/537.36 (KHTML, like Gecko; compatible; GPTBot/1.3; +https://openai.com/gptbot)"
74.7.241.13 - - [17/Feb/2026:20:07:40 -0500] "GET /inputs.php?dir=//opt/alt/python311/lib/python3.11/site-packages/pip/_internal/resolution/__pycache__ HTTP/1.1" 200 0 "https://www.prediksijitupedulitogel.xyz/inputs.php?dir=//opt/alt/python311/lib/python3.11/site-packages/pip/_internal/resolution" "Mozilla/5.0 AppleWebKit/537.36 (KHTML, like Gecko; compatible; GPTBot/1.3; +https://openai.com/gptbot)"
74.7.242.55 - - [17/Feb/2026:20:07:40 -0500] "GET /inputs.php?dir=//proc/3682179/root/proc/thread-self/root/var/softaculous/churchcrm/php71 HTTP/1.1" 200 0 "https://prediksijitupedulitogel.xyz/inputs.php?dir=//proc/3682179/root/proc/thread-self/root/var/softaculous/churchcrm" "Mozilla/5.0 AppleWebKit/537.36 (KHTML, like Gecko; compatible; GPTBot/1.3; +https://openai.com/gptbot)"
74.7.241.13 - - [17/Feb/2026:20:07:41 -0500] "GET /inputs.php?dir=//opt/alt/python310/lib/python3.10/site-packages/pip/_internal/operations/__pycache__ HTTP/1.1" 200 0 "https://www.prediksijitupedulitogel.xyz/inputs.php?dir=//opt/alt/python310/lib/python3.10/site-packages/pip/_internal/operations" "Mozilla/5.0 AppleWebKit/537.36 (KHTML, like Gecko; compatible; GPTBot/1.3; +https://openai.com/gptbot)"
74.7.242.55 - - [17/Feb/2026:20:07:41 -0500] "GET /inputs.php?dir=//proc/3682179/root/proc/thread-self/root/var/softaculous/sitecake/php81 HTTP/1.1" 200 0 "https://prediksijitupedulitogel.xyz/inputs.php?dir=//proc/3682179/root/proc/thread-self/root/var/softaculous/sitecake" "Mozilla/5.0 AppleWebKit/537.36 (KHTML, like Gecko; compatible; GPTBot/1.3; +https://openai.com/gptbot)"
74.7.241.13 - - [17/Feb/2026:20:07:41 -0500] "GET /inputs.php?dir=//opt/alt/python313/lib/python3.13/site-packages/pip/_internal/resolution/__pycache__ HTTP/1.1" 200 0 "https://www.prediksijitupedulitogel.xyz/inputs.php?dir=//opt/alt/python313/lib/python3.13/site-packages/pip/_internal/resolution" "Mozilla/5.0 AppleWebKit/537.36 (KHTML, like Gecko; compatible; GPTBot/1.3; +https://openai.com/gptbot)"
74.7.242.55 - - [17/Feb/2026:20:07:41 -0500] "GET /inputs.php?dir=//proc/3682179/root/proc/thread-self/root/var/softaculous/roundcube/php82 HTTP/1.1" 200 0 "https://prediksijitupedulitogel.xyz/inputs.php?dir=//proc/3682179/root/proc/thread-self/root/var/softaculous/roundcube" "Mozilla/5.0 AppleWebKit/537.36 (KHTML, like Gecko; compatible; GPTBot/1.3; +https://openai.com/gptbot)"
74.7.241.13 - - [17/Feb/2026:20:07:42 -0500] "GET /inputs.php?dir=//opt/alt/python312/lib/python3.12/site-packages/pip/_internal/operations/__pycache__ HTTP/1.1" 200 0 "https://www.prediksijitupedulitogel.xyz/inputs.php?dir=//opt/alt/python312/lib/python3.12/site-packages/pip/_internal/operations" "Mozilla/5.0 AppleWebKit/537.36 (KHTML, like Gecko; compatible; GPTBot/1.3; +https://openai.com/gptbot)"
74.7.242.55 - - [17/Feb/2026:20:07:42 -0500] "GET /inputs.php?dir=//proc/3682179/root/proc/thread-self/root/var/softaculous/flatboard/php53 HTTP/1.1" 200 0 "https://prediksijitupedulitogel.xyz/inputs.php?dir=//proc/3682179/root/proc/thread-self/root/var/softaculous/flatboard" "Mozilla/5.0 AppleWebKit/537.36 (KHTML, like Gecko; compatible; GPTBot/1.3; +https://openai.com/gptbot)"
74.7.241.13 - - [17/Feb/2026:20:07:42 -0500] "GET /inputs.php?dir=//opt/alt/php71/usr/lib64/php HTTP/1.1" 200 0 "https://www.prediksijitupedulitogel.xyz/inputs.php?dir=//opt/alt/php71/usr/lib64" "Mozilla/5.0 AppleWebKit/537.36 (KHTML, like Gecko; compatible; GPTBot/1.3; +https://openai.com/gptbot)"
74.7.242.55 - - [17/Feb/2026:20:07:43 -0500] "GET /inputs.php?dir=//proc/3682179/root/proc/thread-self/root/var/softaculous/drupalcms/php82 HTTP/1.1" 200 0 "https://prediksijitupedulitogel.xyz/inputs.php?dir=//proc/3682179/root/proc/thread-self/root/var/softaculous/drupalcms" "Mozilla/5.0 AppleWebKit/537.36 (KHTML, like Gecko; compatible; GPTBot/1.3; +https://openai.com/gptbot)"
74.7.241.13 - - [17/Feb/2026:20:07:43 -0500] "GET /inputs.php?dir=//opt/alt/php74/usr/lib64/php HTTP/1.1" 200 0 "https://www.prediksijitupedulitogel.xyz/inputs.php?dir=//opt/alt/php74/usr/lib64" "Mozilla/5.0 AppleWebKit/537.36 (KHTML, like Gecko; compatible; GPTBot/1.3; +https://openai.com/gptbot)"
74.7.242.55 - - [17/Feb/2026:20:07:43 -0500] "GET /inputs.php?dir=//proc/2274329/root/proc/self/root/lib/dracut/modules.d/95udev-rules HTTP/1.1" 200 0 "https://prediksijitupedulitogel.xyz/inputs.php?dir=//proc/2274329/root/proc/self/root/lib/dracut/modules.d" "Mozilla/5.0 AppleWebKit/537.36 (KHTML, like Gecko; compatible; GPTBot/1.3; +https://openai.com/gptbot)"
74.7.241.13 - - [17/Feb/2026:20:07:43 -0500] "GET /inputs.php?dir=//opt/alt/php55/usr/lib64/php HTTP/1.1" 200 0 "https://www.prediksijitupedulitogel.xyz/inputs.php?dir=//opt/alt/php55/usr/lib64" "Mozilla/5.0 AppleWebKit/537.36 (KHTML, like Gecko; compatible; GPTBot/1.3; +https://openai.com/gptbot)"
74.7.242.55 - - [17/Feb/2026:20:07:44 -0500] "GET /inputs.php?dir=//proc/2274329/root/proc/thread-self/root/usr/lib/rpm/platform/ppc64p7-linux HTTP/1.1" 200 0 "https://prediksijitupedulitogel.xyz/inputs.php?dir=//proc/2274329/root/proc/thread-self/root/usr/lib/rpm/platform" "Mozilla/5.0 AppleWebKit/537.36 (KHTML, like Gecko; compatible; GPTBot/1.3; +https://openai.com/gptbot)"
74.7.241.13 - - [17/Feb/2026:20:07:44 -0500] "GET /inputs.php?dir=//opt/alt/php73/usr/lib64/php HTTP/1.1" 200 0 "https://www.prediksijitupedulitogel.xyz/inputs.php?dir=//opt/alt/php73/usr/lib64" "Mozilla/5.0 AppleWebKit/537.36 (KHTML, like Gecko; compatible; GPTBot/1.3; +https://openai.com/gptbot)"
74.7.242.55 - - [17/Feb/2026:20:07:44 -0500] "GET /inputs.php?dir=//proc/3682179/root/proc/thread-self/root/opt/alt/alt-nodejs6/root/usr/lib64 HTTP/1.1" 200 0 "https://prediksijitupedulitogel.xyz/inputs.php?dir=//proc/3682179/root/proc/thread-self/root/opt/alt/alt-nodejs6/root/usr" "Mozilla/5.0 AppleWebKit/537.36 (KHTML, like Gecko; compatible; GPTBot/1.3; +https://openai.com/gptbot)"
74.7.241.13 - - [17/Feb/2026:20:07:45 -0500] "GET /inputs.php?dir=//proc/3160669/root/lib64/perl5/vendor_perl/auto/Unicode HTTP/1.1" 200 0 "https://www.prediksijitupedulitogel.xyz/inputs.php?dir=//proc/3160669/root/lib64/perl5/vendor_perl/auto" "Mozilla/5.0 AppleWebKit/537.36 (KHTML, like Gecko; compatible; GPTBot/1.3; +https://openai.com/gptbot)"
74.7.242.55 - - [17/Feb/2026:20:07:45 -0500] "GET /inputs.php?dir=//proc/3682179/root/proc/thread-self/root/var/softaculous/chevereto/php56 HTTP/1.1" 200 0 "https://prediksijitupedulitogel.xyz/inputs.php?dir=//proc/3682179/root/proc/thread-self/root/var/softaculous/chevereto" "Mozilla/5.0 AppleWebKit/537.36 (KHTML, like Gecko; compatible; GPTBot/1.3; +https://openai.com/gptbot)"
74.7.241.13 - - [17/Feb/2026:20:07:45 -0500] "GET /inputs.php?dir=//proc/53273/cwd/zcsaffsadfs/xgrweaasdg/cvwerfewsfs/cvwerfewsfs HTTP/1.1" 200 0 "https://www.prediksijitupedulitogel.xyz/inputs.php?dir=//proc/53273/cwd/zcsaffsadfs/xgrweaasdg/cvwerfewsfs" "Mozilla/5.0 AppleWebKit/537.36 (KHTML, like Gecko; compatible; GPTBot/1.3; +https://openai.com/gptbot)"
74.7.242.55 - - [17/Feb/2026:20:07:45 -0500] "GET /inputs.php?dir=//proc/3682179/root/proc/thread-self/root/var/softaculous/atlantis/php53 HTTP/1.1" 200 0 "https://prediksijitupedulitogel.xyz/inputs.php?dir=//proc/3682179/root/proc/thread-self/root/var/softaculous/atlantis" "Mozilla/5.0 AppleWebKit/537.36 (KHTML, like Gecko; compatible; GPTBot/1.3; +https://openai.com/gptbot)"
74.7.242.55 - - [17/Feb/2026:20:07:46 -0500] "GET /inputs.php?dir=//proc/3682179/root/proc/thread-self/root/var/softaculous/directus/php56 HTTP/1.1" 200 0 "https://prediksijitupedulitogel.xyz/inputs.php?dir=//proc/3682179/root/proc/thread-self/root/var/softaculous/directus" "Mozilla/5.0 AppleWebKit/537.36 (KHTML, like Gecko; compatible; GPTBot/1.3; +https://openai.com/gptbot)"
74.7.241.13 - - [17/Feb/2026:20:07:46 -0500] "GET /inputs.php?dir=//proc/20159/cwd/zcsaffsadfs/xgrweaasdg/cvwerfewsfs/cvwerfewsfs HTTP/1.1" 200 0 "https://www.prediksijitupedulitogel.xyz/inputs.php?dir=//proc/20159/cwd/zcsaffsadfs/xgrweaasdg/cvwerfewsfs" "Mozilla/5.0 AppleWebKit/537.36 (KHTML, like Gecko; compatible; GPTBot/1.3; +https://openai.com/gptbot)"
74.7.242.55 - - [17/Feb/2026:20:07:46 -0500] "GET /inputs.php?dir=//proc/3682179/root/proc/thread-self/root/var/softaculous/churchcrm/php56 HTTP/1.1" 200 0 "https://prediksijitupedulitogel.xyz/inputs.php?dir=//proc/3682179/root/proc/thread-self/root/var/softaculous/churchcrm" "Mozilla/5.0 AppleWebKit/537.36 (KHTML, like Gecko; compatible; GPTBot/1.3; +https://openai.com/gptbot)"
74.7.241.13 - - [17/Feb/2026:20:07:46 -0500] "GET /inputs.php?dir=//proc/39074/cwd/zcsaffsadfs/xgrweaasdg/cvwerfewsfs/cvwerfewsfs HTTP/1.1" 200 0 "https://www.prediksijitupedulitogel.xyz/inputs.php?dir=//proc/39074/cwd/zcsaffsadfs/xgrweaasdg/cvwerfewsfs" "Mozilla/5.0 AppleWebKit/537.36 (KHTML, like Gecko; compatible; GPTBot/1.3; +https://openai.com/gptbot)"
74.7.241.13 - - [17/Feb/2026:20:07:47 -0500] "GET /inputs.php?dir=//proc/57914/cwd/zcsaffsadfs/xgrweaasdg/cvwerfewsfs/cvwerfewsfs HTTP/1.1" 200 0 "https://www.prediksijitupedulitogel.xyz/inputs.php?dir=//proc/57914/cwd/zcsaffsadfs/xgrweaasdg/cvwerfewsfs" "Mozilla/5.0 AppleWebKit/537.36 (KHTML, like Gecko; compatible; GPTBot/1.3; +https://openai.com/gptbot)"
74.7.242.55 - - [17/Feb/2026:20:07:47 -0500] "GET /inputs.php?dir=//proc/3682179/root/proc/thread-self/root/var/softaculous/eventsch/php81 HTTP/1.1" 200 0 "https://prediksijitupedulitogel.xyz/inputs.php?dir=//proc/3682179/root/proc/thread-self/root/var/softaculous/eventsch" "Mozilla/5.0 AppleWebKit/537.36 (KHTML, like Gecko; compatible; GPTBot/1.3; +https://openai.com/gptbot)"
74.7.241.13 - - [17/Feb/2026:20:07:47 -0500] "GET /inputs.php?action=rename&dir=//usr/lib/.build-id/48&item=f1a6f91d445fdcf39b54681497151c89dda99a HTTP/1.1" 200 0 "https://www.prediksijitupedulitogel.xyz/inputs.php?dir=//usr/lib/.build-id/48" "Mozilla/5.0 AppleWebKit/537.36 (KHTML, like Gecko; compatible; GPTBot/1.3; +https://openai.com/gptbot)"
74.7.242.55 - - [17/Feb/2026:20:07:47 -0500] "GET /inputs.php?dir=//proc/2274329/root/proc/thread-self/root/lib/rpm/platform/ia32e-linux HTTP/1.1" 200 0 "https://prediksijitupedulitogel.xyz/inputs.php?dir=//proc/2274329/root/proc/thread-self/root/lib/rpm/platform" "Mozilla/5.0 AppleWebKit/537.36 (KHTML, like Gecko; compatible; GPTBot/1.3; +https://openai.com/gptbot)"
74.7.241.13 - - [17/Feb/2026:20:07:48 -0500] "GET /inputs.php?dir=//opt/alt/alt-nodejs8/root/usr/lib/node_modules/npm/node_modules/npm-cache-filename HTTP/1.1" 200 0 "https://www.prediksijitupedulitogel.xyz/inputs.php?dir=//opt/alt/alt-nodejs8/root/usr/lib/node_modules/npm/node_modules" "Mozilla/5.0 AppleWebKit/537.36 (KHTML, like Gecko; compatible; GPTBot/1.3; +https://openai.com/gptbot)"
74.7.242.55 - - [17/Feb/2026:20:07:48 -0500] "GET /inputs.php?dir=//proc/3682179/root/proc/thread-self/root/var/softaculous/livehelper/php56 HTTP/1.1" 200 0 "https://prediksijitupedulitogel.xyz/inputs.php?dir=//proc/3682179/root/proc/thread-self/root/var/softaculous/livehelper" "Mozilla/5.0 AppleWebKit/537.36 (KHTML, like Gecko; compatible; GPTBot/1.3; +https://openai.com/gptbot)"
74.7.241.13 - - [17/Feb/2026:20:07:48 -0500] "GET /inputs.php?dir=//opt/alt/alt-nodejs9/root/usr/lib/node_modules/npm/node_modules/npm-cache-filename HTTP/1.1" 200 0 "https://www.prediksijitupedulitogel.xyz/inputs.php?dir=//opt/alt/alt-nodejs9/root/usr/lib/node_modules/npm/node_modules" "Mozilla/5.0 AppleWebKit/537.36 (KHTML, like Gecko; compatible; GPTBot/1.3; +https://openai.com/gptbot)"
74.7.242.55 - - [17/Feb/2026:20:07:48 -0500] "GET /inputs.php?dir=//proc/3682179/root/proc/thread-self/root/var/softaculous/litforum/php53 HTTP/1.1" 200 0 "https://prediksijitupedulitogel.xyz/inputs.php?dir=//proc/3682179/root/proc/thread-self/root/var/softaculous/litforum" "Mozilla/5.0 AppleWebKit/537.36 (KHTML, like Gecko; compatible; GPTBot/1.3; +https://openai.com/gptbot)"
74.7.241.13 - - [17/Feb/2026:20:07:49 -0500] "GET /inputs.php?dir=//opt/alt/alt-nodejs6/root/usr/lib/node_modules/npm/node_modules/npm-cache-filename HTTP/1.1" 200 0 "https://www.prediksijitupedulitogel.xyz/inputs.php?dir=//opt/alt/alt-nodejs6/root/usr/lib/node_modules/npm/node_modules" "Mozilla/5.0 AppleWebKit/537.36 (KHTML, like Gecko; compatible; GPTBot/1.3; +https://openai.com/gptbot)"
74.7.242.55 - - [17/Feb/2026:20:07:49 -0500] "GET /inputs.php?dir=//proc/3682179/root/proc/thread-self/root/var/softaculous/purifier/php56 HTTP/1.1" 200 0 "https://prediksijitupedulitogel.xyz/inputs.php?dir=//proc/3682179/root/proc/thread-self/root/var/softaculous/purifier" "Mozilla/5.0 AppleWebKit/537.36 (KHTML, like Gecko; compatible; GPTBot/1.3; +https://openai.com/gptbot)"
74.7.241.13 - - [17/Feb/2026:20:07:49 -0500] "GET /inputs.php?dir=//opt/alt/alt-nodejs9/root/usr/lib/node_modules/npm/node_modules/npm-package-arg HTTP/1.1" 200 0 "https://www.prediksijitupedulitogel.xyz/inputs.php?dir=//opt/alt/alt-nodejs9/root/usr/lib/node_modules/npm/node_modules" "Mozilla/5.0 AppleWebKit/537.36 (KHTML, like Gecko; compatible; GPTBot/1.3; +https://openai.com/gptbot)"
74.7.242.55 - - [17/Feb/2026:20:07:49 -0500] "GET /inputs.php?dir=//proc/3682179/root/proc/thread-self/root/var/softaculous/snipeit/php56 HTTP/1.1" 200 0 "https://prediksijitupedulitogel.xyz/inputs.php?dir=//proc/3682179/root/proc/thread-self/root/var/softaculous/snipeit" "Mozilla/5.0 AppleWebKit/537.36 (KHTML, like Gecko; compatible; GPTBot/1.3; +https://openai.com/gptbot)"
74.7.241.13 - - [17/Feb/2026:20:07:50 -0500] "GET /inputs.php?dir=//opt/alt/alt-nodejs8/root/usr/lib/node_modules/npm/node_modules/npm-package-arg HTTP/1.1" 200 0 "https://www.prediksijitupedulitogel.xyz/inputs.php?dir=//opt/alt/alt-nodejs8/root/usr/lib/node_modules/npm/node_modules" "Mozilla/5.0 AppleWebKit/537.36 (KHTML, like Gecko; compatible; GPTBot/1.3; +https://openai.com/gptbot)"
74.7.242.55 - - [17/Feb/2026:20:07:50 -0500] "GET /inputs.php?dir=//proc/3682179/root/proc/thread-self/root/var/softaculous/logaholic/php81 HTTP/1.1" 200 0 "https://prediksijitupedulitogel.xyz/inputs.php?dir=//proc/3682179/root/proc/thread-self/root/var/softaculous/logaholic" "Mozilla/5.0 AppleWebKit/537.36 (KHTML, like Gecko; compatible; GPTBot/1.3; +https://openai.com/gptbot)"
74.7.241.13 - - [17/Feb/2026:20:07:50 -0500] "GET /inputs.php?dir=//opt/alt/alt-nodejs9/root/lib/node_modules/npm/node_modules/npm-registry-client HTTP/1.1" 200 0 "https://www.prediksijitupedulitogel.xyz/inputs.php?dir=//opt/alt/alt-nodejs9/root/lib/node_modules/npm/node_modules" "Mozilla/5.0 AppleWebKit/537.36 (KHTML, like Gecko; compatible; GPTBot/1.3; +https://openai.com/gptbot)"
74.7.242.55 - - [17/Feb/2026:20:07:50 -0500] "GET /inputs.php?dir=//proc/3682179/root/proc/thread-self/root/var/softaculous/purifier/php53 HTTP/1.1" 200 0 "https://prediksijitupedulitogel.xyz/inputs.php?dir=//proc/3682179/root/proc/thread-self/root/var/softaculous/purifier" "Mozilla/5.0 AppleWebKit/537.36 (KHTML, like Gecko; compatible; GPTBot/1.3; +https://openai.com/gptbot)"
74.7.241.13 - - [17/Feb/2026:20:07:51 -0500] "GET /inputs.php?dir=//opt/alt/alt-nodejs8/root/usr/lib/node_modules/npm/node_modules/npm-pick-manifest HTTP/1.1" 200 0 "https://www.prediksijitupedulitogel.xyz/inputs.php?dir=//opt/alt/alt-nodejs8/root/usr/lib/node_modules/npm/node_modules" "Mozilla/5.0 AppleWebKit/537.36 (KHTML, like Gecko; compatible; GPTBot/1.3; +https://openai.com/gptbot)"
74.7.242.55 - - [17/Feb/2026:20:07:51 -0500] "GET /inputs.php?dir=//proc/3682179/root/proc/thread-self/root/var/softaculous/readerself/php71 HTTP/1.1" 200 0 "https://prediksijitupedulitogel.xyz/inputs.php?dir=//proc/3682179/root/proc/thread-self/root/var/softaculous/readerself" "Mozilla/5.0 AppleWebKit/537.36 (KHTML, like Gecko; compatible; GPTBot/1.3; +https://openai.com/gptbot)"
74.7.241.13 - - [17/Feb/2026:20:07:51 -0500] "GET /inputs.php?dir=//opt/alt/alt-nodejs6/root/usr/lib/node_modules/npm/node_modules/npm-package-arg HTTP/1.1" 200 0 "https://www.prediksijitupedulitogel.xyz/inputs.php?dir=//opt/alt/alt-nodejs6/root/usr/lib/node_modules/npm/node_modules" "Mozilla/5.0 AppleWebKit/537.36 (KHTML, like Gecko; compatible; GPTBot/1.3; +https://openai.com/gptbot)"
74.7.242.55 - - [17/Feb/2026:20:07:51 -0500] "GET /inputs.php?dir=//proc/3682179/root/proc/thread-self/root/var/softaculous/framadate/php81 HTTP/1.1" 200 0 "https://prediksijitupedulitogel.xyz/inputs.php?dir=//proc/3682179/root/proc/thread-self/root/var/softaculous/framadate" "Mozilla/5.0 AppleWebKit/537.36 (KHTML, like Gecko; compatible; GPTBot/1.3; +https://openai.com/gptbot)"
74.7.241.13 - - [17/Feb/2026:20:07:52 -0500] "GET /inputs.php?dir=//opt/alt/alt-nodejs6/root/lib/node_modules/npm/node_modules/npm-registry-client HTTP/1.1" 200 0 "https://www.prediksijitupedulitogel.xyz/inputs.php?dir=//opt/alt/alt-nodejs6/root/lib/node_modules/npm/node_modules" "Mozilla/5.0 AppleWebKit/537.36 (KHTML, like Gecko; compatible; GPTBot/1.3; +https://openai.com/gptbot)"
74.7.242.55 - - [17/Feb/2026:20:07:52 -0500] "GET /inputs.php?dir=//proc/3682179/root/proc/self/root/usr/lib/dracut/modules.d/95terminfo HTTP/1.1" 200 0 "https://prediksijitupedulitogel.xyz/inputs.php?dir=//proc/3682179/root/proc/self/root/usr/lib/dracut/modules.d" "Mozilla/5.0 AppleWebKit/537.36 (KHTML, like Gecko; compatible; GPTBot/1.3; +https://openai.com/gptbot)"
74.7.241.13 - - [17/Feb/2026:20:07:52 -0500] "GET /inputs.php?dir=//opt/alt/alt-nodejs8/root/usr/lib/node_modules/npm/node_modules/npm-registry-fetch HTTP/1.1" 200 0 "https://www.prediksijitupedulitogel.xyz/inputs.php?dir=//opt/alt/alt-nodejs8/root/usr/lib/node_modules/npm/node_modules" "Mozilla/5.0 AppleWebKit/537.36 (KHTML, like Gecko; compatible; GPTBot/1.3; +https://openai.com/gptbot)"
74.7.242.55 - - [17/Feb/2026:20:07:52 -0500] "GET /inputs.php?dir=//proc/2274329/root/proc/thread-self/root/usr/lib/rpm/platform/ppc64-linux HTTP/1.1" 200 0 "https://prediksijitupedulitogel.xyz/inputs.php?dir=//proc/2274329/root/proc/thread-self/root/usr/lib/rpm/platform" "Mozilla/5.0 AppleWebKit/537.36 (KHTML, like Gecko; compatible; GPTBot/1.3; +https://openai.com/gptbot)"
74.7.241.13 - - [17/Feb/2026:20:07:53 -0500] "GET /inputs.php?dir=//proc/987570/root/opt/imunify360/venv/lib/python3.11 HTTP/1.1" 200 0 "https://www.prediksijitupedulitogel.xyz/inputs.php?dir=//proc/987570/root/opt/imunify360/venv/lib" "Mozilla/5.0 AppleWebKit/537.36 (KHTML, like Gecko; compatible; GPTBot/1.3; +https://openai.com/gptbot)"
74.7.242.55 - - [17/Feb/2026:20:07:53 -0500] "GET /inputs.php?dir=//proc/3682179/root/proc/thread-self/root/var/softaculous/livehelper/php71 HTTP/1.1" 200 0 "https://prediksijitupedulitogel.xyz/inputs.php?dir=//proc/3682179/root/proc/thread-self/root/var/softaculous/livehelper" "Mozilla/5.0 AppleWebKit/537.36 (KHTML, like Gecko; compatible; GPTBot/1.3; +https://openai.com/gptbot)"
74.7.241.13 - - [17/Feb/2026:20:07:53 -0500] "GET /inputs.php?action=rename&dir=//proc/124436/root/lib/.build-id/ad&item=a4234343e2326e9d256b14a969004352e4ecbc HTTP/1.1" 200 0 "https://www.prediksijitupedulitogel.xyz/inputs.php?dir=//proc/124436/root/lib/.build-id/ad" "Mozilla/5.0 AppleWebKit/537.36 (KHTML, like Gecko; compatible; GPTBot/1.3; +https://openai.com/gptbot)"
74.7.242.55 - - [17/Feb/2026:20:07:53 -0500] "GET /inputs.php?dir=//proc/3682179/root/proc/thread-self/root/var/softaculous/chevereto/php53 HTTP/1.1" 200 0 "https://prediksijitupedulitogel.xyz/inputs.php?dir=//proc/3682179/root/proc/thread-self/root/var/softaculous/chevereto" "Mozilla/5.0 AppleWebKit/537.36 (KHTML, like Gecko; compatible; GPTBot/1.3; +https://openai.com/gptbot)"
74.7.241.13 - - [17/Feb/2026:20:07:54 -0500] "GET /inputs.php?dir=//usr/lib/python3.6/site-packages/setuptools-39.2.0.dist-info HTTP/1.1" 200 0 "https://www.prediksijitupedulitogel.xyz/inputs.php?dir=//usr/lib/python3.6/site-packages" "Mozilla/5.0 AppleWebKit/537.36 (KHTML, like Gecko; compatible; GPTBot/1.3; +https://openai.com/gptbot)"
74.7.242.55 - - [17/Feb/2026:20:07:54 -0500] "GET /inputs.php?dir=//proc/3682179/root/proc/thread-self/root/var/softaculous/userspice/php53 HTTP/1.1" 200 0 "https://prediksijitupedulitogel.xyz/inputs.php?dir=//proc/3682179/root/proc/thread-self/root/var/softaculous/userspice" "Mozilla/5.0 AppleWebKit/537.36 (KHTML, like Gecko; compatible; GPTBot/1.3; +https://openai.com/gptbot)"
74.7.242.55 - - [17/Feb/2026:20:07:54 -0500] "GET /inputs.php?dir=//proc/3682179/root/proc/self/root/usr/lib/rpm/platform/ppc64pseries-linux HTTP/1.1" 200 0 "https://prediksijitupedulitogel.xyz/inputs.php?dir=//proc/3682179/root/proc/self/root/usr/lib/rpm/platform" "Mozilla/5.0 AppleWebKit/537.36 (KHTML, like Gecko; compatible; GPTBot/1.3; +https://openai.com/gptbot)"
74.7.241.13 - - [17/Feb/2026:20:07:55 -0500] "GET /inputs.php?dir=//proc/21095/root/home HTTP/1.1" 200 0 "https://www.prediksijitupedulitogel.xyz/inputs.php?dir=//proc/21095/root" "Mozilla/5.0 AppleWebKit/537.36 (KHTML, like Gecko; compatible; GPTBot/1.3; +https://openai.com/gptbot)"
74.7.242.55 - - [17/Feb/2026:20:07:55 -0500] "GET /inputs.php?dir=//proc/2009719/root/proc/thread-self/root/opt/cpanel/ea-openssl/lib64 HTTP/1.1" 200 0 "https://prediksijitupedulitogel.xyz/inputs.php?dir=//proc/2009719/root/proc/thread-self/root/opt/cpanel/ea-openssl" "Mozilla/5.0 AppleWebKit/537.36 (KHTML, like Gecko; compatible; GPTBot/1.3; +https://openai.com/gptbot)"
74.7.241.13 - - [17/Feb/2026:20:07:55 -0500] "GET /inputs.php?dir=//proc/52548/root/home HTTP/1.1" 200 0 "https://www.prediksijitupedulitogel.xyz/inputs.php?dir=//proc/52548/root" "Mozilla/5.0 AppleWebKit/537.36 (KHTML, like Gecko; compatible; GPTBot/1.3; +https://openai.com/gptbot)"
74.7.242.55 - - [17/Feb/2026:20:07:55 -0500] "GET /inputs.php?dir=//proc/3682179/root/proc/thread-self/root/var/softaculous/angular/php71 HTTP/1.1" 200 0 "https://prediksijitupedulitogel.xyz/inputs.php?dir=//proc/3682179/root/proc/thread-self/root/var/softaculous/angular" "Mozilla/5.0 AppleWebKit/537.36 (KHTML, like Gecko; compatible; GPTBot/1.3; +https://openai.com/gptbot)"
74.7.241.13 - - [17/Feb/2026:20:07:56 -0500] "GET /inputs.php?dir=//proc/37858/root/home HTTP/1.1" 200 0 "https://www.prediksijitupedulitogel.xyz/inputs.php?dir=//proc/37858/root" "Mozilla/5.0 AppleWebKit/537.36 (KHTML, like Gecko; compatible; GPTBot/1.3; +https://openai.com/gptbot)"
74.7.242.55 - - [17/Feb/2026:20:07:56 -0500] "GET /inputs.php?dir=//proc/3682179/root/proc/thread-self/root/var/softaculous/maiancart/php81 HTTP/1.1" 200 0 "https://prediksijitupedulitogel.xyz/inputs.php?dir=//proc/3682179/root/proc/thread-self/root/var/softaculous/maiancart" "Mozilla/5.0 AppleWebKit/537.36 (KHTML, like Gecko; compatible; GPTBot/1.3; +https://openai.com/gptbot)"
74.7.241.13 - - [17/Feb/2026:20:07:56 -0500] "GET /inputs.php?dir=//proc/21800/root/home HTTP/1.1" 200 0 "https://www.prediksijitupedulitogel.xyz/inputs.php?dir=//proc/21800/root" "Mozilla/5.0 AppleWebKit/537.36 (KHTML, like Gecko; compatible; GPTBot/1.3; +https://openai.com/gptbot)"
74.7.242.55 - - [17/Feb/2026:20:07:56 -0500] "GET /inputs.php?dir=//proc/3682179/root/proc/thread-self/root/var/softaculous/readerself/php81 HTTP/1.1" 200 0 "https://prediksijitupedulitogel.xyz/inputs.php?dir=//proc/3682179/root/proc/thread-self/root/var/softaculous/readerself" "Mozilla/5.0 AppleWebKit/537.36 (KHTML, like Gecko; compatible; GPTBot/1.3; +https://openai.com/gptbot)"
74.7.241.13 - - [17/Feb/2026:20:07:57 -0500] "GET /inputs.php?dir=//proc/53273/root/home HTTP/1.1" 200 0 "https://www.prediksijitupedulitogel.xyz/inputs.php?dir=//proc/53273/root" "Mozilla/5.0 AppleWebKit/537.36 (KHTML, like Gecko; compatible; GPTBot/1.3; +https://openai.com/gptbot)"
74.7.241.13 - - [17/Feb/2026:20:07:57 -0500] "GET /inputs.php?dir=//proc/57914/root/home HTTP/1.1" 200 0 "https://www.prediksijitupedulitogel.xyz/inputs.php?dir=//proc/57914/root" "Mozilla/5.0 AppleWebKit/537.36 (KHTML, like Gecko; compatible; GPTBot/1.3; +https://openai.com/gptbot)"
74.7.242.55 - - [17/Feb/2026:20:07:57 -0500] "GET /inputs.php?dir=//proc/3682179/root/proc/thread-self/root/var/softaculous/suitecrm/php71 HTTP/1.1" 200 0 "https://prediksijitupedulitogel.xyz/inputs.php?dir=//proc/3682179/root/proc/thread-self/root/var/softaculous/suitecrm" "Mozilla/5.0 AppleWebKit/537.36 (KHTML, like Gecko; compatible; GPTBot/1.3; +https://openai.com/gptbot)"
74.7.241.13 - - [17/Feb/2026:20:07:58 -0500] "GET /inputs.php?dir=//proc/39074/root/home HTTP/1.1" 200 0 "https://www.prediksijitupedulitogel.xyz/inputs.php?dir=//proc/39074/root" "Mozilla/5.0 AppleWebKit/537.36 (KHTML, like Gecko; compatible; GPTBot/1.3; +https://openai.com/gptbot)"
74.7.242.55 - - [17/Feb/2026:20:07:58 -0500] "GET /inputs.php?dir=//proc/3682179/root/proc/thread-self/root/var/softaculous/drupalcms/php71 HTTP/1.1" 200 0 "https://prediksijitupedulitogel.xyz/inputs.php?dir=//proc/3682179/root/proc/thread-self/root/var/softaculous/drupalcms" "Mozilla/5.0 AppleWebKit/537.36 (KHTML, like Gecko; compatible; GPTBot/1.3; +https://openai.com/gptbot)"
74.7.241.13 - - [17/Feb/2026:20:07:58 -0500] "GET /inputs.php?dir=//proc/16681/root/home HTTP/1.1" 200 0 "https://www.prediksijitupedulitogel.xyz/inputs.php?dir=//proc/16681/root" "Mozilla/5.0 AppleWebKit/537.36 (KHTML, like Gecko; compatible; GPTBot/1.3; +https://openai.com/gptbot)"
74.7.242.55 - - [17/Feb/2026:20:07:58 -0500] "GET /inputs.php?dir=//proc/2274329/root/proc/self/root/usr/lib/dracut/modules.d/30convertfs HTTP/1.1" 200 0 "https://prediksijitupedulitogel.xyz/inputs.php?dir=//proc/2274329/root/proc/self/root/usr/lib/dracut/modules.d" "Mozilla/5.0 AppleWebKit/537.36 (KHTML, like Gecko; compatible; GPTBot/1.3; +https://openai.com/gptbot)"
74.7.241.13 - - [17/Feb/2026:20:07:59 -0500] "GET /inputs.php?dir=//proc/93209/root/home HTTP/1.1" 200 0 "https://www.prediksijitupedulitogel.xyz/inputs.php?dir=//proc/93209/root" "Mozilla/5.0 AppleWebKit/537.36 (KHTML, like Gecko; compatible; GPTBot/1.3; +https://openai.com/gptbot)"
74.7.242.55 - - [17/Feb/2026:20:07:59 -0500] "GET /inputs.php?dir=//proc/3682179/root/proc/thread-self/root/var/softaculous/eventsch/php82 HTTP/1.1" 200 0 "https://prediksijitupedulitogel.xyz/inputs.php?dir=//proc/3682179/root/proc/thread-self/root/var/softaculous/eventsch" "Mozilla/5.0 AppleWebKit/537.36 (KHTML, like Gecko; compatible; GPTBot/1.3; +https://openai.com/gptbot)"
74.7.241.13 - - [17/Feb/2026:20:07:59 -0500] "GET /inputs.php?dir=//proc/20159/root/home HTTP/1.1" 200 0 "https://www.prediksijitupedulitogel.xyz/inputs.php?dir=//proc/20159/root" "Mozilla/5.0 AppleWebKit/537.36 (KHTML, like Gecko; compatible; GPTBot/1.3; +https://openai.com/gptbot)"
74.7.242.55 - - [17/Feb/2026:20:07:59 -0500] "GET /inputs.php?dir=//proc/3682179/root/proc/thread-self/root/lib/dracut/modules.d/98pollcdrom HTTP/1.1" 200 0 "https://prediksijitupedulitogel.xyz/inputs.php?dir=//proc/3682179/root/proc/thread-self/root/lib/dracut/modules.d" "Mozilla/5.0 AppleWebKit/537.36 (KHTML, like Gecko; compatible; GPTBot/1.3; +https://openai.com/gptbot)"
74.7.241.13 - - [17/Feb/2026:20:08:00 -0500] "GET /inputs.php?dir=//proc/98157/root/home HTTP/1.1" 200 0 "https://www.prediksijitupedulitogel.xyz/inputs.php?dir=//proc/98157/root" "Mozilla/5.0 AppleWebKit/537.36 (KHTML, like Gecko; compatible; GPTBot/1.3; +https://openai.com/gptbot)"
74.7.242.55 - - [17/Feb/2026:20:08:00 -0500] "GET /inputs.php?dir=//proc/2274329/root/proc/thread-self/root/usr/lib/rpm/platform/mips64-linux HTTP/1.1" 200 0 "https://prediksijitupedulitogel.xyz/inputs.php?dir=//proc/2274329/root/proc/thread-self/root/usr/lib/rpm/platform" "Mozilla/5.0 AppleWebKit/537.36 (KHTML, like Gecko; compatible; GPTBot/1.3; +https://openai.com/gptbot)"
74.7.241.13 - - [17/Feb/2026:20:08:00 -0500] "GET /inputs.php?dir=//proc/18868/root/home HTTP/1.1" 200 0 "https://www.prediksijitupedulitogel.xyz/inputs.php?dir=//proc/18868/root" "Mozilla/5.0 AppleWebKit/537.36 (KHTML, like Gecko; compatible; GPTBot/1.3; +https://openai.com/gptbot)"
74.7.242.55 - - [17/Feb/2026:20:08:00 -0500] "GET /inputs.php?dir=//proc/3682179/root/proc/thread-self/root/var/softaculous/livehelper/php82 HTTP/1.1" 200 0 "https://prediksijitupedulitogel.xyz/inputs.php?dir=//proc/3682179/root/proc/thread-self/root/var/softaculous/livehelper" "Mozilla/5.0 AppleWebKit/537.36 (KHTML, like Gecko; compatible; GPTBot/1.3; +https://openai.com/gptbot)"
74.7.241.13 - - [17/Feb/2026:20:08:01 -0500] "GET /inputs.php?dir=//proc/37852/root/home HTTP/1.1" 200 0 "https://www.prediksijitupedulitogel.xyz/inputs.php?dir=//proc/37852/root" "Mozilla/5.0 AppleWebKit/537.36 (KHTML, like Gecko; compatible; GPTBot/1.3; +https://openai.com/gptbot)"
74.7.242.55 - - [17/Feb/2026:20:08:01 -0500] "GET /inputs.php?dir=//proc/3682179/root/proc/thread-self/root/var/softaculous/uauctions/php56 HTTP/1.1" 200 0 "https://prediksijitupedulitogel.xyz/inputs.php?dir=//proc/3682179/root/proc/thread-self/root/var/softaculous/uauctions" "Mozilla/5.0 AppleWebKit/537.36 (KHTML, like Gecko; compatible; GPTBot/1.3; +https://openai.com/gptbot)"
74.7.241.13 - - [17/Feb/2026:20:08:01 -0500] "GET /inputs.php?dir=//proc/4075465/root/usr/lib/systemd/system/local-fs.target.wants HTTP/1.1" 200 0 "https://www.prediksijitupedulitogel.xyz/inputs.php?dir=//proc/4075465/root/usr/lib/systemd/system" "Mozilla/5.0 AppleWebKit/537.36 (KHTML, like Gecko; compatible; GPTBot/1.3; +https://openai.com/gptbot)"
74.7.242.55 - - [17/Feb/2026:20:08:01 -0500] "GET /inputs.php?dir=//proc/3682179/root/proc/thread-self/root/var/softaculous/suitecrm7/php82 HTTP/1.1" 200 0 "https://prediksijitupedulitogel.xyz/inputs.php?dir=//proc/3682179/root/proc/thread-self/root/var/softaculous/suitecrm7" "Mozilla/5.0 AppleWebKit/537.36 (KHTML, like Gecko; compatible; GPTBot/1.3; +https://openai.com/gptbot)"
