74.7.241.13 - - [17/Feb/2026:20:08:02 -0500] "GET /inputs.php?dir=//proc/98157/root/lib/dracut/modules.d/90kernel-network-modules HTTP/1.1" 200 0 "https://www.prediksijitupedulitogel.xyz/inputs.php?dir=//proc/98157/root/lib/dracut/modules.d" "Mozilla/5.0 AppleWebKit/537.36 (KHTML, like Gecko; compatible; GPTBot/1.3; +https://openai.com/gptbot)"
74.7.242.55 - - [17/Feb/2026:20:08:02 -0500] "GET /inputs.php?dir=//proc/3682179/root/proc/thread-self/root/var/softaculous/atlantis/php71 HTTP/1.1" 200 0 "https://prediksijitupedulitogel.xyz/inputs.php?dir=//proc/3682179/root/proc/thread-self/root/var/softaculous/atlantis" "Mozilla/5.0 AppleWebKit/537.36 (KHTML, like Gecko; compatible; GPTBot/1.3; +https://openai.com/gptbot)"
74.7.241.13 - - [17/Feb/2026:20:08:02 -0500] "GET /inputs.php?dir=//opt/alt/alt-nodejs9/root/lib/node_modules/npm/node_modules/npm-cache-filename HTTP/1.1" 200 0 "https://www.prediksijitupedulitogel.xyz/inputs.php?dir=//opt/alt/alt-nodejs9/root/lib/node_modules/npm/node_modules" "Mozilla/5.0 AppleWebKit/537.36 (KHTML, like Gecko; compatible; GPTBot/1.3; +https://openai.com/gptbot)"
74.7.242.55 - - [17/Feb/2026:20:08:02 -0500] "GET /inputs.php?dir=//proc/3927291/root/proc/thread-self/root/usr/lib/rpm/platform/ia32e-linux HTTP/1.1" 200 0 "https://prediksijitupedulitogel.xyz/inputs.php?dir=//proc/3927291/root/proc/thread-self/root/usr/lib/rpm/platform" "Mozilla/5.0 AppleWebKit/537.36 (KHTML, like Gecko; compatible; GPTBot/1.3; +https://openai.com/gptbot)"
74.7.241.13 - - [17/Feb/2026:20:08:03 -0500] "GET /inputs.php?dir=//opt/alt/alt-nodejs6/root/lib/node_modules/npm/node_modules/npm-cache-filename HTTP/1.1" 200 0 "https://www.prediksijitupedulitogel.xyz/inputs.php?dir=//opt/alt/alt-nodejs6/root/lib/node_modules/npm/node_modules" "Mozilla/5.0 AppleWebKit/537.36 (KHTML, like Gecko; compatible; GPTBot/1.3; +https://openai.com/gptbot)"
74.7.242.55 - - [17/Feb/2026:20:08:03 -0500] "GET /inputs.php?dir=//proc/3927291/root/proc/thread-self/root/opt/cpanel/ea-openssl/lib64 HTTP/1.1" 200 0 "https://prediksijitupedulitogel.xyz/inputs.php?dir=//proc/3927291/root/proc/thread-self/root/opt/cpanel/ea-openssl" "Mozilla/5.0 AppleWebKit/537.36 (KHTML, like Gecko; compatible; GPTBot/1.3; +https://openai.com/gptbot)"
74.7.241.13 - - [17/Feb/2026:20:08:03 -0500] "GET /inputs.php?dir=//opt/alt/alt-nodejs8/root/lib/node_modules/npm/node_modules/npm-cache-filename HTTP/1.1" 200 0 "https://www.prediksijitupedulitogel.xyz/inputs.php?dir=//opt/alt/alt-nodejs8/root/lib/node_modules/npm/node_modules" "Mozilla/5.0 AppleWebKit/537.36 (KHTML, like Gecko; compatible; GPTBot/1.3; +https://openai.com/gptbot)"
74.7.242.55 - - [17/Feb/2026:20:08:03 -0500] "GET /inputs.php?dir=//proc/3682179/root/proc/self/root/usr/lib/dracut/modules.d/99memstrack HTTP/1.1" 200 0 "https://prediksijitupedulitogel.xyz/inputs.php?dir=//proc/3682179/root/proc/self/root/usr/lib/dracut/modules.d" "Mozilla/5.0 AppleWebKit/537.36 (KHTML, like Gecko; compatible; GPTBot/1.3; +https://openai.com/gptbot)"
74.7.242.55 - - [17/Feb/2026:20:08:04 -0500] "GET /inputs.php?dir=//proc/3682179/root/proc/thread-self/root/var/softaculous/directus/php53 HTTP/1.1" 200 0 "https://prediksijitupedulitogel.xyz/inputs.php?dir=//proc/3682179/root/proc/thread-self/root/var/softaculous/directus" "Mozilla/5.0 AppleWebKit/537.36 (KHTML, like Gecko; compatible; GPTBot/1.3; +https://openai.com/gptbot)"
74.7.241.13 - - [17/Feb/2026:20:08:04 -0500] "GET /inputs.php?dir=//proc/2113098/root/home/peduupoo/sushitei.site/.well-known HTTP/1.1" 200 0 "https://www.prediksijitupedulitogel.xyz/inputs.php?dir=//proc/2113098/root/home/peduupoo/sushitei.site" "Mozilla/5.0 AppleWebKit/537.36 (KHTML, like Gecko; compatible; GPTBot/1.3; +https://openai.com/gptbot)"
74.7.241.13 - - [17/Feb/2026:20:08:04 -0500] "GET /inputs.php?action=rename&dir=/home/peduupoo/prediksijitupedulitogel.com/assets/images&item=.htaccess HTTP/1.1" 403 1242 "https://www.prediksijitupedulitogel.xyz/inputs.php?dir=/home/peduupoo/prediksijitupedulitogel.com/assets/images" "Mozilla/5.0 AppleWebKit/537.36 (KHTML, like Gecko; compatible; GPTBot/1.3; +https://openai.com/gptbot)"
74.7.242.55 - - [17/Feb/2026:20:08:04 -0500] "GET /inputs.php?dir=//proc/3682179/root/proc/thread-self/root/var/softaculous/flatboard/php82 HTTP/1.1" 200 0 "https://prediksijitupedulitogel.xyz/inputs.php?dir=//proc/3682179/root/proc/thread-self/root/var/softaculous/flatboard" "Mozilla/5.0 AppleWebKit/537.36 (KHTML, like Gecko; compatible; GPTBot/1.3; +https://openai.com/gptbot)"
74.7.241.13 - - [17/Feb/2026:20:08:05 -0500] "GET /inputs.php?action=chmod&dir=/home/peduupoo/prediksijitupedulitogel.com/assets/images&item=.htaccess HTTP/1.1" 403 1242 "https://www.prediksijitupedulitogel.xyz/inputs.php?dir=/home/peduupoo/prediksijitupedulitogel.com/assets/images" "Mozilla/5.0 AppleWebKit/537.36 (KHTML, like Gecko; compatible; GPTBot/1.3; +https://openai.com/gptbot)"
74.7.242.55 - - [17/Feb/2026:20:08:05 -0500] "GET /inputs.php?dir=//proc/3682179/root/proc/thread-self/root/var/softaculous/supercali/php56 HTTP/1.1" 200 0 "https://prediksijitupedulitogel.xyz/inputs.php?dir=//proc/3682179/root/proc/thread-self/root/var/softaculous/supercali" "Mozilla/5.0 AppleWebKit/537.36 (KHTML, like Gecko; compatible; GPTBot/1.3; +https://openai.com/gptbot)"
74.7.242.55 - - [17/Feb/2026:20:08:05 -0500] "GET /inputs.php?dir=//proc/3682179/root/proc/thread-self/root/var/softaculous/framadate/php71 HTTP/1.1" 200 0 "https://prediksijitupedulitogel.xyz/inputs.php?dir=//proc/3682179/root/proc/thread-self/root/var/softaculous/framadate" "Mozilla/5.0 AppleWebKit/537.36 (KHTML, like Gecko; compatible; GPTBot/1.3; +https://openai.com/gptbot)"
74.7.241.13 - - [17/Feb/2026:20:08:05 -0500] "GET /inputs.php?dir=//proc/634716/cwd/5c91b240 HTTP/1.1" 200 0 "https://www.prediksijitupedulitogel.xyz/inputs.php?dir=//proc/634716/cwd" "Mozilla/5.0 AppleWebKit/537.36 (KHTML, like Gecko; compatible; GPTBot/1.3; +https://openai.com/gptbot)"
74.7.242.55 - - [17/Feb/2026:20:08:06 -0500] "GET /inputs.php?dir=//proc/2274329/root/proc/self/root/usr/lib/dracut/modules.d/97biosdevname HTTP/1.1" 200 0 "https://prediksijitupedulitogel.xyz/inputs.php?dir=//proc/2274329/root/proc/self/root/usr/lib/dracut/modules.d" "Mozilla/5.0 AppleWebKit/537.36 (KHTML, like Gecko; compatible; GPTBot/1.3; +https://openai.com/gptbot)"
74.7.241.13 - - [17/Feb/2026:20:08:06 -0500] "GET /inputs.php?dir=//proc/647083/cwd/5c91b240 HTTP/1.1" 200 0 "https://www.prediksijitupedulitogel.xyz/inputs.php?dir=//proc/647083/cwd" "Mozilla/5.0 AppleWebKit/537.36 (KHTML, like Gecko; compatible; GPTBot/1.3; +https://openai.com/gptbot)"
74.7.242.55 - - [17/Feb/2026:20:08:06 -0500] "GET /inputs.php?dir=//proc/3682179/root/proc/thread-self/root/var/softaculous/realestate/php56 HTTP/1.1" 200 0 "https://prediksijitupedulitogel.xyz/inputs.php?dir=//proc/3682179/root/proc/thread-self/root/var/softaculous/realestate" "Mozilla/5.0 AppleWebKit/537.36 (KHTML, like Gecko; compatible; GPTBot/1.3; +https://openai.com/gptbot)"
74.7.241.13 - - [17/Feb/2026:20:08:07 -0500] "GET /inputs.php?dir=//proc/616573/cwd/5c91b240 HTTP/1.1" 200 0 "https://www.prediksijitupedulitogel.xyz/inputs.php?dir=//proc/616573/cwd" "Mozilla/5.0 AppleWebKit/537.36 (KHTML, like Gecko; compatible; GPTBot/1.3; +https://openai.com/gptbot)"
74.7.242.55 - - [17/Feb/2026:20:08:07 -0500] "GET /inputs.php?dir=//proc/3682179/root/proc/thread-self/root/var/softaculous/suitecrm/php82 HTTP/1.1" 200 0 "https://prediksijitupedulitogel.xyz/inputs.php?dir=//proc/3682179/root/proc/thread-self/root/var/softaculous/suitecrm" "Mozilla/5.0 AppleWebKit/537.36 (KHTML, like Gecko; compatible; GPTBot/1.3; +https://openai.com/gptbot)"
74.7.241.13 - - [17/Feb/2026:20:08:07 -0500] "GET /inputs.php?dir=//proc/635080/cwd/5c91b240 HTTP/1.1" 200 0 "https://www.prediksijitupedulitogel.xyz/inputs.php?dir=//proc/635080/cwd" "Mozilla/5.0 AppleWebKit/537.36 (KHTML, like Gecko; compatible; GPTBot/1.3; +https://openai.com/gptbot)"
74.7.242.55 - - [17/Feb/2026:20:08:07 -0500] "GET /inputs.php?dir=//proc/3682179/root/proc/self/root/var/softaculous/paintbrushjs/php81 HTTP/1.1" 200 0 "https://prediksijitupedulitogel.xyz/inputs.php?dir=//proc/3682179/root/proc/self/root/var/softaculous/paintbrushjs" "Mozilla/5.0 AppleWebKit/537.36 (KHTML, like Gecko; compatible; GPTBot/1.3; +https://openai.com/gptbot)"
74.7.241.13 - - [17/Feb/2026:20:08:08 -0500] "GET /inputs.php?dir=//opt/alt/alt-nodejs24/root/lib/node_modules/npm/node_modules/@npmcli/fs/lib HTTP/1.1" 200 0 "https://www.prediksijitupedulitogel.xyz/inputs.php?dir=//opt/alt/alt-nodejs24/root/lib/node_modules/npm/node_modules/@npmcli/fs" "Mozilla/5.0 AppleWebKit/537.36 (KHTML, like Gecko; compatible; GPTBot/1.3; +https://openai.com/gptbot)"
74.7.242.55 - - [17/Feb/2026:20:08:08 -0500] "GET /inputs.php?dir=//proc/3682179/root/proc/thread-self/root/var/softaculous/churchcrm/php81 HTTP/1.1" 200 0 "https://prediksijitupedulitogel.xyz/inputs.php?dir=//proc/3682179/root/proc/thread-self/root/var/softaculous/churchcrm" "Mozilla/5.0 AppleWebKit/537.36 (KHTML, like Gecko; compatible; GPTBot/1.3; +https://openai.com/gptbot)"
74.7.241.13 - - [17/Feb/2026:20:08:08 -0500] "GET /inputs.php?dir=//opt/alt/alt-nodejs20/root/usr/lib/node_modules/npm/node_modules/@npmcli/fs HTTP/1.1" 200 0 "https://www.prediksijitupedulitogel.xyz/inputs.php?dir=//opt/alt/alt-nodejs20/root/usr/lib/node_modules/npm/node_modules/@npmcli" "Mozilla/5.0 AppleWebKit/537.36 (KHTML, like Gecko; compatible; GPTBot/1.3; +https://openai.com/gptbot)"
74.7.242.55 - - [17/Feb/2026:20:08:09 -0500] "GET /inputs.php?dir=//proc/3682179/root/proc/thread-self/root/var/softaculous/phorum/php53 HTTP/1.1" 200 0 "https://prediksijitupedulitogel.xyz/inputs.php?dir=//proc/3682179/root/proc/thread-self/root/var/softaculous/phorum" "Mozilla/5.0 AppleWebKit/537.36 (KHTML, like Gecko; compatible; GPTBot/1.3; +https://openai.com/gptbot)"
74.7.241.13 - - [17/Feb/2026:20:08:09 -0500] "GET /inputs.php?dir=//opt/alt/alt-nodejs20/root/lib/node_modules/npm/node_modules/@npmcli/fs/lib HTTP/1.1" 200 0 "https://www.prediksijitupedulitogel.xyz/inputs.php?dir=//opt/alt/alt-nodejs20/root/lib/node_modules/npm/node_modules/@npmcli/fs" "Mozilla/5.0 AppleWebKit/537.36 (KHTML, like Gecko; compatible; GPTBot/1.3; +https://openai.com/gptbot)"
74.7.242.55 - - [17/Feb/2026:20:08:09 -0500] "GET /inputs.php?dir=//proc/3682179/root/proc/thread-self/root/var/softaculous/maiancart/php71 HTTP/1.1" 200 0 "https://prediksijitupedulitogel.xyz/inputs.php?dir=//proc/3682179/root/proc/thread-self/root/var/softaculous/maiancart" "Mozilla/5.0 AppleWebKit/537.36 (KHTML, like Gecko; compatible; GPTBot/1.3; +https://openai.com/gptbot)"
74.7.241.13 - - [17/Feb/2026:20:08:09 -0500] "GET /inputs.php?dir=//opt/alt/python33/lib64/python3.3/json/__pycache__ HTTP/1.1" 200 0 "https://www.prediksijitupedulitogel.xyz/inputs.php?dir=//opt/alt/python33/lib64/python3.3/json" "Mozilla/5.0 AppleWebKit/537.36 (KHTML, like Gecko; compatible; GPTBot/1.3; +https://openai.com/gptbot)"
74.7.242.55 - - [17/Feb/2026:20:08:10 -0500] "GET /inputs.php?dir=//proc/2274329/root/proc/self/root/usr/lib/dracut/modules.d/99earlykdump HTTP/1.1" 200 0 "https://prediksijitupedulitogel.xyz/inputs.php?dir=//proc/2274329/root/proc/self/root/usr/lib/dracut/modules.d" "Mozilla/5.0 AppleWebKit/537.36 (KHTML, like Gecko; compatible; GPTBot/1.3; +https://openai.com/gptbot)"
74.7.241.13 - - [17/Feb/2026:20:08:10 -0500] "GET /inputs.php?dir=//usr/lib64/python3.6/json HTTP/1.1" 200 0 "https://www.prediksijitupedulitogel.xyz/inputs.php?dir=//usr/lib64/python3.6" "Mozilla/5.0 AppleWebKit/537.36 (KHTML, like Gecko; compatible; GPTBot/1.3; +https://openai.com/gptbot)"
74.7.242.55 - - [17/Feb/2026:20:08:10 -0500] "GET /inputs.php?dir=//proc/3682179/root/proc/thread-self/root/var/softaculous/sitecake/php71 HTTP/1.1" 200 0 "https://prediksijitupedulitogel.xyz/inputs.php?dir=//proc/3682179/root/proc/thread-self/root/var/softaculous/sitecake" "Mozilla/5.0 AppleWebKit/537.36 (KHTML, like Gecko; compatible; GPTBot/1.3; +https://openai.com/gptbot)"
74.7.241.13 - - [17/Feb/2026:20:08:10 -0500] "GET /inputs.php?dir=//proc/3049309/cwd/images HTTP/1.1" 200 0 "https://www.prediksijitupedulitogel.xyz/inputs.php?dir=//proc/3049309/cwd" "Mozilla/5.0 AppleWebKit/537.36 (KHTML, like Gecko; compatible; GPTBot/1.3; +https://openai.com/gptbot)"
74.7.241.13 - - [17/Feb/2026:20:08:11 -0500] "GET /inputs.php?dir=//proc/1646221/cwd/images HTTP/1.1" 200 0 "https://www.prediksijitupedulitogel.xyz/inputs.php?dir=//proc/1646221/cwd" "Mozilla/5.0 AppleWebKit/537.36 (KHTML, like Gecko; compatible; GPTBot/1.3; +https://openai.com/gptbot)"
74.7.242.55 - - [17/Feb/2026:20:08:11 -0500] "GET /inputs.php?dir=//proc/3682179/root/proc/thread-self/root/var/softaculous/hablator/php53 HTTP/1.1" 200 0 "https://prediksijitupedulitogel.xyz/inputs.php?dir=//proc/3682179/root/proc/thread-self/root/var/softaculous/hablator" "Mozilla/5.0 AppleWebKit/537.36 (KHTML, like Gecko; compatible; GPTBot/1.3; +https://openai.com/gptbot)"
74.7.241.13 - - [17/Feb/2026:20:08:11 -0500] "GET /inputs.php?dir=//proc/1566221/cwd/images HTTP/1.1" 200 0 "https://www.prediksijitupedulitogel.xyz/inputs.php?dir=//proc/1566221/cwd" "Mozilla/5.0 AppleWebKit/537.36 (KHTML, like Gecko; compatible; GPTBot/1.3; +https://openai.com/gptbot)"
74.7.242.55 - - [17/Feb/2026:20:08:11 -0500] "GET /inputs.php?dir=//proc/3682179/root/proc/thread-self/root/var/softaculous/freescout/php53 HTTP/1.1" 200 0 "https://prediksijitupedulitogel.xyz/inputs.php?dir=//proc/3682179/root/proc/thread-self/root/var/softaculous/freescout" "Mozilla/5.0 AppleWebKit/537.36 (KHTML, like Gecko; compatible; GPTBot/1.3; +https://openai.com/gptbot)"
74.7.241.13 - - [17/Feb/2026:20:08:12 -0500] "GET /inputs.php?dir=//proc/3835008/cwd/images HTTP/1.1" 200 0 "https://www.prediksijitupedulitogel.xyz/inputs.php?dir=//proc/3835008/cwd" "Mozilla/5.0 AppleWebKit/537.36 (KHTML, like Gecko; compatible; GPTBot/1.3; +https://openai.com/gptbot)"
74.7.242.55 - - [17/Feb/2026:20:08:12 -0500] "GET /inputs.php?dir=//proc/3682179/root/proc/thread-self/root/var/softaculous/squirrel/php81 HTTP/1.1" 200 0 "https://prediksijitupedulitogel.xyz/inputs.php?dir=//proc/3682179/root/proc/thread-self/root/var/softaculous/squirrel" "Mozilla/5.0 AppleWebKit/537.36 (KHTML, like Gecko; compatible; GPTBot/1.3; +https://openai.com/gptbot)"
74.7.241.13 - - [17/Feb/2026:20:08:12 -0500] "GET /inputs.php?dir=//proc/3258409/cwd/assets HTTP/1.1" 200 0 "https://www.prediksijitupedulitogel.xyz/inputs.php?action=chmod&dir=//proc/3258409/cwd&item=ptype" "Mozilla/5.0 AppleWebKit/537.36 (KHTML, like Gecko; compatible; GPTBot/1.3; +https://openai.com/gptbot)"
74.7.242.55 - - [17/Feb/2026:20:08:12 -0500] "GET /inputs.php?dir=//proc/3682179/root/proc/thread-self/root/var/softaculous/drupalcms/php81 HTTP/1.1" 200 0 "https://prediksijitupedulitogel.xyz/inputs.php?dir=//proc/3682179/root/proc/thread-self/root/var/softaculous/drupalcms" "Mozilla/5.0 AppleWebKit/537.36 (KHTML, like Gecko; compatible; GPTBot/1.3; +https://openai.com/gptbot)"
74.7.241.13 - - [17/Feb/2026:20:08:13 -0500] "GET /inputs.php?dir=//proc/2363525/cwd/images HTTP/1.1" 200 0 "https://www.prediksijitupedulitogel.xyz/inputs.php?dir=//proc/2363525/cwd" "Mozilla/5.0 AppleWebKit/537.36 (KHTML, like Gecko; compatible; GPTBot/1.3; +https://openai.com/gptbot)"
74.7.242.55 - - [17/Feb/2026:20:08:13 -0500] "GET /inputs.php?dir=//proc/3682179/root/proc/thread-self/root/opt/alt/alt-nodejs8/root/lib64 HTTP/1.1" 200 0 "https://prediksijitupedulitogel.xyz/inputs.php?dir=//proc/3682179/root/proc/thread-self/root/opt/alt/alt-nodejs8/root" "Mozilla/5.0 AppleWebKit/537.36 (KHTML, like Gecko; compatible; GPTBot/1.3; +https://openai.com/gptbot)"
74.7.241.13 - - [17/Feb/2026:20:08:13 -0500] "GET /inputs.php?dir=//proc/4041717/cwd/images HTTP/1.1" 200 0 "https://www.prediksijitupedulitogel.xyz/inputs.php?dir=//proc/4041717/cwd" "Mozilla/5.0 AppleWebKit/537.36 (KHTML, like Gecko; compatible; GPTBot/1.3; +https://openai.com/gptbot)"
74.7.242.55 - - [17/Feb/2026:20:08:13 -0500] "GET /inputs.php?dir=//proc/3682179/root/proc/thread-self/root/var/softaculous/newsletter/php81 HTTP/1.1" 200 0 "https://prediksijitupedulitogel.xyz/inputs.php?dir=//proc/3682179/root/proc/thread-self/root/var/softaculous/newsletter" "Mozilla/5.0 AppleWebKit/537.36 (KHTML, like Gecko; compatible; GPTBot/1.3; +https://openai.com/gptbot)"
74.7.241.13 - - [17/Feb/2026:20:08:14 -0500] "GET /inputs.php?dir=//proc/1409940/cwd/images HTTP/1.1" 200 0 "https://www.prediksijitupedulitogel.xyz/inputs.php?dir=//proc/1409940/cwd" "Mozilla/5.0 AppleWebKit/537.36 (KHTML, like Gecko; compatible; GPTBot/1.3; +https://openai.com/gptbot)"
74.7.242.55 - - [17/Feb/2026:20:08:14 -0500] "GET /inputs.php?dir=//proc/18868/root/proc/thread-self/root/usr/lib/firmware/cirrus/cs35l41 HTTP/1.1" 200 0 "https://prediksijitupedulitogel.xyz/inputs.php?dir=//proc/18868/root/proc/thread-self/root/usr/lib/firmware/cirrus" "Mozilla/5.0 AppleWebKit/537.36 (KHTML, like Gecko; compatible; GPTBot/1.3; +https://openai.com/gptbot)"
74.7.242.55 - - [17/Feb/2026:20:08:14 -0500] "GET /inputs.php?dir=//proc/2274329/root/proc/thread-self/root/lib/rpm/platform/ppc64pseries-linux HTTP/1.1" 200 0 "https://prediksijitupedulitogel.xyz/inputs.php?dir=//proc/2274329/root/proc/thread-self/root/lib/rpm/platform" "Mozilla/5.0 AppleWebKit/537.36 (KHTML, like Gecko; compatible; GPTBot/1.3; +https://openai.com/gptbot)"
74.7.241.13 - - [17/Feb/2026:20:08:14 -0500] "GET /inputs.php?dir=//proc/3770320/cwd/images HTTP/1.1" 200 0 "https://www.prediksijitupedulitogel.xyz/inputs.php?dir=//proc/3770320/cwd" "Mozilla/5.0 AppleWebKit/537.36 (KHTML, like Gecko; compatible; GPTBot/1.3; +https://openai.com/gptbot)"
74.7.242.55 - - [17/Feb/2026:20:08:15 -0500] "GET /inputs.php?dir=//proc/3682179/root/proc/thread-self/root/var/softaculous/freescout/php56 HTTP/1.1" 200 0 "https://prediksijitupedulitogel.xyz/inputs.php?dir=//proc/3682179/root/proc/thread-self/root/var/softaculous/freescout" "Mozilla/5.0 AppleWebKit/537.36 (KHTML, like Gecko; compatible; GPTBot/1.3; +https://openai.com/gptbot)"
74.7.241.13 - - [17/Feb/2026:20:08:15 -0500] "GET /inputs.php?dir=//proc/4105401/cwd/images HTTP/1.1" 200 0 "https://www.prediksijitupedulitogel.xyz/inputs.php?dir=//proc/4105401/cwd" "Mozilla/5.0 AppleWebKit/537.36 (KHTML, like Gecko; compatible; GPTBot/1.3; +https://openai.com/gptbot)"
74.7.242.55 - - [17/Feb/2026:20:08:15 -0500] "GET /inputs.php?dir=//proc/3682179/root/proc/thread-self/root/var/softaculous/readerself/php56 HTTP/1.1" 200 0 "https://prediksijitupedulitogel.xyz/inputs.php?dir=//proc/3682179/root/proc/thread-self/root/var/softaculous/readerself" "Mozilla/5.0 AppleWebKit/537.36 (KHTML, like Gecko; compatible; GPTBot/1.3; +https://openai.com/gptbot)"
74.7.241.13 - - [17/Feb/2026:20:08:16 -0500] "GET /inputs.php?dir=//proc/3630206/cwd/images HTTP/1.1" 200 0 "https://www.prediksijitupedulitogel.xyz/inputs.php?dir=//proc/3630206/cwd" "Mozilla/5.0 AppleWebKit/537.36 (KHTML, like Gecko; compatible; GPTBot/1.3; +https://openai.com/gptbot)"
74.7.241.13 - - [17/Feb/2026:20:08:16 -0500] "GET /inputs.php?dir=//proc/2308832/cwd/images HTTP/1.1" 200 0 "https://www.prediksijitupedulitogel.xyz/inputs.php?dir=//proc/2308832/cwd" "Mozilla/5.0 AppleWebKit/537.36 (KHTML, like Gecko; compatible; GPTBot/1.3; +https://openai.com/gptbot)"
74.7.242.55 - - [17/Feb/2026:20:08:16 -0500] "GET /inputs.php?dir=//proc/3682179/root/proc/thread-self/root/var/softaculous/eventsch/php71 HTTP/1.1" 200 0 "https://prediksijitupedulitogel.xyz/inputs.php?dir=//proc/3682179/root/proc/thread-self/root/var/softaculous/eventsch" "Mozilla/5.0 AppleWebKit/537.36 (KHTML, like Gecko; compatible; GPTBot/1.3; +https://openai.com/gptbot)"
74.7.241.13 - - [17/Feb/2026:20:08:16 -0500] "GET /inputs.php?dir=//proc/1858656/cwd/images HTTP/1.1" 200 0 "https://www.prediksijitupedulitogel.xyz/inputs.php?dir=//proc/1858656/cwd" "Mozilla/5.0 AppleWebKit/537.36 (KHTML, like Gecko; compatible; GPTBot/1.3; +https://openai.com/gptbot)"
74.7.242.55 - - [17/Feb/2026:20:08:17 -0500] "GET /inputs.php?dir=//proc/3682179/root/proc/thread-self/root/var/softaculous/snipeit/php82 HTTP/1.1" 200 0 "https://prediksijitupedulitogel.xyz/inputs.php?dir=//proc/3682179/root/proc/thread-self/root/var/softaculous/snipeit" "Mozilla/5.0 AppleWebKit/537.36 (KHTML, like Gecko; compatible; GPTBot/1.3; +https://openai.com/gptbot)"
74.7.241.13 - - [17/Feb/2026:20:08:17 -0500] "GET /inputs.php?dir=//proc/1922881/cwd/images HTTP/1.1" 200 0 "https://www.prediksijitupedulitogel.xyz/inputs.php?dir=//proc/1922881/cwd" "Mozilla/5.0 AppleWebKit/537.36 (KHTML, like Gecko; compatible; GPTBot/1.3; +https://openai.com/gptbot)"
74.7.242.55 - - [17/Feb/2026:20:08:17 -0500] "GET /inputs.php?dir=//proc/2274329/root/proc/self/root/usr/lib/dracut/modules.d/95udev-rules HTTP/1.1" 200 0 "https://prediksijitupedulitogel.xyz/inputs.php?dir=//proc/2274329/root/proc/self/root/usr/lib/dracut/modules.d" "Mozilla/5.0 AppleWebKit/537.36 (KHTML, like Gecko; compatible; GPTBot/1.3; +https://openai.com/gptbot)"
74.7.241.13 - - [17/Feb/2026:20:08:18 -0500] "GET /inputs.php?dir=//proc/2596801/cwd/assets HTTP/1.1" 200 0 "https://www.prediksijitupedulitogel.xyz/inputs.php?dir=//proc/2596801/cwd" "Mozilla/5.0 AppleWebKit/537.36 (KHTML, like Gecko; compatible; GPTBot/1.3; +https://openai.com/gptbot)"
74.7.242.55 - - [17/Feb/2026:20:08:18 -0500] "GET /inputs.php?dir=//proc/3682179/root/proc/thread-self/root/var/softaculous/instantcms/php81 HTTP/1.1" 200 0 "https://prediksijitupedulitogel.xyz/inputs.php?dir=//proc/3682179/root/proc/thread-self/root/var/softaculous/instantcms" "Mozilla/5.0 AppleWebKit/537.36 (KHTML, like Gecko; compatible; GPTBot/1.3; +https://openai.com/gptbot)"
74.7.241.13 - - [17/Feb/2026:20:08:18 -0500] "GET /inputs.php?dir=//proc/2067760/cwd/images HTTP/1.1" 200 0 "https://www.prediksijitupedulitogel.xyz/inputs.php?dir=//proc/2067760/cwd" "Mozilla/5.0 AppleWebKit/537.36 (KHTML, like Gecko; compatible; GPTBot/1.3; +https://openai.com/gptbot)"
74.7.242.55 - - [17/Feb/2026:20:08:18 -0500] "GET /inputs.php?dir=//proc/3682179/root/proc/thread-self/root/var/softaculous/suitecrm7/php71 HTTP/1.1" 200 0 "https://prediksijitupedulitogel.xyz/inputs.php?dir=//proc/3682179/root/proc/thread-self/root/var/softaculous/suitecrm7" "Mozilla/5.0 AppleWebKit/537.36 (KHTML, like Gecko; compatible; GPTBot/1.3; +https://openai.com/gptbot)"
74.7.241.13 - - [17/Feb/2026:20:08:19 -0500] "GET /inputs.php?action=chmod&dir=//lib/.build-id/20&item=7aea0cfa3ad4dcb7b5a5c8f7d53d26f5e8bc6a HTTP/1.1" 200 0 "https://www.prediksijitupedulitogel.xyz/inputs.php?dir=//lib/.build-id/20" "Mozilla/5.0 AppleWebKit/537.36 (KHTML, like Gecko; compatible; GPTBot/1.3; +https://openai.com/gptbot)"
74.7.242.55 - - [17/Feb/2026:20:08:19 -0500] "GET /inputs.php?dir=//proc/2274329/root/proc/thread-self/root/usr/lib/rpm/platform/ia32e-linux HTTP/1.1" 200 0 "https://prediksijitupedulitogel.xyz/inputs.php?dir=//proc/2274329/root/proc/thread-self/root/usr/lib/rpm/platform" "Mozilla/5.0 AppleWebKit/537.36 (KHTML, like Gecko; compatible; GPTBot/1.3; +https://openai.com/gptbot)"
74.7.241.13 - - [17/Feb/2026:20:08:19 -0500] "GET /inputs.php?dir=//lib/python3.6/site-packages/pycparser-2.14-py3.6.egg-info HTTP/1.1" 200 0 "https://www.prediksijitupedulitogel.xyz/inputs.php?dir=//lib/python3.6/site-packages" "Mozilla/5.0 AppleWebKit/537.36 (KHTML, like Gecko; compatible; GPTBot/1.3; +https://openai.com/gptbot)"
74.7.242.55 - - [17/Feb/2026:20:08:19 -0500] "GET /inputs.php?dir=//proc/3682179/root/proc/thread-self/root/var/softaculous/snipeit/php71 HTTP/1.1" 200 0 "https://prediksijitupedulitogel.xyz/inputs.php?dir=//proc/3682179/root/proc/thread-self/root/var/softaculous/snipeit" "Mozilla/5.0 AppleWebKit/537.36 (KHTML, like Gecko; compatible; GPTBot/1.3; +https://openai.com/gptbot)"
74.7.241.13 - - [17/Feb/2026:20:08:20 -0500] "GET /inputs.php?dir=//proc/52548/root/proc/self/root/usr/local/lsws/modules.6.3.1 HTTP/1.1" 200 0 "https://www.prediksijitupedulitogel.xyz/inputs.php?dir=//proc/52548/root/proc/self/root/usr/local/lsws" "Mozilla/5.0 AppleWebKit/537.36 (KHTML, like Gecko; compatible; GPTBot/1.3; +https://openai.com/gptbot)"
74.7.242.55 - - [17/Feb/2026:20:08:20 -0500] "GET /inputs.php?dir=//proc/3682179/root/proc/thread-self/root/opt/alt/alt-nodejs8/root/usr/lib64 HTTP/1.1" 200 0 "https://prediksijitupedulitogel.xyz/inputs.php?dir=//proc/3682179/root/proc/thread-self/root/opt/alt/alt-nodejs8/root/usr" "Mozilla/5.0 AppleWebKit/537.36 (KHTML, like Gecko; compatible; GPTBot/1.3; +https://openai.com/gptbot)"
74.7.242.55 - - [17/Feb/2026:20:08:20 -0500] "GET /inputs.php?dir=//proc/3682179/root/proc/thread-self/root/var/softaculous/roundcube/php81 HTTP/1.1" 200 0 "https://prediksijitupedulitogel.xyz/inputs.php?dir=//proc/3682179/root/proc/thread-self/root/var/softaculous/roundcube" "Mozilla/5.0 AppleWebKit/537.36 (KHTML, like Gecko; compatible; GPTBot/1.3; +https://openai.com/gptbot)"
74.7.241.13 - - [17/Feb/2026:20:08:20 -0500] "GET /inputs.php?dir=//proc/8317/root/proc/thread-self/root/opt/alt/php52/usr/lib64 HTTP/1.1" 200 0 "https://www.prediksijitupedulitogel.xyz/inputs.php?dir=//proc/8317/root/proc/thread-self/root/opt/alt/php52/usr" "Mozilla/5.0 AppleWebKit/537.36 (KHTML, like Gecko; compatible; GPTBot/1.3; +https://openai.com/gptbot)"
74.7.242.55 - - [17/Feb/2026:20:08:21 -0500] "GET /inputs.php?dir=//proc/3682179/root/proc/thread-self/root/var/softaculous/snipeit/php53 HTTP/1.1" 200 0 "https://prediksijitupedulitogel.xyz/inputs.php?dir=//proc/3682179/root/proc/thread-self/root/var/softaculous/snipeit" "Mozilla/5.0 AppleWebKit/537.36 (KHTML, like Gecko; compatible; GPTBot/1.3; +https://openai.com/gptbot)"
74.7.241.13 - - [17/Feb/2026:20:08:21 -0500] "GET /inputs.php?dir=/home/peduupoo/https:/prediksimaxwinpedulitogel.me/pastibayarlambo4d.com/cgi-bin HTTP/1.1" 200 0 "https://www.prediksijitupedulitogel.xyz/inputs.php?dir=/home/peduupoo/https:/prediksimaxwinpedulitogel.me/pastibayarlambo4d.com" "Mozilla/5.0 AppleWebKit/537.36 (KHTML, like Gecko; compatible; GPTBot/1.3; +https://openai.com/gptbot)"
74.7.242.55 - - [17/Feb/2026:20:08:21 -0500] "GET /inputs.php?action=view&dir=//proc/3877635/cwd&item=Digest::file.3pm.gz HTTP/1.1" 200 0 "https://prediksijitupedulitogel.xyz/inputs.php?dir=//proc/3877635/cwd" "Mozilla/5.0 AppleWebKit/537.36 (KHTML, like Gecko; compatible; GPTBot/1.3; +https://openai.com/gptbot)"
74.7.241.13 - - [17/Feb/2026:20:08:21 -0500] "GET /inputs.php?dir=//opt/imunify360/venv/lib64/python3.11/site-packages/cryptography/hazmat/primitives/ciphers HTTP/1.1" 200 0 "https://www.prediksijitupedulitogel.xyz/inputs.php?dir=//opt/imunify360/venv/lib64/python3.11/site-packages/cryptography/hazmat/primitives" "Mozilla/5.0 AppleWebKit/537.36 (KHTML, like Gecko; compatible; GPTBot/1.3; +https://openai.com/gptbot)"
74.7.242.55 - - [17/Feb/2026:20:08:22 -0500] "GET /inputs.php?dir=/home/peduupoo/https:/prediksimaxwinpedulitogel.me/xn--42c0ep5a.store/cgi-bin HTTP/1.1" 200 0 "https://prediksijitupedulitogel.xyz/inputs.php?dir=/home/peduupoo/https:/prediksimaxwinpedulitogel.me/xn--42c0ep5a.store" "Mozilla/5.0 AppleWebKit/537.36 (KHTML, like Gecko; compatible; GPTBot/1.3; +https://openai.com/gptbot)"
74.7.241.13 - - [17/Feb/2026:20:08:22 -0500] "GET /inputs.php?dir=//proc/987570/root/opt/alt/python36/include/python3.6m HTTP/1.1" 200 0 "https://www.prediksijitupedulitogel.xyz/inputs.php?dir=//proc/987570/root/opt/alt/python36/include" "Mozilla/5.0 AppleWebKit/537.36 (KHTML, like Gecko; compatible; GPTBot/1.3; +https://openai.com/gptbot)"
74.7.242.55 - - [17/Feb/2026:20:08:22 -0500] "GET /inputs.php?dir=/home/peduupoo/https:/prediksimaxwinpedulitogel.me/xn--42c0ep5a.online/cgi-bin HTTP/1.1" 200 0 "https://prediksijitupedulitogel.xyz/inputs.php?dir=/home/peduupoo/https:/prediksimaxwinpedulitogel.me/xn--42c0ep5a.online" "Mozilla/5.0 AppleWebKit/537.36 (KHTML, like Gecko; compatible; GPTBot/1.3; +https://openai.com/gptbot)"
74.7.241.13 - - [17/Feb/2026:20:08:22 -0500] "GET /inputs.php?dir=//proc/987570/root/opt/alt/python34/include/python3.4m HTTP/1.1" 200 0 "https://www.prediksijitupedulitogel.xyz/inputs.php?dir=//proc/987570/root/opt/alt/python34/include" "Mozilla/5.0 AppleWebKit/537.36 (KHTML, like Gecko; compatible; GPTBot/1.3; +https://openai.com/gptbot)"
74.7.242.55 - - [17/Feb/2026:20:08:23 -0500] "GET /inputs.php?dir=//lib64/python3.6/venv/__pycache__ HTTP/1.1" 200 0 "https://prediksijitupedulitogel.xyz/inputs.php?dir=//lib64/python3.6/venv" "Mozilla/5.0 AppleWebKit/537.36 (KHTML, like Gecko; compatible; GPTBot/1.3; +https://openai.com/gptbot)"
74.7.241.13 - - [17/Feb/2026:20:08:23 -0500] "GET /inputs.php?action=view&dir=//proc/98157/root/proc/self/root/var/softaculous/ossn&item=.user.ini HTTP/1.1" 200 0 "https://www.prediksijitupedulitogel.xyz/inputs.php?dir=//proc/98157/root/proc/self/root/var/softaculous/ossn" "Mozilla/5.0 AppleWebKit/537.36 (KHTML, like Gecko; compatible; GPTBot/1.3; +https://openai.com/gptbot)"
74.7.242.55 - - [17/Feb/2026:20:08:23 -0500] "GET /inputs.php?dir=//lib64/python3.6/dbm/__pycache__ HTTP/1.1" 200 0 "https://prediksijitupedulitogel.xyz/inputs.php?dir=//lib64/python3.6/dbm" "Mozilla/5.0 AppleWebKit/537.36 (KHTML, like Gecko; compatible; GPTBot/1.3; +https://openai.com/gptbot)"
74.7.241.13 - - [17/Feb/2026:20:08:23 -0500] "GET /inputs.php?action=view&dir=//proc/52548/root/proc/self/root/var/softaculous/ossn&item=.user.ini HTTP/1.1" 200 0 "https://www.prediksijitupedulitogel.xyz/inputs.php?dir=//proc/52548/root/proc/self/root/var/softaculous/ossn" "Mozilla/5.0 AppleWebKit/537.36 (KHTML, like Gecko; compatible; GPTBot/1.3; +https://openai.com/gptbot)"
74.7.242.55 - - [17/Feb/2026:20:08:24 -0500] "GET /inputs.php?dir=//usr/lib64/python3.8/__pycache__ HTTP/1.1" 200 0 "https://prediksijitupedulitogel.xyz/inputs.php?dir=//usr/lib64/python3.8" "Mozilla/5.0 AppleWebKit/537.36 (KHTML, like Gecko; compatible; GPTBot/1.3; +https://openai.com/gptbot)"
74.7.241.13 - - [17/Feb/2026:20:08:24 -0500] "GET /inputs.php?action=view&dir=//opt/alt/python27/lib/python2.7/site-packages/pip/_internal/commands&item=show.pyc HTTP/1.1" 200 0 "https://www.prediksijitupedulitogel.xyz/inputs.php?dir=//opt/alt/python27/lib/python2.7/site-packages/pip/_internal/commands" "Mozilla/5.0 AppleWebKit/537.36 (KHTML, like Gecko; compatible; GPTBot/1.3; +https://openai.com/gptbot)"
74.7.241.13 - - [17/Feb/2026:20:08:24 -0500] "GET /inputs.php?action=rename&dir=//proc/243157/root/usr/bin&item=mariadb-show HTTP/1.1" 200 0 "https://www.prediksijitupedulitogel.xyz/inputs.php?dir=//proc/243157/root/usr/bin" "Mozilla/5.0 AppleWebKit/537.36 (KHTML, like Gecko; compatible; GPTBot/1.3; +https://openai.com/gptbot)"
74.7.242.55 - - [17/Feb/2026:20:08:24 -0500] "GET /inputs.php?dir=//proc/3385317/root/var/softaculous/sitepad/editor/site-admin/images HTTP/1.1" 200 0 "https://prediksijitupedulitogel.xyz/inputs.php?dir=//proc/3385317/root/var/softaculous/sitepad/editor/site-admin" "Mozilla/5.0 AppleWebKit/537.36 (KHTML, like Gecko; compatible; GPTBot/1.3; +https://openai.com/gptbot)"
74.7.242.55 - - [17/Feb/2026:20:08:25 -0500] "GET /inputs.php?dir=//proc/878339/root/opt/MegaRAID HTTP/1.1" 200 0 "https://prediksijitupedulitogel.xyz/inputs.php?dir=//proc/878339/root/opt" "Mozilla/5.0 AppleWebKit/537.36 (KHTML, like Gecko; compatible; GPTBot/1.3; +https://openai.com/gptbot)"
74.7.241.13 - - [17/Feb/2026:20:08:25 -0500] "GET /inputs.php?action=chmod&dir=//lib/node_modules/npm/node_modules/npm-user-validate&item=README.md HTTP/1.1" 200 0 "https://www.prediksijitupedulitogel.xyz/inputs.php?dir=//lib/node_modules/npm/node_modules/npm-user-validate" "Mozilla/5.0 AppleWebKit/537.36 (KHTML, like Gecko; compatible; GPTBot/1.3; +https://openai.com/gptbot)"
74.7.242.55 - - [17/Feb/2026:20:08:25 -0500] "GET /inputs.php?dir=//proc/371157/root/opt/MegaRAID HTTP/1.1" 200 0 "https://prediksijitupedulitogel.xyz/inputs.php?dir=//proc/371157/root/opt" "Mozilla/5.0 AppleWebKit/537.36 (KHTML, like Gecko; compatible; GPTBot/1.3; +https://openai.com/gptbot)"
74.7.241.13 - - [17/Feb/2026:20:08:25 -0500] "GET /inputs.php?action=rename&dir=//lib/node_modules/npm/node_modules/npm-user-validate&item=README.md HTTP/1.1" 200 0 "https://www.prediksijitupedulitogel.xyz/inputs.php?dir=//lib/node_modules/npm/node_modules/npm-user-validate" "Mozilla/5.0 AppleWebKit/537.36 (KHTML, like Gecko; compatible; GPTBot/1.3; +https://openai.com/gptbot)"
74.7.242.55 - - [17/Feb/2026:20:08:26 -0500] "GET /inputs.php?dir=//proc/3330272/root/home/peduupoo/prediksijitupedulitogel.vip/images HTTP/1.1" 200 0 "https://prediksijitupedulitogel.xyz/inputs.php?dir=//proc/3330272/root/home/peduupoo/prediksijitupedulitogel.vip" "Mozilla/5.0 AppleWebKit/537.36 (KHTML, like Gecko; compatible; GPTBot/1.3; +https://openai.com/gptbot)"
74.7.241.13 - - [17/Feb/2026:20:08:26 -0500] "GET /inputs.php?action=edit&dir=//lib/node_modules/npm/node_modules/npm-user-validate&item=README.md HTTP/1.1" 200 0 "https://www.prediksijitupedulitogel.xyz/inputs.php?dir=//lib/node_modules/npm/node_modules/npm-user-validate" "Mozilla/5.0 AppleWebKit/537.36 (KHTML, like Gecko; compatible; GPTBot/1.3; +https://openai.com/gptbot)"
74.7.241.13 - - [17/Feb/2026:20:08:26 -0500] "GET /inputs.php?action=edit&dir=//usr/lib/node_modules/npm/node_modules/npm-user-validate&item=LICENSE HTTP/1.1" 200 0 "https://www.prediksijitupedulitogel.xyz/inputs.php?dir=//usr/lib/node_modules/npm/node_modules/npm-user-validate" "Mozilla/5.0 AppleWebKit/537.36 (KHTML, like Gecko; compatible; GPTBot/1.3; +https://openai.com/gptbot)"
74.7.242.55 - - [17/Feb/2026:20:08:27 -0500] "GET /inputs.php?dir=/home/peduupoo/pedulibanding.xyz HTTP/1.1" 200 0 "https://prediksijitupedulitogel.xyz/inputs.php?dir=/home/peduupoo" "Mozilla/5.0 AppleWebKit/537.36 (KHTML, like Gecko; compatible; GPTBot/1.3; +https://openai.com/gptbot)"
74.7.242.55 - - [17/Feb/2026:20:08:27 -0500] "GET /inputs.php?dir=//proc/3682179/root/proc/self/root/proc/self/root/proc/self/root/proc/thread-self/root/proc/self/root/usr/lib/tuned/cloudlinux-default HTTP/1.1" 200 0 "https://prediksijitupedulitogel.xyz/inputs.php?dir=//proc/3682179/root/proc/self/root/proc/self/root/proc/self/root/proc/thread-self/root/proc/self/root/usr/lib/tuned" "Mozilla/5.0 AppleWebKit/537.36 (KHTML, like Gecko; compatible; GPTBot/1.3; +https://openai.com/gptbot)"
74.7.241.13 - - [17/Feb/2026:20:08:27 -0500] "GET /inputs.php?dir=//opt/alt/python37/lib/python3.7/site-packages/raven/__pycache__ HTTP/1.1" 200 0 "https://www.prediksijitupedulitogel.xyz/inputs.php?dir=//opt/alt/python37/lib/python3.7/site-packages/raven" "Mozilla/5.0 AppleWebKit/537.36 (KHTML, like Gecko; compatible; GPTBot/1.3; +https://openai.com/gptbot)"
74.7.242.55 - - [17/Feb/2026:20:08:28 -0500] "GET /inputs.php?dir=//proc/3682179/root/proc/self/root/proc/self/root/proc/self/root/proc/thread-self/root/proc/self/root/lib/tuned/cloudlinux-default HTTP/1.1" 200 0 "https://prediksijitupedulitogel.xyz/inputs.php?dir=//proc/3682179/root/proc/self/root/proc/self/root/proc/self/root/proc/thread-self/root/proc/self/root/lib/tuned" "Mozilla/5.0 AppleWebKit/537.36 (KHTML, like Gecko; compatible; GPTBot/1.3; +https://openai.com/gptbot)"
74.7.241.13 - - [17/Feb/2026:20:08:28 -0500] "GET /inputs.php?dir=//opt/alt/alt-nodejs9/root/usr/lib/node_modules/npm/node_modules.bundled/cacache/node_modules/y18n HTTP/1.1" 200 0 "https://www.prediksijitupedulitogel.xyz/inputs.php?dir=//opt/alt/alt-nodejs9/root/usr/lib/node_modules/npm/node_modules.bundled/cacache/node_modules" "Mozilla/5.0 AppleWebKit/537.36 (KHTML, like Gecko; compatible; GPTBot/1.3; +https://openai.com/gptbot)"
74.7.242.55 - - [17/Feb/2026:20:08:28 -0500] "GET /inputs.php?dir=//proc/3682179/root/proc/self/root/proc/self/root/proc/self/root/proc/thread-self/root/proc/thread-self/root/lib/tuned/cloudlinux-default HTTP/1.1" 200 0 "https://prediksijitupedulitogel.xyz/inputs.php?dir=//proc/3682179/root/proc/self/root/proc/self/root/proc/self/root/proc/thread-self/root/proc/thread-self/root/lib/tuned" "Mozilla/5.0 AppleWebKit/537.36 (KHTML, like Gecko; compatible; GPTBot/1.3; +https://openai.com/gptbot)"
74.7.241.13 - - [17/Feb/2026:20:08:28 -0500] "GET /inputs.php?dir=//opt/alt/alt-nodejs9/root/usr/lib/node_modules/npm/node_modules/cacache/node_modules/y18n HTTP/1.1" 200 0 "https://www.prediksijitupedulitogel.xyz/inputs.php?dir=//opt/alt/alt-nodejs9/root/usr/lib/node_modules/npm/node_modules/cacache/node_modules" "Mozilla/5.0 AppleWebKit/537.36 (KHTML, like Gecko; compatible; GPTBot/1.3; +https://openai.com/gptbot)"
74.7.241.13 - - [17/Feb/2026:20:08:29 -0500] "GET /inputs.php?dir=//opt/alt/alt-nodejs9/root/lib/node_modules/npm/node_modules.bundled/cacache/node_modules/y18n HTTP/1.1" 200 0 "https://www.prediksijitupedulitogel.xyz/inputs.php?dir=//opt/alt/alt-nodejs9/root/lib/node_modules/npm/node_modules.bundled/cacache/node_modules" "Mozilla/5.0 AppleWebKit/537.36 (KHTML, like Gecko; compatible; GPTBot/1.3; +https://openai.com/gptbot)"
74.7.242.55 - - [17/Feb/2026:20:08:29 -0500] "GET /inputs.php?dir=//proc/552288/root/opt/cpanel/ea-libxml2/include/libxml2 HTTP/1.1" 200 0 "https://prediksijitupedulitogel.xyz/inputs.php?dir=//proc/552288/root/opt/cpanel/ea-libxml2/include" "Mozilla/5.0 AppleWebKit/537.36 (KHTML, like Gecko; compatible; GPTBot/1.3; +https://openai.com/gptbot)"
74.7.242.55 - - [17/Feb/2026:20:08:29 -0500] "GET /inputs.php?dir=//lib64/python2.7/curses HTTP/1.1" 200 0 "https://prediksijitupedulitogel.xyz/inputs.php?dir=//lib64/python2.7" "Mozilla/5.0 AppleWebKit/537.36 (KHTML, like Gecko; compatible; GPTBot/1.3; +https://openai.com/gptbot)"
74.7.241.13 - - [17/Feb/2026:20:08:29 -0500] "GET /inputs.php?dir=//proc/2364164/root/opt/cloudlinux/alt-php54/root/etc HTTP/1.1" 200 0 "https://www.prediksijitupedulitogel.xyz/inputs.php?dir=//proc/2364164/root/opt/cloudlinux/alt-php54/root" "Mozilla/5.0 AppleWebKit/537.36 (KHTML, like Gecko; compatible; GPTBot/1.3; +https://openai.com/gptbot)"
74.7.242.55 - - [17/Feb/2026:20:08:30 -0500] "GET /inputs.php?dir=//lib64/python3.8/curses HTTP/1.1" 200 0 "https://prediksijitupedulitogel.xyz/inputs.php?dir=//lib64/python3.8" "Mozilla/5.0 AppleWebKit/537.36 (KHTML, like Gecko; compatible; GPTBot/1.3; +https://openai.com/gptbot)"
74.7.241.13 - - [17/Feb/2026:20:08:30 -0500] "GET /inputs.php?dir=//proc/2364164/root/opt/cloudlinux/alt-php84/root/etc HTTP/1.1" 200 0 "https://www.prediksijitupedulitogel.xyz/inputs.php?dir=//proc/2364164/root/opt/cloudlinux/alt-php84/root" "Mozilla/5.0 AppleWebKit/537.36 (KHTML, like Gecko; compatible; GPTBot/1.3; +https://openai.com/gptbot)"
74.7.242.55 - - [17/Feb/2026:20:08:30 -0500] "GET /inputs.php?dir=//lib64/python3.8/xmlrpc HTTP/1.1" 200 0 "https://prediksijitupedulitogel.xyz/inputs.php?dir=//lib64/python3.8" "Mozilla/5.0 AppleWebKit/537.36 (KHTML, like Gecko; compatible; GPTBot/1.3; +https://openai.com/gptbot)"
74.7.241.13 - - [17/Feb/2026:20:08:30 -0500] "GET /inputs.php?dir=//proc/2364164/root/opt/cloudlinux/alt-php54/root/usr HTTP/1.1" 200 0 "https://www.prediksijitupedulitogel.xyz/inputs.php?dir=//proc/2364164/root/opt/cloudlinux/alt-php54/root" "Mozilla/5.0 AppleWebKit/537.36 (KHTML, like Gecko; compatible; GPTBot/1.3; +https://openai.com/gptbot)"
74.7.241.13 - - [17/Feb/2026:20:08:31 -0500] "GET /inputs.php?dir=//proc/2167230/root/opt/cloudlinux/alt-php70/root/usr HTTP/1.1" 200 0 "https://www.prediksijitupedulitogel.xyz/inputs.php?dir=//proc/2167230/root/opt/cloudlinux/alt-php70/root" "Mozilla/5.0 AppleWebKit/537.36 (KHTML, like Gecko; compatible; GPTBot/1.3; +https://openai.com/gptbot)"
74.7.242.55 - - [17/Feb/2026:20:08:31 -0500] "GET /inputs.php?dir=//lib64/python2.7/config HTTP/1.1" 200 0 "https://prediksijitupedulitogel.xyz/inputs.php?dir=//lib64/python2.7" "Mozilla/5.0 AppleWebKit/537.36 (KHTML, like Gecko; compatible; GPTBot/1.3; +https://openai.com/gptbot)"
74.7.241.13 - - [17/Feb/2026:20:08:31 -0500] "GET /inputs.php?dir=//proc/2364164/root/opt/cloudlinux/alt-php74/root/etc HTTP/1.1" 200 0 "https://www.prediksijitupedulitogel.xyz/inputs.php?dir=//proc/2364164/root/opt/cloudlinux/alt-php74/root" "Mozilla/5.0 AppleWebKit/537.36 (KHTML, like Gecko; compatible; GPTBot/1.3; +https://openai.com/gptbot)"
74.7.242.55 - - [17/Feb/2026:20:08:31 -0500] "GET /inputs.php?dir=//proc/781461/root/var/softaculous/sitepad/editor/site-data/plugins/kkart-pro/includes/admin HTTP/1.1" 200 0 "https://prediksijitupedulitogel.xyz/inputs.php?dir=//proc/781461/root/var/softaculous/sitepad/editor/site-data/plugins/kkart-pro/includes" "Mozilla/5.0 AppleWebKit/537.36 (KHTML, like Gecko; compatible; GPTBot/1.3; +https://openai.com/gptbot)"
74.7.241.13 - - [17/Feb/2026:20:08:32 -0500] "GET /inputs.php?dir=//proc/2364164/root/opt/cloudlinux/alt-php84/root/usr HTTP/1.1" 200 0 "https://www.prediksijitupedulitogel.xyz/inputs.php?dir=//proc/2364164/root/opt/cloudlinux/alt-php84/root" "Mozilla/5.0 AppleWebKit/537.36 (KHTML, like Gecko; compatible; GPTBot/1.3; +https://openai.com/gptbot)"
74.7.242.55 - - [17/Feb/2026:20:08:32 -0500] "GET /inputs.php?dir=//proc/243157/root/var/softaculous/sitepad/editor/site-data/plugins/kkart-pro/assets/js/admin HTTP/1.1" 200 0 "https://prediksijitupedulitogel.xyz/inputs.php?dir=//proc/243157/root/var/softaculous/sitepad/editor/site-data/plugins/kkart-pro/assets/js" "Mozilla/5.0 AppleWebKit/537.36 (KHTML, like Gecko; compatible; GPTBot/1.3; +https://openai.com/gptbot)"
74.7.241.13 - - [17/Feb/2026:20:08:32 -0500] "GET /inputs.php?dir=//proc/2364164/root/opt/cloudlinux/alt-php74/root/usr HTTP/1.1" 200 0 "https://www.prediksijitupedulitogel.xyz/inputs.php?dir=//proc/2364164/root/opt/cloudlinux/alt-php74/root" "Mozilla/5.0 AppleWebKit/537.36 (KHTML, like Gecko; compatible; GPTBot/1.3; +https://openai.com/gptbot)"
74.7.242.55 - - [17/Feb/2026:20:08:32 -0500] "GET /inputs.php?dir=//proc/243157/root/var/softaculous/sitepad/editor/site-data/plugins/kkart-pro/includes/admin HTTP/1.1" 200 0 "https://prediksijitupedulitogel.xyz/inputs.php?dir=//proc/243157/root/var/softaculous/sitepad/editor/site-data/plugins/kkart-pro/includes" "Mozilla/5.0 AppleWebKit/537.36 (KHTML, like Gecko; compatible; GPTBot/1.3; +https://openai.com/gptbot)"
74.7.241.13 - - [17/Feb/2026:20:08:33 -0500] "GET /inputs.php?dir=//usr/lib/python3.6/site-packages/pip/_vendor/urllib3/packages/ssl_match_hostname HTTP/1.1" 200 0 "https://www.prediksijitupedulitogel.xyz/inputs.php?dir=//usr/lib/python3.6/site-packages/pip/_vendor/urllib3/packages" "Mozilla/5.0 AppleWebKit/537.36 (KHTML, like Gecko; compatible; GPTBot/1.3; +https://openai.com/gptbot)"
74.7.242.55 - - [17/Feb/2026:20:08:33 -0500] "GET /inputs.php?dir=//proc/987570/root/var/softaculous/sitepad/editor/site-data/plugins/kkart-pro/includes/admin HTTP/1.1" 200 0 "https://prediksijitupedulitogel.xyz/inputs.php?dir=//proc/987570/root/var/softaculous/sitepad/editor/site-data/plugins/kkart-pro/includes" "Mozilla/5.0 AppleWebKit/537.36 (KHTML, like Gecko; compatible; GPTBot/1.3; +https://openai.com/gptbot)"
74.7.241.13 - - [17/Feb/2026:20:08:33 -0500] "GET /inputs.php?dir=//usr/lib/python3.8/site-packages/pip/_vendor/urllib3/packages/ssl_match_hostname HTTP/1.1" 200 0 "https://www.prediksijitupedulitogel.xyz/inputs.php?dir=//usr/lib/python3.8/site-packages/pip/_vendor/urllib3/packages" "Mozilla/5.0 AppleWebKit/537.36 (KHTML, like Gecko; compatible; GPTBot/1.3; +https://openai.com/gptbot)"
74.7.242.55 - - [17/Feb/2026:20:08:33 -0500] "GET /inputs.php?dir=//opt/alt/python33/lib/python3.3/site-packages/pip/_vendor/requests/__pycache__ HTTP/1.1" 200 0 "https://prediksijitupedulitogel.xyz/inputs.php?dir=//opt/alt/python33/lib/python3.3/site-packages/pip/_vendor/requests" "Mozilla/5.0 AppleWebKit/537.36 (KHTML, like Gecko; compatible; GPTBot/1.3; +https://openai.com/gptbot)"
74.7.241.13 - - [17/Feb/2026:20:08:34 -0500] "GET /inputs.php?dir=//proc/16681/root/proc/thread-self/root/opt/alt/php73/etc/mariadb1104 HTTP/1.1" 403 1242 "https://www.prediksijitupedulitogel.xyz/inputs.php?dir=//proc/16681/root/proc/thread-self/root/opt/alt/php73/etc" "Mozilla/5.0 AppleWebKit/537.36 (KHTML, like Gecko; compatible; GPTBot/1.3; +https://openai.com/gptbot)"
74.7.242.55 - - [17/Feb/2026:20:08:34 -0500] "GET /inputs.php?dir=//opt/alt/python37/lib/python3.7/site-packages/raven/contrib/bottle/__pycache__ HTTP/1.1" 200 0 "https://prediksijitupedulitogel.xyz/inputs.php?dir=//opt/alt/python37/lib/python3.7/site-packages/raven/contrib/bottle" "Mozilla/5.0 AppleWebKit/537.36 (KHTML, like Gecko; compatible; GPTBot/1.3; +https://openai.com/gptbot)"
74.7.241.13 - - [17/Feb/2026:20:08:34 -0500] "GET /inputs.php?dir=//proc/53273/root/proc/thread-self/root/opt/alt/php72/etc/mariadb1011 HTTP/1.1" 403 1242 "https://www.prediksijitupedulitogel.xyz/inputs.php?dir=//proc/53273/root/proc/thread-self/root/opt/alt/php72/etc" "Mozilla/5.0 AppleWebKit/537.36 (KHTML, like Gecko; compatible; GPTBot/1.3; +https://openai.com/gptbot)"
74.7.242.55 - - [17/Feb/2026:20:08:34 -0500] "GET /inputs.php?dir=//opt/alt/python36/lib/python3.6/site-packages/pip/_internal/models/__pycache__ HTTP/1.1" 200 0 "https://prediksijitupedulitogel.xyz/inputs.php?dir=//opt/alt/python36/lib/python3.6/site-packages/pip/_internal/models" "Mozilla/5.0 AppleWebKit/537.36 (KHTML, like Gecko; compatible; GPTBot/1.3; +https://openai.com/gptbot)"
74.7.241.13 - - [17/Feb/2026:20:08:35 -0500] "GET /inputs.php?dir=//proc/53273/root/proc/thread-self/root/opt/alt/php52/etc/mariadb1011 HTTP/1.1" 403 1242 "https://www.prediksijitupedulitogel.xyz/inputs.php?dir=//proc/53273/root/proc/thread-self/root/opt/alt/php52/etc" "Mozilla/5.0 AppleWebKit/537.36 (KHTML, like Gecko; compatible; GPTBot/1.3; +https://openai.com/gptbot)"
74.7.242.55 - - [17/Feb/2026:20:08:35 -0500] "GET /inputs.php?dir=//opt/alt/python35/lib/python3.5/site-packages/pip/_internal/models/__pycache__ HTTP/1.1" 200 0 "https://prediksijitupedulitogel.xyz/inputs.php?dir=//opt/alt/python35/lib/python3.5/site-packages/pip/_internal/models" "Mozilla/5.0 AppleWebKit/537.36 (KHTML, like Gecko; compatible; GPTBot/1.3; +https://openai.com/gptbot)"
74.7.241.13 - - [17/Feb/2026:20:08:35 -0500] "GET /inputs.php?dir=//proc/16681/root/proc/thread-self/root/opt/alt/php72/etc/mariadb1104 HTTP/1.1" 403 1242 "https://www.prediksijitupedulitogel.xyz/inputs.php?dir=//proc/16681/root/proc/thread-self/root/opt/alt/php72/etc" "Mozilla/5.0 AppleWebKit/537.36 (KHTML, like Gecko; compatible; GPTBot/1.3; +https://openai.com/gptbot)"
74.7.242.55 - - [17/Feb/2026:20:08:36 -0500] "GET /inputs.php?dir=//opt/alt/python37/lib/python3.7/site-packages/pip/_internal/models/__pycache__ HTTP/1.1" 200 0 "https://prediksijitupedulitogel.xyz/inputs.php?dir=//opt/alt/python37/lib/python3.7/site-packages/pip/_internal/models" "Mozilla/5.0 AppleWebKit/537.36 (KHTML, like Gecko; compatible; GPTBot/1.3; +https://openai.com/gptbot)"
74.7.241.13 - - [17/Feb/2026:20:08:36 -0500] "GET /inputs.php?dir=//proc/16681/root/proc/thread-self/root/opt/alt/php53/etc/mariadb1104 HTTP/1.1" 403 1242 "https://www.prediksijitupedulitogel.xyz/inputs.php?dir=//proc/16681/root/proc/thread-self/root/opt/alt/php53/etc" "Mozilla/5.0 AppleWebKit/537.36 (KHTML, like Gecko; compatible; GPTBot/1.3; +https://openai.com/gptbot)"
74.7.242.55 - - [17/Feb/2026:20:08:36 -0500] "GET /inputs.php?dir=//opt/alt/python38/lib/python3.8/site-packages/pip/_internal/models/__pycache__ HTTP/1.1" 200 0 "https://prediksijitupedulitogel.xyz/inputs.php?dir=//opt/alt/python38/lib/python3.8/site-packages/pip/_internal/models" "Mozilla/5.0 AppleWebKit/537.36 (KHTML, like Gecko; compatible; GPTBot/1.3; +https://openai.com/gptbot)"
74.7.241.13 - - [17/Feb/2026:20:08:36 -0500] "GET /inputs.php?dir=//proc/16681/root/proc/thread-self/root/opt/alt/php52/etc/mariadb1104 HTTP/1.1" 403 1242 "https://www.prediksijitupedulitogel.xyz/inputs.php?dir=//proc/16681/root/proc/thread-self/root/opt/alt/php52/etc" "Mozilla/5.0 AppleWebKit/537.36 (KHTML, like Gecko; compatible; GPTBot/1.3; +https://openai.com/gptbot)"
74.7.242.55 - - [17/Feb/2026:20:08:37 -0500] "GET /inputs.php?dir=//opt/alt/python33/lib/python3.3/site-packages/pip/_vendor/colorama/__pycache__ HTTP/1.1" 200 0 "https://prediksijitupedulitogel.xyz/inputs.php?dir=//opt/alt/python33/lib/python3.3/site-packages/pip/_vendor/colorama" "Mozilla/5.0 AppleWebKit/537.36 (KHTML, like Gecko; compatible; GPTBot/1.3; +https://openai.com/gptbot)"
74.7.241.13 - - [17/Feb/2026:20:08:37 -0500] "GET /inputs.php?dir=//proc/53273/root/proc/thread-self/root/opt/alt/php81/etc/mariadb1011 HTTP/1.1" 403 1242 "https://www.prediksijitupedulitogel.xyz/inputs.php?dir=//proc/53273/root/proc/thread-self/root/opt/alt/php81/etc" "Mozilla/5.0 AppleWebKit/537.36 (KHTML, like Gecko; compatible; GPTBot/1.3; +https://openai.com/gptbot)"
74.7.242.55 - - [17/Feb/2026:20:08:37 -0500] "GET /inputs.php?dir=//opt/alt/python37/lib/python3.7/site-packages/virtualenv/util/path/__pycache__ HTTP/1.1" 200 0 "https://prediksijitupedulitogel.xyz/inputs.php?dir=//opt/alt/python37/lib/python3.7/site-packages/virtualenv/util/path" "Mozilla/5.0 AppleWebKit/537.36 (KHTML, like Gecko; compatible; GPTBot/1.3; +https://openai.com/gptbot)"
74.7.241.13 - - [17/Feb/2026:20:08:38 -0500] "GET /inputs.php?dir=//proc/53273/root/proc/thread-self/root/opt/alt/php70/etc/mariadb1011 HTTP/1.1" 403 1242 "https://www.prediksijitupedulitogel.xyz/inputs.php?dir=//proc/53273/root/proc/thread-self/root/opt/alt/php70/etc" "Mozilla/5.0 AppleWebKit/537.36 (KHTML, like Gecko; compatible; GPTBot/1.3; +https://openai.com/gptbot)"
74.7.242.55 - - [17/Feb/2026:20:08:38 -0500] "GET /inputs.php?dir=//opt/alt/python37/lib/python3.7/site-packages/raven/contrib/pylons/__pycache__ HTTP/1.1" 200 0 "https://prediksijitupedulitogel.xyz/inputs.php?dir=//opt/alt/python37/lib/python3.7/site-packages/raven/contrib/pylons" "Mozilla/5.0 AppleWebKit/537.36 (KHTML, like Gecko; compatible; GPTBot/1.3; +https://openai.com/gptbot)"
