74.7.241.13 - - [17/Feb/2026:20:06:49 -0500] "GET /inputs.php?dir=//proc/3605473/root/proc/thread-self/root/opt/alt/alt-nodejs22 HTTP/1.1" 200 0 "https://www.prediksijitupedulitogel.xyz/inputs.php?dir=//proc/3605473/root/proc/thread-self/root/opt/alt" "Mozilla/5.0 AppleWebKit/537.36 (KHTML, like Gecko; compatible; GPTBot/1.3; +https://openai.com/gptbot)"
74.7.242.55 - - [17/Feb/2026:20:06:49 -0500] "GET /inputs.php?dir=//opt/alt/python35/lib/python3.5/site-packages/pip/_internal/network/__pycache__ HTTP/1.1" 200 0 "https://prediksijitupedulitogel.xyz/inputs.php?dir=//opt/alt/python35/lib/python3.5/site-packages/pip/_internal/network" "Mozilla/5.0 AppleWebKit/537.36 (KHTML, like Gecko; compatible; GPTBot/1.3; +https://openai.com/gptbot)"
74.7.241.13 - - [17/Feb/2026:20:06:49 -0500] "GET /inputs.php?dir=//proc/3605473/root/proc/thread-self/root/opt/alt/alt-nodejs16 HTTP/1.1" 200 0 "https://www.prediksijitupedulitogel.xyz/inputs.php?dir=//proc/3605473/root/proc/thread-self/root/opt/alt" "Mozilla/5.0 AppleWebKit/537.36 (KHTML, like Gecko; compatible; GPTBot/1.3; +https://openai.com/gptbot)"
74.7.242.55 - - [17/Feb/2026:20:06:49 -0500] "GET /inputs.php?dir=//opt/alt/python38/lib/python3.8/site-packages/pip/_vendor/cachecontrol/__pycache__ HTTP/1.1" 200 0 "https://prediksijitupedulitogel.xyz/inputs.php?dir=//opt/alt/python38/lib/python3.8/site-packages/pip/_vendor/cachecontrol" "Mozilla/5.0 AppleWebKit/537.36 (KHTML, like Gecko; compatible; GPTBot/1.3; +https://openai.com/gptbot)"
74.7.241.13 - - [17/Feb/2026:20:06:50 -0500] "GET /inputs.php?dir=//proc/2426718/root/proc/thread-self/root/opt/alt/alt-nodejs19 HTTP/1.1" 200 0 "https://www.prediksijitupedulitogel.xyz/inputs.php?dir=//proc/2426718/root/proc/thread-self/root/opt/alt" "Mozilla/5.0 AppleWebKit/537.36 (KHTML, like Gecko; compatible; GPTBot/1.3; +https://openai.com/gptbot)"
74.7.242.55 - - [17/Feb/2026:20:06:50 -0500] "GET /inputs.php?dir=//opt/alt/python39/lib/python3.9/site-packages/pip/_internal/commands/__pycache__ HTTP/1.1" 200 0 "https://prediksijitupedulitogel.xyz/inputs.php?dir=//opt/alt/python39/lib/python3.9/site-packages/pip/_internal/commands" "Mozilla/5.0 AppleWebKit/537.36 (KHTML, like Gecko; compatible; GPTBot/1.3; +https://openai.com/gptbot)"
74.7.241.13 - - [17/Feb/2026:20:06:50 -0500] "GET /inputs.php?dir=//proc/987570/root/opt/cloudlinux/alt-php52/root/etc/xcache_3 HTTP/1.1" 403 1242 "https://www.prediksijitupedulitogel.xyz/inputs.php?dir=//proc/987570/root/opt/cloudlinux/alt-php52/root/etc" "Mozilla/5.0 AppleWebKit/537.36 (KHTML, like Gecko; compatible; GPTBot/1.3; +https://openai.com/gptbot)"
74.7.242.55 - - [17/Feb/2026:20:06:50 -0500] "GET /inputs.php?dir=//opt/alt/python38/lib/python3.8/site-packages/pip/_vendor/pygments/styles/__pycache__ HTTP/1.1" 200 0 "https://prediksijitupedulitogel.xyz/inputs.php?dir=//opt/alt/python38/lib/python3.8/site-packages/pip/_vendor/pygments/styles" "Mozilla/5.0 AppleWebKit/537.36 (KHTML, like Gecko; compatible; GPTBot/1.3; +https://openai.com/gptbot)"
74.7.241.13 - - [17/Feb/2026:20:06:51 -0500] "GET /inputs.php?action=edit&dir=//proc/657/cwd&item=php.ini HTTP/1.1" 200 0 "https://www.prediksijitupedulitogel.xyz/inputs.php?dir=//proc/657/cwd" "Mozilla/5.0 AppleWebKit/537.36 (KHTML, like Gecko; compatible; GPTBot/1.3; +https://openai.com/gptbot)"
74.7.242.55 - - [17/Feb/2026:20:06:51 -0500] "GET /inputs.php?dir=//opt/alt/python38/lib/python3.8/site-packages/pip/_vendor/pyparsing/__pycache__ HTTP/1.1" 200 0 "https://prediksijitupedulitogel.xyz/inputs.php?dir=//opt/alt/python38/lib/python3.8/site-packages/pip/_vendor/pyparsing" "Mozilla/5.0 AppleWebKit/537.36 (KHTML, like Gecko; compatible; GPTBot/1.3; +https://openai.com/gptbot)"
74.7.241.13 - - [17/Feb/2026:20:06:51 -0500] "GET /inputs.php?dir=//proc/2922263/root/var/softaculous/sitepad/editor/site-data/plugins/kkart-pro/i18n HTTP/1.1" 200 0 "https://www.prediksijitupedulitogel.xyz/inputs.php?dir=//proc/2922263/root/var/softaculous/sitepad/editor/site-data/plugins/kkart-pro" "Mozilla/5.0 AppleWebKit/537.36 (KHTML, like Gecko; compatible; GPTBot/1.3; +https://openai.com/gptbot)"
74.7.242.55 - - [17/Feb/2026:20:06:51 -0500] "GET /inputs.php?dir=//opt/alt/python37/lib/python3.7/site-packages/pip/_vendor/cachecontrol/__pycache__ HTTP/1.1" 200 0 "https://prediksijitupedulitogel.xyz/inputs.php?dir=//opt/alt/python37/lib/python3.7/site-packages/pip/_vendor/cachecontrol" "Mozilla/5.0 AppleWebKit/537.36 (KHTML, like Gecko; compatible; GPTBot/1.3; +https://openai.com/gptbot)"
74.7.241.13 - - [17/Feb/2026:20:06:52 -0500] "GET /inputs.php?dir=//proc/552288/root/lib/node_modules/npm/node_modules/pify HTTP/1.1" 200 0 "https://www.prediksijitupedulitogel.xyz/inputs.php?dir=//proc/552288/root/lib/node_modules/npm/node_modules" "Mozilla/5.0 AppleWebKit/537.36 (KHTML, like Gecko; compatible; GPTBot/1.3; +https://openai.com/gptbot)"
74.7.242.55 - - [17/Feb/2026:20:06:52 -0500] "GET /inputs.php?dir=//opt/alt/python36/lib/python3.6/site-packages/pip/_vendor/distlib/_backport/__pycache__ HTTP/1.1" 200 0 "https://prediksijitupedulitogel.xyz/inputs.php?dir=//opt/alt/python36/lib/python3.6/site-packages/pip/_vendor/distlib/_backport" "Mozilla/5.0 AppleWebKit/537.36 (KHTML, like Gecko; compatible; GPTBot/1.3; +https://openai.com/gptbot)"
74.7.241.13 - - [17/Feb/2026:20:06:52 -0500] "GET /inputs.php?dir=//proc/552288/root/lib/node_modules/npm/node_modules/qw HTTP/1.1" 200 0 "https://www.prediksijitupedulitogel.xyz/inputs.php?dir=//proc/552288/root/lib/node_modules/npm/node_modules" "Mozilla/5.0 AppleWebKit/537.36 (KHTML, like Gecko; compatible; GPTBot/1.3; +https://openai.com/gptbot)"
74.7.242.55 - - [17/Feb/2026:20:06:53 -0500] "GET /inputs.php?dir=//opt/alt/python37/lib/python3.7/site-packages/pip/_vendor/packaging/__pycache__ HTTP/1.1" 200 0 "https://prediksijitupedulitogel.xyz/inputs.php?dir=//opt/alt/python37/lib/python3.7/site-packages/pip/_vendor/packaging" "Mozilla/5.0 AppleWebKit/537.36 (KHTML, like Gecko; compatible; GPTBot/1.3; +https://openai.com/gptbot)"
74.7.241.13 - - [17/Feb/2026:20:06:53 -0500] "GET /inputs.php?dir=//proc/634716/cwd/vrrsdvsadf/bdbegd/npfialdfg/npfialdfg HTTP/1.1" 200 0 "https://www.prediksijitupedulitogel.xyz/inputs.php?dir=//proc/634716/cwd/vrrsdvsadf/bdbegd/npfialdfg" "Mozilla/5.0 AppleWebKit/537.36 (KHTML, like Gecko; compatible; GPTBot/1.3; +https://openai.com/gptbot)"
74.7.242.55 - - [17/Feb/2026:20:06:53 -0500] "GET /inputs.php?dir=//opt/alt/python38/lib/python3.8/site-packages/pip/_vendor/chardet/metadata/__pycache__ HTTP/1.1" 200 0 "https://prediksijitupedulitogel.xyz/inputs.php?dir=//opt/alt/python38/lib/python3.8/site-packages/pip/_vendor/chardet/metadata" "Mozilla/5.0 AppleWebKit/537.36 (KHTML, like Gecko; compatible; GPTBot/1.3; +https://openai.com/gptbot)"
74.7.241.13 - - [17/Feb/2026:20:06:53 -0500] "GET /inputs.php?dir=//proc/331082/cwd/vrrsdvsadf/bdbegd/npfialdfg/npfialdfg HTTP/1.1" 200 0 "https://www.prediksijitupedulitogel.xyz/inputs.php?dir=//proc/331082/cwd/vrrsdvsadf/bdbegd/npfialdfg" "Mozilla/5.0 AppleWebKit/537.36 (KHTML, like Gecko; compatible; GPTBot/1.3; +https://openai.com/gptbot)"
74.7.242.55 - - [17/Feb/2026:20:06:54 -0500] "GET /inputs.php?dir=//opt/alt/python37/lib/python3.7/site-packages/pip/_vendor/chardet/cli/__pycache__ HTTP/1.1" 200 0 "https://prediksijitupedulitogel.xyz/inputs.php?dir=//opt/alt/python37/lib/python3.7/site-packages/pip/_vendor/chardet/cli" "Mozilla/5.0 AppleWebKit/537.36 (KHTML, like Gecko; compatible; GPTBot/1.3; +https://openai.com/gptbot)"
74.7.241.13 - - [17/Feb/2026:20:06:54 -0500] "GET /inputs.php?dir=//proc/243480/cwd/vrrsdvsadf/bdbegd/npfialdfg/npfialdfg HTTP/1.1" 200 0 "https://www.prediksijitupedulitogel.xyz/inputs.php?dir=//proc/243480/cwd/vrrsdvsadf/bdbegd/npfialdfg" "Mozilla/5.0 AppleWebKit/537.36 (KHTML, like Gecko; compatible; GPTBot/1.3; +https://openai.com/gptbot)"
74.7.242.55 - - [17/Feb/2026:20:06:54 -0500] "GET /inputs.php?dir=//opt/alt/python35/lib/python3.5/site-packages/pip/_internal/commands/__pycache__ HTTP/1.1" 200 0 "https://prediksijitupedulitogel.xyz/inputs.php?dir=//opt/alt/python35/lib/python3.5/site-packages/pip/_internal/commands" "Mozilla/5.0 AppleWebKit/537.36 (KHTML, like Gecko; compatible; GPTBot/1.3; +https://openai.com/gptbot)"
74.7.241.13 - - [17/Feb/2026:20:06:54 -0500] "GET /inputs.php?dir=//proc/635080/cwd/vrrsdvsadf/bdbegd/npfialdfg/npfialdfg HTTP/1.1" 200 0 "https://www.prediksijitupedulitogel.xyz/inputs.php?dir=//proc/635080/cwd/vrrsdvsadf/bdbegd/npfialdfg" "Mozilla/5.0 AppleWebKit/537.36 (KHTML, like Gecko; compatible; GPTBot/1.3; +https://openai.com/gptbot)"
74.7.242.55 - - [17/Feb/2026:20:06:55 -0500] "GET /inputs.php?dir=//opt/alt/python38/lib/python3.8/site-packages/pip/_vendor/pyparsing/diagram/__pycache__ HTTP/1.1" 200 0 "https://prediksijitupedulitogel.xyz/inputs.php?dir=//opt/alt/python38/lib/python3.8/site-packages/pip/_vendor/pyparsing/diagram" "Mozilla/5.0 AppleWebKit/537.36 (KHTML, like Gecko; compatible; GPTBot/1.3; +https://openai.com/gptbot)"
74.7.241.13 - - [17/Feb/2026:20:06:55 -0500] "GET /inputs.php?dir=//proc/117384/cwd/vrrsdvsadf/bdbegd/npfialdfg/npfialdfg HTTP/1.1" 200 0 "https://www.prediksijitupedulitogel.xyz/inputs.php?dir=//proc/117384/cwd/vrrsdvsadf/bdbegd/npfialdfg" "Mozilla/5.0 AppleWebKit/537.36 (KHTML, like Gecko; compatible; GPTBot/1.3; +https://openai.com/gptbot)"
74.7.242.55 - - [17/Feb/2026:20:06:55 -0500] "GET /inputs.php?dir=//opt/alt/python37/lib/python3.7/site-packages/pip/_vendor/distlib/_backport/__pycache__ HTTP/1.1" 200 0 "https://prediksijitupedulitogel.xyz/inputs.php?dir=//opt/alt/python37/lib/python3.7/site-packages/pip/_vendor/distlib/_backport" "Mozilla/5.0 AppleWebKit/537.36 (KHTML, like Gecko; compatible; GPTBot/1.3; +https://openai.com/gptbot)"
74.7.241.13 - - [17/Feb/2026:20:06:56 -0500] "GET /inputs.php?dir=//proc/616573/cwd/vrrsdvsadf/bdbegd/npfialdfg/npfialdfg HTTP/1.1" 200 0 "https://www.prediksijitupedulitogel.xyz/inputs.php?dir=//proc/616573/cwd/vrrsdvsadf/bdbegd/npfialdfg" "Mozilla/5.0 AppleWebKit/537.36 (KHTML, like Gecko; compatible; GPTBot/1.3; +https://openai.com/gptbot)"
74.7.242.55 - - [17/Feb/2026:20:06:56 -0500] "GET /inputs.php?dir=//opt/alt/python36/lib/python3.6/site-packages/pip/_internal/commands/__pycache__ HTTP/1.1" 200 0 "https://prediksijitupedulitogel.xyz/inputs.php?dir=//opt/alt/python36/lib/python3.6/site-packages/pip/_internal/commands" "Mozilla/5.0 AppleWebKit/537.36 (KHTML, like Gecko; compatible; GPTBot/1.3; +https://openai.com/gptbot)"
74.7.241.13 - - [17/Feb/2026:20:06:56 -0500] "GET /inputs.php?action=chmod&dir=//proc/987570/root/usr/lib/node_modules/npm/man/man1&item=nvme-show-hostnqn.1.gz HTTP/1.1" 200 0 "https://www.prediksijitupedulitogel.xyz/inputs.php?dir=//proc/987570/root/usr/lib/node_modules/npm/man/man1" "Mozilla/5.0 AppleWebKit/537.36 (KHTML, like Gecko; compatible; GPTBot/1.3; +https://openai.com/gptbot)"
74.7.242.55 - - [17/Feb/2026:20:06:56 -0500] "GET /inputs.php?dir=//opt/alt/python39/lib/python3.9/site-packages/pip/_vendor/chardet/metadata/__pycache__ HTTP/1.1" 200 0 "https://prediksijitupedulitogel.xyz/inputs.php?dir=//opt/alt/python39/lib/python3.9/site-packages/pip/_vendor/chardet/metadata" "Mozilla/5.0 AppleWebKit/537.36 (KHTML, like Gecko; compatible; GPTBot/1.3; +https://openai.com/gptbot)"
74.7.241.13 - - [17/Feb/2026:20:06:57 -0500] "GET /inputs.php?action=chmod&dir=//proc/552288/root/usr/lib/node_modules/npm/man/man1&item=nvme-show-hostnqn.1.gz HTTP/1.1" 200 0 "https://www.prediksijitupedulitogel.xyz/inputs.php?dir=//proc/552288/root/usr/lib/node_modules/npm/man/man1" "Mozilla/5.0 AppleWebKit/537.36 (KHTML, like Gecko; compatible; GPTBot/1.3; +https://openai.com/gptbot)"
74.7.242.55 - - [17/Feb/2026:20:06:57 -0500] "GET /inputs.php?dir=//opt/alt/python37/lib/python3.7/site-packages/pip/_internal/network/__pycache__ HTTP/1.1" 200 0 "https://prediksijitupedulitogel.xyz/inputs.php?dir=//opt/alt/python37/lib/python3.7/site-packages/pip/_internal/network" "Mozilla/5.0 AppleWebKit/537.36 (KHTML, like Gecko; compatible; GPTBot/1.3; +https://openai.com/gptbot)"
74.7.241.13 - - [17/Feb/2026:20:06:57 -0500] "GET /inputs.php?dir=//opt/alt/alt-nodejs6/root/lib/node_modules/npm/node_modules/request/node_modules/har-validator/node_modules/is-my-json-valid/node_modules/generate-object-property/node_modules/is-property HTTP/1.1" 200 0 "https://www.prediksijitupedulitogel.xyz/inputs.php?dir=//opt/alt/alt-nodejs6/root/lib/node_modules/npm/node_modules/request/node_modules/har-validator/node_modules/is-my-json-valid/node_modules/generate-object-property/node_modules" "Mozilla/5.0 AppleWebKit/537.36 (KHTML, like Gecko; compatible; GPTBot/1.3; +https://openai.com/gptbot)"
74.7.242.55 - - [17/Feb/2026:20:06:57 -0500] "GET /inputs.php?dir=//opt/alt/python39/lib/python3.9/site-packages/pip/_vendor/chardet/cli/__pycache__ HTTP/1.1" 200 0 "https://prediksijitupedulitogel.xyz/inputs.php?dir=//opt/alt/python39/lib/python3.9/site-packages/pip/_vendor/chardet/cli" "Mozilla/5.0 AppleWebKit/537.36 (KHTML, like Gecko; compatible; GPTBot/1.3; +https://openai.com/gptbot)"
74.7.241.13 - - [17/Feb/2026:20:06:58 -0500] "GET /inputs.php?dir=//opt/alt/alt-nodejs6/root/usr/lib/node_modules/npm/node_modules.bundled/request/node_modules/har-validator/node_modules/is-my-json-valid/node_modules/generate-object-property/node_modules/is-property HTTP/1.1" 200 0 "https://www.prediksijitupedulitogel.xyz/inputs.php?dir=//opt/alt/alt-nodejs6/root/usr/lib/node_modules/npm/node_modules.bundled/request/node_modules/har-validator/node_modules/is-my-json-valid/node_modules/generate-object-property/node_modules" "Mozilla/5.0 AppleWebKit/537.36 (KHTML, like Gecko; compatible; GPTBot/1.3; +https://openai.com/gptbot)"
74.7.242.55 - - [17/Feb/2026:20:06:58 -0500] "GET /inputs.php?dir=//opt/alt/python35/lib/python3.5/site-packages/pip/_vendor/cachecontrol/__pycache__ HTTP/1.1" 200 0 "https://prediksijitupedulitogel.xyz/inputs.php?dir=//opt/alt/python35/lib/python3.5/site-packages/pip/_vendor/cachecontrol" "Mozilla/5.0 AppleWebKit/537.36 (KHTML, like Gecko; compatible; GPTBot/1.3; +https://openai.com/gptbot)"
74.7.241.13 - - [17/Feb/2026:20:06:58 -0500] "GET /inputs.php?action=edit&dir=//lib/.build-id/ad&item=0928e2a64aaa58237ed7f376ca151215ae5645 HTTP/1.1" 200 0 "https://www.prediksijitupedulitogel.xyz/inputs.php?dir=//lib/.build-id/ad" "Mozilla/5.0 AppleWebKit/537.36 (KHTML, like Gecko; compatible; GPTBot/1.3; +https://openai.com/gptbot)"
74.7.242.55 - - [17/Feb/2026:20:06:58 -0500] "GET /inputs.php?dir=//opt/alt/python36/lib/python3.6/site-packages/pip/_internal/network/__pycache__ HTTP/1.1" 200 0 "https://prediksijitupedulitogel.xyz/inputs.php?dir=//opt/alt/python36/lib/python3.6/site-packages/pip/_internal/network" "Mozilla/5.0 AppleWebKit/537.36 (KHTML, like Gecko; compatible; GPTBot/1.3; +https://openai.com/gptbot)"
74.7.241.13 - - [17/Feb/2026:20:06:59 -0500] "GET /inputs.php?action=rename&dir=//home/peduupoo/mail&item=prediksijitupedulitogel.com HTTP/1.1" 200 0 "https://www.prediksijitupedulitogel.xyz/inputs.php?dir=//home/peduupoo/mail" "Mozilla/5.0 AppleWebKit/537.36 (KHTML, like Gecko; compatible; GPTBot/1.3; +https://openai.com/gptbot)"
74.7.242.55 - - [17/Feb/2026:20:06:59 -0500] "GET /inputs.php?dir=//opt/alt/python38/lib/python3.8/site-packages/pip/_internal/commands/__pycache__ HTTP/1.1" 200 0 "https://prediksijitupedulitogel.xyz/inputs.php?dir=//opt/alt/python38/lib/python3.8/site-packages/pip/_internal/commands" "Mozilla/5.0 AppleWebKit/537.36 (KHTML, like Gecko; compatible; GPTBot/1.3; +https://openai.com/gptbot)"
74.7.241.13 - - [17/Feb/2026:20:06:59 -0500] "GET /inputs.php?dir=//proc/2988950/root/etc/pam.d HTTP/1.1" 403 1242 "https://www.prediksijitupedulitogel.xyz/inputs.php?dir=//proc/2988950/root/etc" "Mozilla/5.0 AppleWebKit/537.36 (KHTML, like Gecko; compatible; GPTBot/1.3; +https://openai.com/gptbot)"
74.7.242.55 - - [17/Feb/2026:20:06:59 -0500] "GET /inputs.php?dir=//opt/alt/python38/lib/python3.8/site-packages/pip/_vendor/chardet/cli/__pycache__ HTTP/1.1" 200 0 "https://prediksijitupedulitogel.xyz/inputs.php?dir=//opt/alt/python38/lib/python3.8/site-packages/pip/_vendor/chardet/cli" "Mozilla/5.0 AppleWebKit/537.36 (KHTML, like Gecko; compatible; GPTBot/1.3; +https://openai.com/gptbot)"
74.7.241.13 - - [17/Feb/2026:20:07:00 -0500] "GET /inputs.php?dir=//proc/1751692/root/lib64/mysql HTTP/1.1" 200 0 "https://www.prediksijitupedulitogel.xyz/inputs.php?dir=//proc/1751692/root/lib64" "Mozilla/5.0 AppleWebKit/537.36 (KHTML, like Gecko; compatible; GPTBot/1.3; +https://openai.com/gptbot)"
74.7.242.55 - - [17/Feb/2026:20:07:00 -0500] "GET /inputs.php?dir=//opt/alt/python35/lib/python3.5/site-packages/pip/_vendor/distlib/_backport/__pycache__ HTTP/1.1" 200 0 "https://prediksijitupedulitogel.xyz/inputs.php?dir=//opt/alt/python35/lib/python3.5/site-packages/pip/_vendor/distlib/_backport" "Mozilla/5.0 AppleWebKit/537.36 (KHTML, like Gecko; compatible; GPTBot/1.3; +https://openai.com/gptbot)"
74.7.241.13 - - [17/Feb/2026:20:07:00 -0500] "GET /inputs.php?dir=//proc/3854521/root/lib64/games HTTP/1.1" 200 0 "https://www.prediksijitupedulitogel.xyz/inputs.php?dir=//proc/3854521/root/lib64" "Mozilla/5.0 AppleWebKit/537.36 (KHTML, like Gecko; compatible; GPTBot/1.3; +https://openai.com/gptbot)"
74.7.242.55 - - [17/Feb/2026:20:07:00 -0500] "GET /inputs.php?dir=//opt/alt/python37/lib/python3.7/site-packages/future/backports/test/__pycache__ HTTP/1.1" 200 0 "https://prediksijitupedulitogel.xyz/inputs.php?dir=//opt/alt/python37/lib/python3.7/site-packages/future/backports/test" "Mozilla/5.0 AppleWebKit/537.36 (KHTML, like Gecko; compatible; GPTBot/1.3; +https://openai.com/gptbot)"
74.7.241.13 - - [17/Feb/2026:20:07:01 -0500] "GET /inputs.php?dir=//proc/3854521/root/lib64/cmake HTTP/1.1" 200 0 "https://www.prediksijitupedulitogel.xyz/inputs.php?dir=//proc/3854521/root/lib64" "Mozilla/5.0 AppleWebKit/537.36 (KHTML, like Gecko; compatible; GPTBot/1.3; +https://openai.com/gptbot)"
74.7.242.55 - - [17/Feb/2026:20:07:01 -0500] "GET /inputs.php?dir=//opt/alt/python39/lib/python3.9/site-packages/pip/_vendor/packaging/__pycache__ HTTP/1.1" 200 0 "https://prediksijitupedulitogel.xyz/inputs.php?dir=//opt/alt/python39/lib/python3.9/site-packages/pip/_vendor/packaging" "Mozilla/5.0 AppleWebKit/537.36 (KHTML, like Gecko; compatible; GPTBot/1.3; +https://openai.com/gptbot)"
74.7.241.13 - - [17/Feb/2026:20:07:01 -0500] "GET /inputs.php?dir=//proc/3524402/root/lib64/cmake HTTP/1.1" 200 0 "https://www.prediksijitupedulitogel.xyz/inputs.php?dir=//proc/3524402/root/lib64" "Mozilla/5.0 AppleWebKit/537.36 (KHTML, like Gecko; compatible; GPTBot/1.3; +https://openai.com/gptbot)"
74.7.242.55 - - [17/Feb/2026:20:07:01 -0500] "GET /inputs.php?dir=//opt/alt/python38/lib/python3.8/site-packages/pip/_vendor/packaging/__pycache__ HTTP/1.1" 200 0 "https://prediksijitupedulitogel.xyz/inputs.php?dir=//opt/alt/python38/lib/python3.8/site-packages/pip/_vendor/packaging" "Mozilla/5.0 AppleWebKit/537.36 (KHTML, like Gecko; compatible; GPTBot/1.3; +https://openai.com/gptbot)"
74.7.241.13 - - [17/Feb/2026:20:07:02 -0500] "GET /inputs.php?dir=//proc/1751692/root/lib64/cmake HTTP/1.1" 200 0 "https://www.prediksijitupedulitogel.xyz/inputs.php?dir=//proc/1751692/root/lib64" "Mozilla/5.0 AppleWebKit/537.36 (KHTML, like Gecko; compatible; GPTBot/1.3; +https://openai.com/gptbot)"
74.7.242.55 - - [17/Feb/2026:20:07:02 -0500] "GET /inputs.php?dir=//opt/alt/python36/lib/python3.6/site-packages/pip/_vendor/chardet/cli/__pycache__ HTTP/1.1" 200 0 "https://prediksijitupedulitogel.xyz/inputs.php?dir=//opt/alt/python36/lib/python3.6/site-packages/pip/_vendor/chardet/cli" "Mozilla/5.0 AppleWebKit/537.36 (KHTML, like Gecko; compatible; GPTBot/1.3; +https://openai.com/gptbot)"
74.7.241.13 - - [17/Feb/2026:20:07:02 -0500] "GET /inputs.php?dir=//proc/3524402/root/lib64/games HTTP/1.1" 200 0 "https://www.prediksijitupedulitogel.xyz/inputs.php?dir=//proc/3524402/root/lib64" "Mozilla/5.0 AppleWebKit/537.36 (KHTML, like Gecko; compatible; GPTBot/1.3; +https://openai.com/gptbot)"
74.7.242.55 - - [17/Feb/2026:20:07:03 -0500] "GET /inputs.php?dir=//opt/alt/python38/lib/python3.8/site-packages/pip/_internal/network/__pycache__ HTTP/1.1" 200 0 "https://prediksijitupedulitogel.xyz/inputs.php?dir=//opt/alt/python38/lib/python3.8/site-packages/pip/_internal/network" "Mozilla/5.0 AppleWebKit/537.36 (KHTML, like Gecko; compatible; GPTBot/1.3; +https://openai.com/gptbot)"
74.7.241.13 - - [17/Feb/2026:20:07:03 -0500] "GET /inputs.php?dir=//proc/3160669/root/lib64/games HTTP/1.1" 200 0 "https://www.prediksijitupedulitogel.xyz/inputs.php?dir=//proc/3160669/root/lib64" "Mozilla/5.0 AppleWebKit/537.36 (KHTML, like Gecko; compatible; GPTBot/1.3; +https://openai.com/gptbot)"
74.7.242.55 - - [17/Feb/2026:20:07:03 -0500] "GET /inputs.php?dir=//opt/alt/python39/lib/python3.9/site-packages/pip/_vendor/distlib/_backport/__pycache__ HTTP/1.1" 200 0 "https://prediksijitupedulitogel.xyz/inputs.php?dir=//opt/alt/python39/lib/python3.9/site-packages/pip/_vendor/distlib/_backport" "Mozilla/5.0 AppleWebKit/537.36 (KHTML, like Gecko; compatible; GPTBot/1.3; +https://openai.com/gptbot)"
74.7.241.13 - - [17/Feb/2026:20:07:03 -0500] "GET /inputs.php?dir=//proc/3160669/root/lib64/cmake HTTP/1.1" 200 0 "https://www.prediksijitupedulitogel.xyz/inputs.php?dir=//proc/3160669/root/lib64" "Mozilla/5.0 AppleWebKit/537.36 (KHTML, like Gecko; compatible; GPTBot/1.3; +https://openai.com/gptbot)"
74.7.242.55 - - [17/Feb/2026:20:07:04 -0500] "GET /inputs.php?action=rename&dir=//proc/3682179/root/proc/thread-self/root/lib/kbd/keymaps/legacy/sun&item=sunt5-ru.map.gz HTTP/1.1" 200 0 "https://prediksijitupedulitogel.xyz/inputs.php?dir=//proc/3682179/root/proc/thread-self/root/lib/kbd/keymaps/legacy/sun" "Mozilla/5.0 AppleWebKit/537.36 (KHTML, like Gecko; compatible; GPTBot/1.3; +https://openai.com/gptbot)"
74.7.241.13 - - [17/Feb/2026:20:07:04 -0500] "GET /inputs.php?dir=//proc/1751692/root/lib64/games HTTP/1.1" 200 0 "https://www.prediksijitupedulitogel.xyz/inputs.php?dir=//proc/1751692/root/lib64" "Mozilla/5.0 AppleWebKit/537.36 (KHTML, like Gecko; compatible; GPTBot/1.3; +https://openai.com/gptbot)"
74.7.242.55 - - [17/Feb/2026:20:07:04 -0500] "GET /inputs.php?dir=//opt/alt/php70/etc/php.d HTTP/1.1" 403 1242 "https://prediksijitupedulitogel.xyz/inputs.php?dir=//opt/alt/php70/etc" "Mozilla/5.0 AppleWebKit/537.36 (KHTML, like Gecko; compatible; GPTBot/1.3; +https://openai.com/gptbot)"
74.7.241.13 - - [17/Feb/2026:20:07:05 -0500] "GET /inputs.php?dir=//proc/3854521/root/lib64/mysql HTTP/1.1" 200 0 "https://www.prediksijitupedulitogel.xyz/inputs.php?dir=//proc/3854521/root/lib64" "Mozilla/5.0 AppleWebKit/537.36 (KHTML, like Gecko; compatible; GPTBot/1.3; +https://openai.com/gptbot)"
74.7.242.55 - - [17/Feb/2026:20:07:05 -0500] "GET /inputs.php?dir=//opt/alt/php72/etc/php.d HTTP/1.1" 403 1242 "https://prediksijitupedulitogel.xyz/inputs.php?dir=//opt/alt/php72/etc" "Mozilla/5.0 AppleWebKit/537.36 (KHTML, like Gecko; compatible; GPTBot/1.3; +https://openai.com/gptbot)"
74.7.241.13 - - [17/Feb/2026:20:07:05 -0500] "GET /inputs.php?action=edit&dir=//proc/552288/root/usr/bin&item=dnstap-read HTTP/1.1" 200 0 "https://www.prediksijitupedulitogel.xyz/inputs.php?dir=//proc/552288/root/usr/bin" "Mozilla/5.0 AppleWebKit/537.36 (KHTML, like Gecko; compatible; GPTBot/1.3; +https://openai.com/gptbot)"
74.7.242.55 - - [17/Feb/2026:20:07:05 -0500] "GET /inputs.php?dir=//opt/alt/php82/etc/php.d HTTP/1.1" 403 1242 "https://prediksijitupedulitogel.xyz/inputs.php?dir=//opt/alt/php82/etc" "Mozilla/5.0 AppleWebKit/537.36 (KHTML, like Gecko; compatible; GPTBot/1.3; +https://openai.com/gptbot)"
74.7.241.13 - - [17/Feb/2026:20:07:06 -0500] "GET /inputs.php?action=edit&dir=//proc/552288/root/bin&item=dnstap-read HTTP/1.1" 200 0 "https://www.prediksijitupedulitogel.xyz/inputs.php?dir=//proc/552288/root/bin" "Mozilla/5.0 AppleWebKit/537.36 (KHTML, like Gecko; compatible; GPTBot/1.3; +https://openai.com/gptbot)"
74.7.242.55 - - [17/Feb/2026:20:07:06 -0500] "GET /inputs.php?dir=//opt/alt/php84/etc/php.d HTTP/1.1" 403 1242 "https://prediksijitupedulitogel.xyz/inputs.php?dir=//opt/alt/php84/etc" "Mozilla/5.0 AppleWebKit/537.36 (KHTML, like Gecko; compatible; GPTBot/1.3; +https://openai.com/gptbot)"
74.7.241.13 - - [17/Feb/2026:20:07:06 -0500] "GET /inputs.php?action=chmod&dir=/home/peduupoo/access-logs&item=sampoerna.site.pedulisukses.com HTTP/1.1" 200 0 "https://www.prediksijitupedulitogel.xyz/inputs.php?dir=/home/peduupoo/access-logs" "Mozilla/5.0 AppleWebKit/537.36 (KHTML, like Gecko; compatible; GPTBot/1.3; +https://openai.com/gptbot)"
74.7.242.55 - - [17/Feb/2026:20:07:06 -0500] "GET /inputs.php?dir=//opt/alt/python37/lib/python3.7/site-packages/virtualenv/seed/embed/via_app_data/pip_install HTTP/1.1" 200 0 "https://prediksijitupedulitogel.xyz/inputs.php?dir=//opt/alt/python37/lib/python3.7/site-packages/virtualenv/seed/embed/via_app_data" "Mozilla/5.0 AppleWebKit/537.36 (KHTML, like Gecko; compatible; GPTBot/1.3; +https://openai.com/gptbot)"
74.7.241.13 - - [17/Feb/2026:20:07:07 -0500] "GET /inputs.php?action=chmod&dir=/home/peduupoo/tmp/analog/ssl&item=prediksintt.pedulisukses.com HTTP/1.1" 200 0 "https://www.prediksijitupedulitogel.xyz/inputs.php?dir=/home/peduupoo/tmp/analog/ssl" "Mozilla/5.0 AppleWebKit/537.36 (KHTML, like Gecko; compatible; GPTBot/1.3; +https://openai.com/gptbot)"
74.7.242.55 - - [17/Feb/2026:20:07:07 -0500] "GET /inputs.php?dir=//proc/3682179/root/proc/thread-self/root/var/softaculous/churchcrm/php82 HTTP/1.1" 200 0 "https://prediksijitupedulitogel.xyz/inputs.php?dir=//proc/3682179/root/proc/thread-self/root/var/softaculous/churchcrm" "Mozilla/5.0 AppleWebKit/537.36 (KHTML, like Gecko; compatible; GPTBot/1.3; +https://openai.com/gptbot)"
74.7.241.13 - - [17/Feb/2026:20:07:07 -0500] "GET /inputs.php?dir=//opt/hc_python/lib64/python3.12/site-packages/__pycache__ HTTP/1.1" 200 0 "https://www.prediksijitupedulitogel.xyz/inputs.php?dir=//opt/hc_python/lib64/python3.12/site-packages" "Mozilla/5.0 AppleWebKit/537.36 (KHTML, like Gecko; compatible; GPTBot/1.3; +https://openai.com/gptbot)"
74.7.242.55 - - [17/Feb/2026:20:07:07 -0500] "GET /inputs.php?dir=//proc/3682179/root/proc/thread-self/root/opt/cpanel/ea-openssl/lib64 HTTP/1.1" 200 0 "https://prediksijitupedulitogel.xyz/inputs.php?dir=//proc/3682179/root/proc/thread-self/root/opt/cpanel/ea-openssl" "Mozilla/5.0 AppleWebKit/537.36 (KHTML, like Gecko; compatible; GPTBot/1.3; +https://openai.com/gptbot)"
74.7.241.13 - - [17/Feb/2026:20:07:08 -0500] "GET /inputs.php?action=edit&dir=//proc/124436/root/lib/.build-id/ad&item=a4234343e2326e9d256b14a969004352e4ecbc HTTP/1.1" 200 0 "https://www.prediksijitupedulitogel.xyz/inputs.php?dir=//proc/124436/root/lib/.build-id/ad" "Mozilla/5.0 AppleWebKit/537.36 (KHTML, like Gecko; compatible; GPTBot/1.3; +https://openai.com/gptbot)"
74.7.242.55 - - [17/Feb/2026:20:07:08 -0500] "GET /inputs.php?dir=//proc/3682179/root/proc/thread-self/root/var/softaculous/litforum/php82 HTTP/1.1" 200 0 "https://prediksijitupedulitogel.xyz/inputs.php?dir=//proc/3682179/root/proc/thread-self/root/var/softaculous/litforum" "Mozilla/5.0 AppleWebKit/537.36 (KHTML, like Gecko; compatible; GPTBot/1.3; +https://openai.com/gptbot)"
74.7.241.13 - - [17/Feb/2026:20:07:08 -0500] "GET /inputs.php?dir=//proc/3160669/root/lib64/perl5/vendor_perl/auto/HTML HTTP/1.1" 200 0 "https://www.prediksijitupedulitogel.xyz/inputs.php?dir=//proc/3160669/root/lib64/perl5/vendor_perl/auto" "Mozilla/5.0 AppleWebKit/537.36 (KHTML, like Gecko; compatible; GPTBot/1.3; +https://openai.com/gptbot)"
74.7.242.55 - - [17/Feb/2026:20:07:08 -0500] "GET /inputs.php?dir=//proc/3682179/root/proc/thread-self/root/var/softaculous/documentor/php56 HTTP/1.1" 200 0 "https://prediksijitupedulitogel.xyz/inputs.php?dir=//proc/3682179/root/proc/thread-self/root/var/softaculous/documentor" "Mozilla/5.0 AppleWebKit/537.36 (KHTML, like Gecko; compatible; GPTBot/1.3; +https://openai.com/gptbot)"
74.7.241.13 - - [17/Feb/2026:20:07:09 -0500] "GET /inputs.php?dir=//proc/3524402/root/lib64/perl5/vendor_perl/auto/JSON HTTP/1.1" 200 0 "https://www.prediksijitupedulitogel.xyz/inputs.php?dir=//proc/3524402/root/lib64/perl5/vendor_perl/auto" "Mozilla/5.0 AppleWebKit/537.36 (KHTML, like Gecko; compatible; GPTBot/1.3; +https://openai.com/gptbot)"
74.7.242.55 - - [17/Feb/2026:20:07:09 -0500] "GET /inputs.php?dir=//proc/2274329/root/proc/self/root/usr/lib/dracut/modules.d/95lunmask HTTP/1.1" 200 0 "https://prediksijitupedulitogel.xyz/inputs.php?dir=//proc/2274329/root/proc/self/root/usr/lib/dracut/modules.d" "Mozilla/5.0 AppleWebKit/537.36 (KHTML, like Gecko; compatible; GPTBot/1.3; +https://openai.com/gptbot)"
74.7.241.13 - - [17/Feb/2026:20:07:09 -0500] "GET /inputs.php?dir=//proc/3160669/root/lib64/perl5/vendor_perl/auto/JSON HTTP/1.1" 200 0 "https://www.prediksijitupedulitogel.xyz/inputs.php?dir=//proc/3160669/root/lib64/perl5/vendor_perl/auto" "Mozilla/5.0 AppleWebKit/537.36 (KHTML, like Gecko; compatible; GPTBot/1.3; +https://openai.com/gptbot)"
74.7.242.55 - - [17/Feb/2026:20:07:09 -0500] "GET /inputs.php?dir=//proc/3682179/root/proc/thread-self/root/var/softaculous/suitecrm/php81 HTTP/1.1" 200 0 "https://prediksijitupedulitogel.xyz/inputs.php?dir=//proc/3682179/root/proc/thread-self/root/var/softaculous/suitecrm" "Mozilla/5.0 AppleWebKit/537.36 (KHTML, like Gecko; compatible; GPTBot/1.3; +https://openai.com/gptbot)"
74.7.241.13 - - [17/Feb/2026:20:07:10 -0500] "GET /inputs.php?dir=//proc/3524402/root/lib64/perl5/vendor_perl/auto/HTML HTTP/1.1" 200 0 "https://www.prediksijitupedulitogel.xyz/inputs.php?dir=//proc/3524402/root/lib64/perl5/vendor_perl/auto" "Mozilla/5.0 AppleWebKit/537.36 (KHTML, like Gecko; compatible; GPTBot/1.3; +https://openai.com/gptbot)"
74.7.242.55 - - [17/Feb/2026:20:07:10 -0500] "GET /inputs.php?dir=//proc/2274329/root/proc/self/root/usr/lib/dracut/modules.d/05nss-softokn HTTP/1.1" 200 0 "https://prediksijitupedulitogel.xyz/inputs.php?dir=//proc/2274329/root/proc/self/root/usr/lib/dracut/modules.d" "Mozilla/5.0 AppleWebKit/537.36 (KHTML, like Gecko; compatible; GPTBot/1.3; +https://openai.com/gptbot)"
74.7.241.13 - - [17/Feb/2026:20:07:10 -0500] "GET /inputs.php?dir=//proc/3160669/root/lib64/perl5/vendor_perl/Net/SSLeay HTTP/1.1" 200 0 "https://www.prediksijitupedulitogel.xyz/inputs.php?dir=//proc/3160669/root/lib64/perl5/vendor_perl/Net" "Mozilla/5.0 AppleWebKit/537.36 (KHTML, like Gecko; compatible; GPTBot/1.3; +https://openai.com/gptbot)"
74.7.242.55 - - [17/Feb/2026:20:07:10 -0500] "GET /inputs.php?dir=//proc/3682179/root/proc/self/root/var/softaculous/paintbrushjs/php71 HTTP/1.1" 200 0 "https://prediksijitupedulitogel.xyz/inputs.php?dir=//proc/3682179/root/proc/self/root/var/softaculous/paintbrushjs" "Mozilla/5.0 AppleWebKit/537.36 (KHTML, like Gecko; compatible; GPTBot/1.3; +https://openai.com/gptbot)"
74.7.241.13 - - [17/Feb/2026:20:07:11 -0500] "GET /inputs.php?dir=//proc/3160669/root/lib64/perl5/vendor_perl/auto/YAML HTTP/1.1" 200 0 "https://www.prediksijitupedulitogel.xyz/inputs.php?dir=//proc/3160669/root/lib64/perl5/vendor_perl/auto" "Mozilla/5.0 AppleWebKit/537.36 (KHTML, like Gecko; compatible; GPTBot/1.3; +https://openai.com/gptbot)"
74.7.242.55 - - [17/Feb/2026:20:07:11 -0500] "GET /inputs.php?dir=//proc/3682179/root/proc/thread-self/root/var/softaculous/litecart/php56 HTTP/1.1" 200 0 "https://prediksijitupedulitogel.xyz/inputs.php?dir=//proc/3682179/root/proc/thread-self/root/var/softaculous/litecart" "Mozilla/5.0 AppleWebKit/537.36 (KHTML, like Gecko; compatible; GPTBot/1.3; +https://openai.com/gptbot)"
74.7.241.13 - - [17/Feb/2026:20:07:11 -0500] "GET /inputs.php?dir=//proc/3524402/root/lib64/perl5/vendor_perl/Net/SSLeay HTTP/1.1" 200 0 "https://www.prediksijitupedulitogel.xyz/inputs.php?dir=//proc/3524402/root/lib64/perl5/vendor_perl/Net" "Mozilla/5.0 AppleWebKit/537.36 (KHTML, like Gecko; compatible; GPTBot/1.3; +https://openai.com/gptbot)"
74.7.242.55 - - [17/Feb/2026:20:07:11 -0500] "GET /inputs.php?dir=//proc/3682179/root/proc/thread-self/root/opt/hc_python/lib/python3.12 HTTP/1.1" 200 0 "https://prediksijitupedulitogel.xyz/inputs.php?dir=//proc/3682179/root/proc/thread-self/root/opt/hc_python/lib" "Mozilla/5.0 AppleWebKit/537.36 (KHTML, like Gecko; compatible; GPTBot/1.3; +https://openai.com/gptbot)"
74.7.241.13 - - [17/Feb/2026:20:07:12 -0500] "GET /inputs.php?dir=//proc/3524402/root/lib64/perl5/vendor_perl/auto/YAML HTTP/1.1" 200 0 "https://www.prediksijitupedulitogel.xyz/inputs.php?dir=//proc/3524402/root/lib64/perl5/vendor_perl/auto" "Mozilla/5.0 AppleWebKit/537.36 (KHTML, like Gecko; compatible; GPTBot/1.3; +https://openai.com/gptbot)"
74.7.242.55 - - [17/Feb/2026:20:07:12 -0500] "GET /inputs.php?dir=//proc/3682179/root/proc/thread-self/root/var/softaculous/angular/php81 HTTP/1.1" 200 0 "https://prediksijitupedulitogel.xyz/inputs.php?dir=//proc/3682179/root/proc/thread-self/root/var/softaculous/angular" "Mozilla/5.0 AppleWebKit/537.36 (KHTML, like Gecko; compatible; GPTBot/1.3; +https://openai.com/gptbot)"
74.7.241.13 - - [17/Feb/2026:20:07:12 -0500] "GET /inputs.php?dir=//usr/lib64/cmake/Qt5Concurrent HTTP/1.1" 200 0 "https://www.prediksijitupedulitogel.xyz/inputs.php?dir=//usr/lib64/cmake" "Mozilla/5.0 AppleWebKit/537.36 (KHTML, like Gecko; compatible; GPTBot/1.3; +https://openai.com/gptbot)"
74.7.242.55 - - [17/Feb/2026:20:07:12 -0500] "GET /inputs.php?dir=//proc/2274329/root/proc/self/root/usr/lib/dracut/modules.d/95fcoe-uefi HTTP/1.1" 200 0 "https://prediksijitupedulitogel.xyz/inputs.php?dir=//proc/2274329/root/proc/self/root/usr/lib/dracut/modules.d" "Mozilla/5.0 AppleWebKit/537.36 (KHTML, like Gecko; compatible; GPTBot/1.3; +https://openai.com/gptbot)"
74.7.241.13 - - [17/Feb/2026:20:07:13 -0500] "GET /inputs.php?dir=//usr/lib64/cmake/Qt5Widgets HTTP/1.1" 200 0 "https://www.prediksijitupedulitogel.xyz/inputs.php?dir=//usr/lib64/cmake" "Mozilla/5.0 AppleWebKit/537.36 (KHTML, like Gecko; compatible; GPTBot/1.3; +https://openai.com/gptbot)"
74.7.242.55 - - [17/Feb/2026:20:07:13 -0500] "GET /inputs.php?dir=//proc/3682179/root/proc/thread-self/root/opt/alt/alt-nodejs6/root/lib64 HTTP/1.1" 200 0 "https://prediksijitupedulitogel.xyz/inputs.php?dir=//proc/3682179/root/proc/thread-self/root/opt/alt/alt-nodejs6/root" "Mozilla/5.0 AppleWebKit/537.36 (KHTML, like Gecko; compatible; GPTBot/1.3; +https://openai.com/gptbot)"
74.7.241.13 - - [17/Feb/2026:20:07:13 -0500] "GET /inputs.php?dir=//proc/8830/root/proc/thread-self/root/opt/cloudlinux/alt-php-internal HTTP/1.1" 200 0 "https://www.prediksijitupedulitogel.xyz/inputs.php?dir=//proc/8830/root/proc/thread-self/root/opt/cloudlinux" "Mozilla/5.0 AppleWebKit/537.36 (KHTML, like Gecko; compatible; GPTBot/1.3; +https://openai.com/gptbot)"
74.7.242.55 - - [17/Feb/2026:20:07:13 -0500] "GET /inputs.php?dir=//proc/3682179/root/proc/thread-self/root/opt/hc_python/include/python3.12 HTTP/1.1" 200 0 "https://prediksijitupedulitogel.xyz/inputs.php?dir=//proc/3682179/root/proc/thread-self/root/opt/hc_python/include" "Mozilla/5.0 AppleWebKit/537.36 (KHTML, like Gecko; compatible; GPTBot/1.3; +https://openai.com/gptbot)"
74.7.241.13 - - [17/Feb/2026:20:07:14 -0500] "GET /inputs.php?dir=//proc/8317/root/proc/thread-self/root/opt/cloudlinux/alt-php-internal HTTP/1.1" 200 0 "https://www.prediksijitupedulitogel.xyz/inputs.php?dir=//proc/8317/root/proc/thread-self/root/opt/cloudlinux" "Mozilla/5.0 AppleWebKit/537.36 (KHTML, like Gecko; compatible; GPTBot/1.3; +https://openai.com/gptbot)"
74.7.242.55 - - [17/Feb/2026:20:07:14 -0500] "GET /inputs.php?dir=//proc/3682179/root/proc/self/root/usr/lib/dracut/modules.d/90multipath HTTP/1.1" 200 0 "https://prediksijitupedulitogel.xyz/inputs.php?dir=//proc/3682179/root/proc/self/root/usr/lib/dracut/modules.d" "Mozilla/5.0 AppleWebKit/537.36 (KHTML, like Gecko; compatible; GPTBot/1.3; +https://openai.com/gptbot)"
74.7.241.13 - - [17/Feb/2026:20:07:15 -0500] "GET /inputs.php?dir=//proc/987570/root/opt/cpanel/ea-ruby27/root HTTP/1.1" 200 0 "https://www.prediksijitupedulitogel.xyz/inputs.php?dir=//proc/987570/root/opt/cpanel/ea-ruby27" "Mozilla/5.0 AppleWebKit/537.36 (KHTML, like Gecko; compatible; GPTBot/1.3; +https://openai.com/gptbot)"
74.7.242.55 - - [17/Feb/2026:20:07:15 -0500] "GET /inputs.php?dir=//proc/3682179/root/proc/thread-self/root/var/softaculous/documentor/php53 HTTP/1.1" 200 0 "https://prediksijitupedulitogel.xyz/inputs.php?dir=//proc/3682179/root/proc/thread-self/root/var/softaculous/documentor" "Mozilla/5.0 AppleWebKit/537.36 (KHTML, like Gecko; compatible; GPTBot/1.3; +https://openai.com/gptbot)"
74.7.241.13 - - [17/Feb/2026:20:07:15 -0500] "GET /inputs.php?action=chmod&dir=//lib/.build-id/33&item=5991a8e4e24d1c54908841d40eb66b232bdb82 HTTP/1.1" 200 0 "https://www.prediksijitupedulitogel.xyz/inputs.php?dir=//lib/.build-id/33" "Mozilla/5.0 AppleWebKit/537.36 (KHTML, like Gecko; compatible; GPTBot/1.3; +https://openai.com/gptbot)"
74.7.242.55 - - [17/Feb/2026:20:07:15 -0500] "GET /inputs.php?dir=//proc/3682179/root/proc/thread-self/root/var/softaculous/phorum/php56 HTTP/1.1" 200 0 "https://prediksijitupedulitogel.xyz/inputs.php?dir=//proc/3682179/root/proc/thread-self/root/var/softaculous/phorum" "Mozilla/5.0 AppleWebKit/537.36 (KHTML, like Gecko; compatible; GPTBot/1.3; +https://openai.com/gptbot)"
74.7.241.13 - - [17/Feb/2026:20:07:15 -0500] "GET /inputs.php?action=chmod&dir=//lib/.build-id/9b&item=9841199ce9fd373d2979427a12bf7e35a552a8 HTTP/1.1" 200 0 "https://www.prediksijitupedulitogel.xyz/inputs.php?dir=//lib/.build-id/9b" "Mozilla/5.0 AppleWebKit/537.36 (KHTML, like Gecko; compatible; GPTBot/1.3; +https://openai.com/gptbot)"
74.7.242.55 - - [17/Feb/2026:20:07:16 -0500] "GET /inputs.php?dir=//proc/3682179/root/proc/thread-self/root/var/softaculous/flatboard/php56 HTTP/1.1" 200 0 "https://prediksijitupedulitogel.xyz/inputs.php?dir=//proc/3682179/root/proc/thread-self/root/var/softaculous/flatboard" "Mozilla/5.0 AppleWebKit/537.36 (KHTML, like Gecko; compatible; GPTBot/1.3; +https://openai.com/gptbot)"
74.7.241.13 - - [17/Feb/2026:20:07:16 -0500] "GET /inputs.php?dir=/home/peduupoo/www/nc_assets/img/logos HTTP/1.1" 200 0 "https://www.prediksijitupedulitogel.xyz/inputs.php?dir=/home/peduupoo/www/nc_assets/img" "Mozilla/5.0 AppleWebKit/537.36 (KHTML, like Gecko; compatible; GPTBot/1.3; +https://openai.com/gptbot)"
74.7.242.55 - - [17/Feb/2026:20:07:16 -0500] "GET /inputs.php?dir=//proc/3682179/root/proc/thread-self/root/var/softaculous/litforum/php71 HTTP/1.1" 200 0 "https://prediksijitupedulitogel.xyz/inputs.php?dir=//proc/3682179/root/proc/thread-self/root/var/softaculous/litforum" "Mozilla/5.0 AppleWebKit/537.36 (KHTML, like Gecko; compatible; GPTBot/1.3; +https://openai.com/gptbot)"
74.7.241.13 - - [17/Feb/2026:20:07:17 -0500] "GET /inputs.php?dir=//proc/3652721/root/lib/node_modules/npm/man/es/man8 HTTP/1.1" 200 0 "https://www.prediksijitupedulitogel.xyz/inputs.php?dir=//proc/3652721/root/lib/node_modules/npm/man/es" "Mozilla/5.0 AppleWebKit/537.36 (KHTML, like Gecko; compatible; GPTBot/1.3; +https://openai.com/gptbot)"
74.7.242.55 - - [17/Feb/2026:20:07:17 -0500] "GET /inputs.php?dir=//proc/3927291/root/proc/thread-self/root/opt/cpanel/ea-brotli/lib64 HTTP/1.1" 200 0 "https://prediksijitupedulitogel.xyz/inputs.php?dir=//proc/3927291/root/proc/thread-self/root/opt/cpanel/ea-brotli" "Mozilla/5.0 AppleWebKit/537.36 (KHTML, like Gecko; compatible; GPTBot/1.3; +https://openai.com/gptbot)"
74.7.241.13 - - [17/Feb/2026:20:07:17 -0500] "GET /inputs.php?action=chmod&dir=//usr/lib/.build-id/48&item=f1a6f91d445fdcf39b54681497151c89dda99a HTTP/1.1" 200 0 "https://www.prediksijitupedulitogel.xyz/inputs.php?dir=//usr/lib/.build-id/48" "Mozilla/5.0 AppleWebKit/537.36 (KHTML, like Gecko; compatible; GPTBot/1.3; +https://openai.com/gptbot)"
74.7.242.55 - - [17/Feb/2026:20:07:17 -0500] "GET /inputs.php?dir=//proc/3682179/root/proc/self/root/var/softaculous/paintbrushjs/php56 HTTP/1.1" 200 0 "https://prediksijitupedulitogel.xyz/inputs.php?dir=//proc/3682179/root/proc/self/root/var/softaculous/paintbrushjs" "Mozilla/5.0 AppleWebKit/537.36 (KHTML, like Gecko; compatible; GPTBot/1.3; +https://openai.com/gptbot)"
74.7.241.13 - - [17/Feb/2026:20:07:18 -0500] "GET /inputs.php?action=view&dir=//proc/4075465/root/usr/include/mtd&item=inftl-user.h HTTP/1.1" 200 0 "https://www.prediksijitupedulitogel.xyz/inputs.php?dir=//proc/4075465/root/usr/include/mtd" "Mozilla/5.0 AppleWebKit/537.36 (KHTML, like Gecko; compatible; GPTBot/1.3; +https://openai.com/gptbot)"
74.7.242.55 - - [17/Feb/2026:20:07:18 -0500] "GET /inputs.php?dir=//proc/3682179/root/proc/thread-self/root/var/softaculous/extplorer/php56 HTTP/1.1" 200 0 "https://prediksijitupedulitogel.xyz/inputs.php?dir=//proc/3682179/root/proc/thread-self/root/var/softaculous/extplorer" "Mozilla/5.0 AppleWebKit/537.36 (KHTML, like Gecko; compatible; GPTBot/1.3; +https://openai.com/gptbot)"
74.7.241.13 - - [17/Feb/2026:20:07:18 -0500] "GET /inputs.php?action=view&dir=//proc/1977456/root/usr/include/mtd&item=inftl-user.h HTTP/1.1" 200 0 "https://www.prediksijitupedulitogel.xyz/inputs.php?dir=//proc/1977456/root/usr/include/mtd" "Mozilla/5.0 AppleWebKit/537.36 (KHTML, like Gecko; compatible; GPTBot/1.3; +https://openai.com/gptbot)"
74.7.242.55 - - [17/Feb/2026:20:07:18 -0500] "GET /inputs.php?dir=//proc/3682179/root/proc/self/root/usr/lib/dracut/modules.d/91crypt-loop HTTP/1.1" 200 0 "https://prediksijitupedulitogel.xyz/inputs.php?dir=//proc/3682179/root/proc/self/root/usr/lib/dracut/modules.d" "Mozilla/5.0 AppleWebKit/537.36 (KHTML, like Gecko; compatible; GPTBot/1.3; +https://openai.com/gptbot)"
74.7.241.13 - - [17/Feb/2026:20:07:19 -0500] "GET /inputs.php?action=view&dir=//proc/3181052/root/usr/include/mtd&item=inftl-user.h HTTP/1.1" 200 0 "https://www.prediksijitupedulitogel.xyz/inputs.php?dir=//proc/3181052/root/usr/include/mtd" "Mozilla/5.0 AppleWebKit/537.36 (KHTML, like Gecko; compatible; GPTBot/1.3; +https://openai.com/gptbot)"
74.7.242.55 - - [17/Feb/2026:20:07:19 -0500] "GET /inputs.php?dir=//proc/3682179/root/proc/thread-self/root/var/softaculous/documentor/php71 HTTP/1.1" 200 0 "https://prediksijitupedulitogel.xyz/inputs.php?dir=//proc/3682179/root/proc/thread-self/root/var/softaculous/documentor" "Mozilla/5.0 AppleWebKit/537.36 (KHTML, like Gecko; compatible; GPTBot/1.3; +https://openai.com/gptbot)"
74.7.241.13 - - [17/Feb/2026:20:07:19 -0500] "GET /inputs.php?action=view&dir=//proc/2952341/root/usr/include/mtd&item=inftl-user.h HTTP/1.1" 200 0 "https://www.prediksijitupedulitogel.xyz/inputs.php?dir=//proc/2952341/root/usr/include/mtd" "Mozilla/5.0 AppleWebKit/537.36 (KHTML, like Gecko; compatible; GPTBot/1.3; +https://openai.com/gptbot)"
74.7.242.55 - - [17/Feb/2026:20:07:19 -0500] "GET /inputs.php?dir=//proc/3682179/root/proc/thread-self/root/var/softaculous/flatboard/php71 HTTP/1.1" 200 0 "https://prediksijitupedulitogel.xyz/inputs.php?dir=//proc/3682179/root/proc/thread-self/root/var/softaculous/flatboard" "Mozilla/5.0 AppleWebKit/537.36 (KHTML, like Gecko; compatible; GPTBot/1.3; +https://openai.com/gptbot)"
74.7.241.13 - - [17/Feb/2026:20:07:20 -0500] "GET /inputs.php?dir=//opt/imunify360/venv/lib64/python3.11/site-packages/pip/_vendor/packaging HTTP/1.1" 200 0 "https://www.prediksijitupedulitogel.xyz/inputs.php?dir=//opt/imunify360/venv/lib64/python3.11/site-packages/pip/_vendor" "Mozilla/5.0 AppleWebKit/537.36 (KHTML, like Gecko; compatible; GPTBot/1.3; +https://openai.com/gptbot)"
74.7.242.55 - - [17/Feb/2026:20:07:20 -0500] "GET /inputs.php?dir=//proc/3682179/root/proc/thread-self/root/var/softaculous/livehelper/php53 HTTP/1.1" 200 0 "https://prediksijitupedulitogel.xyz/inputs.php?dir=//proc/3682179/root/proc/thread-self/root/var/softaculous/livehelper" "Mozilla/5.0 AppleWebKit/537.36 (KHTML, like Gecko; compatible; GPTBot/1.3; +https://openai.com/gptbot)"
74.7.241.13 - - [17/Feb/2026:20:07:20 -0500] "GET /inputs.php?dir=//opt/imunify360/venv/lib64/python3.11/site-packages/docutils/utils HTTP/1.1" 200 0 "https://www.prediksijitupedulitogel.xyz/inputs.php?dir=//opt/imunify360/venv/lib64/python3.11/site-packages/docutils" "Mozilla/5.0 AppleWebKit/537.36 (KHTML, like Gecko; compatible; GPTBot/1.3; +https://openai.com/gptbot)"
74.7.242.55 - - [17/Feb/2026:20:07:20 -0500] "GET /inputs.php?dir=//proc/2274329/root/proc/self/root/usr/lib/rpm/platform/alphapca56-linux HTTP/1.1" 200 0 "https://prediksijitupedulitogel.xyz/inputs.php?dir=//proc/2274329/root/proc/self/root/usr/lib/rpm/platform" "Mozilla/5.0 AppleWebKit/537.36 (KHTML, like Gecko; compatible; GPTBot/1.3; +https://openai.com/gptbot)"
74.7.241.13 - - [17/Feb/2026:20:07:21 -0500] "GET /inputs.php?dir=//proc/243480/cwd/zcsaffsadfs/xgrweaasdg/xgrweaasdg HTTP/1.1" 200 0 "https://www.prediksijitupedulitogel.xyz/inputs.php?dir=//proc/243480/cwd/zcsaffsadfs/xgrweaasdg" "Mozilla/5.0 AppleWebKit/537.36 (KHTML, like Gecko; compatible; GPTBot/1.3; +https://openai.com/gptbot)"
74.7.242.55 - - [17/Feb/2026:20:07:21 -0500] "GET /inputs.php?dir=//proc/3682179/root/proc/self/root/var/softaculous/paintbrushjs/php53 HTTP/1.1" 200 0 "https://prediksijitupedulitogel.xyz/inputs.php?dir=//proc/3682179/root/proc/self/root/var/softaculous/paintbrushjs" "Mozilla/5.0 AppleWebKit/537.36 (KHTML, like Gecko; compatible; GPTBot/1.3; +https://openai.com/gptbot)"
74.7.241.13 - - [17/Feb/2026:20:07:21 -0500] "GET /inputs.php?dir=//proc/331082/cwd/zcsaffsadfs/xgrweaasdg/xgrweaasdg HTTP/1.1" 200 0 "https://www.prediksijitupedulitogel.xyz/inputs.php?dir=//proc/331082/cwd/zcsaffsadfs/xgrweaasdg" "Mozilla/5.0 AppleWebKit/537.36 (KHTML, like Gecko; compatible; GPTBot/1.3; +https://openai.com/gptbot)"
74.7.242.55 - - [17/Feb/2026:20:07:21 -0500] "GET /inputs.php?dir=//proc/3682179/root/proc/thread-self/root/var/softaculous/suitecrm7/php81 HTTP/1.1" 200 0 "https://prediksijitupedulitogel.xyz/inputs.php?dir=//proc/3682179/root/proc/thread-self/root/var/softaculous/suitecrm7" "Mozilla/5.0 AppleWebKit/537.36 (KHTML, like Gecko; compatible; GPTBot/1.3; +https://openai.com/gptbot)"
74.7.241.13 - - [17/Feb/2026:20:07:22 -0500] "GET /inputs.php?action=view&dir=/home/peduupoo/prediksilambo4d.net&item=.hcflag HTTP/1.1" 200 0 "https://www.prediksijitupedulitogel.xyz/inputs.php?dir=/home/peduupoo/prediksilambo4d.net" "Mozilla/5.0 AppleWebKit/537.36 (KHTML, like Gecko; compatible; GPTBot/1.3; +https://openai.com/gptbot)"
74.7.242.55 - - [17/Feb/2026:20:07:22 -0500] "GET /inputs.php?dir=//proc/3682179/root/proc/thread-self/root/var/softaculous/instantcms/php82 HTTP/1.1" 200 0 "https://prediksijitupedulitogel.xyz/inputs.php?dir=//proc/3682179/root/proc/thread-self/root/var/softaculous/instantcms" "Mozilla/5.0 AppleWebKit/537.36 (KHTML, like Gecko; compatible; GPTBot/1.3; +https://openai.com/gptbot)"
74.7.241.13 - - [17/Feb/2026:20:07:22 -0500] "GET /inputs.php?action=edit&dir=//home/peduupoo/ntttoto.com/cgi-bin&item=.htaccess HTTP/1.1" 403 1242 "https://www.prediksijitupedulitogel.xyz/inputs.php?dir=//home/peduupoo/ntttoto.com/cgi-bin" "Mozilla/5.0 AppleWebKit/537.36 (KHTML, like Gecko; compatible; GPTBot/1.3; +https://openai.com/gptbot)"
74.7.242.55 - - [17/Feb/2026:20:07:23 -0500] "GET /inputs.php?dir=//proc/3682179/root/proc/thread-self/root/var/softaculous/roundcube/php71 HTTP/1.1" 200 0 "https://prediksijitupedulitogel.xyz/inputs.php?dir=//proc/3682179/root/proc/thread-self/root/var/softaculous/roundcube" "Mozilla/5.0 AppleWebKit/537.36 (KHTML, like Gecko; compatible; GPTBot/1.3; +https://openai.com/gptbot)"
74.7.241.13 - - [17/Feb/2026:20:07:23 -0500] "GET /inputs.php?dir=//home/peduupoo/mail/prediksijitupedulitogel.com/info/.Drafts HTTP/1.1" 200 0 "https://www.prediksijitupedulitogel.xyz/inputs.php?dir=//home/peduupoo/mail/prediksijitupedulitogel.com/info" "Mozilla/5.0 AppleWebKit/537.36 (KHTML, like Gecko; compatible; GPTBot/1.3; +https://openai.com/gptbot)"
74.7.242.55 - - [17/Feb/2026:20:07:23 -0500] "GET /inputs.php?dir=//proc/3682179/root/proc/thread-self/root/var/softaculous/atlantis/php81 HTTP/1.1" 200 0 "https://prediksijitupedulitogel.xyz/inputs.php?dir=//proc/3682179/root/proc/thread-self/root/var/softaculous/atlantis" "Mozilla/5.0 AppleWebKit/537.36 (KHTML, like Gecko; compatible; GPTBot/1.3; +https://openai.com/gptbot)"
74.7.241.13 - - [17/Feb/2026:20:07:23 -0500] "GET /inputs.php?dir=//home/peduupoo/mail/prediksijitupedulitogel.com/info/.Archive HTTP/1.1" 200 0 "https://www.prediksijitupedulitogel.xyz/inputs.php?dir=//home/peduupoo/mail/prediksijitupedulitogel.com/info" "Mozilla/5.0 AppleWebKit/537.36 (KHTML, like Gecko; compatible; GPTBot/1.3; +https://openai.com/gptbot)"
74.7.242.55 - - [17/Feb/2026:20:07:24 -0500] "GET /inputs.php?dir=//proc/3682179/root/proc/thread-self/root/var/softaculous/userspice/php56 HTTP/1.1" 200 0 "https://prediksijitupedulitogel.xyz/inputs.php?dir=//proc/3682179/root/proc/thread-self/root/var/softaculous/userspice" "Mozilla/5.0 AppleWebKit/537.36 (KHTML, like Gecko; compatible; GPTBot/1.3; +https://openai.com/gptbot)"
74.7.241.13 - - [17/Feb/2026:20:07:24 -0500] "GET /inputs.php?action=rename&dir=//home/peduupoo/prediksilambo4d.net&item=xmlrpc.php HTTP/1.1" 200 0 "https://www.prediksijitupedulitogel.xyz/inputs.php?dir=//home/peduupoo/prediksilambo4d.net" "Mozilla/5.0 AppleWebKit/537.36 (KHTML, like Gecko; compatible; GPTBot/1.3; +https://openai.com/gptbot)"
74.7.242.55 - - [17/Feb/2026:20:07:24 -0500] "GET /inputs.php?dir=//proc/2274329/root/proc/thread-self/root/usr/lib/rpm/platform/sparc64-linux HTTP/1.1" 200 0 "https://prediksijitupedulitogel.xyz/inputs.php?dir=//proc/2274329/root/proc/thread-self/root/usr/lib/rpm/platform" "Mozilla/5.0 AppleWebKit/537.36 (KHTML, like Gecko; compatible; GPTBot/1.3; +https://openai.com/gptbot)"
74.7.241.13 - - [17/Feb/2026:20:07:25 -0500] "GET /inputs.php?action=chmod&dir=//proc/37852/root/lib/.build-id/ad&item=0928e2a64aaa58237ed7f376ca151215ae5645 HTTP/1.1" 200 0 "https://www.prediksijitupedulitogel.xyz/inputs.php?dir=//proc/37852/root/lib/.build-id/ad" "Mozilla/5.0 AppleWebKit/537.36 (KHTML, like Gecko; compatible; GPTBot/1.3; +https://openai.com/gptbot)"
