74.7.241.13 - - [17/Feb/2026:19:58:18 -0500] "GET /inputs.php?dir=//proc/2922263/root/var/softaculous/sitepad/editor/site-data/plugins/kkart-pro/includes/shipping/legacy-flat-rate HTTP/1.1" 200 0 "https://www.prediksijitupedulitogel.xyz/inputs.php?dir=//proc/2922263/root/var/softaculous/sitepad/editor/site-data/plugins/kkart-pro/includes/shipping" "Mozilla/5.0 AppleWebKit/537.36 (KHTML, like Gecko; compatible; GPTBot/1.3; +https://openai.com/gptbot)"
74.7.242.55 - - [17/Feb/2026:19:58:18 -0500] "GET /inputs.php?dir=//proc/3927291/root/proc/thread-self/root/usr/lib64 HTTP/1.1" 200 0 "https://prediksijitupedulitogel.xyz/inputs.php?dir=//proc/3927291/root/proc/thread-self/root/usr" "Mozilla/5.0 AppleWebKit/537.36 (KHTML, like Gecko; compatible; GPTBot/1.3; +https://openai.com/gptbot)"
74.7.241.13 - - [17/Feb/2026:19:58:18 -0500] "GET /inputs.php?dir=//proc/2922263/root/var/softaculous/sitepad/editor/site-data/plugins/cookieadmin-pro/languages HTTP/1.1" 200 0 "https://www.prediksijitupedulitogel.xyz/inputs.php?dir=//proc/2922263/root/var/softaculous/sitepad/editor/site-data/plugins/cookieadmin-pro" "Mozilla/5.0 AppleWebKit/537.36 (KHTML, like Gecko; compatible; GPTBot/1.3; +https://openai.com/gptbot)"
74.7.242.55 - - [17/Feb/2026:19:58:19 -0500] "GET /inputs.php?dir=//proc/2009719/root/proc/thread-self/root/opt/alt/libde265 HTTP/1.1" 200 0 "https://prediksijitupedulitogel.xyz/inputs.php?dir=//proc/2009719/root/proc/thread-self/root/opt/alt" "Mozilla/5.0 AppleWebKit/537.36 (KHTML, like Gecko; compatible; GPTBot/1.3; +https://openai.com/gptbot)"
74.7.241.13 - - [17/Feb/2026:19:58:19 -0500] "GET /inputs.php?dir=//proc/3705953/root/lib/dracut/modules.d/97biosdevname HTTP/1.1" 200 0 "https://www.prediksijitupedulitogel.xyz/inputs.php?dir=//proc/3705953/root/lib/dracut/modules.d" "Mozilla/5.0 AppleWebKit/537.36 (KHTML, like Gecko; compatible; GPTBot/1.3; +https://openai.com/gptbot)"
74.7.242.55 - - [17/Feb/2026:19:58:19 -0500] "GET /inputs.php?dir=//proc/2160669/root/opt/cpanel/ea-ruby27/root/media HTTP/1.1" 200 0 "https://prediksijitupedulitogel.xyz/inputs.php?dir=//proc/2160669/root/opt/cpanel/ea-ruby27/root" "Mozilla/5.0 AppleWebKit/537.36 (KHTML, like Gecko; compatible; GPTBot/1.3; +https://openai.com/gptbot)"
74.7.241.13 - - [17/Feb/2026:19:58:19 -0500] "GET /inputs.php?dir=//proc/4075465/root/usr/lib/dracut/modules.d/80lvmmerge HTTP/1.1" 200 0 "https://www.prediksijitupedulitogel.xyz/inputs.php?dir=//proc/4075465/root/usr/lib/dracut/modules.d" "Mozilla/5.0 AppleWebKit/537.36 (KHTML, like Gecko; compatible; GPTBot/1.3; +https://openai.com/gptbot)"
74.7.242.55 - - [17/Feb/2026:19:58:20 -0500] "GET /inputs.php?dir=//proc/3682179/root/proc/thread-self/root/opt/alt/libde265 HTTP/1.1" 200 0 "https://prediksijitupedulitogel.xyz/inputs.php?dir=//proc/3682179/root/proc/thread-self/root/opt/alt" "Mozilla/5.0 AppleWebKit/537.36 (KHTML, like Gecko; compatible; GPTBot/1.3; +https://openai.com/gptbot)"
74.7.241.13 - - [17/Feb/2026:19:58:20 -0500] "GET /inputs.php?dir=//proc/2970114/root/lib/dracut/modules.d/97biosdevname HTTP/1.1" 200 0 "https://www.prediksijitupedulitogel.xyz/inputs.php?dir=//proc/2970114/root/lib/dracut/modules.d" "Mozilla/5.0 AppleWebKit/537.36 (KHTML, like Gecko; compatible; GPTBot/1.3; +https://openai.com/gptbot)"
74.7.242.55 - - [17/Feb/2026:19:58:20 -0500] "GET /inputs.php?dir=//proc/1367543/root/lib64/python3.6 HTTP/1.1" 200 0 "https://prediksijitupedulitogel.xyz/inputs.php?dir=//proc/1367543/root/lib64" "Mozilla/5.0 AppleWebKit/537.36 (KHTML, like Gecko; compatible; GPTBot/1.3; +https://openai.com/gptbot)"
74.7.241.13 - - [17/Feb/2026:19:58:20 -0500] "GET /inputs.php?dir=//proc/4075465/root/usr/lib/firmware/qcom/sdx61/foxconn HTTP/1.1" 200 0 "https://www.prediksijitupedulitogel.xyz/inputs.php?dir=//proc/4075465/root/usr/lib/firmware/qcom/sdx61" "Mozilla/5.0 AppleWebKit/537.36 (KHTML, like Gecko; compatible; GPTBot/1.3; +https://openai.com/gptbot)"
74.7.242.55 - - [17/Feb/2026:19:58:21 -0500] "GET /inputs.php?action=view&dir=//proc/2274329/root/proc/thread-self/root/var/cpanel/userdata/peduupoo&item=prediksilambo4d.net.pedulisukses.com.cache HTTP/1.1" 200 0 "https://prediksijitupedulitogel.xyz/inputs.php?dir=//proc/2274329/root/proc/thread-self/root/var/cpanel/userdata/peduupoo" "Mozilla/5.0 AppleWebKit/537.36 (KHTML, like Gecko; compatible; GPTBot/1.3; +https://openai.com/gptbot)"
74.7.241.13 - - [17/Feb/2026:19:58:21 -0500] "GET /inputs.php?dir=//proc/3524402/root/lib64/open-vm-tools/plugins/common HTTP/1.1" 200 0 "https://www.prediksijitupedulitogel.xyz/inputs.php?dir=//proc/3524402/root/lib64/open-vm-tools/plugins" "Mozilla/5.0 AppleWebKit/537.36 (KHTML, like Gecko; compatible; GPTBot/1.3; +https://openai.com/gptbot)"
74.7.242.55 - - [17/Feb/2026:19:58:21 -0500] "GET /inputs.php?action=edit&dir=/home/peduupoo/prediksimaxwinpedulitogel.net&item=schallfuns.php HTTP/1.1" 200 0 "https://prediksijitupedulitogel.xyz/inputs.php?dir=/home/peduupoo/prediksimaxwinpedulitogel.net" "Mozilla/5.0 AppleWebKit/537.36 (KHTML, like Gecko; compatible; GPTBot/1.3; +https://openai.com/gptbot)"
74.7.241.13 - - [17/Feb/2026:19:58:22 -0500] "GET /inputs.php?dir=//proc/4075465/root/usr/lib/dracut/modules.d/95terminfo HTTP/1.1" 200 0 "https://www.prediksijitupedulitogel.xyz/inputs.php?dir=//proc/4075465/root/usr/lib/dracut/modules.d" "Mozilla/5.0 AppleWebKit/537.36 (KHTML, like Gecko; compatible; GPTBot/1.3; +https://openai.com/gptbot)"
74.7.242.55 - - [17/Feb/2026:19:58:22 -0500] "GET /inputs.php?dir=//opt/alt/python34/lib64/python3.4/lib2to3/fixes HTTP/1.1" 200 0 "https://prediksijitupedulitogel.xyz/inputs.php?dir=//opt/alt/python34/lib64/python3.4/lib2to3" "Mozilla/5.0 AppleWebKit/537.36 (KHTML, like Gecko; compatible; GPTBot/1.3; +https://openai.com/gptbot)"
74.7.241.13 - - [17/Feb/2026:19:58:22 -0500] "GET /inputs.php?dir=//proc/3705953/root/lib/dracut/modules.d/05nss-softokn HTTP/1.1" 200 0 "https://www.prediksijitupedulitogel.xyz/inputs.php?dir=//proc/3705953/root/lib/dracut/modules.d" "Mozilla/5.0 AppleWebKit/537.36 (KHTML, like Gecko; compatible; GPTBot/1.3; +https://openai.com/gptbot)"
74.7.242.55 - - [17/Feb/2026:19:58:22 -0500] "GET /inputs.php?dir=//opt/alt/python36/lib64/python3.6/lib2to3/fixes HTTP/1.1" 200 0 "https://prediksijitupedulitogel.xyz/inputs.php?dir=//opt/alt/python36/lib64/python3.6/lib2to3" "Mozilla/5.0 AppleWebKit/537.36 (KHTML, like Gecko; compatible; GPTBot/1.3; +https://openai.com/gptbot)"
74.7.241.13 - - [17/Feb/2026:19:58:23 -0500] "GET /inputs.php?dir=//proc/4075465/root/usr/lib/dracut/modules.d/95lunmask HTTP/1.1" 200 0 "https://www.prediksijitupedulitogel.xyz/inputs.php?dir=//proc/4075465/root/usr/lib/dracut/modules.d" "Mozilla/5.0 AppleWebKit/537.36 (KHTML, like Gecko; compatible; GPTBot/1.3; +https://openai.com/gptbot)"
74.7.242.55 - - [17/Feb/2026:19:58:23 -0500] "GET /inputs.php?action=rename&dir=//proc/21095/cwd&item=git-read-tree.1.gz HTTP/1.1" 200 0 "https://prediksijitupedulitogel.xyz/inputs.php?action=rename&dir=//proc/21095/cwd&item=xcb_render_query_filters_aliases_length.3.gz" "Mozilla/5.0 AppleWebKit/537.36 (KHTML, like Gecko; compatible; GPTBot/1.3; +https://openai.com/gptbot)"
74.7.241.13 - - [17/Feb/2026:19:58:23 -0500] "GET /inputs.php?dir=//proc/4075465/root/usr/lib/dracut/modules.d/04watchdog HTTP/1.1" 200 0 "https://www.prediksijitupedulitogel.xyz/inputs.php?dir=//proc/4075465/root/usr/lib/dracut/modules.d" "Mozilla/5.0 AppleWebKit/537.36 (KHTML, like Gecko; compatible; GPTBot/1.3; +https://openai.com/gptbot)"
74.7.242.55 - - [17/Feb/2026:19:58:23 -0500] "GET /inputs.php?action=edit&dir=//proc/21095/cwd&item=dnstap-read.1.gz HTTP/1.1" 200 0 "https://prediksijitupedulitogel.xyz/inputs.php?action=rename&dir=//proc/21095/cwd&item=xcb_render_query_filters_aliases_length.3.gz" "Mozilla/5.0 AppleWebKit/537.36 (KHTML, like Gecko; compatible; GPTBot/1.3; +https://openai.com/gptbot)"
74.7.241.13 - - [17/Feb/2026:19:58:24 -0500] "GET /inputs.php?dir=//proc/1751692/root/lib64/open-vm-tools/plugins/common HTTP/1.1" 200 0 "https://www.prediksijitupedulitogel.xyz/inputs.php?dir=//proc/1751692/root/lib64/open-vm-tools/plugins" "Mozilla/5.0 AppleWebKit/537.36 (KHTML, like Gecko; compatible; GPTBot/1.3; +https://openai.com/gptbot)"
74.7.242.55 - - [17/Feb/2026:19:58:24 -0500] "GET /inputs.php?dir=//proc/243157/root/usr/lib/dracut/modules.d/99fs-lib HTTP/1.1" 200 0 "https://prediksijitupedulitogel.xyz/inputs.php?dir=//proc/243157/root/usr/lib/dracut/modules.d" "Mozilla/5.0 AppleWebKit/537.36 (KHTML, like Gecko; compatible; GPTBot/1.3; +https://openai.com/gptbot)"
74.7.241.13 - - [17/Feb/2026:19:58:24 -0500] "GET /inputs.php?dir=//proc/4075465/root/usr/lib/dracut/modules.d/98selinux HTTP/1.1" 200 0 "https://www.prediksijitupedulitogel.xyz/inputs.php?dir=//proc/4075465/root/usr/lib/dracut/modules.d" "Mozilla/5.0 AppleWebKit/537.36 (KHTML, like Gecko; compatible; GPTBot/1.3; +https://openai.com/gptbot)"
74.7.242.55 - - [17/Feb/2026:19:58:24 -0500] "GET /inputs.php?dir=//usr/lib64/python3.8/wsgiref/__pycache__ HTTP/1.1" 200 0 "https://prediksijitupedulitogel.xyz/inputs.php?dir=//usr/lib64/python3.8/wsgiref" "Mozilla/5.0 AppleWebKit/537.36 (KHTML, like Gecko; compatible; GPTBot/1.3; +https://openai.com/gptbot)"
74.7.241.13 - - [17/Feb/2026:19:58:25 -0500] "GET /inputs.php?dir=//proc/4075465/root/usr/lib/dracut/modules.d/98ecryptfs HTTP/1.1" 200 0 "https://www.prediksijitupedulitogel.xyz/inputs.php?dir=//proc/4075465/root/usr/lib/dracut/modules.d" "Mozilla/5.0 AppleWebKit/537.36 (KHTML, like Gecko; compatible; GPTBot/1.3; +https://openai.com/gptbot)"
74.7.242.55 - - [17/Feb/2026:19:58:25 -0500] "GET /inputs.php?dir=//opt/alt/alt-nodejs12/root/usr/lib/node_modules/npm/node_modules.bundled/npm-registry-fetch/node_modules/safe-buffer HTTP/1.1" 200 0 "https://prediksijitupedulitogel.xyz/inputs.php?dir=//opt/alt/alt-nodejs12/root/usr/lib/node_modules/npm/node_modules.bundled/npm-registry-fetch/node_modules" "Mozilla/5.0 AppleWebKit/537.36 (KHTML, like Gecko; compatible; GPTBot/1.3; +https://openai.com/gptbot)"
74.7.241.13 - - [17/Feb/2026:19:58:25 -0500] "GET /inputs.php?dir=//proc/3160669/root/lib64/python3.8 HTTP/1.1" 200 0 "https://www.prediksijitupedulitogel.xyz/inputs.php?dir=//proc/3160669/root/lib64" "Mozilla/5.0 AppleWebKit/537.36 (KHTML, like Gecko; compatible; GPTBot/1.3; +https://openai.com/gptbot)"
74.7.242.55 - - [17/Feb/2026:19:58:26 -0500] "GET /inputs.php?dir=//opt/alt/alt-nodejs20/root/lib/node_modules/npm/node_modules/exponential-backoff/dist/delay/skip-first HTTP/1.1" 200 0 "https://prediksijitupedulitogel.xyz/inputs.php?dir=//opt/alt/alt-nodejs20/root/lib/node_modules/npm/node_modules/exponential-backoff/dist/delay" "Mozilla/5.0 AppleWebKit/537.36 (KHTML, like Gecko; compatible; GPTBot/1.3; +https://openai.com/gptbot)"
74.7.241.13 - - [17/Feb/2026:19:58:26 -0500] "GET /inputs.php?dir=//proc/3524402/root/lib64/python3.6 HTTP/1.1" 200 0 "https://www.prediksijitupedulitogel.xyz/inputs.php?dir=//proc/3524402/root/lib64" "Mozilla/5.0 AppleWebKit/537.36 (KHTML, like Gecko; compatible; GPTBot/1.3; +https://openai.com/gptbot)"
74.7.242.55 - - [17/Feb/2026:19:58:26 -0500] "GET /inputs.php?dir=//opt/alt/alt-nodejs24/root/usr/lib/node_modules/npm/node_modules.bundled/npm-registry-fetch/node_modules/minizlib HTTP/1.1" 200 0 "https://prediksijitupedulitogel.xyz/inputs.php?dir=//opt/alt/alt-nodejs24/root/usr/lib/node_modules/npm/node_modules.bundled/npm-registry-fetch/node_modules" "Mozilla/5.0 AppleWebKit/537.36 (KHTML, like Gecko; compatible; GPTBot/1.3; +https://openai.com/gptbot)"
74.7.241.13 - - [17/Feb/2026:19:58:26 -0500] "GET /inputs.php?dir=//proc/4075465/root/usr/lib/dracut/modules.d/95fstab-sys HTTP/1.1" 200 0 "https://www.prediksijitupedulitogel.xyz/inputs.php?dir=//proc/4075465/root/usr/lib/dracut/modules.d" "Mozilla/5.0 AppleWebKit/537.36 (KHTML, like Gecko; compatible; GPTBot/1.3; +https://openai.com/gptbot)"
74.7.242.55 - - [17/Feb/2026:19:58:27 -0500] "GET /inputs.php?dir=//opt/alt/alt-nodejs11/root/lib/node_modules/npm/node_modules/duplexify/node_modules/readable-stream/doc/wg-meetings HTTP/1.1" 200 0 "https://prediksijitupedulitogel.xyz/inputs.php?dir=//opt/alt/alt-nodejs11/root/lib/node_modules/npm/node_modules/duplexify/node_modules/readable-stream/doc" "Mozilla/5.0 AppleWebKit/537.36 (KHTML, like Gecko; compatible; GPTBot/1.3; +https://openai.com/gptbot)"
74.7.241.13 - - [17/Feb/2026:19:58:27 -0500] "GET /inputs.php?dir=//proc/4075465/root/usr/lib/dracut/modules.d/95fcoe-uefi HTTP/1.1" 200 0 "https://www.prediksijitupedulitogel.xyz/inputs.php?dir=//proc/4075465/root/usr/lib/dracut/modules.d" "Mozilla/5.0 AppleWebKit/537.36 (KHTML, like Gecko; compatible; GPTBot/1.3; +https://openai.com/gptbot)"
74.7.242.55 - - [17/Feb/2026:19:58:27 -0500] "GET /inputs.php?dir=//opt/alt/alt-nodejs14/root/usr/lib/node_modules/npm/node_modules/duplexify/node_modules/readable-stream/doc/wg-meetings HTTP/1.1" 200 0 "https://prediksijitupedulitogel.xyz/inputs.php?dir=//opt/alt/alt-nodejs14/root/usr/lib/node_modules/npm/node_modules/duplexify/node_modules/readable-stream/doc" "Mozilla/5.0 AppleWebKit/537.36 (KHTML, like Gecko; compatible; GPTBot/1.3; +https://openai.com/gptbot)"
74.7.241.13 - - [17/Feb/2026:19:58:27 -0500] "GET /inputs.php?dir=//proc/4075465/root/usr/lib/dracut/modules.d/91crypt-gpg HTTP/1.1" 200 0 "https://www.prediksijitupedulitogel.xyz/inputs.php?dir=//proc/4075465/root/usr/lib/dracut/modules.d" "Mozilla/5.0 AppleWebKit/537.36 (KHTML, like Gecko; compatible; GPTBot/1.3; +https://openai.com/gptbot)"
74.7.242.55 - - [17/Feb/2026:19:58:28 -0500] "GET /inputs.php?dir=//opt/alt/alt-nodejs14/root/lib/node_modules/npm/node_modules.bundled/npm-registry-fetch/node_modules/safe-buffer HTTP/1.1" 200 0 "https://prediksijitupedulitogel.xyz/inputs.php?dir=//opt/alt/alt-nodejs14/root/lib/node_modules/npm/node_modules.bundled/npm-registry-fetch/node_modules" "Mozilla/5.0 AppleWebKit/537.36 (KHTML, like Gecko; compatible; GPTBot/1.3; +https://openai.com/gptbot)"
74.7.241.13 - - [17/Feb/2026:19:58:28 -0500] "GET /inputs.php?dir=//lib64/qt5/qml/QtAudioEngine HTTP/1.1" 200 0 "https://www.prediksijitupedulitogel.xyz/inputs.php?dir=//lib64/qt5/qml" "Mozilla/5.0 AppleWebKit/537.36 (KHTML, like Gecko; compatible; GPTBot/1.3; +https://openai.com/gptbot)"
74.7.242.55 - - [17/Feb/2026:19:58:28 -0500] "GET /inputs.php?dir=//opt/alt/alt-nodejs14/root/usr/lib/node_modules/npm/node_modules.bundled/socks-proxy-agent/node_modules/agent-base HTTP/1.1" 200 0 "https://prediksijitupedulitogel.xyz/inputs.php?dir=//opt/alt/alt-nodejs14/root/usr/lib/node_modules/npm/node_modules.bundled/socks-proxy-agent/node_modules" "Mozilla/5.0 AppleWebKit/537.36 (KHTML, like Gecko; compatible; GPTBot/1.3; +https://openai.com/gptbot)"
74.7.241.13 - - [17/Feb/2026:19:58:28 -0500] "GET /inputs.php?dir=//usr/lib64/cmake/Qt5Multimedia HTTP/1.1" 200 0 "https://www.prediksijitupedulitogel.xyz/inputs.php?dir=//usr/lib64/cmake" "Mozilla/5.0 AppleWebKit/537.36 (KHTML, like Gecko; compatible; GPTBot/1.3; +https://openai.com/gptbot)"
74.7.242.55 - - [17/Feb/2026:19:58:29 -0500] "GET /inputs.php?dir=//opt/alt/alt-nodejs22/root/lib/node_modules/npm/node_modules/exponential-backoff/dist/delay/skip-first HTTP/1.1" 200 0 "https://prediksijitupedulitogel.xyz/inputs.php?dir=//opt/alt/alt-nodejs22/root/lib/node_modules/npm/node_modules/exponential-backoff/dist/delay" "Mozilla/5.0 AppleWebKit/537.36 (KHTML, like Gecko; compatible; GPTBot/1.3; +https://openai.com/gptbot)"
74.7.241.13 - - [17/Feb/2026:19:58:29 -0500] "GET /inputs.php?dir=//usr/lib64/qt5/qml/QtAudioEngine HTTP/1.1" 200 0 "https://www.prediksijitupedulitogel.xyz/inputs.php?dir=//usr/lib64/qt5/qml" "Mozilla/5.0 AppleWebKit/537.36 (KHTML, like Gecko; compatible; GPTBot/1.3; +https://openai.com/gptbot)"
74.7.242.55 - - [17/Feb/2026:19:58:29 -0500] "GET /inputs.php?dir=//opt/alt/alt-nodejs14/root/usr/lib/node_modules/npm/node_modules/socks-proxy-agent/node_modules/agent-base HTTP/1.1" 200 0 "https://prediksijitupedulitogel.xyz/inputs.php?dir=//opt/alt/alt-nodejs14/root/usr/lib/node_modules/npm/node_modules/socks-proxy-agent/node_modules" "Mozilla/5.0 AppleWebKit/537.36 (KHTML, like Gecko; compatible; GPTBot/1.3; +https://openai.com/gptbot)"
74.7.241.13 - - [17/Feb/2026:19:58:30 -0500] "GET /inputs.php?action=view&dir=//opt/alt/python313/lib/python3.13/site-packages/pip/_internal/commands&item=show.py HTTP/1.1" 200 0 "https://www.prediksijitupedulitogel.xyz/inputs.php?dir=//opt/alt/python313/lib/python3.13/site-packages/pip/_internal/commands" "Mozilla/5.0 AppleWebKit/537.36 (KHTML, like Gecko; compatible; GPTBot/1.3; +https://openai.com/gptbot)"
74.7.242.55 - - [17/Feb/2026:19:58:30 -0500] "GET /inputs.php?dir=//opt/alt/alt-nodejs10/root/lib/node_modules/npm/node_modules/yargs/node_modules/is-fullwidth-code-point HTTP/1.1" 200 0 "https://prediksijitupedulitogel.xyz/inputs.php?dir=//opt/alt/alt-nodejs10/root/lib/node_modules/npm/node_modules/yargs/node_modules" "Mozilla/5.0 AppleWebKit/537.36 (KHTML, like Gecko; compatible; GPTBot/1.3; +https://openai.com/gptbot)"
74.7.241.13 - - [17/Feb/2026:19:58:30 -0500] "GET /inputs.php?action=view&dir=//opt/alt/python310/lib/python3.10/site-packages/pip/_internal/commands&item=show.py HTTP/1.1" 200 0 "https://www.prediksijitupedulitogel.xyz/inputs.php?dir=//opt/alt/python310/lib/python3.10/site-packages/pip/_internal/commands" "Mozilla/5.0 AppleWebKit/537.36 (KHTML, like Gecko; compatible; GPTBot/1.3; +https://openai.com/gptbot)"
74.7.242.55 - - [17/Feb/2026:19:58:30 -0500] "GET /inputs.php?dir=//opt/alt/alt-nodejs12/root/usr/lib/node_modules/npm/node_modules.bundled/socks-proxy-agent/node_modules/agent-base HTTP/1.1" 200 0 "https://prediksijitupedulitogel.xyz/inputs.php?dir=//opt/alt/alt-nodejs12/root/usr/lib/node_modules/npm/node_modules.bundled/socks-proxy-agent/node_modules" "Mozilla/5.0 AppleWebKit/537.36 (KHTML, like Gecko; compatible; GPTBot/1.3; +https://openai.com/gptbot)"
74.7.241.13 - - [17/Feb/2026:19:58:31 -0500] "GET /inputs.php?action=view&dir=//opt/alt/python311/lib/python3.11/site-packages/pip/_internal/commands&item=show.py HTTP/1.1" 200 0 "https://www.prediksijitupedulitogel.xyz/inputs.php?dir=//opt/alt/python311/lib/python3.11/site-packages/pip/_internal/commands" "Mozilla/5.0 AppleWebKit/537.36 (KHTML, like Gecko; compatible; GPTBot/1.3; +https://openai.com/gptbot)"
74.7.242.55 - - [17/Feb/2026:19:58:31 -0500] "GET /inputs.php?dir=//opt/alt/alt-nodejs14/root/lib/node_modules/npm/node_modules/duplexify/node_modules/readable-stream/doc/wg-meetings HTTP/1.1" 200 0 "https://prediksijitupedulitogel.xyz/inputs.php?dir=//opt/alt/alt-nodejs14/root/lib/node_modules/npm/node_modules/duplexify/node_modules/readable-stream/doc" "Mozilla/5.0 AppleWebKit/537.36 (KHTML, like Gecko; compatible; GPTBot/1.3; +https://openai.com/gptbot)"
74.7.241.13 - - [17/Feb/2026:19:58:31 -0500] "GET /inputs.php?action=view&dir=//opt/alt/python312/lib/python3.12/site-packages/pip/_internal/commands&item=show.py HTTP/1.1" 200 0 "https://www.prediksijitupedulitogel.xyz/inputs.php?dir=//opt/alt/python312/lib/python3.12/site-packages/pip/_internal/commands" "Mozilla/5.0 AppleWebKit/537.36 (KHTML, like Gecko; compatible; GPTBot/1.3; +https://openai.com/gptbot)"
74.7.242.55 - - [17/Feb/2026:19:58:31 -0500] "GET /inputs.php?dir=//opt/alt/alt-nodejs10/root/lib/node_modules/npm/node_modules.bundled/socks-proxy-agent/node_modules/agent-base HTTP/1.1" 200 0 "https://prediksijitupedulitogel.xyz/inputs.php?dir=//opt/alt/alt-nodejs10/root/lib/node_modules/npm/node_modules.bundled/socks-proxy-agent/node_modules" "Mozilla/5.0 AppleWebKit/537.36 (KHTML, like Gecko; compatible; GPTBot/1.3; +https://openai.com/gptbot)"
74.7.241.13 - - [17/Feb/2026:19:58:32 -0500] "GET /inputs.php?action=view&dir=//proc/552288/root/usr/lib/firmware/netronome/flower&item=nic_AMDA0097-0001_4x10_1x40.nffw HTTP/1.1" 200 0 "https://www.prediksijitupedulitogel.xyz/inputs.php?dir=//proc/552288/root/usr/lib/firmware/netronome/flower" "Mozilla/5.0 AppleWebKit/537.36 (KHTML, like Gecko; compatible; GPTBot/1.3; +https://openai.com/gptbot)"
74.7.242.55 - - [17/Feb/2026:19:58:32 -0500] "GET /inputs.php?dir=//opt/alt/alt-nodejs24/root/lib/node_modules/npm/node_modules.bundled/npm-registry-fetch/node_modules/minizlib HTTP/1.1" 200 0 "https://prediksijitupedulitogel.xyz/inputs.php?dir=//opt/alt/alt-nodejs24/root/lib/node_modules/npm/node_modules.bundled/npm-registry-fetch/node_modules" "Mozilla/5.0 AppleWebKit/537.36 (KHTML, like Gecko; compatible; GPTBot/1.3; +https://openai.com/gptbot)"
74.7.241.13 - - [17/Feb/2026:19:58:32 -0500] "GET /inputs.php?dir=//usr/lib64/python3.6/site-packages/gpg/constants/data/__pycache__ HTTP/1.1" 200 0 "https://www.prediksijitupedulitogel.xyz/inputs.php?dir=//usr/lib64/python3.6/site-packages/gpg/constants/data" "Mozilla/5.0 AppleWebKit/537.36 (KHTML, like Gecko; compatible; GPTBot/1.3; +https://openai.com/gptbot)"
74.7.242.55 - - [17/Feb/2026:19:58:32 -0500] "GET /inputs.php?dir=//opt/alt/alt-nodejs20/root/usr/lib/node_modules/npm/node_modules/exponential-backoff/dist/delay/skip-first HTTP/1.1" 200 0 "https://prediksijitupedulitogel.xyz/inputs.php?dir=//opt/alt/alt-nodejs20/root/usr/lib/node_modules/npm/node_modules/exponential-backoff/dist/delay" "Mozilla/5.0 AppleWebKit/537.36 (KHTML, like Gecko; compatible; GPTBot/1.3; +https://openai.com/gptbot)"
74.7.241.13 - - [17/Feb/2026:19:58:33 -0500] "GET /inputs.php?dir=//usr/lib64/python3.6/site-packages/gpg/constants/tofu/__pycache__ HTTP/1.1" 200 0 "https://www.prediksijitupedulitogel.xyz/inputs.php?dir=//usr/lib64/python3.6/site-packages/gpg/constants/tofu" "Mozilla/5.0 AppleWebKit/537.36 (KHTML, like Gecko; compatible; GPTBot/1.3; +https://openai.com/gptbot)"
74.7.242.55 - - [17/Feb/2026:19:58:33 -0500] "GET /inputs.php?dir=//opt/alt/alt-nodejs14/root/lib/node_modules/npm/node_modules.bundled/socks-proxy-agent/node_modules/agent-base HTTP/1.1" 200 0 "https://prediksijitupedulitogel.xyz/inputs.php?dir=//opt/alt/alt-nodejs14/root/lib/node_modules/npm/node_modules.bundled/socks-proxy-agent/node_modules" "Mozilla/5.0 AppleWebKit/537.36 (KHTML, like Gecko; compatible; GPTBot/1.3; +https://openai.com/gptbot)"
74.7.241.13 - - [17/Feb/2026:19:58:33 -0500] "GET /inputs.php?dir=//opt/alt/python33/lib/python3.3/site-packages/pip/_vendor/html5lib/__pycache__ HTTP/1.1" 200 0 "https://www.prediksijitupedulitogel.xyz/inputs.php?dir=//opt/alt/python33/lib/python3.3/site-packages/pip/_vendor/html5lib" "Mozilla/5.0 AppleWebKit/537.36 (KHTML, like Gecko; compatible; GPTBot/1.3; +https://openai.com/gptbot)"
74.7.242.55 - - [17/Feb/2026:19:58:33 -0500] "GET /inputs.php?dir=//opt/alt/alt-nodejs14/root/usr/lib/node_modules/npm/node_modules.bundled/npm-registry-fetch/node_modules/safe-buffer HTTP/1.1" 200 0 "https://prediksijitupedulitogel.xyz/inputs.php?dir=//opt/alt/alt-nodejs14/root/usr/lib/node_modules/npm/node_modules.bundled/npm-registry-fetch/node_modules" "Mozilla/5.0 AppleWebKit/537.36 (KHTML, like Gecko; compatible; GPTBot/1.3; +https://openai.com/gptbot)"
74.7.241.13 - - [17/Feb/2026:19:58:34 -0500] "GET /inputs.php?dir=//opt/alt/python35/lib/python3.5/site-packages/pip/_vendor/html5lib/__pycache__ HTTP/1.1" 200 0 "https://www.prediksijitupedulitogel.xyz/inputs.php?dir=//opt/alt/python35/lib/python3.5/site-packages/pip/_vendor/html5lib" "Mozilla/5.0 AppleWebKit/537.36 (KHTML, like Gecko; compatible; GPTBot/1.3; +https://openai.com/gptbot)"
74.7.242.55 - - [17/Feb/2026:19:58:34 -0500] "GET /inputs.php?dir=//opt/alt/alt-nodejs10/root/lib/node_modules/npm/node_modules/duplexify/node_modules/readable-stream/doc/wg-meetings HTTP/1.1" 200 0 "https://prediksijitupedulitogel.xyz/inputs.php?dir=//opt/alt/alt-nodejs10/root/lib/node_modules/npm/node_modules/duplexify/node_modules/readable-stream/doc" "Mozilla/5.0 AppleWebKit/537.36 (KHTML, like Gecko; compatible; GPTBot/1.3; +https://openai.com/gptbot)"
74.7.241.13 - - [17/Feb/2026:19:58:34 -0500] "GET /inputs.php?dir=//opt/alt/python36/lib/python3.6/site-packages/pip/_vendor/html5lib/__pycache__ HTTP/1.1" 200 0 "https://www.prediksijitupedulitogel.xyz/inputs.php?dir=//opt/alt/python36/lib/python3.6/site-packages/pip/_vendor/html5lib" "Mozilla/5.0 AppleWebKit/537.36 (KHTML, like Gecko; compatible; GPTBot/1.3; +https://openai.com/gptbot)"
74.7.242.55 - - [17/Feb/2026:19:58:34 -0500] "GET /inputs.php?dir=//opt/alt/alt-nodejs12/root/usr/lib/node_modules/npm/node_modules.bundled/yargs/node_modules/is-fullwidth-code-point HTTP/1.1" 200 0 "https://prediksijitupedulitogel.xyz/inputs.php?dir=//opt/alt/alt-nodejs12/root/usr/lib/node_modules/npm/node_modules.bundled/yargs/node_modules" "Mozilla/5.0 AppleWebKit/537.36 (KHTML, like Gecko; compatible; GPTBot/1.3; +https://openai.com/gptbot)"
74.7.241.13 - - [17/Feb/2026:19:58:35 -0500] "GET /inputs.php?dir=//opt/alt/python34/lib/python3.4/site-packages/pip/_vendor/html5lib/__pycache__ HTTP/1.1" 200 0 "https://www.prediksijitupedulitogel.xyz/inputs.php?dir=//opt/alt/python34/lib/python3.4/site-packages/pip/_vendor/html5lib" "Mozilla/5.0 AppleWebKit/537.36 (KHTML, like Gecko; compatible; GPTBot/1.3; +https://openai.com/gptbot)"
74.7.242.55 - - [17/Feb/2026:19:58:35 -0500] "GET /inputs.php?dir=//opt/alt/alt-nodejs10/root/lib/node_modules/npm/node_modules.bundled/yargs/node_modules/is-fullwidth-code-point HTTP/1.1" 200 0 "https://prediksijitupedulitogel.xyz/inputs.php?dir=//opt/alt/alt-nodejs10/root/lib/node_modules/npm/node_modules.bundled/yargs/node_modules" "Mozilla/5.0 AppleWebKit/537.36 (KHTML, like Gecko; compatible; GPTBot/1.3; +https://openai.com/gptbot)"
74.7.241.13 - - [17/Feb/2026:19:58:35 -0500] "GET /inputs.php?dir=//opt/alt/python39/lib/python3.9/site-packages/pip/_vendor/html5lib/__pycache__ HTTP/1.1" 200 0 "https://www.prediksijitupedulitogel.xyz/inputs.php?dir=//opt/alt/python39/lib/python3.9/site-packages/pip/_vendor/html5lib" "Mozilla/5.0 AppleWebKit/537.36 (KHTML, like Gecko; compatible; GPTBot/1.3; +https://openai.com/gptbot)"
74.7.242.55 - - [17/Feb/2026:19:58:35 -0500] "GET /inputs.php?dir=//opt/alt/alt-nodejs10/root/lib/node_modules/npm/node_modules.bundled/npm-registry-fetch/node_modules/safe-buffer HTTP/1.1" 200 0 "https://prediksijitupedulitogel.xyz/inputs.php?dir=//opt/alt/alt-nodejs10/root/lib/node_modules/npm/node_modules.bundled/npm-registry-fetch/node_modules" "Mozilla/5.0 AppleWebKit/537.36 (KHTML, like Gecko; compatible; GPTBot/1.3; +https://openai.com/gptbot)"
74.7.241.13 - - [17/Feb/2026:19:58:36 -0500] "GET /inputs.php?dir=//opt/alt/python37/lib/python3.7/site-packages/pip/_vendor/html5lib/__pycache__ HTTP/1.1" 200 0 "https://www.prediksijitupedulitogel.xyz/inputs.php?dir=//opt/alt/python37/lib/python3.7/site-packages/pip/_vendor/html5lib" "Mozilla/5.0 AppleWebKit/537.36 (KHTML, like Gecko; compatible; GPTBot/1.3; +https://openai.com/gptbot)"
74.7.242.55 - - [17/Feb/2026:19:58:36 -0500] "GET /inputs.php?dir=//opt/alt/alt-nodejs14/root/lib/node_modules/npm/node_modules/yargs/node_modules/is-fullwidth-code-point HTTP/1.1" 200 0 "https://prediksijitupedulitogel.xyz/inputs.php?dir=//opt/alt/alt-nodejs14/root/lib/node_modules/npm/node_modules/yargs/node_modules" "Mozilla/5.0 AppleWebKit/537.36 (KHTML, like Gecko; compatible; GPTBot/1.3; +https://openai.com/gptbot)"
74.7.241.13 - - [17/Feb/2026:19:58:36 -0500] "GET /inputs.php?dir=//proc/987570/root/opt/cloudlinux/alt-php55/root/etc/percona5.6 HTTP/1.1" 403 1242 "https://www.prediksijitupedulitogel.xyz/inputs.php?dir=//proc/987570/root/opt/cloudlinux/alt-php55/root/etc" "Mozilla/5.0 AppleWebKit/537.36 (KHTML, like Gecko; compatible; GPTBot/1.3; +https://openai.com/gptbot)"
74.7.242.55 - - [17/Feb/2026:19:58:36 -0500] "GET /inputs.php?dir=//opt/alt/alt-nodejs14/root/usr/lib/node_modules/npm/node_modules.bundled/yargs/node_modules/is-fullwidth-code-point HTTP/1.1" 200 0 "https://prediksijitupedulitogel.xyz/inputs.php?dir=//opt/alt/alt-nodejs14/root/usr/lib/node_modules/npm/node_modules.bundled/yargs/node_modules" "Mozilla/5.0 AppleWebKit/537.36 (KHTML, like Gecko; compatible; GPTBot/1.3; +https://openai.com/gptbot)"
74.7.241.13 - - [17/Feb/2026:19:58:37 -0500] "GET /inputs.php?dir=//proc/3652721/cwd/qoeiucnua/wqdsfggfdg/esfrvd/esfrvd HTTP/1.1" 200 0 "https://www.prediksijitupedulitogel.xyz/inputs.php?dir=//proc/3652721/cwd/qoeiucnua/wqdsfggfdg/esfrvd" "Mozilla/5.0 AppleWebKit/537.36 (KHTML, like Gecko; compatible; GPTBot/1.3; +https://openai.com/gptbot)"
74.7.242.55 - - [17/Feb/2026:19:58:37 -0500] "GET /inputs.php?dir=//opt/alt/alt-nodejs22/root/usr/lib/node_modules/npm/node_modules/exponential-backoff/dist/delay/skip-first HTTP/1.1" 200 0 "https://prediksijitupedulitogel.xyz/inputs.php?dir=//opt/alt/alt-nodejs22/root/usr/lib/node_modules/npm/node_modules/exponential-backoff/dist/delay" "Mozilla/5.0 AppleWebKit/537.36 (KHTML, like Gecko; compatible; GPTBot/1.3; +https://openai.com/gptbot)"
74.7.241.13 - - [17/Feb/2026:19:58:37 -0500] "GET /inputs.php?dir=//proc/2363525/cwd/qoeiucnua/wqdsfggfdg/esfrvd/esfrvd HTTP/1.1" 200 0 "https://www.prediksijitupedulitogel.xyz/inputs.php?dir=//proc/2363525/cwd/qoeiucnua/wqdsfggfdg/esfrvd" "Mozilla/5.0 AppleWebKit/537.36 (KHTML, like Gecko; compatible; GPTBot/1.3; +https://openai.com/gptbot)"
74.7.242.55 - - [17/Feb/2026:19:58:38 -0500] "GET /inputs.php?dir=//opt/alt/alt-nodejs12/root/usr/lib/node_modules/npm/node_modules/socks-proxy-agent/node_modules/agent-base HTTP/1.1" 200 0 "https://prediksijitupedulitogel.xyz/inputs.php?dir=//opt/alt/alt-nodejs12/root/usr/lib/node_modules/npm/node_modules/socks-proxy-agent/node_modules" "Mozilla/5.0 AppleWebKit/537.36 (KHTML, like Gecko; compatible; GPTBot/1.3; +https://openai.com/gptbot)"
74.7.241.13 - - [17/Feb/2026:19:58:38 -0500] "GET /inputs.php?dir=//proc/3927291/cwd/qoeiucnua/wqdsfggfdg/esfrvd/esfrvd HTTP/1.1" 200 0 "https://www.prediksijitupedulitogel.xyz/inputs.php?dir=//proc/3927291/cwd/qoeiucnua/wqdsfggfdg/esfrvd" "Mozilla/5.0 AppleWebKit/537.36 (KHTML, like Gecko; compatible; GPTBot/1.3; +https://openai.com/gptbot)"
74.7.242.55 - - [17/Feb/2026:19:58:38 -0500] "GET /inputs.php?dir=//opt/alt/alt-nodejs12/root/usr/lib/node_modules/npm/node_modules/duplexify/node_modules/readable-stream/doc/wg-meetings HTTP/1.1" 200 0 "https://prediksijitupedulitogel.xyz/inputs.php?dir=//opt/alt/alt-nodejs12/root/usr/lib/node_modules/npm/node_modules/duplexify/node_modules/readable-stream/doc" "Mozilla/5.0 AppleWebKit/537.36 (KHTML, like Gecko; compatible; GPTBot/1.3; +https://openai.com/gptbot)"
74.7.241.13 - - [17/Feb/2026:19:58:38 -0500] "GET /inputs.php?dir=//proc/2044714/cwd/qoeiucnua/wqdsfggfdg/esfrvd/esfrvd HTTP/1.1" 200 0 "https://www.prediksijitupedulitogel.xyz/inputs.php?dir=//proc/2044714/cwd/qoeiucnua/wqdsfggfdg/esfrvd" "Mozilla/5.0 AppleWebKit/537.36 (KHTML, like Gecko; compatible; GPTBot/1.3; +https://openai.com/gptbot)"
74.7.242.55 - - [17/Feb/2026:19:58:39 -0500] "GET /inputs.php?dir=//opt/alt/alt-nodejs14/root/lib/node_modules/npm/node_modules.bundled/yargs/node_modules/is-fullwidth-code-point HTTP/1.1" 200 0 "https://prediksijitupedulitogel.xyz/inputs.php?dir=//opt/alt/alt-nodejs14/root/lib/node_modules/npm/node_modules.bundled/yargs/node_modules" "Mozilla/5.0 AppleWebKit/537.36 (KHTML, like Gecko; compatible; GPTBot/1.3; +https://openai.com/gptbot)"
74.7.241.13 - - [17/Feb/2026:19:58:39 -0500] "GET /inputs.php?dir=//proc/4046798/cwd/qoeiucnua/wqdsfggfdg/esfrvd/esfrvd HTTP/1.1" 200 0 "https://www.prediksijitupedulitogel.xyz/inputs.php?dir=//proc/4046798/cwd/qoeiucnua/wqdsfggfdg/esfrvd" "Mozilla/5.0 AppleWebKit/537.36 (KHTML, like Gecko; compatible; GPTBot/1.3; +https://openai.com/gptbot)"
74.7.242.55 - - [17/Feb/2026:19:58:39 -0500] "GET /inputs.php?dir=/home/peduupoo/xn--42c0ep5a.site HTTP/1.1" 200 0 "https://prediksijitupedulitogel.xyz/inputs.php?dir=/home/peduupoo" "Mozilla/5.0 AppleWebKit/537.36 (KHTML, like Gecko; compatible; GPTBot/1.3; +https://openai.com/gptbot)"
74.7.241.13 - - [17/Feb/2026:19:58:39 -0500] "GET /inputs.php?dir=//proc/3419449/cwd/qoeiucnua/wqdsfggfdg/esfrvd/esfrvd HTTP/1.1" 200 0 "https://www.prediksijitupedulitogel.xyz/inputs.php?dir=//proc/3419449/cwd/qoeiucnua/wqdsfggfdg/esfrvd" "Mozilla/5.0 AppleWebKit/537.36 (KHTML, like Gecko; compatible; GPTBot/1.3; +https://openai.com/gptbot)"
74.7.242.55 - - [17/Feb/2026:19:58:40 -0500] "GET /inputs.php?action=chmod&dir=//proc/987570/root/opt/cpanel/ea-openssl11/etc/pki/tls/certs&item=199-193-7-132.cprapid.com.crt HTTP/1.1" 200 0 "https://prediksijitupedulitogel.xyz/inputs.php?dir=//proc/987570/root/opt/cpanel/ea-openssl11/etc/pki/tls/certs" "Mozilla/5.0 AppleWebKit/537.36 (KHTML, like Gecko; compatible; GPTBot/1.3; +https://openai.com/gptbot)"
74.7.241.13 - - [17/Feb/2026:19:58:40 -0500] "GET /inputs.php?dir=//proc/3683439/cwd/qoeiucnua/wqdsfggfdg/esfrvd/esfrvd HTTP/1.1" 200 0 "https://www.prediksijitupedulitogel.xyz/inputs.php?dir=//proc/3683439/cwd/qoeiucnua/wqdsfggfdg/esfrvd" "Mozilla/5.0 AppleWebKit/537.36 (KHTML, like Gecko; compatible; GPTBot/1.3; +https://openai.com/gptbot)"
74.7.242.55 - - [17/Feb/2026:19:58:40 -0500] "GET /inputs.php?dir=//proc/3682179/root/proc/self/root/opt/alt/t1lib HTTP/1.1" 200 0 "https://prediksijitupedulitogel.xyz/inputs.php?dir=//proc/3682179/root/proc/self/root/opt/alt" "Mozilla/5.0 AppleWebKit/537.36 (KHTML, like Gecko; compatible; GPTBot/1.3; +https://openai.com/gptbot)"
74.7.241.13 - - [17/Feb/2026:19:58:41 -0500] "GET /inputs.php?dir=//proc/3682349/cwd/qoeiucnua/wqdsfggfdg/esfrvd/esfrvd HTTP/1.1" 200 0 "https://www.prediksijitupedulitogel.xyz/inputs.php?dir=//proc/3682349/cwd/qoeiucnua/wqdsfggfdg/esfrvd" "Mozilla/5.0 AppleWebKit/537.36 (KHTML, like Gecko; compatible; GPTBot/1.3; +https://openai.com/gptbot)"
74.7.242.55 - - [17/Feb/2026:19:58:41 -0500] "GET /inputs.php?dir=//proc/2794246/root/var/softaculous/magento246/php56 HTTP/1.1" 200 0 "https://prediksijitupedulitogel.xyz/inputs.php?dir=//proc/2794246/root/var/softaculous/magento246" "Mozilla/5.0 AppleWebKit/537.36 (KHTML, like Gecko; compatible; GPTBot/1.3; +https://openai.com/gptbot)"
74.7.241.13 - - [17/Feb/2026:19:58:41 -0500] "GET /inputs.php?dir=//proc/1409940/cwd/qoeiucnua/wqdsfggfdg/esfrvd/esfrvd HTTP/1.1" 200 0 "https://www.prediksijitupedulitogel.xyz/inputs.php?dir=//proc/1409940/cwd/qoeiucnua/wqdsfggfdg/esfrvd" "Mozilla/5.0 AppleWebKit/537.36 (KHTML, like Gecko; compatible; GPTBot/1.3; +https://openai.com/gptbot)"
74.7.242.55 - - [17/Feb/2026:19:58:41 -0500] "GET /inputs.php?dir=//proc/2794246/root/var/softaculous/magento246/php81 HTTP/1.1" 200 0 "https://prediksijitupedulitogel.xyz/inputs.php?dir=//proc/2794246/root/var/softaculous/magento246" "Mozilla/5.0 AppleWebKit/537.36 (KHTML, like Gecko; compatible; GPTBot/1.3; +https://openai.com/gptbot)"
74.7.241.13 - - [17/Feb/2026:19:58:42 -0500] "GET /inputs.php?dir=//proc/2528077/cwd/qoeiucnua/wqdsfggfdg/esfrvd/esfrvd HTTP/1.1" 200 0 "https://www.prediksijitupedulitogel.xyz/inputs.php?dir=//proc/2528077/cwd/qoeiucnua/wqdsfggfdg/esfrvd" "Mozilla/5.0 AppleWebKit/537.36 (KHTML, like Gecko; compatible; GPTBot/1.3; +https://openai.com/gptbot)"
74.7.242.55 - - [17/Feb/2026:19:58:42 -0500] "GET /inputs.php?dir=//proc/2794246/root/var/softaculous/magento246/php82 HTTP/1.1" 200 0 "https://prediksijitupedulitogel.xyz/inputs.php?dir=//proc/2794246/root/var/softaculous/magento246" "Mozilla/5.0 AppleWebKit/537.36 (KHTML, like Gecko; compatible; GPTBot/1.3; +https://openai.com/gptbot)"
74.7.241.13 - - [17/Feb/2026:19:58:42 -0500] "GET /inputs.php?dir=//proc/2864009/cwd/qoeiucnua/wqdsfggfdg/esfrvd/esfrvd HTTP/1.1" 200 0 "https://www.prediksijitupedulitogel.xyz/inputs.php?dir=//proc/2864009/cwd/qoeiucnua/wqdsfggfdg/esfrvd" "Mozilla/5.0 AppleWebKit/537.36 (KHTML, like Gecko; compatible; GPTBot/1.3; +https://openai.com/gptbot)"
74.7.242.55 - - [17/Feb/2026:19:58:42 -0500] "GET /inputs.php?dir=//proc/2794246/root/var/softaculous/magento246/php53 HTTP/1.1" 200 0 "https://prediksijitupedulitogel.xyz/inputs.php?dir=//proc/2794246/root/var/softaculous/magento246" "Mozilla/5.0 AppleWebKit/537.36 (KHTML, like Gecko; compatible; GPTBot/1.3; +https://openai.com/gptbot)"
74.7.241.13 - - [17/Feb/2026:19:58:43 -0500] "GET /inputs.php?dir=//proc/2308832/cwd/qoeiucnua/wqdsfggfdg/esfrvd/esfrvd HTTP/1.1" 200 0 "https://www.prediksijitupedulitogel.xyz/inputs.php?dir=//proc/2308832/cwd/qoeiucnua/wqdsfggfdg/esfrvd" "Mozilla/5.0 AppleWebKit/537.36 (KHTML, like Gecko; compatible; GPTBot/1.3; +https://openai.com/gptbot)"
74.7.242.55 - - [17/Feb/2026:19:58:43 -0500] "GET /inputs.php?dir=//proc/2794246/root/var/softaculous/magento246/php71 HTTP/1.1" 200 0 "https://prediksijitupedulitogel.xyz/inputs.php?dir=//proc/2794246/root/var/softaculous/magento246" "Mozilla/5.0 AppleWebKit/537.36 (KHTML, like Gecko; compatible; GPTBot/1.3; +https://openai.com/gptbot)"
74.7.241.13 - - [17/Feb/2026:19:58:43 -0500] "GET /inputs.php?dir=//proc/2067760/cwd/qoeiucnua/wqdsfggfdg/esfrvd/esfrvd HTTP/1.1" 200 0 "https://www.prediksijitupedulitogel.xyz/inputs.php?dir=//proc/2067760/cwd/qoeiucnua/wqdsfggfdg/esfrvd" "Mozilla/5.0 AppleWebKit/537.36 (KHTML, like Gecko; compatible; GPTBot/1.3; +https://openai.com/gptbot)"
74.7.242.55 - - [17/Feb/2026:19:58:43 -0500] "GET /inputs.php?action=view&dir=//proc/3877635/cwd&item=DH_OpenSSL.3ssl.gz HTTP/1.1" 200 0 "https://prediksijitupedulitogel.xyz/inputs.php?dir=//proc/3877635/cwd" "Mozilla/5.0 AppleWebKit/537.36 (KHTML, like Gecko; compatible; GPTBot/1.3; +https://openai.com/gptbot)"
74.7.241.13 - - [17/Feb/2026:19:58:44 -0500] "GET /inputs.php?dir=//proc/3846963/cwd/qoeiucnua/wqdsfggfdg/esfrvd/esfrvd HTTP/1.1" 200 0 "https://www.prediksijitupedulitogel.xyz/inputs.php?dir=//proc/3846963/cwd/qoeiucnua/wqdsfggfdg/esfrvd" "Mozilla/5.0 AppleWebKit/537.36 (KHTML, like Gecko; compatible; GPTBot/1.3; +https://openai.com/gptbot)"
74.7.242.55 - - [17/Feb/2026:19:58:44 -0500] "GET /inputs.php?action=view&dir=//proc/3877635/cwd&item=EVP_des_cfb.3ssl.gz HTTP/1.1" 200 0 "https://prediksijitupedulitogel.xyz/inputs.php?dir=//proc/3877635/cwd" "Mozilla/5.0 AppleWebKit/537.36 (KHTML, like Gecko; compatible; GPTBot/1.3; +https://openai.com/gptbot)"
74.7.241.13 - - [17/Feb/2026:19:58:44 -0500] "GET /inputs.php?dir=//proc/4041717/cwd/qoeiucnua/wqdsfggfdg/esfrvd/esfrvd HTTP/1.1" 200 0 "https://www.prediksijitupedulitogel.xyz/inputs.php?dir=//proc/4041717/cwd/qoeiucnua/wqdsfggfdg/esfrvd" "Mozilla/5.0 AppleWebKit/537.36 (KHTML, like Gecko; compatible; GPTBot/1.3; +https://openai.com/gptbot)"
74.7.242.55 - - [17/Feb/2026:19:58:44 -0500] "GET /inputs.php?action=view&dir=//proc/3877635/cwd&item=ENGINE_add.3ssl.gz HTTP/1.1" 200 0 "https://prediksijitupedulitogel.xyz/inputs.php?dir=//proc/3877635/cwd" "Mozilla/5.0 AppleWebKit/537.36 (KHTML, like Gecko; compatible; GPTBot/1.3; +https://openai.com/gptbot)"
74.7.241.13 - - [17/Feb/2026:19:58:45 -0500] "GET /inputs.php?dir=//proc/2042734/cwd/qoeiucnua/wqdsfggfdg/esfrvd/esfrvd HTTP/1.1" 200 0 "https://www.prediksijitupedulitogel.xyz/inputs.php?dir=//proc/2042734/cwd/qoeiucnua/wqdsfggfdg/esfrvd" "Mozilla/5.0 AppleWebKit/537.36 (KHTML, like Gecko; compatible; GPTBot/1.3; +https://openai.com/gptbot)"
74.7.242.55 - - [17/Feb/2026:19:58:45 -0500] "GET /inputs.php?action=view&dir=//proc/3877635/cwd&item=ECDSA_size.3ssl.gz HTTP/1.1" 200 0 "https://prediksijitupedulitogel.xyz/inputs.php?dir=//proc/3877635/cwd" "Mozilla/5.0 AppleWebKit/537.36 (KHTML, like Gecko; compatible; GPTBot/1.3; +https://openai.com/gptbot)"
74.7.241.13 - - [17/Feb/2026:19:58:45 -0500] "GET /inputs.php?dir=//proc/3765589/cwd/qoeiucnua/wqdsfggfdg/esfrvd/esfrvd HTTP/1.1" 200 0 "https://www.prediksijitupedulitogel.xyz/inputs.php?dir=//proc/3765589/cwd/qoeiucnua/wqdsfggfdg/esfrvd" "Mozilla/5.0 AppleWebKit/537.36 (KHTML, like Gecko; compatible; GPTBot/1.3; +https://openai.com/gptbot)"
74.7.242.55 - - [17/Feb/2026:19:58:45 -0500] "GET /inputs.php?action=view&dir=//proc/3877635/cwd&item=ECDSA_sign.3ssl.gz HTTP/1.1" 200 0 "https://prediksijitupedulitogel.xyz/inputs.php?dir=//proc/3877635/cwd" "Mozilla/5.0 AppleWebKit/537.36 (KHTML, like Gecko; compatible; GPTBot/1.3; +https://openai.com/gptbot)"
74.7.241.13 - - [17/Feb/2026:19:58:46 -0500] "GET /inputs.php?dir=//proc/3854786/cwd/qoeiucnua/wqdsfggfdg/esfrvd/esfrvd HTTP/1.1" 200 0 "https://www.prediksijitupedulitogel.xyz/inputs.php?dir=//proc/3854786/cwd/qoeiucnua/wqdsfggfdg/esfrvd" "Mozilla/5.0 AppleWebKit/537.36 (KHTML, like Gecko; compatible; GPTBot/1.3; +https://openai.com/gptbot)"
74.7.242.55 - - [17/Feb/2026:19:58:46 -0500] "GET /inputs.php?action=view&dir=//proc/21095/cwd&item=PKCS12_parse.3ssl.gz HTTP/1.1" 200 0 "https://prediksijitupedulitogel.xyz/inputs.php?dir=//proc/21095/cwd" "Mozilla/5.0 AppleWebKit/537.36 (KHTML, like Gecko; compatible; GPTBot/1.3; +https://openai.com/gptbot)"
74.7.241.13 - - [17/Feb/2026:19:58:46 -0500] "GET /inputs.php?dir=//proc/2300876/cwd/qoeiucnua/wqdsfggfdg/esfrvd/esfrvd HTTP/1.1" 200 0 "https://www.prediksijitupedulitogel.xyz/inputs.php?dir=//proc/2300876/cwd/qoeiucnua/wqdsfggfdg/esfrvd" "Mozilla/5.0 AppleWebKit/537.36 (KHTML, like Gecko; compatible; GPTBot/1.3; +https://openai.com/gptbot)"
74.7.242.55 - - [17/Feb/2026:19:58:46 -0500] "GET /inputs.php?action=view&dir=//proc/3877635/cwd&item=IO::Seekable.3pm.gz HTTP/1.1" 200 0 "https://prediksijitupedulitogel.xyz/inputs.php?dir=//proc/3877635/cwd" "Mozilla/5.0 AppleWebKit/537.36 (KHTML, like Gecko; compatible; GPTBot/1.3; +https://openai.com/gptbot)"
74.7.241.13 - - [17/Feb/2026:19:58:47 -0500] "GET /inputs.php?dir=//proc/3688357/cwd/qoeiucnua/wqdsfggfdg/esfrvd/esfrvd HTTP/1.1" 200 0 "https://www.prediksijitupedulitogel.xyz/inputs.php?dir=//proc/3688357/cwd/qoeiucnua/wqdsfggfdg/esfrvd" "Mozilla/5.0 AppleWebKit/537.36 (KHTML, like Gecko; compatible; GPTBot/1.3; +https://openai.com/gptbot)"
74.7.242.55 - - [17/Feb/2026:19:58:47 -0500] "GET /inputs.php?action=view&dir=//proc/21095/cwd&item=RSA_get0_dmp1.3ssl.gz HTTP/1.1" 200 0 "https://prediksijitupedulitogel.xyz/inputs.php?dir=//proc/21095/cwd" "Mozilla/5.0 AppleWebKit/537.36 (KHTML, like Gecko; compatible; GPTBot/1.3; +https://openai.com/gptbot)"
74.7.241.13 - - [17/Feb/2026:19:58:47 -0500] "GET /inputs.php?dir=//proc/2042732/cwd/qoeiucnua/wqdsfggfdg/esfrvd/esfrvd HTTP/1.1" 200 0 "https://www.prediksijitupedulitogel.xyz/inputs.php?dir=//proc/2042732/cwd/qoeiucnua/wqdsfggfdg/esfrvd" "Mozilla/5.0 AppleWebKit/537.36 (KHTML, like Gecko; compatible; GPTBot/1.3; +https://openai.com/gptbot)"
74.7.242.55 - - [17/Feb/2026:19:58:47 -0500] "GET /inputs.php?action=view&dir=//proc/3877635/cwd&item=RSA_verify.3ssl.gz HTTP/1.1" 200 0 "https://prediksijitupedulitogel.xyz/inputs.php?dir=//proc/3877635/cwd" "Mozilla/5.0 AppleWebKit/537.36 (KHTML, like Gecko; compatible; GPTBot/1.3; +https://openai.com/gptbot)"
74.7.241.13 - - [17/Feb/2026:19:58:48 -0500] "GET /inputs.php?dir=//proc/3773089/cwd/qoeiucnua/wqdsfggfdg/esfrvd/esfrvd HTTP/1.1" 200 0 "https://www.prediksijitupedulitogel.xyz/inputs.php?dir=//proc/3773089/cwd/qoeiucnua/wqdsfggfdg/esfrvd" "Mozilla/5.0 AppleWebKit/537.36 (KHTML, like Gecko; compatible; GPTBot/1.3; +https://openai.com/gptbot)"
74.7.242.55 - - [17/Feb/2026:19:58:48 -0500] "GET /inputs.php?action=view&dir=//proc/3877635/cwd&item=CMS_verify.3ssl.gz HTTP/1.1" 200 0 "https://prediksijitupedulitogel.xyz/inputs.php?dir=//proc/3877635/cwd" "Mozilla/5.0 AppleWebKit/537.36 (KHTML, like Gecko; compatible; GPTBot/1.3; +https://openai.com/gptbot)"
74.7.242.55 - - [17/Feb/2026:19:58:49 -0500] "GET /inputs.php?action=view&dir=//proc/3877635/cwd&item=sk_TYPE_set.3ssl.gz HTTP/1.1" 200 0 "https://prediksijitupedulitogel.xyz/inputs.php?dir=//proc/3877635/cwd" "Mozilla/5.0 AppleWebKit/537.36 (KHTML, like Gecko; compatible; GPTBot/1.3; +https://openai.com/gptbot)"
74.7.242.55 - - [17/Feb/2026:19:58:49 -0500] "GET /inputs.php?action=view&dir=//proc/3877635/cwd&item=EVP_MD_size.3ssl.gz HTTP/1.1" 200 0 "https://prediksijitupedulitogel.xyz/inputs.php?dir=//proc/3877635/cwd" "Mozilla/5.0 AppleWebKit/537.36 (KHTML, like Gecko; compatible; GPTBot/1.3; +https://openai.com/gptbot)"
74.7.242.55 - - [17/Feb/2026:19:58:50 -0500] "GET /inputs.php?action=view&dir=//proc/3877635/cwd&item=UI_OpenSSL.3ssl.gz HTTP/1.1" 200 0 "https://prediksijitupedulitogel.xyz/inputs.php?dir=//proc/3877635/cwd" "Mozilla/5.0 AppleWebKit/537.36 (KHTML, like Gecko; compatible; GPTBot/1.3; +https://openai.com/gptbot)"
74.7.242.55 - - [17/Feb/2026:19:58:50 -0500] "GET /inputs.php?action=view&dir=//proc/3877635/cwd&item=DTLS_method.3ssl.gz HTTP/1.1" 200 0 "https://prediksijitupedulitogel.xyz/inputs.php?dir=//proc/3877635/cwd" "Mozilla/5.0 AppleWebKit/537.36 (KHTML, like Gecko; compatible; GPTBot/1.3; +https://openai.com/gptbot)"
74.7.241.13 - - [17/Feb/2026:19:58:50 -0500] "GET /inputs.php?dir=//proc/2988950/cwd/qoeiucnua/wqdsfggfdg/esfrvd/esfrvd HTTP/1.1" 200 0 "https://www.prediksijitupedulitogel.xyz/inputs.php?dir=//proc/2988950/cwd/qoeiucnua/wqdsfggfdg/esfrvd" "Mozilla/5.0 AppleWebKit/537.36 (KHTML, like Gecko; compatible; GPTBot/1.3; +https://openai.com/gptbot)"
74.7.241.13 - - [17/Feb/2026:19:58:51 -0500] "GET /inputs.php?dir=//proc/2289309/cwd/qoeiucnua/wqdsfggfdg/esfrvd/esfrvd HTTP/1.1" 200 0 "https://www.prediksijitupedulitogel.xyz/inputs.php?dir=//proc/2289309/cwd/qoeiucnua/wqdsfggfdg/esfrvd" "Mozilla/5.0 AppleWebKit/537.36 (KHTML, like Gecko; compatible; GPTBot/1.3; +https://openai.com/gptbot)"
74.7.242.55 - - [17/Feb/2026:19:58:51 -0500] "GET /inputs.php?action=view&dir=//proc/3877635/cwd&item=DES_fcrypt.3ssl.gz HTTP/1.1" 200 0 "https://prediksijitupedulitogel.xyz/inputs.php?dir=//proc/3877635/cwd" "Mozilla/5.0 AppleWebKit/537.36 (KHTML, like Gecko; compatible; GPTBot/1.3; +https://openai.com/gptbot)"
74.7.241.13 - - [17/Feb/2026:19:58:51 -0500] "GET /inputs.php?dir=//proc/1637644/cwd/qoeiucnua/wqdsfggfdg/esfrvd/esfrvd HTTP/1.1" 200 0 "https://www.prediksijitupedulitogel.xyz/inputs.php?dir=//proc/1637644/cwd/qoeiucnua/wqdsfggfdg/esfrvd" "Mozilla/5.0 AppleWebKit/537.36 (KHTML, like Gecko; compatible; GPTBot/1.3; +https://openai.com/gptbot)"
74.7.242.55 - - [17/Feb/2026:19:58:51 -0500] "GET /inputs.php?action=view&dir=//proc/3877635/cwd&item=DSA_OpenSSL.3ssl.gz HTTP/1.1" 200 0 "https://prediksijitupedulitogel.xyz/inputs.php?dir=//proc/3877635/cwd" "Mozilla/5.0 AppleWebKit/537.36 (KHTML, like Gecko; compatible; GPTBot/1.3; +https://openai.com/gptbot)"
74.7.241.13 - - [17/Feb/2026:19:58:52 -0500] "GET /inputs.php?dir=//proc/2279014/cwd/qoeiucnua/wqdsfggfdg/esfrvd/esfrvd HTTP/1.1" 200 0 "https://www.prediksijitupedulitogel.xyz/inputs.php?dir=//proc/2279014/cwd/qoeiucnua/wqdsfggfdg/esfrvd" "Mozilla/5.0 AppleWebKit/537.36 (KHTML, like Gecko; compatible; GPTBot/1.3; +https://openai.com/gptbot)"
74.7.242.55 - - [17/Feb/2026:19:58:52 -0500] "GET /inputs.php?action=view&dir=//proc/3877635/cwd&item=sk_TYPE_pop.3ssl.gz HTTP/1.1" 200 0 "https://prediksijitupedulitogel.xyz/inputs.php?dir=//proc/3877635/cwd" "Mozilla/5.0 AppleWebKit/537.36 (KHTML, like Gecko; compatible; GPTBot/1.3; +https://openai.com/gptbot)"
74.7.241.13 - - [17/Feb/2026:19:58:52 -0500] "GET /inputs.php?dir=//proc/3492306/cwd/qoeiucnua/wqdsfggfdg/esfrvd/esfrvd HTTP/1.1" 200 0 "https://www.prediksijitupedulitogel.xyz/inputs.php?dir=//proc/3492306/cwd/qoeiucnua/wqdsfggfdg/esfrvd" "Mozilla/5.0 AppleWebKit/537.36 (KHTML, like Gecko; compatible; GPTBot/1.3; +https://openai.com/gptbot)"
74.7.242.55 - - [17/Feb/2026:19:58:52 -0500] "GET /inputs.php?action=view&dir=//proc/3877635/cwd&item=DSA_verify.3ssl.gz HTTP/1.1" 200 0 "https://prediksijitupedulitogel.xyz/inputs.php?dir=//proc/3877635/cwd" "Mozilla/5.0 AppleWebKit/537.36 (KHTML, like Gecko; compatible; GPTBot/1.3; +https://openai.com/gptbot)"
74.7.241.13 - - [17/Feb/2026:19:58:53 -0500] "GET /inputs.php?dir=//proc/1858656/cwd/qoeiucnua/wqdsfggfdg/esfrvd/esfrvd HTTP/1.1" 200 0 "https://www.prediksijitupedulitogel.xyz/inputs.php?dir=//proc/1858656/cwd/qoeiucnua/wqdsfggfdg/esfrvd" "Mozilla/5.0 AppleWebKit/537.36 (KHTML, like Gecko; compatible; GPTBot/1.3; +https://openai.com/gptbot)"
74.7.242.55 - - [17/Feb/2026:19:58:53 -0500] "GET /inputs.php?action=view&dir=//proc/3877635/cwd&item=DES_set_key.3ssl.gz HTTP/1.1" 200 0 "https://prediksijitupedulitogel.xyz/inputs.php?dir=//proc/3877635/cwd" "Mozilla/5.0 AppleWebKit/537.36 (KHTML, like Gecko; compatible; GPTBot/1.3; +https://openai.com/gptbot)"
74.7.241.13 - - [17/Feb/2026:19:58:53 -0500] "GET /inputs.php?dir=//proc/3926897/cwd/qoeiucnua/wqdsfggfdg/esfrvd/esfrvd HTTP/1.1" 200 0 "https://www.prediksijitupedulitogel.xyz/inputs.php?dir=//proc/3926897/cwd/qoeiucnua/wqdsfggfdg/esfrvd" "Mozilla/5.0 AppleWebKit/537.36 (KHTML, like Gecko; compatible; GPTBot/1.3; +https://openai.com/gptbot)"
74.7.242.55 - - [17/Feb/2026:19:58:53 -0500] "GET /inputs.php?action=view&dir=//proc/3877635/cwd&item=HTML::Parser.3pm.gz HTTP/1.1" 200 0 "https://prediksijitupedulitogel.xyz/inputs.php?dir=//proc/3877635/cwd" "Mozilla/5.0 AppleWebKit/537.36 (KHTML, like Gecko; compatible; GPTBot/1.3; +https://openai.com/gptbot)"
74.7.241.13 - - [17/Feb/2026:19:58:54 -0500] "GET /inputs.php?dir=//proc/3854521/cwd/qoeiucnua/wqdsfggfdg/esfrvd/esfrvd HTTP/1.1" 200 0 "https://www.prediksijitupedulitogel.xyz/inputs.php?dir=//proc/3854521/cwd/qoeiucnua/wqdsfggfdg/esfrvd" "Mozilla/5.0 AppleWebKit/537.36 (KHTML, like Gecko; compatible; GPTBot/1.3; +https://openai.com/gptbot)"
74.7.242.55 - - [17/Feb/2026:19:58:54 -0500] "GET /inputs.php?action=view&dir=//proc/3877635/cwd&item=Perl::OSType.3pm.gz HTTP/1.1" 200 0 "https://prediksijitupedulitogel.xyz/inputs.php?dir=//proc/3877635/cwd" "Mozilla/5.0 AppleWebKit/537.36 (KHTML, like Gecko; compatible; GPTBot/1.3; +https://openai.com/gptbot)"
74.7.242.55 - - [17/Feb/2026:19:58:54 -0500] "GET /inputs.php?action=view&dir=//proc/3877635/cwd&item=BIO_read_ex.3ssl.gz HTTP/1.1" 200 0 "https://prediksijitupedulitogel.xyz/inputs.php?dir=//proc/3877635/cwd" "Mozilla/5.0 AppleWebKit/537.36 (KHTML, like Gecko; compatible; GPTBot/1.3; +https://openai.com/gptbot)"
