GIF89;aGIF89;aGIF89;a
Team Anon Force
https://t.me/Professor6T9x
Professor6T9 Web SheLL
Linux premium89.web-hosting.com 4.18.0-553.46.1.lve.el8.x86_64 #1 SMP Wed Apr 2 11:16:45 UTC 2025 x86_64
LiteSpeed
63.250.38.4
/
home
/
peduupoo
/
access-logs
[ HOME ]
Exec
Submit
File Name : prediksijitupedulitogel.xyz.pedulisukses.com-ssl_log
74.7.175.133 - - [17/Feb/2026:07:08:21 -0500] "GET /robots.txt HTTP/1.1" 200 0 "-" "Mozilla/5.0 (Macintosh; Intel Mac OS X 10_15_7) AppleWebKit/537.36 (KHTML, like Gecko) Chrome/131.0.0.0 Safari/537.36; compatible; OAI-SearchBot/1.3; robots.txt; +https://openai.com/searchbot"
185.191.171.10 - - [17/Feb/2026:07:08:46 -0500] "GET /wp-includes/block-supports/ HTTP/1.1" 200 697 "-" "Mozilla/5.0 (compatible; SemrushBot/7~bl; +http://www.semrush.com/bot.html)"
185.191.171.10 - - [17/Feb/2026:07:09:26 -0500] "GET /wp-includes/js/tinymce/skins/lightgray/img/ HTTP/1.1" 200 708 "-" "Mozilla/5.0 (compatible; SemrushBot/7~bl; +http://www.semrush.com/bot.html)"
74.7.244.38 - - [17/Feb/2026:07:09:49 -0500] "GET /robots.txt HTTP/1.1" 200 0 "-" "Mozilla/5.0 (Macintosh; Intel Mac OS X 10_15_7) AppleWebKit/537.36 (KHTML, like Gecko) Chrome/131.0.0.0 Safari/537.36; compatible; OAI-SearchBot/1.3; robots.txt; +https://openai.com/searchbot"
185.191.171.1 - - [17/Feb/2026:07:11:08 -0500] "GET /wp-content/plugins/wp-seopress/src/Services/Admin/Notifications/ HTTP/1.1" 200 716 "-" "Mozilla/5.0 (compatible; SemrushBot/7~bl; +http://www.semrush.com/bot.html)"
85.208.96.202 - - [17/Feb/2026:07:11:22 -0500] "GET /wp-content/uploads/2025/02/ HTTP/1.1" 200 698 "-" "Mozilla/5.0 (compatible; SemrushBot/7~bl; +http://www.semrush.com/bot.html)"
52.3.26.180 - - [17/Feb/2026:07:12:11 -0500] "GET /wp-content/plugins/wp-seopress/vendor/phpseclib/phpseclib/phpseclib/Crypt/DSA/Formats/Signature/?ND HTTP/1.1" 200 734 "-" "Mozilla/5.0 AppleWebKit/537.36 (KHTML, like Gecko; compatible; Amazonbot/0.1; +https://developer.amazon.com/support/amazonbot) Chrome/119.0.6045.214 Safari/537.36"
3.224.104.67 - - [17/Feb/2026:07:13:18 -0500] "GET /wp-content/plugins/wp-seopress/vendor/phpseclib/phpseclib/phpseclib/Crypt/DSA/Formats/Signature/?SA HTTP/1.1" 200 737 "-" "Mozilla/5.0 AppleWebKit/537.36 (KHTML, like Gecko; compatible; Amazonbot/0.1; +https://developer.amazon.com/support/amazonbot) Chrome/119.0.6045.214 Safari/537.36"
74.7.175.133 - - [17/Feb/2026:07:13:38 -0500] "GET /robots.txt HTTP/1.1" 200 0 "-" "Mozilla/5.0 (Macintosh; Intel Mac OS X 10_15_7) AppleWebKit/537.36 (KHTML, like Gecko) Chrome/131.0.0.0 Safari/537.36; compatible; OAI-SearchBot/1.3; robots.txt; +https://openai.com/searchbot"
185.191.171.14 - - [17/Feb/2026:07:14:15 -0500] "GET /wp-includes/Requests/src/Proxy/ HTTP/1.1" 200 704 "-" "Mozilla/5.0 (compatible; SemrushBot/7~bl; +http://www.semrush.com/bot.html)"
74.7.244.38 - - [17/Feb/2026:07:15:08 -0500] "GET /robots.txt HTTP/1.1" 200 0 "-" "Mozilla/5.0 (Macintosh; Intel Mac OS X 10_15_7) AppleWebKit/537.36 (KHTML, like Gecko) Chrome/131.0.0.0 Safari/537.36; compatible; OAI-SearchBot/1.3; robots.txt; +https://openai.com/searchbot"
74.7.175.133 - - [17/Feb/2026:07:18:56 -0500] "GET /robots.txt HTTP/1.1" 200 0 "-" "Mozilla/5.0 (Macintosh; Intel Mac OS X 10_15_7) AppleWebKit/537.36 (KHTML, like Gecko) Chrome/131.0.0.0 Safari/537.36; compatible; OAI-SearchBot/1.3; robots.txt; +https://openai.com/searchbot"
185.191.171.9 - - [17/Feb/2026:07:19:40 -0500] "GET /wp-includes/js/tinymce/plugins/paste/ HTTP/1.1" 200 702 "-" "Mozilla/5.0 (compatible; SemrushBot/7~bl; +http://www.semrush.com/bot.html)"
74.7.244.38 - - [17/Feb/2026:07:20:19 -0500] "GET /robots.txt HTTP/1.1" 200 0 "-" "Mozilla/5.0 (Macintosh; Intel Mac OS X 10_15_7) AppleWebKit/537.36 (KHTML, like Gecko) Chrome/131.0.0.0 Safari/537.36; compatible; OAI-SearchBot/1.3; robots.txt; +https://openai.com/searchbot"
85.208.96.200 - - [17/Feb/2026:07:23:09 -0500] "GET /wp-content/plugins/wp-file-manager/lib/img/src/ HTTP/1.1" 200 709 "-" "Mozilla/5.0 (compatible; SemrushBot/7~bl; +http://www.semrush.com/bot.html)"
43.157.38.228 - - [17/Feb/2026:07:23:50 -0500] "GET / HTTP/1.1" 200 0 "http://prediksijitupedulitogel.xyz" "Mozilla/5.0 (iPhone; CPU iPhone OS 13_2_3 like Mac OS X) AppleWebKit/605.1.15 (KHTML, like Gecko) Version/13.0.3 Mobile/15E148 Safari/604.1"
74.7.175.133 - - [17/Feb/2026:07:24:06 -0500] "GET /robots.txt HTTP/1.1" 200 0 "-" "Mozilla/5.0 (Macintosh; Intel Mac OS X 10_15_7) AppleWebKit/537.36 (KHTML, like Gecko) Chrome/131.0.0.0 Safari/537.36; compatible; OAI-SearchBot/1.3; robots.txt; +https://openai.com/searchbot"
74.7.244.38 - - [17/Feb/2026:07:25:28 -0500] "GET /robots.txt HTTP/1.1" 200 0 "-" "Mozilla/5.0 (Macintosh; Intel Mac OS X 10_15_7) AppleWebKit/537.36 (KHTML, like Gecko) Chrome/131.0.0.0 Safari/537.36; compatible; OAI-SearchBot/1.3; robots.txt; +https://openai.com/searchbot"
85.208.96.198 - - [17/Feb/2026:07:26:55 -0500] "GET /robots.txt HTTP/1.1" 200 0 "-" "Mozilla/5.0 (compatible; SemrushBot/7~bl; +http://www.semrush.com/bot.html)"
185.191.171.8 - - [17/Feb/2026:07:26:56 -0500] "GET /wp-content/plugins/wp-seopress/src/Tags/Date/ HTTP/1.1" 200 706 "-" "Mozilla/5.0 (compatible; SemrushBot/7~bl; +http://www.semrush.com/bot.html)"
185.191.171.11 - - [17/Feb/2026:07:28:48 -0500] "GET /wp-content/plugins/wp-seopress/inc/admin/settings/ HTTP/1.1" 200 708 "-" "Mozilla/5.0 (compatible; SemrushBot/7~bl; +http://www.semrush.com/bot.html)"
74.7.175.133 - - [17/Feb/2026:07:29:22 -0500] "GET /robots.txt HTTP/1.1" 200 0 "-" "Mozilla/5.0 (Macintosh; Intel Mac OS X 10_15_7) AppleWebKit/537.36 (KHTML, like Gecko) Chrome/131.0.0.0 Safari/537.36; compatible; OAI-SearchBot/1.3; robots.txt; +https://openai.com/searchbot"
95.91.110.210 - - [17/Feb/2026:07:29:35 -0500] "GET /robots.txt HTTP/1.1" 200 0 "-" "Mozilla/5.0 (compatible; MJ12bot/v1.4.8; http://mj12bot.com/)"
95.91.110.210 - - [17/Feb/2026:07:29:38 -0500] "GET /inputs.php?dir=/home/peduupoo/prediksijitupedulitogel.xyz&item=admin.php&action=view HTTP/1.1" 200 0 "-" "Mozilla/5.0 (compatible; MJ12bot/v1.4.8; http://mj12bot.com/)"
74.7.244.38 - - [17/Feb/2026:07:30:43 -0500] "GET /robots.txt HTTP/1.1" 200 0 "-" "Mozilla/5.0 (Macintosh; Intel Mac OS X 10_15_7) AppleWebKit/537.36 (KHTML, like Gecko) Chrome/131.0.0.0 Safari/537.36; compatible; OAI-SearchBot/1.3; robots.txt; +https://openai.com/searchbot"
85.208.96.193 - - [17/Feb/2026:07:30:52 -0500] "GET /wp-admin/css/colors/light/ HTTP/1.1" 200 694 "-" "Mozilla/5.0 (compatible; SemrushBot/7~bl; +http://www.semrush.com/bot.html)"
85.208.96.202 - - [17/Feb/2026:07:32:08 -0500] "GET /wp-content/plugins/wp-seopress/inc/admin/page-builders/gutenberg/ HTTP/1.1" 200 803 "-" "Mozilla/5.0 (compatible; SemrushBot/7~bl; +http://www.semrush.com/bot.html)"
185.191.171.3 - - [17/Feb/2026:07:32:39 -0500] "GET /wp-content/plugins/wp-file-manager/lib/js/extras/ HTTP/1.1" 200 708 "-" "Mozilla/5.0 (compatible; SemrushBot/7~bl; +http://www.semrush.com/bot.html)"
74.7.175.133 - - [17/Feb/2026:07:34:35 -0500] "GET /robots.txt HTTP/1.1" 200 0 "-" "Mozilla/5.0 (Macintosh; Intel Mac OS X 10_15_7) AppleWebKit/537.36 (KHTML, like Gecko) Chrome/131.0.0.0 Safari/537.36; compatible; OAI-SearchBot/1.3; robots.txt; +https://openai.com/searchbot"
74.7.244.38 - - [17/Feb/2026:07:35:49 -0500] "GET /robots.txt HTTP/1.1" 200 0 "-" "Mozilla/5.0 (Macintosh; Intel Mac OS X 10_15_7) AppleWebKit/537.36 (KHTML, like Gecko) Chrome/131.0.0.0 Safari/537.36; compatible; OAI-SearchBot/1.3; robots.txt; +https://openai.com/searchbot"
185.191.171.17 - - [17/Feb/2026:07:36:00 -0500] "GET /wp-includes/js/tinymce/skins/ HTTP/1.1" 200 807 "-" "Mozilla/5.0 (compatible; SemrushBot/7~bl; +http://www.semrush.com/bot.html)"
185.191.171.2 - - [17/Feb/2026:07:36:38 -0500] "GET /wp-includes/blocks/missing/ HTTP/1.1" 200 697 "-" "Mozilla/5.0 (compatible; SemrushBot/7~bl; +http://www.semrush.com/bot.html)"
185.191.171.4 - - [17/Feb/2026:07:38:25 -0500] "GET /wp-includes/SimplePie/src/Content/ HTTP/1.1" 200 781 "-" "Mozilla/5.0 (compatible; SemrushBot/7~bl; +http://www.semrush.com/bot.html)"
185.191.171.16 - - [17/Feb/2026:07:38:38 -0500] "GET /wp-content/plugins/wp-seopress/src/Actions/Api/Metas/ HTTP/1.1" 200 710 "-" "Mozilla/5.0 (compatible; SemrushBot/7~bl; +http://www.semrush.com/bot.html)"
74.7.175.133 - - [17/Feb/2026:07:39:52 -0500] "GET /robots.txt HTTP/1.1" 200 0 "-" "Mozilla/5.0 (Macintosh; Intel Mac OS X 10_15_7) AppleWebKit/537.36 (KHTML, like Gecko) Chrome/131.0.0.0 Safari/537.36; compatible; OAI-SearchBot/1.3; robots.txt; +https://openai.com/searchbot"
185.191.171.5 - - [17/Feb/2026:07:40:24 -0500] "GET /wp-includes/Requests/src/Transport/ HTTP/1.1" 200 702 "-" "Mozilla/5.0 (compatible; SemrushBot/7~bl; +http://www.semrush.com/bot.html)"
185.191.171.15 - - [17/Feb/2026:07:40:44 -0500] "GET /wp-content/plugins/wp-seopress/inc/ HTTP/1.1" 200 805 "-" "Mozilla/5.0 (compatible; SemrushBot/7~bl; +http://www.semrush.com/bot.html)"
74.7.244.38 - - [17/Feb/2026:07:41:09 -0500] "GET /robots.txt HTTP/1.1" 200 0 "-" "Mozilla/5.0 (Macintosh; Intel Mac OS X 10_15_7) AppleWebKit/537.36 (KHTML, like Gecko) Chrome/131.0.0.0 Safari/537.36; compatible; OAI-SearchBot/1.3; robots.txt; +https://openai.com/searchbot"
185.191.171.9 - - [17/Feb/2026:07:43:14 -0500] "GET /wp-content/plugins/wp-seopress/vendor/ralouphie/getallheaders/src/ HTTP/1.1" 200 718 "-" "Mozilla/5.0 (compatible; SemrushBot/7~bl; +http://www.semrush.com/bot.html)"
185.191.171.16 - - [17/Feb/2026:07:44:59 -0500] "GET /wp-includes/js/tinymce/plugins/charmap/ HTTP/1.1" 200 703 "-" "Mozilla/5.0 (compatible; SemrushBot/7~bl; +http://www.semrush.com/bot.html)"
74.7.175.133 - - [17/Feb/2026:07:45:05 -0500] "GET /robots.txt HTTP/1.1" 200 0 "-" "Mozilla/5.0 (Macintosh; Intel Mac OS X 10_15_7) AppleWebKit/537.36 (KHTML, like Gecko) Chrome/131.0.0.0 Safari/537.36; compatible; OAI-SearchBot/1.3; robots.txt; +https://openai.com/searchbot"
185.191.171.7 - - [17/Feb/2026:07:46:06 -0500] "GET /wp-includes/js/tinymce/plugins/wpgallery/ HTTP/1.1" 200 708 "-" "Mozilla/5.0 (compatible; SemrushBot/7~bl; +http://www.semrush.com/bot.html)"
74.7.244.38 - - [17/Feb/2026:07:46:20 -0500] "GET /robots.txt HTTP/1.1" 200 0 "-" "Mozilla/5.0 (Macintosh; Intel Mac OS X 10_15_7) AppleWebKit/537.36 (KHTML, like Gecko) Chrome/131.0.0.0 Safari/537.36; compatible; OAI-SearchBot/1.3; robots.txt; +https://openai.com/searchbot"
185.191.171.16 - - [17/Feb/2026:07:49:10 -0500] "GET /wp-content/plugins/wp-seopress/src/Tags/Custom/ HTTP/1.1" 200 707 "-" "Mozilla/5.0 (compatible; SemrushBot/7~bl; +http://www.semrush.com/bot.html)"
74.7.175.133 - - [17/Feb/2026:07:50:19 -0500] "GET /robots.txt HTTP/1.1" 200 0 "-" "Mozilla/5.0 (Macintosh; Intel Mac OS X 10_15_7) AppleWebKit/537.36 (KHTML, like Gecko) Chrome/131.0.0.0 Safari/537.36; compatible; OAI-SearchBot/1.3; robots.txt; +https://openai.com/searchbot"
74.7.244.38 - - [17/Feb/2026:07:51:35 -0500] "GET /robots.txt HTTP/1.1" 200 0 "-" "Mozilla/5.0 (Macintosh; Intel Mac OS X 10_15_7) AppleWebKit/537.36 (KHTML, like Gecko) Chrome/131.0.0.0 Safari/537.36; compatible; OAI-SearchBot/1.3; robots.txt; +https://openai.com/searchbot"
185.191.171.2 - - [17/Feb/2026:07:52:38 -0500] "GET /wp-includes/blocks/social-links/ HTTP/1.1" 200 699 "-" "Mozilla/5.0 (compatible; SemrushBot/7~bl; +http://www.semrush.com/bot.html)"
85.208.96.207 - - [17/Feb/2026:07:54:19 -0500] "GET /wp-content/plugins/wp-seopress/src/Thirds/ACF/ HTTP/1.1" 200 707 "-" "Mozilla/5.0 (compatible; SemrushBot/7~bl; +http://www.semrush.com/bot.html)"
185.191.171.15 - - [17/Feb/2026:07:55:45 -0500] "GET /wp-includes/css/dist/editor/ HTTP/1.1" 200 695 "-" "Mozilla/5.0 (compatible; SemrushBot/7~bl; +http://www.semrush.com/bot.html)"
34.234.177.5 - - [17/Feb/2026:07:55:51 -0500] "GET / HTTP/1.1" 200 0 "-" "Mozilla/5.0 (Windows NT 10.0; Win64; x64; rv:141.0) Gecko/20100101 Firefox/141.0"
2a06:98c0:3600::103 - - [17/Feb/2026:07:56:38 -0500] "GET /wp-admin/setup-config.php HTTP/1.1" 404 1251 "-" "http://prediksijitupedulitogel.xyz/wp-admin/setup-config.php"
54.91.122.193 - - [17/Feb/2026:07:56:39 -0500] "GET /wp-content/plugins/wp-seopress/vendor/phpseclib/phpseclib/phpseclib/System/SSH/Common/?NA HTTP/1.1" 200 810 "-" "Mozilla/5.0 AppleWebKit/537.36 (KHTML, like Gecko; compatible; Amazonbot/0.1; +https://developer.amazon.com/support/amazonbot) Chrome/119.0.6045.214 Safari/537.36"
2a06:98c0:3600::103 - - [17/Feb/2026:07:57:27 -0500] "GET /wordpress/wp-admin/setup-config.php HTTP/1.1" 200 0 "-" "Mozilla/5.0 (Windows NT 10.0; Win64; x64) AppleWebKit/537.36 (KHTML, like Gecko) Chrome/144.0.0.0 Safari/537.36"
2a06:98c0:3600::103 - - [17/Feb/2026:07:59:13 -0500] "GET /wp-admin/setup-config.php HTTP/1.1" 404 1251 "-" "https://prediksijitupedulitogel.xyz/wp-admin/setup-config.php"
216.244.66.239 - - [17/Feb/2026:08:00:07 -0500] "GET /robots.txt HTTP/1.1" 200 0 "-" "Mozilla/5.0 (compatible; DotBot/1.2; +https://opensiteexplorer.org/dotbot; help@moz.com)"
2a06:98c0:3600::103 - - [17/Feb/2026:08:00:12 -0500] "GET /wordpress/wp-admin/setup-config.php HTTP/1.1" 200 0 "-" "http://prediksijitupedulitogel.xyz/wordpress/wp-admin/setup-config.php"
74.7.175.133 - - [17/Feb/2026:08:00:48 -0500] "GET /robots.txt HTTP/1.1" 200 0 "-" "Mozilla/5.0 (Macintosh; Intel Mac OS X 10_15_7) AppleWebKit/537.36 (KHTML, like Gecko) Chrome/131.0.0.0 Safari/537.36; compatible; OAI-SearchBot/1.3; robots.txt; +https://openai.com/searchbot"
185.191.171.9 - - [17/Feb/2026:08:01:32 -0500] "GET /wp-includes/js/tinymce/plugins/compat3x/css/ HTTP/1.1" 200 705 "-" "Mozilla/5.0 (compatible; SemrushBot/7~bl; +http://www.semrush.com/bot.html)"
74.7.244.38 - - [17/Feb/2026:08:02:01 -0500] "GET /robots.txt HTTP/1.1" 200 0 "-" "Mozilla/5.0 (Macintosh; Intel Mac OS X 10_15_7) AppleWebKit/537.36 (KHTML, like Gecko) Chrome/131.0.0.0 Safari/537.36; compatible; OAI-SearchBot/1.3; robots.txt; +https://openai.com/searchbot"
185.191.171.5 - - [17/Feb/2026:08:04:07 -0500] "GET /wp-includes/SimplePie/src/Net/ HTTP/1.1" 200 699 "-" "Mozilla/5.0 (compatible; SemrushBot/7~bl; +http://www.semrush.com/bot.html)"
85.208.96.202 - - [17/Feb/2026:08:04:34 -0500] "GET /wp-content/plugins/wp-seopress/src/Services/Sitemap/Render/ HTTP/1.1" 200 718 "-" "Mozilla/5.0 (compatible; SemrushBot/7~bl; +http://www.semrush.com/bot.html)"
185.191.171.12 - - [17/Feb/2026:08:08:12 -0500] "GET /wp-content/plugins/menu-image/includes/js/ HTTP/1.1" 200 705 "-" "Mozilla/5.0 (compatible; SemrushBot/7~bl; +http://www.semrush.com/bot.html)"
85.208.96.208 - - [17/Feb/2026:08:10:49 -0500] "GET /wp-content/plugins/wp-seopress/vendor/psr/http-message/src/ HTTP/1.1" 200 712 "-" "Mozilla/5.0 (compatible; SemrushBot/7~bl; +http://www.semrush.com/bot.html)"
85.208.96.194 - - [17/Feb/2026:08:11:09 -0500] "GET /wp-content/plugins/wp-seopress/src/Thirds/BuddyPress/ HTTP/1.1" 200 714 "-" "Mozilla/5.0 (compatible; SemrushBot/7~bl; +http://www.semrush.com/bot.html)"
74.7.175.133 - - [17/Feb/2026:08:11:27 -0500] "GET /robots.txt HTTP/1.1" 200 0 "-" "Mozilla/5.0 (Macintosh; Intel Mac OS X 10_15_7) AppleWebKit/537.36 (KHTML, like Gecko) Chrome/131.0.0.0 Safari/537.36; compatible; OAI-SearchBot/1.3; robots.txt; +https://openai.com/searchbot"
216.244.66.239 - - [17/Feb/2026:08:11:38 -0500] "GET /wp-content/plugins/wp-seopress/vendor/phpseclib/phpseclib/phpseclib/Crypt/DSA/Formats/?NA HTTP/1.1" 200 2192 "-" "Mozilla/5.0 (compatible; DotBot/1.2; +https://opensiteexplorer.org/dotbot; help@moz.com)"
74.7.244.38 - - [17/Feb/2026:08:12:30 -0500] "GET /robots.txt HTTP/1.1" 200 0 "-" "Mozilla/5.0 (Macintosh; Intel Mac OS X 10_15_7) AppleWebKit/537.36 (KHTML, like Gecko) Chrome/131.0.0.0 Safari/537.36; compatible; OAI-SearchBot/1.3; robots.txt; +https://openai.com/searchbot"
216.244.66.239 - - [17/Feb/2026:08:13:32 -0500] "GET /wp-content/plugins/wp-seopress/vendor/phpseclib/phpseclib/phpseclib/Math/BigInteger/Engines/BCMath/?NA HTTP/1.1" 200 1947 "-" "Mozilla/5.0 (compatible; DotBot/1.2; +https://opensiteexplorer.org/dotbot; help@moz.com)"
85.208.96.193 - - [17/Feb/2026:08:14:38 -0500] "GET /wp-content/plugins/menu-image/freemius/assets/js/ HTTP/1.1" 200 706 "-" "Mozilla/5.0 (compatible; SemrushBot/7~bl; +http://www.semrush.com/bot.html)"
74.7.175.133 - - [17/Feb/2026:08:16:40 -0500] "GET /robots.txt HTTP/1.1" 200 0 "-" "Mozilla/5.0 (Macintosh; Intel Mac OS X 10_15_7) AppleWebKit/537.36 (KHTML, like Gecko) Chrome/131.0.0.0 Safari/537.36; compatible; OAI-SearchBot/1.3; robots.txt; +https://openai.com/searchbot"
74.7.244.38 - - [17/Feb/2026:08:17:47 -0500] "GET /robots.txt HTTP/1.1" 200 0 "-" "Mozilla/5.0 (Macintosh; Intel Mac OS X 10_15_7) AppleWebKit/537.36 (KHTML, like Gecko) Chrome/131.0.0.0 Safari/537.36; compatible; OAI-SearchBot/1.3; robots.txt; +https://openai.com/searchbot"
74.7.175.133 - - [17/Feb/2026:08:21:54 -0500] "GET /robots.txt HTTP/1.1" 200 0 "-" "Mozilla/5.0 (Macintosh; Intel Mac OS X 10_15_7) AppleWebKit/537.36 (KHTML, like Gecko) Chrome/131.0.0.0 Safari/537.36; compatible; OAI-SearchBot/1.3; robots.txt; +https://openai.com/searchbot"
74.7.244.38 - - [17/Feb/2026:08:23:03 -0500] "GET /robots.txt HTTP/1.1" 200 0 "-" "Mozilla/5.0 (Macintosh; Intel Mac OS X 10_15_7) AppleWebKit/537.36 (KHTML, like Gecko) Chrome/131.0.0.0 Safari/537.36; compatible; OAI-SearchBot/1.3; robots.txt; +https://openai.com/searchbot"
74.7.175.133 - - [17/Feb/2026:08:27:05 -0500] "GET /robots.txt HTTP/1.1" 200 0 "-" "Mozilla/5.0 (Macintosh; Intel Mac OS X 10_15_7) AppleWebKit/537.36 (KHTML, like Gecko) Chrome/131.0.0.0 Safari/537.36; compatible; OAI-SearchBot/1.3; robots.txt; +https://openai.com/searchbot"
74.7.244.38 - - [17/Feb/2026:08:28:17 -0500] "GET /robots.txt HTTP/1.1" 200 0 "-" "Mozilla/5.0 (Macintosh; Intel Mac OS X 10_15_7) AppleWebKit/537.36 (KHTML, like Gecko) Chrome/131.0.0.0 Safari/537.36; compatible; OAI-SearchBot/1.3; robots.txt; +https://openai.com/searchbot"
85.208.96.205 - - [17/Feb/2026:08:28:53 -0500] "GET /robots.txt HTTP/1.1" 200 0 "-" "Mozilla/5.0 (compatible; SemrushBot/7~bl; +http://www.semrush.com/bot.html)"
85.208.96.210 - - [17/Feb/2026:08:28:54 -0500] "GET /wp-content/languages/plugins/ HTTP/1.1" 200 696 "-" "Mozilla/5.0 (compatible; SemrushBot/7~bl; +http://www.semrush.com/bot.html)"
85.208.96.195 - - [17/Feb/2026:08:30:26 -0500] "GET /wp-content/plugins/wp-seopress/vendor/psr/http-message/docs/ HTTP/1.1" 200 713 "-" "Mozilla/5.0 (compatible; SemrushBot/7~bl; +http://www.semrush.com/bot.html)"
74.7.175.133 - - [17/Feb/2026:08:32:24 -0500] "GET /robots.txt HTTP/1.1" 200 0 "-" "Mozilla/5.0 (Macintosh; Intel Mac OS X 10_15_7) AppleWebKit/537.36 (KHTML, like Gecko) Chrome/131.0.0.0 Safari/537.36; compatible; OAI-SearchBot/1.3; robots.txt; +https://openai.com/searchbot"
74.7.244.38 - - [17/Feb/2026:08:33:30 -0500] "GET /robots.txt HTTP/1.1" 200 0 "-" "Mozilla/5.0 (Macintosh; Intel Mac OS X 10_15_7) AppleWebKit/537.36 (KHTML, like Gecko) Chrome/131.0.0.0 Safari/537.36; compatible; OAI-SearchBot/1.3; robots.txt; +https://openai.com/searchbot"
85.208.96.199 - - [17/Feb/2026:08:33:38 -0500] "GET /wp-content/plugins/menu-image/includes/css/ HTTP/1.1" 200 704 "-" "Mozilla/5.0 (compatible; SemrushBot/7~bl; +http://www.semrush.com/bot.html)"
18.205.91.101 - - [17/Feb/2026:08:35:14 -0500] "GET /wp-content/plugins/wp-seopress/vendor/phpseclib/phpseclib/phpseclib/Crypt/RSA/Formats/Keys/?SA HTTP/1.1" 200 735 "-" "Mozilla/5.0 AppleWebKit/537.36 (KHTML, like Gecko; compatible; Amazonbot/0.1; +https://developer.amazon.com/support/amazonbot) Chrome/119.0.6045.214 Safari/537.36"
74.7.175.133 - - [17/Feb/2026:08:37:38 -0500] "GET /robots.txt HTTP/1.1" 200 0 "-" "Mozilla/5.0 (Macintosh; Intel Mac OS X 10_15_7) AppleWebKit/537.36 (KHTML, like Gecko) Chrome/131.0.0.0 Safari/537.36; compatible; OAI-SearchBot/1.3; robots.txt; +https://openai.com/searchbot"
52.45.15.233 - - [17/Feb/2026:08:38:30 -0500] "GET /wp-includes/blocks/site-tagline/ HTTP/1.1" 200 700 "-" "Mozilla/5.0 AppleWebKit/537.36 (KHTML, like Gecko; compatible; Amazonbot/0.1; +https://developer.amazon.com/support/amazonbot) Chrome/119.0.6045.214 Safari/537.36"
23.21.148.226 - - [17/Feb/2026:08:38:35 -0500] "GET /wp-includes/blocks/pullquote/ HTTP/1.1" 200 699 "-" "Mozilla/5.0 AppleWebKit/537.36 (KHTML, like Gecko; compatible; Amazonbot/0.1; +https://developer.amazon.com/support/amazonbot) Chrome/119.0.6045.214 Safari/537.36"
74.7.244.38 - - [17/Feb/2026:08:38:38 -0500] "GET /robots.txt HTTP/1.1" 200 0 "-" "Mozilla/5.0 (Macintosh; Intel Mac OS X 10_15_7) AppleWebKit/537.36 (KHTML, like Gecko) Chrome/131.0.0.0 Safari/537.36; compatible; OAI-SearchBot/1.3; robots.txt; +https://openai.com/searchbot"
185.191.171.8 - - [17/Feb/2026:08:42:31 -0500] "GET /wp-includes/js/tinymce/plugins/wpdialogs/ HTTP/1.1" 200 708 "-" "Mozilla/5.0 (compatible; SemrushBot/7~bl; +http://www.semrush.com/bot.html)"
74.7.175.133 - - [17/Feb/2026:08:42:50 -0500] "GET /robots.txt HTTP/1.1" 200 0 "-" "Mozilla/5.0 (Macintosh; Intel Mac OS X 10_15_7) AppleWebKit/537.36 (KHTML, like Gecko) Chrome/131.0.0.0 Safari/537.36; compatible; OAI-SearchBot/1.3; robots.txt; +https://openai.com/searchbot"
85.208.96.202 - - [17/Feb/2026:08:43:31 -0500] "GET /wp-content/plugins/wp-file-manager/lib/themes/windows%20-%2010/images/ HTTP/1.1" 200 831 "-" "Mozilla/5.0 (compatible; SemrushBot/7~bl; +http://www.semrush.com/bot.html)"
85.208.96.194 - - [17/Feb/2026:08:43:33 -0500] "GET /wp-content/plugins/wp-seopress/src/Actions/Sitemap/ HTTP/1.1" 200 709 "-" "Mozilla/5.0 (compatible; SemrushBot/7~bl; +http://www.semrush.com/bot.html)"
147.135.213.9 - - [17/Feb/2026:08:43:42 -0500] "GET /robots.txt HTTP/1.1" 200 0 "-" "Mozilla/5.0 (compatible; MJ12bot/v1.4.8; http://mj12bot.com/)"
147.135.213.9 - - [17/Feb/2026:08:43:44 -0500] "GET /prediksi-togel-japan-pools-30-juli-2025/feed/ HTTP/1.1" 200 0 "-" "Mozilla/5.0 (compatible; MJ12bot/v1.4.8; http://mj12bot.com/)"
147.135.213.9 - - [17/Feb/2026:08:43:47 -0500] "GET /prediksi-togel-taiwan-lotto-01-agustus-2025/ HTTP/1.1" 200 0 "-" "Mozilla/5.0 (compatible; MJ12bot/v1.4.8; http://mj12bot.com/)"
74.7.244.38 - - [17/Feb/2026:08:43:59 -0500] "GET /robots.txt HTTP/1.1" 200 0 "-" "Mozilla/5.0 (Macintosh; Intel Mac OS X 10_15_7) AppleWebKit/537.36 (KHTML, like Gecko) Chrome/131.0.0.0 Safari/537.36; compatible; OAI-SearchBot/1.3; robots.txt; +https://openai.com/searchbot"
185.191.171.13 - - [17/Feb/2026:08:44:11 -0500] "GET /wp-includes/css/dist/nux/ HTTP/1.1" 200 694 "-" "Mozilla/5.0 (compatible; SemrushBot/7~bl; +http://www.semrush.com/bot.html)"
185.191.171.4 - - [17/Feb/2026:08:47:30 -0500] "GET /wp-content/plugins/wp-seopress/vendor/phpseclib/phpseclib/phpseclib/ HTTP/1.1" 200 1235 "-" "Mozilla/5.0 (compatible; SemrushBot/7~bl; +http://www.semrush.com/bot.html)"
74.7.175.133 - - [17/Feb/2026:08:48:03 -0500] "GET /robots.txt HTTP/1.1" 200 0 "-" "Mozilla/5.0 (Macintosh; Intel Mac OS X 10_15_7) AppleWebKit/537.36 (KHTML, like Gecko) Chrome/131.0.0.0 Safari/537.36; compatible; OAI-SearchBot/1.3; robots.txt; +https://openai.com/searchbot"
66.249.79.224 - - [17/Feb/2026:08:48:11 -0500] "GET /hiroshi.php?n=32799233662 HTTP/1.1" 200 25829 "-" "Mozilla/5.0 (Linux; Android 6.0.1; Nexus 5X Build/MMB29P) AppleWebKit/537.36 (KHTML, like Gecko) Chrome/144.0.7559.132 Mobile Safari/537.36 (compatible; Googlebot/2.1; +http://www.google.com/bot.html)"
185.191.171.17 - - [17/Feb/2026:08:49:00 -0500] "GET /wp-content/themes/wise-blog/inc/customizer-settings/upgrade-to-pro/ HTTP/1.1" 200 722 "-" "Mozilla/5.0 (compatible; SemrushBot/7~bl; +http://www.semrush.com/bot.html)"
74.7.244.38 - - [17/Feb/2026:08:49:18 -0500] "GET /robots.txt HTTP/1.1" 200 0 "-" "Mozilla/5.0 (Macintosh; Intel Mac OS X 10_15_7) AppleWebKit/537.36 (KHTML, like Gecko) Chrome/131.0.0.0 Safari/537.36; compatible; OAI-SearchBot/1.3; robots.txt; +https://openai.com/searchbot"
85.208.96.209 - - [17/Feb/2026:08:51:44 -0500] "GET /wp-content/plugins/wp-seopress/src/Core/Hooks/ HTTP/1.1" 200 708 "-" "Mozilla/5.0 (compatible; SemrushBot/7~bl; +http://www.semrush.com/bot.html)"
74.7.175.133 - - [17/Feb/2026:08:53:13 -0500] "GET /robots.txt HTTP/1.1" 200 0 "-" "Mozilla/5.0 (Macintosh; Intel Mac OS X 10_15_7) AppleWebKit/537.36 (KHTML, like Gecko) Chrome/131.0.0.0 Safari/537.36; compatible; OAI-SearchBot/1.3; robots.txt; +https://openai.com/searchbot"
74.7.244.38 - - [17/Feb/2026:08:54:29 -0500] "GET /robots.txt HTTP/1.1" 200 0 "-" "Mozilla/5.0 (Macintosh; Intel Mac OS X 10_15_7) AppleWebKit/537.36 (KHTML, like Gecko) Chrome/131.0.0.0 Safari/537.36; compatible; OAI-SearchBot/1.3; robots.txt; +https://openai.com/searchbot"
85.208.96.206 - - [17/Feb/2026:08:55:08 -0500] "GET /wp-content/plugins/wp-seopress/src/Services/Social/ HTTP/1.1" 200 707 "-" "Mozilla/5.0 (compatible; SemrushBot/7~bl; +http://www.semrush.com/bot.html)"
23.21.119.232 - - [17/Feb/2026:08:56:43 -0500] "GET /wp-content/plugins/wp-seopress/vendor/phpseclib/phpseclib/phpseclib/Math/Common/FiniteField/?MA HTTP/1.1" 200 733 "-" "Mozilla/5.0 AppleWebKit/537.36 (KHTML, like Gecko; compatible; Amazonbot/0.1; +https://developer.amazon.com/support/amazonbot) Chrome/119.0.6045.214 Safari/537.36"
44.207.207.36 - - [17/Feb/2026:08:56:47 -0500] "GET /wp-includes/blocks/query-pagination/ HTTP/1.1" 200 703 "-" "Mozilla/5.0 AppleWebKit/537.36 (KHTML, like Gecko; compatible; Amazonbot/0.1; +https://developer.amazon.com/support/amazonbot) Chrome/119.0.6045.214 Safari/537.36"
185.191.171.15 - - [17/Feb/2026:08:57:47 -0500] "GET /wp-content/themes/wise-blog/inc/custom-widgets/ HTTP/1.1" 200 710 "-" "Mozilla/5.0 (compatible; SemrushBot/7~bl; +http://www.semrush.com/bot.html)"
85.208.96.203 - - [17/Feb/2026:09:01:02 -0500] "GET /wp-content/plugins/wp-seopress/inc/admin/page-builders/ HTTP/1.1" 200 842 "-" "Mozilla/5.0 (compatible; SemrushBot/7~bl; +http://www.semrush.com/bot.html)"
85.208.96.194 - - [17/Feb/2026:09:03:08 -0500] "GET /wp-includes/style-engine/ HTTP/1.1" 200 693 "-" "Mozilla/5.0 (compatible; SemrushBot/7~bl; +http://www.semrush.com/bot.html)"
74.7.175.133 - - [17/Feb/2026:09:03:49 -0500] "GET /robots.txt HTTP/1.1" 200 0 "-" "Mozilla/5.0 (Macintosh; Intel Mac OS X 10_15_7) AppleWebKit/537.36 (KHTML, like Gecko) Chrome/131.0.0.0 Safari/537.36; compatible; OAI-SearchBot/1.3; robots.txt; +https://openai.com/searchbot"
185.191.171.7 - - [17/Feb/2026:09:04:39 -0500] "GET /wp-includes/theme-compat/ HTTP/1.1" 200 695 "-" "Mozilla/5.0 (compatible; SemrushBot/7~bl; +http://www.semrush.com/bot.html)"
74.7.244.38 - - [17/Feb/2026:09:05:16 -0500] "GET /robots.txt HTTP/1.1" 200 0 "-" "Mozilla/5.0 (Macintosh; Intel Mac OS X 10_15_7) AppleWebKit/537.36 (KHTML, like Gecko) Chrome/131.0.0.0 Safari/537.36; compatible; OAI-SearchBot/1.3; robots.txt; +https://openai.com/searchbot"
74.7.175.133 - - [17/Feb/2026:09:14:23 -0500] "GET /robots.txt HTTP/1.1" 200 0 "-" "Mozilla/5.0 (Macintosh; Intel Mac OS X 10_15_7) AppleWebKit/537.36 (KHTML, like Gecko) Chrome/131.0.0.0 Safari/537.36; compatible; OAI-SearchBot/1.3; robots.txt; +https://openai.com/searchbot"
185.191.171.13 - - [17/Feb/2026:09:15:11 -0500] "GET /wp-content/plugins/wp-seopress/templates/json-schemas/ HTTP/1.1" 200 709 "-" "Mozilla/5.0 (compatible; SemrushBot/7~bl; +http://www.semrush.com/bot.html)"
85.208.96.212 - - [17/Feb/2026:09:15:13 -0500] "GET /wp-content/plugins/wp-file-manager/lib/fonts/raleway/ HTTP/1.1" 200 714 "-" "Mozilla/5.0 (compatible; SemrushBot/7~bl; +http://www.semrush.com/bot.html)"
74.7.244.38 - - [17/Feb/2026:09:15:46 -0500] "GET /robots.txt HTTP/1.1" 200 0 "-" "Mozilla/5.0 (Macintosh; Intel Mac OS X 10_15_7) AppleWebKit/537.36 (KHTML, like Gecko) Chrome/131.0.0.0 Safari/537.36; compatible; OAI-SearchBot/1.3; robots.txt; +https://openai.com/searchbot"
85.208.96.199 - - [17/Feb/2026:09:17:02 -0500] "GET /wp-content/uploads/2024/07/ HTTP/1.1" 200 697 "-" "Mozilla/5.0 (compatible; SemrushBot/7~bl; +http://www.semrush.com/bot.html)"
74.7.175.133 - - [17/Feb/2026:09:19:43 -0500] "GET /robots.txt HTTP/1.1" 200 0 "-" "Mozilla/5.0 (Macintosh; Intel Mac OS X 10_15_7) AppleWebKit/537.36 (KHTML, like Gecko) Chrome/131.0.0.0 Safari/537.36; compatible; OAI-SearchBot/1.3; robots.txt; +https://openai.com/searchbot"
74.7.244.38 - - [17/Feb/2026:09:21:00 -0500] "GET /robots.txt HTTP/1.1" 200 0 "-" "Mozilla/5.0 (Macintosh; Intel Mac OS X 10_15_7) AppleWebKit/537.36 (KHTML, like Gecko) Chrome/131.0.0.0 Safari/537.36; compatible; OAI-SearchBot/1.3; robots.txt; +https://openai.com/searchbot"
85.208.96.208 - - [17/Feb/2026:09:22:03 -0500] "GET /wp-content/uploads/2025/01/ HTTP/1.1" 200 697 "-" "Mozilla/5.0 (compatible; SemrushBot/7~bl; +http://www.semrush.com/bot.html)"
74.7.175.133 - - [17/Feb/2026:09:24:54 -0500] "GET /robots.txt HTTP/1.1" 200 0 "-" "Mozilla/5.0 (Macintosh; Intel Mac OS X 10_15_7) AppleWebKit/537.36 (KHTML, like Gecko) Chrome/131.0.0.0 Safari/537.36; compatible; OAI-SearchBot/1.3; robots.txt; +https://openai.com/searchbot"
74.7.244.38 - - [17/Feb/2026:09:26:17 -0500] "GET /robots.txt HTTP/1.1" 200 0 "-" "Mozilla/5.0 (Macintosh; Intel Mac OS X 10_15_7) AppleWebKit/537.36 (KHTML, like Gecko) Chrome/131.0.0.0 Safari/537.36; compatible; OAI-SearchBot/1.3; robots.txt; +https://openai.com/searchbot"
85.208.96.200 - - [17/Feb/2026:09:26:37 -0500] "GET /wp-content/plugins/wp-seopress/inc/admin/export/ HTTP/1.1" 200 706 "-" "Mozilla/5.0 (compatible; SemrushBot/7~bl; +http://www.semrush.com/bot.html)"
85.208.96.203 - - [17/Feb/2026:09:29:21 -0500] "GET /robots.txt HTTP/1.1" 200 0 "-" "Mozilla/5.0 (compatible; SemrushBot/7~bl; +http://www.semrush.com/bot.html)"
185.191.171.3 - - [17/Feb/2026:09:29:22 -0500] "GET /wp-content/plugins/wp-file-manager/lib/js/worker/ HTTP/1.1" 200 713 "-" "Mozilla/5.0 (compatible; SemrushBot/7~bl; +http://www.semrush.com/bot.html)"
74.7.175.133 - - [17/Feb/2026:09:30:00 -0500] "GET /robots.txt HTTP/1.1" 200 0 "-" "Mozilla/5.0 (Macintosh; Intel Mac OS X 10_15_7) AppleWebKit/537.36 (KHTML, like Gecko) Chrome/131.0.0.0 Safari/537.36; compatible; OAI-SearchBot/1.3; robots.txt; +https://openai.com/searchbot"
34.227.156.153 - - [17/Feb/2026:09:30:51 -0500] "GET /wp-includes/blocks/spacer/ HTTP/1.1" 200 696 "-" "Mozilla/5.0 AppleWebKit/537.36 (KHTML, like Gecko; compatible; Amazonbot/0.1; +https://developer.amazon.com/support/amazonbot) Chrome/119.0.6045.214 Safari/537.36"
65.108.78.33 - - [17/Feb/2026:09:31:11 -0500] "GET /robots.txt HTTP/1.1" 200 0 "-" "Mozilla/5.0 (compatible; MJ12bot/v1.4.8; http://mj12bot.com/)"
65.108.78.33 - - [17/Feb/2026:09:31:14 -0500] "GET /inputs.php?dir=/home/peduupoo/prediksijitupedulitogel.xyz&item=ms-edit.php&action=edit HTTP/1.1" 200 0 "-" "Mozilla/5.0 (compatible; MJ12bot/v1.4.8; http://mj12bot.com/)"
74.7.244.38 - - [17/Feb/2026:09:31:32 -0500] "GET /robots.txt HTTP/1.1" 200 0 "-" "Mozilla/5.0 (Macintosh; Intel Mac OS X 10_15_7) AppleWebKit/537.36 (KHTML, like Gecko) Chrome/131.0.0.0 Safari/537.36; compatible; OAI-SearchBot/1.3; robots.txt; +https://openai.com/searchbot"
85.208.96.212 - - [17/Feb/2026:09:32:13 -0500] "GET /wp-content/themes/wise-blog/blocks/ HTTP/1.1" 200 699 "-" "Mozilla/5.0 (compatible; SemrushBot/7~bl; +http://www.semrush.com/bot.html)"
185.191.171.17 - - [17/Feb/2026:09:32:29 -0500] "GET /wp-includes/js/dist/script-modules/block-library/image/ HTTP/1.1" 200 715 "-" "Mozilla/5.0 (compatible; SemrushBot/7~bl; +http://www.semrush.com/bot.html)"
85.208.96.193 - - [17/Feb/2026:09:33:27 -0500] "GET /wp-content/plugins/wp-seopress/inc/admin/metaboxes/ HTTP/1.1" 200 708 "-" "Mozilla/5.0 (compatible; SemrushBot/7~bl; +http://www.semrush.com/bot.html)"
185.191.171.1 - - [17/Feb/2026:09:33:54 -0500] "GET /wp-includes/Requests/src/Utility/ HTTP/1.1" 200 701 "-" "Mozilla/5.0 (compatible; SemrushBot/7~bl; +http://www.semrush.com/bot.html)"
74.7.175.133 - - [17/Feb/2026:09:35:17 -0500] "GET /robots.txt HTTP/1.1" 200 0 "-" "Mozilla/5.0 (Macintosh; Intel Mac OS X 10_15_7) AppleWebKit/537.36 (KHTML, like Gecko) Chrome/131.0.0.0 Safari/537.36; compatible; OAI-SearchBot/1.3; robots.txt; +https://openai.com/searchbot"
74.7.244.38 - - [17/Feb/2026:09:36:44 -0500] "GET /robots.txt HTTP/1.1" 200 0 "-" "Mozilla/5.0 (Macintosh; Intel Mac OS X 10_15_7) AppleWebKit/537.36 (KHTML, like Gecko) Chrome/131.0.0.0 Safari/537.36; compatible; OAI-SearchBot/1.3; robots.txt; +https://openai.com/searchbot"
85.208.96.200 - - [17/Feb/2026:09:39:47 -0500] "GET /wp-includes/sodium_compat/src/Core32/ HTTP/1.1" 200 857 "-" "Mozilla/5.0 (compatible; SemrushBot/7~bl; +http://www.semrush.com/bot.html)"
185.191.171.8 - - [17/Feb/2026:09:40:01 -0500] "GET /wp-content/themes/web_prediksi_peduli_togel/includes/ HTTP/1.1" 200 707 "-" "Mozilla/5.0 (compatible; SemrushBot/7~bl; +http://www.semrush.com/bot.html)"
85.208.96.203 - - [17/Feb/2026:09:40:15 -0500] "GET /wp-content/plugins/wp-seopress/vendor/psr/http-client/src/ HTTP/1.1" 200 713 "-" "Mozilla/5.0 (compatible; SemrushBot/7~bl; +http://www.semrush.com/bot.html)"
74.7.175.133 - - [17/Feb/2026:09:40:37 -0500] "GET /robots.txt HTTP/1.1" 200 0 "-" "Mozilla/5.0 (Macintosh; Intel Mac OS X 10_15_7) AppleWebKit/537.36 (KHTML, like Gecko) Chrome/131.0.0.0 Safari/537.36; compatible; OAI-SearchBot/1.3; robots.txt; +https://openai.com/searchbot"
74.7.244.38 - - [17/Feb/2026:09:41:58 -0500] "GET /robots.txt HTTP/1.1" 200 0 "-" "Mozilla/5.0 (Macintosh; Intel Mac OS X 10_15_7) AppleWebKit/537.36 (KHTML, like Gecko) Chrome/131.0.0.0 Safari/537.36; compatible; OAI-SearchBot/1.3; robots.txt; +https://openai.com/searchbot"
74.7.175.133 - - [17/Feb/2026:09:45:55 -0500] "GET /robots.txt HTTP/1.1" 200 0 "-" "Mozilla/5.0 (Macintosh; Intel Mac OS X 10_15_7) AppleWebKit/537.36 (KHTML, like Gecko) Chrome/131.0.0.0 Safari/537.36; compatible; OAI-SearchBot/1.3; robots.txt; +https://openai.com/searchbot"
74.7.244.38 - - [17/Feb/2026:09:47:11 -0500] "GET /robots.txt HTTP/1.1" 200 0 "-" "Mozilla/5.0 (Macintosh; Intel Mac OS X 10_15_7) AppleWebKit/537.36 (KHTML, like Gecko) Chrome/131.0.0.0 Safari/537.36; compatible; OAI-SearchBot/1.3; robots.txt; +https://openai.com/searchbot"
66.249.79.226 - - [17/Feb/2026:09:50:06 -0500] "GET /?e=85362259609 HTTP/1.1" 200 25200 "-" "Mozilla/5.0 (Linux; Android 6.0.1; Nexus 5X Build/MMB29P) AppleWebKit/537.36 (KHTML, like Gecko) Chrome/144.0.7559.132 Mobile Safari/537.36 (compatible; Googlebot/2.1; +http://www.google.com/bot.html)"
185.191.171.5 - - [17/Feb/2026:09:50:24 -0500] "GET /wp-content/plugins/wp-seopress/vendor/psr/cache/src/ HTTP/1.1" 200 709 "-" "Mozilla/5.0 (compatible; SemrushBot/7~bl; +http://www.semrush.com/bot.html)"
74.7.175.133 - - [17/Feb/2026:09:51:08 -0500] "GET /robots.txt HTTP/1.1" 200 0 "-" "Mozilla/5.0 (Macintosh; Intel Mac OS X 10_15_7) AppleWebKit/537.36 (KHTML, like Gecko) Chrome/131.0.0.0 Safari/537.36; compatible; OAI-SearchBot/1.3; robots.txt; +https://openai.com/searchbot"
66.249.79.225 - - [17/Feb/2026:09:51:22 -0500] "GET /?x=8122111497 HTTP/1.1" 200 25121 "-" "Mozilla/5.0 (Linux; Android 6.0.1; Nexus 5X Build/MMB29P) AppleWebKit/537.36 (KHTML, like Gecko) Chrome/144.0.7559.132 Mobile Safari/537.36 (compatible; Googlebot/2.1; +http://www.google.com/bot.html)"
74.7.244.38 - - [17/Feb/2026:09:52:25 -0500] "GET /robots.txt HTTP/1.1" 200 0 "-" "Mozilla/5.0 (Macintosh; Intel Mac OS X 10_15_7) AppleWebKit/537.36 (KHTML, like Gecko) Chrome/131.0.0.0 Safari/537.36; compatible; OAI-SearchBot/1.3; robots.txt; +https://openai.com/searchbot"
44.215.235.20 - - [17/Feb/2026:09:54:35 -0500] "GET /wp-includes/blocks/navigation/ HTTP/1.1" 200 699 "-" "Mozilla/5.0 AppleWebKit/537.36 (KHTML, like Gecko; compatible; Amazonbot/0.1; +https://developer.amazon.com/support/amazonbot) Chrome/119.0.6045.214 Safari/537.36"
74.7.175.133 - - [17/Feb/2026:09:56:26 -0500] "GET /robots.txt HTTP/1.1" 200 0 "-" "Mozilla/5.0 (Macintosh; Intel Mac OS X 10_15_7) AppleWebKit/537.36 (KHTML, like Gecko) Chrome/131.0.0.0 Safari/537.36; compatible; OAI-SearchBot/1.3; robots.txt; +https://openai.com/searchbot"
185.191.171.9 - - [17/Feb/2026:09:57:02 -0500] "GET /wp-content/plugins/wp-seopress/src/Helpers/Metas/ HTTP/1.1" 200 707 "-" "Mozilla/5.0 (compatible; SemrushBot/7~bl; +http://www.semrush.com/bot.html)"
74.7.244.38 - - [17/Feb/2026:09:57:44 -0500] "GET /robots.txt HTTP/1.1" 200 0 "-" "Mozilla/5.0 (Macintosh; Intel Mac OS X 10_15_7) AppleWebKit/537.36 (KHTML, like Gecko) Chrome/131.0.0.0 Safari/537.36; compatible; OAI-SearchBot/1.3; robots.txt; +https://openai.com/searchbot"
85.208.96.204 - - [17/Feb/2026:09:57:52 -0500] "GET /wp-content/plugins/wp-file-manager/lib/themes/light/ HTTP/1.1" 200 824 "-" "Mozilla/5.0 (compatible; SemrushBot/7~bl; +http://www.semrush.com/bot.html)"
185.191.171.16 - - [17/Feb/2026:10:01:59 -0500] "GET /wp-content/plugins/wp-seopress/vendor/psr/ HTTP/1.1" 200 863 "-" "Mozilla/5.0 (compatible; SemrushBot/7~bl; +http://www.semrush.com/bot.html)"
66.249.79.226 - - [17/Feb/2026:10:03:31 -0500] "GET /?m=28066204550 HTTP/1.1" 200 24181 "-" "Mozilla/5.0 (Linux; Android 6.0.1; Nexus 5X Build/MMB29P) AppleWebKit/537.36 (KHTML, like Gecko) Chrome/144.0.7559.132 Mobile Safari/537.36 (compatible; Googlebot/2.1; +http://www.google.com/bot.html)"
54.39.203.212 - - [17/Feb/2026:10:03:37 -0500] "GET /wp-admin/user/?SD HTTP/1.1" 200 556 "-" "Mozilla/5.0 (compatible; AhrefsBot/7.0; +http://ahrefs.com/robot/)"
66.249.79.225 - - [17/Feb/2026:10:04:25 -0500] "GET /?m=280669362 HTTP/1.1" 200 24311 "-" "Mozilla/5.0 (Linux; Android 6.0.1; Nexus 5X Build/MMB29P) AppleWebKit/537.36 (KHTML, like Gecko) Chrome/144.0.7559.132 Mobile Safari/537.36 (compatible; Googlebot/2.1; +http://www.google.com/bot.html)"
85.208.96.200 - - [17/Feb/2026:10:04:34 -0500] "GET /wp-includes/css/dist/block-library/ HTTP/1.1" 200 700 "-" "Mozilla/5.0 (compatible; SemrushBot/7~bl; +http://www.semrush.com/bot.html)"
85.208.96.195 - - [17/Feb/2026:10:05:23 -0500] "GET /wp-includes/js/tinymce/plugins/media/ HTTP/1.1" 200 700 "-" "Mozilla/5.0 (compatible; SemrushBot/7~bl; +http://www.semrush.com/bot.html)"
74.7.175.133 - - [17/Feb/2026:10:06:51 -0500] "GET /robots.txt HTTP/1.1" 200 0 "-" "Mozilla/5.0 (Macintosh; Intel Mac OS X 10_15_7) AppleWebKit/537.36 (KHTML, like Gecko) Chrome/131.0.0.0 Safari/537.36; compatible; OAI-SearchBot/1.3; robots.txt; +https://openai.com/searchbot"
74.7.244.38 - - [17/Feb/2026:10:08:11 -0500] "GET /robots.txt HTTP/1.1" 200 0 "-" "Mozilla/5.0 (Macintosh; Intel Mac OS X 10_15_7) AppleWebKit/537.36 (KHTML, like Gecko) Chrome/131.0.0.0 Safari/537.36; compatible; OAI-SearchBot/1.3; robots.txt; +https://openai.com/searchbot"
85.208.96.194 - - [17/Feb/2026:10:08:21 -0500] "GET /wp-content/plugins/wp-seopress/vendor/firebase/ HTTP/1.1" 200 788 "-" "Mozilla/5.0 (compatible; SemrushBot/7~bl; +http://www.semrush.com/bot.html)"
85.208.96.210 - - [17/Feb/2026:10:08:38 -0500] "GET /wp-content/plugins/wp-seopress/vendor/firebase/php-jwt/src/ HTTP/1.1" 200 718 "-" "Mozilla/5.0 (compatible; SemrushBot/7~bl; +http://www.semrush.com/bot.html)"
85.208.96.197 - - [17/Feb/2026:10:15:24 -0500] "GET /wp-content/plugins/wp-seopress/vendor/monolog/ HTTP/1.1" 200 787 "-" "Mozilla/5.0 (compatible; SemrushBot/7~bl; +http://www.semrush.com/bot.html)"
66.249.79.224 - - [17/Feb/2026:10:16:07 -0500] "GET /?c=83332302317 HTTP/1.1" 200 24544 "-" "Mozilla/5.0 (Linux; Android 6.0.1; Nexus 5X Build/MMB29P) AppleWebKit/537.36 (KHTML, like Gecko) Chrome/144.0.7559.132 Mobile Safari/537.36 (compatible; Googlebot/2.1; +http://www.google.com/bot.html)"
66.249.79.224 - - [17/Feb/2026:10:16:35 -0500] "GET /?k=8063650666 HTTP/1.1" 200 24787 "-" "Mozilla/5.0 (Linux; Android 6.0.1; Nexus 5X Build/MMB29P) AppleWebKit/537.36 (KHTML, like Gecko) Chrome/144.0.7559.132 Mobile Safari/537.36 (compatible; Googlebot/2.1; +http://www.google.com/bot.html)"
74.7.175.133 - - [17/Feb/2026:10:17:29 -0500] "GET /robots.txt HTTP/1.1" 200 0 "-" "Mozilla/5.0 (Macintosh; Intel Mac OS X 10_15_7) AppleWebKit/537.36 (KHTML, like Gecko) Chrome/131.0.0.0 Safari/537.36; compatible; OAI-SearchBot/1.3; robots.txt; +https://openai.com/searchbot"
74.7.244.38 - - [17/Feb/2026:10:18:47 -0500] "GET /robots.txt HTTP/1.1" 200 0 "-" "Mozilla/5.0 (Macintosh; Intel Mac OS X 10_15_7) AppleWebKit/537.36 (KHTML, like Gecko) Chrome/131.0.0.0 Safari/537.36; compatible; OAI-SearchBot/1.3; robots.txt; +https://openai.com/searchbot"
23.22.105.143 - - [17/Feb/2026:10:18:52 -0500] "GET /wp-content/plugins/wp-seopress/vendor/phpseclib/phpseclib/phpseclib/Math/BigInteger/Engines/PHP/?MD HTTP/1.1" 200 825 "-" "Mozilla/5.0 AppleWebKit/537.36 (KHTML, like Gecko; compatible; Amazonbot/0.1; +https://developer.amazon.com/support/amazonbot) Chrome/119.0.6045.214 Safari/537.36"
3.230.69.161 - - [17/Feb/2026:10:18:55 -0500] "GET /wp-content/plugins/wp-seopress/vendor/phpseclib/phpseclib/phpseclib/Crypt/EC/Formats/Keys/?MA HTTP/1.1" 200 734 "-" "Mozilla/5.0 AppleWebKit/537.36 (KHTML, like Gecko; compatible; Amazonbot/0.1; +https://developer.amazon.com/support/amazonbot) Chrome/119.0.6045.214 Safari/537.36"
74.7.175.133 - - [17/Feb/2026:10:22:44 -0500] "GET /robots.txt HTTP/1.1" 200 0 "-" "Mozilla/5.0 (Macintosh; Intel Mac OS X 10_15_7) AppleWebKit/537.36 (KHTML, like Gecko) Chrome/131.0.0.0 Safari/537.36; compatible; OAI-SearchBot/1.3; robots.txt; +https://openai.com/searchbot"
100.28.44.58 - - [17/Feb/2026:10:23:37 -0500] "GET /wp-admin/?MA HTTP/1.1" 200 1247 "-" "Mozilla/5.0 AppleWebKit/537.36 (KHTML, like Gecko; compatible; Amazonbot/0.1; +https://developer.amazon.com/support/amazonbot) Chrome/119.0.6045.214 Safari/537.36"
74.7.244.38 - - [17/Feb/2026:10:23:56 -0500] "GET /robots.txt HTTP/1.1" 200 0 "-" "Mozilla/5.0 (Macintosh; Intel Mac OS X 10_15_7) AppleWebKit/537.36 (KHTML, like Gecko) Chrome/131.0.0.0 Safari/537.36; compatible; OAI-SearchBot/1.3; robots.txt; +https://openai.com/searchbot"
185.191.171.15 - - [17/Feb/2026:10:25:52 -0500] "GET /wp-admin/css/colors/coffee/ HTTP/1.1" 200 694 "-" "Mozilla/5.0 (compatible; SemrushBot/7~bl; +http://www.semrush.com/bot.html)"
185.191.171.16 - - [17/Feb/2026:10:26:13 -0500] "GET /wp-content/plugins/wp-seopress/src/Models/Table/ HTTP/1.1" 200 707 "-" "Mozilla/5.0 (compatible; SemrushBot/7~bl; +http://www.semrush.com/bot.html)"
85.208.96.198 - - [17/Feb/2026:10:26:58 -0500] "GET /wp-includes/sodium_compat/src/Core/ChaCha20/ HTTP/1.1" 200 713 "-" "Mozilla/5.0 (compatible; SemrushBot/7~bl; +http://www.semrush.com/bot.html)"
66.249.79.226 - - [17/Feb/2026:10:27:45 -0500] "GET /?p=26821181924 HTTP/1.1" 200 26030 "-" "Mozilla/5.0 (Linux; Android 6.0.1; Nexus 5X Build/MMB29P) AppleWebKit/537.36 (KHTML, like Gecko) Chrome/144.0.7559.132 Mobile Safari/537.36 (compatible; Googlebot/2.1; +http://www.google.com/bot.html)"
74.7.175.133 - - [17/Feb/2026:10:27:57 -0500] "GET /robots.txt HTTP/1.1" 200 0 "-" "Mozilla/5.0 (Macintosh; Intel Mac OS X 10_15_7) AppleWebKit/537.36 (KHTML, like Gecko) Chrome/131.0.0.0 Safari/537.36; compatible; OAI-SearchBot/1.3; robots.txt; +https://openai.com/searchbot"
74.7.244.38 - - [17/Feb/2026:10:29:05 -0500] "GET /robots.txt HTTP/1.1" 200 0 "-" "Mozilla/5.0 (Macintosh; Intel Mac OS X 10_15_7) AppleWebKit/537.36 (KHTML, like Gecko) Chrome/131.0.0.0 Safari/537.36; compatible; OAI-SearchBot/1.3; robots.txt; +https://openai.com/searchbot"
85.208.96.205 - - [17/Feb/2026:10:29:32 -0500] "GET /robots.txt HTTP/1.1" 200 0 "-" "Mozilla/5.0 (compatible; SemrushBot/7~bl; +http://www.semrush.com/bot.html)"
85.208.96.199 - - [17/Feb/2026:10:29:33 -0500] "GET /wp-content/themes/web_prediksi_peduli_togel/json/ HTTP/1.1" 200 706 "-" "Mozilla/5.0 (compatible; SemrushBot/7~bl; +http://www.semrush.com/bot.html)"
185.191.171.9 - - [17/Feb/2026:10:30:21 -0500] "GET /wp-content/plugins/wp-file-manager/lib/js/ui/ HTTP/1.1" 200 706 "-" "Mozilla/5.0 (compatible; SemrushBot/7~bl; +http://www.semrush.com/bot.html)"
85.208.96.197 - - [17/Feb/2026:10:30:27 -0500] "GET /wp-content/uploads/2024/10/ HTTP/1.1" 200 697 "-" "Mozilla/5.0 (compatible; SemrushBot/7~bl; +http://www.semrush.com/bot.html)"
185.191.171.8 - - [17/Feb/2026:10:30:32 -0500] "GET /wp-content/plugins/wp-file-manager/lib/php/plugins/AutoResize/ HTTP/1.1" 200 719 "-" "Mozilla/5.0 (compatible; SemrushBot/7~bl; +http://www.semrush.com/bot.html)"
66.249.79.225 - - [17/Feb/2026:10:30:36 -0500] "GET /?f=73299131002 HTTP/1.1" 200 24234 "-" "Mozilla/5.0 (Linux; Android 6.0.1; Nexus 5X Build/MMB29P) AppleWebKit/537.36 (KHTML, like Gecko) Chrome/144.0.7559.132 Mobile Safari/537.36 (compatible; Googlebot/2.1; +http://www.google.com/bot.html)"
74.7.175.133 - - [17/Feb/2026:10:33:14 -0500] "GET /robots.txt HTTP/1.1" 200 0 "-" "Mozilla/5.0 (Macintosh; Intel Mac OS X 10_15_7) AppleWebKit/537.36 (KHTML, like Gecko) Chrome/131.0.0.0 Safari/537.36; compatible; OAI-SearchBot/1.3; robots.txt; +https://openai.com/searchbot"
74.7.244.38 - - [17/Feb/2026:10:34:11 -0500] "GET /robots.txt HTTP/1.1" 200 0 "-" "Mozilla/5.0 (Macintosh; Intel Mac OS X 10_15_7) AppleWebKit/537.36 (KHTML, like Gecko) Chrome/131.0.0.0 Safari/537.36; compatible; OAI-SearchBot/1.3; robots.txt; +https://openai.com/searchbot"
85.208.96.210 - - [17/Feb/2026:10:34:14 -0500] "GET /wp-includes/css/dist/edit-site/ HTTP/1.1" 200 697 "-" "Mozilla/5.0 (compatible; SemrushBot/7~bl; +http://www.semrush.com/bot.html)"
74.7.175.133 - - [17/Feb/2026:10:38:32 -0500] "GET /robots.txt HTTP/1.1" 200 0 "-" "Mozilla/5.0 (Macintosh; Intel Mac OS X 10_15_7) AppleWebKit/537.36 (KHTML, like Gecko) Chrome/131.0.0.0 Safari/537.36; compatible; OAI-SearchBot/1.3; robots.txt; +https://openai.com/searchbot"
85.208.96.202 - - [17/Feb/2026:10:38:37 -0500] "GET /wp-includes/js/tinymce/plugins/wpemoji/ HTTP/1.1" 200 708 "-" "Mozilla/5.0 (compatible; SemrushBot/7~bl; +http://www.semrush.com/bot.html)"
74.7.244.38 - - [17/Feb/2026:10:39:25 -0500] "GET /robots.txt HTTP/1.1" 200 0 "-" "Mozilla/5.0 (Macintosh; Intel Mac OS X 10_15_7) AppleWebKit/537.36 (KHTML, like Gecko) Chrome/131.0.0.0 Safari/537.36; compatible; OAI-SearchBot/1.3; robots.txt; +https://openai.com/searchbot"
66.249.79.225 - - [17/Feb/2026:10:39:42 -0500] "GET /?c=8333267006 HTTP/1.1" 200 25006 "-" "Mozilla/5.0 (Linux; Android 6.0.1; Nexus 5X Build/MMB29P) AppleWebKit/537.36 (KHTML, like Gecko) Chrome/144.0.7559.132 Mobile Safari/537.36 (compatible; Googlebot/2.1; +http://www.google.com/bot.html)"
34.206.249.188 - - [17/Feb/2026:10:42:14 -0500] "GET /wp-includes/theme-compat/?ND HTTP/1.1" 200 694 "-" "Mozilla/5.0 AppleWebKit/537.36 (KHTML, like Gecko; compatible; Amazonbot/0.1; +https://developer.amazon.com/support/amazonbot) Chrome/119.0.6045.214 Safari/537.36"
185.191.171.4 - - [17/Feb/2026:10:42:19 -0500] "GET /wp-content/uploads/2025/06/ HTTP/1.1" 200 698 "-" "Mozilla/5.0 (compatible; SemrushBot/7~bl; +http://www.semrush.com/bot.html)"
85.208.96.209 - - [17/Feb/2026:10:43:50 -0500] "GET /wp-includes/js/tinymce/langs/ HTTP/1.1" 200 697 "-" "Mozilla/5.0 (compatible; SemrushBot/7~bl; +http://www.semrush.com/bot.html)"
74.7.175.133 - - [17/Feb/2026:10:43:51 -0500] "GET /robots.txt HTTP/1.1" 200 0 "-" "Mozilla/5.0 (Macintosh; Intel Mac OS X 10_15_7) AppleWebKit/537.36 (KHTML, like Gecko) Chrome/131.0.0.0 Safari/537.36; compatible; OAI-SearchBot/1.3; robots.txt; +https://openai.com/searchbot"
74.7.244.38 - - [17/Feb/2026:10:44:32 -0500] "GET /robots.txt HTTP/1.1" 200 0 "-" "Mozilla/5.0 (Macintosh; Intel Mac OS X 10_15_7) AppleWebKit/537.36 (KHTML, like Gecko) Chrome/131.0.0.0 Safari/537.36; compatible; OAI-SearchBot/1.3; robots.txt; +https://openai.com/searchbot"
104.152.52.208 - - [17/Feb/2026:10:44:48 -0500] "GET / HTTP/1.1" 200 0 "-" "curl/7.61.1"
185.191.171.5 - - [17/Feb/2026:10:45:29 -0500] "GET /wp-content/plugins/wp-seopress/inc/admin/wizard/ HTTP/1.1" 200 710 "-" "Mozilla/5.0 (compatible; SemrushBot/7~bl; +http://www.semrush.com/bot.html)"
185.191.171.6 - - [17/Feb/2026:10:47:14 -0500] "GET /wp-content/themes/web_prediksi_peduli_togel/assets/js/ HTTP/1.1" 200 705 "-" "Mozilla/5.0 (compatible; SemrushBot/7~bl; +http://www.semrush.com/bot.html)"
85.208.96.199 - - [17/Feb/2026:10:47:19 -0500] "GET /wp-content/plugins/wp-seopress/vendor/bin/ HTTP/1.1" 200 702 "-" "Mozilla/5.0 (compatible; SemrushBot/7~bl; +http://www.semrush.com/bot.html)"
66.249.79.224 - - [17/Feb/2026:10:47:43 -0500] "GET /?f=89497217887 HTTP/1.1" 200 24397 "-" "Mozilla/5.0 (Linux; Android 6.0.1; Nexus 5X Build/MMB29P) AppleWebKit/537.36 (KHTML, like Gecko) Chrome/144.0.7559.132 Mobile Safari/537.36 (compatible; Googlebot/2.1; +http://www.google.com/bot.html)"
74.7.175.133 - - [17/Feb/2026:10:49:14 -0500] "GET /robots.txt HTTP/1.1" 200 0 "-" "Mozilla/5.0 (Macintosh; Intel Mac OS X 10_15_7) AppleWebKit/537.36 (KHTML, like Gecko) Chrome/131.0.0.0 Safari/537.36; compatible; OAI-SearchBot/1.3; robots.txt; +https://openai.com/searchbot"
74.7.244.38 - - [17/Feb/2026:10:49:48 -0500] "GET /robots.txt HTTP/1.1" 200 0 "-" "Mozilla/5.0 (Macintosh; Intel Mac OS X 10_15_7) AppleWebKit/537.36 (KHTML, like Gecko) Chrome/131.0.0.0 Safari/537.36; compatible; OAI-SearchBot/1.3; robots.txt; +https://openai.com/searchbot"
185.191.171.2 - - [17/Feb/2026:10:49:50 -0500] "GET /wp-content/plugins/wp-seopress/src/JsonSchemas/ HTTP/1.1" 200 708 "-" "Mozilla/5.0 (compatible; SemrushBot/7~bl; +http://www.semrush.com/bot.html)"
185.191.171.2 - - [17/Feb/2026:10:49:55 -0500] "GET /wp-content/plugins/wp-file-manager/lib/codemirror/mode/rpm/ HTTP/1.1" 200 800 "-" "Mozilla/5.0 (compatible; SemrushBot/7~bl; +http://www.semrush.com/bot.html)"
185.191.171.13 - - [17/Feb/2026:10:50:34 -0500] "GET /wp-content/plugins/wp-seopress/src/ManualHooks/ HTTP/1.1" 200 792 "-" "Mozilla/5.0 (compatible; SemrushBot/7~bl; +http://www.semrush.com/bot.html)"
185.191.171.16 - - [17/Feb/2026:10:52:33 -0500] "GET /wp-content/plugins/menu-image/includes/assets/img/ HTTP/1.1" 200 709 "-" "Mozilla/5.0 (compatible; SemrushBot/7~bl; +http://www.semrush.com/bot.html)"
185.191.171.16 - - [17/Feb/2026:10:53:16 -0500] "GET /wp-content/uploads/2024/06/ HTTP/1.1" 200 697 "-" "Mozilla/5.0 (compatible; SemrushBot/7~bl; +http://www.semrush.com/bot.html)"
