74.7.241.13 - - [17/Feb/2026:20:01:27 -0500] "GET /inputs.php?dir=//proc/2272423/root/root HTTP/1.1" 200 0 "https://www.prediksijitupedulitogel.xyz/inputs.php?dir=//proc/2272423/root" "Mozilla/5.0 AppleWebKit/537.36 (KHTML, like Gecko; compatible; GPTBot/1.3; +https://openai.com/gptbot)"
74.7.242.55 - - [17/Feb/2026:20:01:27 -0500] "GET /inputs.php?dir=//proc/3759195/root/home4 HTTP/1.1" 200 0 "https://prediksijitupedulitogel.xyz/inputs.php?dir=//proc/3759195/root" "Mozilla/5.0 AppleWebKit/537.36 (KHTML, like Gecko; compatible; GPTBot/1.3; +https://openai.com/gptbot)"
74.7.241.13 - - [17/Feb/2026:20:01:27 -0500] "GET /inputs.php?dir=//proc/2324233/root/proc HTTP/1.1" 200 0 "https://www.prediksijitupedulitogel.xyz/inputs.php?dir=//proc/2324233/root" "Mozilla/5.0 AppleWebKit/537.36 (KHTML, like Gecko; compatible; GPTBot/1.3; +https://openai.com/gptbot)"
74.7.242.55 - - [17/Feb/2026:20:01:28 -0500] "GET /inputs.php?dir=//proc/2034889/root/home2 HTTP/1.1" 200 0 "https://prediksijitupedulitogel.xyz/inputs.php?dir=//proc/2034889/root" "Mozilla/5.0 AppleWebKit/537.36 (KHTML, like Gecko; compatible; GPTBot/1.3; +https://openai.com/gptbot)"
74.7.241.13 - - [17/Feb/2026:20:01:28 -0500] "GET /inputs.php?dir=//proc/1611416/root/proc HTTP/1.1" 200 0 "https://www.prediksijitupedulitogel.xyz/inputs.php?dir=//proc/1611416/root" "Mozilla/5.0 AppleWebKit/537.36 (KHTML, like Gecko; compatible; GPTBot/1.3; +https://openai.com/gptbot)"
74.7.242.55 - - [17/Feb/2026:20:01:28 -0500] "GET /inputs.php?dir=//proc/2861486/root/home4 HTTP/1.1" 200 0 "https://prediksijitupedulitogel.xyz/inputs.php?dir=//proc/2861486/root" "Mozilla/5.0 AppleWebKit/537.36 (KHTML, like Gecko; compatible; GPTBot/1.3; +https://openai.com/gptbot)"
74.7.241.13 - - [17/Feb/2026:20:01:28 -0500] "GET /inputs.php?dir=//proc/3433873/root/root HTTP/1.1" 200 0 "https://www.prediksijitupedulitogel.xyz/inputs.php?dir=//proc/3433873/root" "Mozilla/5.0 AppleWebKit/537.36 (KHTML, like Gecko; compatible; GPTBot/1.3; +https://openai.com/gptbot)"
74.7.242.55 - - [17/Feb/2026:20:01:29 -0500] "GET /inputs.php?dir=//proc/3306537/root/home4 HTTP/1.1" 200 0 "https://prediksijitupedulitogel.xyz/inputs.php?dir=//proc/3306537/root" "Mozilla/5.0 AppleWebKit/537.36 (KHTML, like Gecko; compatible; GPTBot/1.3; +https://openai.com/gptbot)"
74.7.241.13 - - [17/Feb/2026:20:01:29 -0500] "GET /inputs.php?dir=//proc/3775335/root/proc HTTP/1.1" 200 0 "https://www.prediksijitupedulitogel.xyz/inputs.php?dir=//proc/3775335/root" "Mozilla/5.0 AppleWebKit/537.36 (KHTML, like Gecko; compatible; GPTBot/1.3; +https://openai.com/gptbot)"
74.7.242.55 - - [17/Feb/2026:20:01:29 -0500] "GET /inputs.php?dir=//proc/2818708/root/home4 HTTP/1.1" 200 0 "https://prediksijitupedulitogel.xyz/inputs.php?dir=//proc/2818708/root" "Mozilla/5.0 AppleWebKit/537.36 (KHTML, like Gecko; compatible; GPTBot/1.3; +https://openai.com/gptbot)"
74.7.241.13 - - [17/Feb/2026:20:01:30 -0500] "GET /inputs.php?dir=//proc/3767736/root/proc HTTP/1.1" 200 0 "https://www.prediksijitupedulitogel.xyz/inputs.php?dir=//proc/3767736/root" "Mozilla/5.0 AppleWebKit/537.36 (KHTML, like Gecko; compatible; GPTBot/1.3; +https://openai.com/gptbot)"
74.7.242.55 - - [17/Feb/2026:20:01:30 -0500] "GET /inputs.php?dir=//proc/2864851/root/home2 HTTP/1.1" 200 0 "https://prediksijitupedulitogel.xyz/inputs.php?dir=//proc/2864851/root" "Mozilla/5.0 AppleWebKit/537.36 (KHTML, like Gecko; compatible; GPTBot/1.3; +https://openai.com/gptbot)"
74.7.241.13 - - [17/Feb/2026:20:01:30 -0500] "GET /inputs.php?dir=//proc/3767736/root/root HTTP/1.1" 200 0 "https://www.prediksijitupedulitogel.xyz/inputs.php?dir=//proc/3767736/root" "Mozilla/5.0 AppleWebKit/537.36 (KHTML, like Gecko; compatible; GPTBot/1.3; +https://openai.com/gptbot)"
74.7.242.55 - - [17/Feb/2026:20:01:30 -0500] "GET /inputs.php?dir=//proc/3663228/root/home4 HTTP/1.1" 200 0 "https://prediksijitupedulitogel.xyz/inputs.php?dir=//proc/3663228/root" "Mozilla/5.0 AppleWebKit/537.36 (KHTML, like Gecko; compatible; GPTBot/1.3; +https://openai.com/gptbot)"
74.7.241.13 - - [17/Feb/2026:20:01:31 -0500] "GET /inputs.php?dir=//proc/1512171/root/root HTTP/1.1" 200 0 "https://www.prediksijitupedulitogel.xyz/inputs.php?dir=//proc/1512171/root" "Mozilla/5.0 AppleWebKit/537.36 (KHTML, like Gecko; compatible; GPTBot/1.3; +https://openai.com/gptbot)"
74.7.242.55 - - [17/Feb/2026:20:01:31 -0500] "GET /inputs.php?dir=//proc/2411482/root/home3 HTTP/1.1" 200 0 "https://prediksijitupedulitogel.xyz/inputs.php?dir=//proc/2411482/root" "Mozilla/5.0 AppleWebKit/537.36 (KHTML, like Gecko; compatible; GPTBot/1.3; +https://openai.com/gptbot)"
74.7.241.13 - - [17/Feb/2026:20:01:31 -0500] "GET /inputs.php?dir=//proc/3775335/root/root HTTP/1.1" 200 0 "https://www.prediksijitupedulitogel.xyz/inputs.php?dir=//proc/3775335/root" "Mozilla/5.0 AppleWebKit/537.36 (KHTML, like Gecko; compatible; GPTBot/1.3; +https://openai.com/gptbot)"
74.7.242.55 - - [17/Feb/2026:20:01:31 -0500] "GET /inputs.php?dir=//proc/1390796/root/home1 HTTP/1.1" 200 0 "https://prediksijitupedulitogel.xyz/inputs.php?dir=//proc/1390796/root" "Mozilla/5.0 AppleWebKit/537.36 (KHTML, like Gecko; compatible; GPTBot/1.3; +https://openai.com/gptbot)"
74.7.241.13 - - [17/Feb/2026:20:01:32 -0500] "GET /inputs.php?action=chmod&dir=//lib64/tk8.6&item=pkgIndex.tcl HTTP/1.1" 200 0 "https://www.prediksijitupedulitogel.xyz/inputs.php?dir=//lib64/tk8.6" "Mozilla/5.0 AppleWebKit/537.36 (KHTML, like Gecko; compatible; GPTBot/1.3; +https://openai.com/gptbot)"
74.7.242.55 - - [17/Feb/2026:20:01:32 -0500] "GET /inputs.php?dir=//proc/2670467/root/home4 HTTP/1.1" 200 0 "https://prediksijitupedulitogel.xyz/inputs.php?dir=//proc/2670467/root" "Mozilla/5.0 AppleWebKit/537.36 (KHTML, like Gecko; compatible; GPTBot/1.3; +https://openai.com/gptbot)"
74.7.241.13 - - [17/Feb/2026:20:01:32 -0500] "GET /inputs.php?action=rename&dir=//lib64/tk8.6&item=pkgIndex.tcl HTTP/1.1" 200 0 "https://www.prediksijitupedulitogel.xyz/inputs.php?dir=//lib64/tk8.6" "Mozilla/5.0 AppleWebKit/537.36 (KHTML, like Gecko; compatible; GPTBot/1.3; +https://openai.com/gptbot)"
74.7.242.55 - - [17/Feb/2026:20:01:32 -0500] "GET /inputs.php?dir=//proc/4015592/root/home4 HTTP/1.1" 200 0 "https://prediksijitupedulitogel.xyz/inputs.php?dir=//proc/4015592/root" "Mozilla/5.0 AppleWebKit/537.36 (KHTML, like Gecko; compatible; GPTBot/1.3; +https://openai.com/gptbot)"
74.7.241.13 - - [17/Feb/2026:20:01:33 -0500] "GET /inputs.php?dir=//proc/987570/root/var/softaculous/sitepad/editor/site-data/plugins/kkart-pro/includes/shipping/legacy-free-shipping HTTP/1.1" 200 0 "https://www.prediksijitupedulitogel.xyz/inputs.php?dir=//proc/987570/root/var/softaculous/sitepad/editor/site-data/plugins/kkart-pro/includes/shipping" "Mozilla/5.0 AppleWebKit/537.36 (KHTML, like Gecko; compatible; GPTBot/1.3; +https://openai.com/gptbot)"
74.7.242.55 - - [17/Feb/2026:20:01:33 -0500] "GET /inputs.php?dir=//proc/1723620/root/home3 HTTP/1.1" 200 0 "https://prediksijitupedulitogel.xyz/inputs.php?dir=//proc/1723620/root" "Mozilla/5.0 AppleWebKit/537.36 (KHTML, like Gecko; compatible; GPTBot/1.3; +https://openai.com/gptbot)"
74.7.241.13 - - [17/Feb/2026:20:01:33 -0500] "GET /inputs.php?dir=//opt/alt/ruby22/lib64/ruby/2.2.0/rexml/validation HTTP/1.1" 200 0 "https://www.prediksijitupedulitogel.xyz/inputs.php?dir=//opt/alt/ruby22/lib64/ruby/2.2.0/rexml" "Mozilla/5.0 AppleWebKit/537.36 (KHTML, like Gecko; compatible; GPTBot/1.3; +https://openai.com/gptbot)"
74.7.242.55 - - [17/Feb/2026:20:01:33 -0500] "GET /inputs.php?dir=//proc/3854786/root/home4 HTTP/1.1" 200 0 "https://prediksijitupedulitogel.xyz/inputs.php?dir=//proc/3854786/root" "Mozilla/5.0 AppleWebKit/537.36 (KHTML, like Gecko; compatible; GPTBot/1.3; +https://openai.com/gptbot)"
74.7.241.13 - - [17/Feb/2026:20:01:34 -0500] "GET /inputs.php?dir=//proc/2426718/root/proc/thread-self/root/lib/motd.d HTTP/1.1" 200 0 "https://www.prediksijitupedulitogel.xyz/inputs.php?dir=//proc/2426718/root/proc/thread-self/root/lib" "Mozilla/5.0 AppleWebKit/537.36 (KHTML, like Gecko; compatible; GPTBot/1.3; +https://openai.com/gptbot)"
74.7.242.55 - - [17/Feb/2026:20:01:34 -0500] "GET /inputs.php?dir=//proc/3201186/root/home1 HTTP/1.1" 200 0 "https://prediksijitupedulitogel.xyz/inputs.php?dir=//proc/3201186/root" "Mozilla/5.0 AppleWebKit/537.36 (KHTML, like Gecko; compatible; GPTBot/1.3; +https://openai.com/gptbot)"
74.7.241.13 - - [17/Feb/2026:20:01:34 -0500] "GET /inputs.php?dir=//opt/alt/ruby25/lib64/ruby/2.5.0/psych/handlers HTTP/1.1" 200 0 "https://www.prediksijitupedulitogel.xyz/inputs.php?dir=//opt/alt/ruby25/lib64/ruby/2.5.0/psych" "Mozilla/5.0 AppleWebKit/537.36 (KHTML, like Gecko; compatible; GPTBot/1.3; +https://openai.com/gptbot)"
74.7.242.55 - - [17/Feb/2026:20:01:35 -0500] "GET /inputs.php?dir=//proc/3828439/root/home2 HTTP/1.1" 200 0 "https://prediksijitupedulitogel.xyz/inputs.php?dir=//proc/3828439/root" "Mozilla/5.0 AppleWebKit/537.36 (KHTML, like Gecko; compatible; GPTBot/1.3; +https://openai.com/gptbot)"
74.7.241.13 - - [17/Feb/2026:20:01:35 -0500] "GET /inputs.php?dir=//opt/alt/ruby23/lib64/ruby/2.3.0/psych/handlers HTTP/1.1" 200 0 "https://www.prediksijitupedulitogel.xyz/inputs.php?dir=//opt/alt/ruby23/lib64/ruby/2.3.0/psych" "Mozilla/5.0 AppleWebKit/537.36 (KHTML, like Gecko; compatible; GPTBot/1.3; +https://openai.com/gptbot)"
74.7.242.55 - - [17/Feb/2026:20:01:35 -0500] "GET /inputs.php?dir=//proc/2160669/root/home4 HTTP/1.1" 200 0 "https://prediksijitupedulitogel.xyz/inputs.php?dir=//proc/2160669/root" "Mozilla/5.0 AppleWebKit/537.36 (KHTML, like Gecko; compatible; GPTBot/1.3; +https://openai.com/gptbot)"
74.7.241.13 - - [17/Feb/2026:20:01:35 -0500] "GET /inputs.php?dir=//opt/alt/ruby21/lib64/ruby/2.1.0/psych/handlers HTTP/1.1" 200 0 "https://www.prediksijitupedulitogel.xyz/inputs.php?dir=//opt/alt/ruby21/lib64/ruby/2.1.0/psych" "Mozilla/5.0 AppleWebKit/537.36 (KHTML, like Gecko; compatible; GPTBot/1.3; +https://openai.com/gptbot)"
74.7.242.55 - - [17/Feb/2026:20:01:36 -0500] "GET /inputs.php?dir=//proc/1367308/root/home3 HTTP/1.1" 200 0 "https://prediksijitupedulitogel.xyz/inputs.php?dir=//proc/1367308/root" "Mozilla/5.0 AppleWebKit/537.36 (KHTML, like Gecko; compatible; GPTBot/1.3; +https://openai.com/gptbot)"
74.7.241.13 - - [17/Feb/2026:20:01:36 -0500] "GET /inputs.php?dir=//proc/16681/root/proc/thread-self/root/lib64/man-db HTTP/1.1" 200 0 "https://www.prediksijitupedulitogel.xyz/inputs.php?dir=//proc/16681/root/proc/thread-self/root/lib64" "Mozilla/5.0 AppleWebKit/537.36 (KHTML, like Gecko; compatible; GPTBot/1.3; +https://openai.com/gptbot)"
74.7.242.55 - - [17/Feb/2026:20:01:36 -0500] "GET /inputs.php?dir=//proc/2702623/root/home4 HTTP/1.1" 200 0 "https://prediksijitupedulitogel.xyz/inputs.php?dir=//proc/2702623/root" "Mozilla/5.0 AppleWebKit/537.36 (KHTML, like Gecko; compatible; GPTBot/1.3; +https://openai.com/gptbot)"
74.7.241.13 - - [17/Feb/2026:20:01:36 -0500] "GET /inputs.php?action=view&dir=//opt/alt/python33/lib/python3.3/site-packages/pip/commands&item=show.py HTTP/1.1" 200 0 "https://www.prediksijitupedulitogel.xyz/inputs.php?dir=//opt/alt/python33/lib/python3.3/site-packages/pip/commands" "Mozilla/5.0 AppleWebKit/537.36 (KHTML, like Gecko; compatible; GPTBot/1.3; +https://openai.com/gptbot)"
74.7.242.55 - - [17/Feb/2026:20:01:37 -0500] "GET /inputs.php?dir=//proc/3383061/root/home2 HTTP/1.1" 200 0 "https://prediksijitupedulitogel.xyz/inputs.php?dir=//proc/3383061/root" "Mozilla/5.0 AppleWebKit/537.36 (KHTML, like Gecko; compatible; GPTBot/1.3; +https://openai.com/gptbot)"
74.7.241.13 - - [17/Feb/2026:20:01:37 -0500] "GET /inputs.php?action=rename&dir=//home/peduupoo/access-logs&item=prediksimaxwinpedulitogel.info.pedulisukses.com HTTP/1.1" 200 0 "https://www.prediksijitupedulitogel.xyz/inputs.php?dir=//home/peduupoo/access-logs" "Mozilla/5.0 AppleWebKit/537.36 (KHTML, like Gecko; compatible; GPTBot/1.3; +https://openai.com/gptbot)"
74.7.242.55 - - [17/Feb/2026:20:01:37 -0500] "GET /inputs.php?dir=//proc/1785201/root/home1 HTTP/1.1" 200 0 "https://prediksijitupedulitogel.xyz/inputs.php?dir=//proc/1785201/root" "Mozilla/5.0 AppleWebKit/537.36 (KHTML, like Gecko; compatible; GPTBot/1.3; +https://openai.com/gptbot)"
74.7.241.13 - - [17/Feb/2026:20:01:37 -0500] "GET /inputs.php?dir=//proc/2364164/root/opt/cloudlinux/venv/lib/python3.11/site-packages/git/__pycache__ HTTP/1.1" 200 0 "https://www.prediksijitupedulitogel.xyz/inputs.php?dir=//proc/2364164/root/opt/cloudlinux/venv/lib/python3.11/site-packages/git" "Mozilla/5.0 AppleWebKit/537.36 (KHTML, like Gecko; compatible; GPTBot/1.3; +https://openai.com/gptbot)"
74.7.242.55 - - [17/Feb/2026:20:01:38 -0500] "GET /inputs.php?dir=//proc/2355747/root/home3 HTTP/1.1" 200 0 "https://prediksijitupedulitogel.xyz/inputs.php?dir=//proc/2355747/root" "Mozilla/5.0 AppleWebKit/537.36 (KHTML, like Gecko; compatible; GPTBot/1.3; +https://openai.com/gptbot)"
74.7.241.13 - - [17/Feb/2026:20:01:38 -0500] "GET /inputs.php?dir=//proc/2364164/root/opt/cloudlinux/venv/lib/python3.11/site-packages/attr/__pycache__ HTTP/1.1" 200 0 "https://www.prediksijitupedulitogel.xyz/inputs.php?dir=//proc/2364164/root/opt/cloudlinux/venv/lib/python3.11/site-packages/attr" "Mozilla/5.0 AppleWebKit/537.36 (KHTML, like Gecko; compatible; GPTBot/1.3; +https://openai.com/gptbot)"
74.7.242.55 - - [17/Feb/2026:20:01:38 -0500] "GET /inputs.php?dir=//proc/2691250/root/home1 HTTP/1.1" 200 0 "https://prediksijitupedulitogel.xyz/inputs.php?dir=//proc/2691250/root" "Mozilla/5.0 AppleWebKit/537.36 (KHTML, like Gecko; compatible; GPTBot/1.3; +https://openai.com/gptbot)"
74.7.241.13 - - [17/Feb/2026:20:01:38 -0500] "GET /inputs.php?dir=//proc/2167230/root/opt/cloudlinux/venv/lib/python3.11/site-packages/git/repo/__pycache__ HTTP/1.1" 200 0 "https://www.prediksijitupedulitogel.xyz/inputs.php?dir=//proc/2167230/root/opt/cloudlinux/venv/lib/python3.11/site-packages/git/repo" "Mozilla/5.0 AppleWebKit/537.36 (KHTML, like Gecko; compatible; GPTBot/1.3; +https://openai.com/gptbot)"
74.7.242.55 - - [17/Feb/2026:20:01:39 -0500] "GET /inputs.php?dir=//proc/1974279/root/home1 HTTP/1.1" 200 0 "https://prediksijitupedulitogel.xyz/inputs.php?dir=//proc/1974279/root" "Mozilla/5.0 AppleWebKit/537.36 (KHTML, like Gecko; compatible; GPTBot/1.3; +https://openai.com/gptbot)"
74.7.241.13 - - [17/Feb/2026:20:01:39 -0500] "GET /inputs.php?dir=//proc/2364164/root/opt/cloudlinux/venv/lib/python3.11/site-packages/git/repo/__pycache__ HTTP/1.1" 200 0 "https://www.prediksijitupedulitogel.xyz/inputs.php?dir=//proc/2364164/root/opt/cloudlinux/venv/lib/python3.11/site-packages/git/repo" "Mozilla/5.0 AppleWebKit/537.36 (KHTML, like Gecko; compatible; GPTBot/1.3; +https://openai.com/gptbot)"
74.7.242.55 - - [17/Feb/2026:20:01:39 -0500] "GET /inputs.php?dir=//proc/3211547/root/home4 HTTP/1.1" 200 0 "https://prediksijitupedulitogel.xyz/inputs.php?dir=//proc/3211547/root" "Mozilla/5.0 AppleWebKit/537.36 (KHTML, like Gecko; compatible; GPTBot/1.3; +https://openai.com/gptbot)"
74.7.241.13 - - [17/Feb/2026:20:01:39 -0500] "GET /inputs.php?action=view&dir=//proc/552288/root/var/www/html&item=500.shtml HTTP/1.1" 200 0 "https://www.prediksijitupedulitogel.xyz/inputs.php?dir=//proc/552288/root/var/www/html" "Mozilla/5.0 AppleWebKit/537.36 (KHTML, like Gecko; compatible; GPTBot/1.3; +https://openai.com/gptbot)"
74.7.242.55 - - [17/Feb/2026:20:01:40 -0500] "GET /inputs.php?dir=//proc/2861486/root/home2 HTTP/1.1" 200 0 "https://prediksijitupedulitogel.xyz/inputs.php?dir=//proc/2861486/root" "Mozilla/5.0 AppleWebKit/537.36 (KHTML, like Gecko; compatible; GPTBot/1.3; +https://openai.com/gptbot)"
74.7.241.13 - - [17/Feb/2026:20:01:40 -0500] "GET /inputs.php?action=view&dir=//proc/414996/root/var/www/html&item=404.shtml HTTP/1.1" 200 0 "https://www.prediksijitupedulitogel.xyz/inputs.php?dir=//proc/414996/root/var/www/html" "Mozilla/5.0 AppleWebKit/537.36 (KHTML, like Gecko; compatible; GPTBot/1.3; +https://openai.com/gptbot)"
74.7.242.55 - - [17/Feb/2026:20:01:40 -0500] "GET /inputs.php?dir=//proc/4089935/root/home4 HTTP/1.1" 200 0 "https://prediksijitupedulitogel.xyz/inputs.php?dir=//proc/4089935/root" "Mozilla/5.0 AppleWebKit/537.36 (KHTML, like Gecko; compatible; GPTBot/1.3; +https://openai.com/gptbot)"
74.7.241.13 - - [17/Feb/2026:20:01:41 -0500] "GET /inputs.php?dir=//usr/lib64/perl5/vendor_perl/auto/Compress/Raw/Bzip2 HTTP/1.1" 200 0 "https://www.prediksijitupedulitogel.xyz/inputs.php?dir=//usr/lib64/perl5/vendor_perl/auto/Compress/Raw" "Mozilla/5.0 AppleWebKit/537.36 (KHTML, like Gecko; compatible; GPTBot/1.3; +https://openai.com/gptbot)"
74.7.242.55 - - [17/Feb/2026:20:01:41 -0500] "GET /inputs.php?dir=//proc/3697437/root/home1 HTTP/1.1" 200 0 "https://prediksijitupedulitogel.xyz/inputs.php?dir=//proc/3697437/root" "Mozilla/5.0 AppleWebKit/537.36 (KHTML, like Gecko; compatible; GPTBot/1.3; +https://openai.com/gptbot)"
74.7.241.13 - - [17/Feb/2026:20:01:41 -0500] "GET /inputs.php?dir=//var/softaculous/sitepad/editor/site-inc/SimplePie HTTP/1.1" 200 0 "https://www.prediksijitupedulitogel.xyz/inputs.php?dir=//var/softaculous/sitepad/editor/site-inc" "Mozilla/5.0 AppleWebKit/537.36 (KHTML, like Gecko; compatible; GPTBot/1.3; +https://openai.com/gptbot)"
74.7.242.55 - - [17/Feb/2026:20:01:41 -0500] "GET /inputs.php?dir=//proc/1854887/root/home3 HTTP/1.1" 200 0 "https://prediksijitupedulitogel.xyz/inputs.php?dir=//proc/1854887/root" "Mozilla/5.0 AppleWebKit/537.36 (KHTML, like Gecko; compatible; GPTBot/1.3; +https://openai.com/gptbot)"
74.7.241.13 - - [17/Feb/2026:20:01:42 -0500] "GET /inputs.php?dir=//var/softaculous/sitepad/editor/site-inc/Text/Diff HTTP/1.1" 200 0 "https://www.prediksijitupedulitogel.xyz/inputs.php?dir=//var/softaculous/sitepad/editor/site-inc/Text" "Mozilla/5.0 AppleWebKit/537.36 (KHTML, like Gecko; compatible; GPTBot/1.3; +https://openai.com/gptbot)"
74.7.242.55 - - [17/Feb/2026:20:01:42 -0500] "GET /inputs.php?dir=//proc/3482392/root/home4 HTTP/1.1" 200 0 "https://prediksijitupedulitogel.xyz/inputs.php?dir=//proc/3482392/root" "Mozilla/5.0 AppleWebKit/537.36 (KHTML, like Gecko; compatible; GPTBot/1.3; +https://openai.com/gptbot)"
74.7.241.13 - - [17/Feb/2026:20:01:42 -0500] "GET /inputs.php?dir=//var/softaculous/sitepad/editor/site-inc/Requests/Cookie HTTP/1.1" 200 0 "https://www.prediksijitupedulitogel.xyz/inputs.php?dir=//var/softaculous/sitepad/editor/site-inc/Requests" "Mozilla/5.0 AppleWebKit/537.36 (KHTML, like Gecko; compatible; GPTBot/1.3; +https://openai.com/gptbot)"
74.7.242.55 - - [17/Feb/2026:20:01:42 -0500] "GET /inputs.php?dir=//proc/2116009/root/home3 HTTP/1.1" 200 0 "https://prediksijitupedulitogel.xyz/inputs.php?dir=//proc/2116009/root" "Mozilla/5.0 AppleWebKit/537.36 (KHTML, like Gecko; compatible; GPTBot/1.3; +https://openai.com/gptbot)"
74.7.241.13 - - [17/Feb/2026:20:01:43 -0500] "GET /inputs.php?dir=//proc/52548/root/proc/self/root/usr/lib/firmware/qcom/venus-5.2 HTTP/1.1" 200 0 "https://www.prediksijitupedulitogel.xyz/inputs.php?dir=//proc/52548/root/proc/self/root/usr/lib/firmware/qcom" "Mozilla/5.0 AppleWebKit/537.36 (KHTML, like Gecko; compatible; GPTBot/1.3; +https://openai.com/gptbot)"
74.7.242.55 - - [17/Feb/2026:20:01:43 -0500] "GET /inputs.php?dir=//proc/1905810/root/home4 HTTP/1.1" 200 0 "https://prediksijitupedulitogel.xyz/inputs.php?dir=//proc/1905810/root" "Mozilla/5.0 AppleWebKit/537.36 (KHTML, like Gecko; compatible; GPTBot/1.3; +https://openai.com/gptbot)"
74.7.241.13 - - [17/Feb/2026:20:01:43 -0500] "GET /inputs.php?dir=//proc/52548/root/proc/self/root/usr/lib/firmware/qcom/venus-5.4 HTTP/1.1" 200 0 "https://www.prediksijitupedulitogel.xyz/inputs.php?dir=//proc/52548/root/proc/self/root/usr/lib/firmware/qcom" "Mozilla/5.0 AppleWebKit/537.36 (KHTML, like Gecko; compatible; GPTBot/1.3; +https://openai.com/gptbot)"
74.7.242.55 - - [17/Feb/2026:20:01:43 -0500] "GET /inputs.php?dir=//proc/3684765/root/home3 HTTP/1.1" 200 0 "https://prediksijitupedulitogel.xyz/inputs.php?dir=//proc/3684765/root" "Mozilla/5.0 AppleWebKit/537.36 (KHTML, like Gecko; compatible; GPTBot/1.3; +https://openai.com/gptbot)"
74.7.241.13 - - [17/Feb/2026:20:01:44 -0500] "GET /inputs.php?dir=//opt/alt/ruby26/lib64/ruby/2.6.0/bundler/templates/newgem/ext HTTP/1.1" 200 0 "https://www.prediksijitupedulitogel.xyz/inputs.php?dir=//opt/alt/ruby26/lib64/ruby/2.6.0/bundler/templates/newgem" "Mozilla/5.0 AppleWebKit/537.36 (KHTML, like Gecko; compatible; GPTBot/1.3; +https://openai.com/gptbot)"
74.7.242.55 - - [17/Feb/2026:20:01:44 -0500] "GET /inputs.php?dir=//proc/1265882/root/home3 HTTP/1.1" 200 0 "https://prediksijitupedulitogel.xyz/inputs.php?dir=//proc/1265882/root" "Mozilla/5.0 AppleWebKit/537.36 (KHTML, like Gecko; compatible; GPTBot/1.3; +https://openai.com/gptbot)"
74.7.241.13 - - [17/Feb/2026:20:01:44 -0500] "GET /inputs.php?dir=//proc/52548/root/proc/self/root/usr/lib/firmware/qcom/venus-4.2 HTTP/1.1" 200 0 "https://www.prediksijitupedulitogel.xyz/inputs.php?dir=//proc/52548/root/proc/self/root/usr/lib/firmware/qcom" "Mozilla/5.0 AppleWebKit/537.36 (KHTML, like Gecko; compatible; GPTBot/1.3; +https://openai.com/gptbot)"
74.7.242.55 - - [17/Feb/2026:20:01:44 -0500] "GET /inputs.php?dir=//proc/1348229/root/home3 HTTP/1.1" 200 0 "https://prediksijitupedulitogel.xyz/inputs.php?dir=//proc/1348229/root" "Mozilla/5.0 AppleWebKit/537.36 (KHTML, like Gecko; compatible; GPTBot/1.3; +https://openai.com/gptbot)"
74.7.241.13 - - [17/Feb/2026:20:01:45 -0500] "GET /inputs.php?dir=//proc/52548/root/proc/self/root/usr/lib/firmware/qcom/vpu-2.0 HTTP/1.1" 200 0 "https://www.prediksijitupedulitogel.xyz/inputs.php?dir=//proc/52548/root/proc/self/root/usr/lib/firmware/qcom" "Mozilla/5.0 AppleWebKit/537.36 (KHTML, like Gecko; compatible; GPTBot/1.3; +https://openai.com/gptbot)"
74.7.242.55 - - [17/Feb/2026:20:01:45 -0500] "GET /inputs.php?dir=//proc/3649284/root/home3 HTTP/1.1" 200 0 "https://prediksijitupedulitogel.xyz/inputs.php?dir=//proc/3649284/root" "Mozilla/5.0 AppleWebKit/537.36 (KHTML, like Gecko; compatible; GPTBot/1.3; +https://openai.com/gptbot)"
74.7.241.13 - - [17/Feb/2026:20:01:45 -0500] "GET /inputs.php?dir=//opt/alt/ruby26/lib64/ruby/2.6.0/bundler/templates/newgem/exe HTTP/1.1" 200 0 "https://www.prediksijitupedulitogel.xyz/inputs.php?dir=//opt/alt/ruby26/lib64/ruby/2.6.0/bundler/templates/newgem" "Mozilla/5.0 AppleWebKit/537.36 (KHTML, like Gecko; compatible; GPTBot/1.3; +https://openai.com/gptbot)"
74.7.242.55 - - [17/Feb/2026:20:01:45 -0500] "GET /inputs.php?dir=//proc/3854521/root/home4 HTTP/1.1" 200 0 "https://prediksijitupedulitogel.xyz/inputs.php?dir=//proc/3854521/root" "Mozilla/5.0 AppleWebKit/537.36 (KHTML, like Gecko; compatible; GPTBot/1.3; +https://openai.com/gptbot)"
74.7.241.13 - - [17/Feb/2026:20:01:46 -0500] "GET /inputs.php?dir=//lib/kcare HTTP/1.1" 200 0 "https://www.prediksijitupedulitogel.xyz/inputs.php?dir=//lib" "Mozilla/5.0 AppleWebKit/537.36 (KHTML, like Gecko; compatible; GPTBot/1.3; +https://openai.com/gptbot)"
74.7.242.55 - - [17/Feb/2026:20:01:46 -0500] "GET /inputs.php?dir=//proc/3108453/root/home1 HTTP/1.1" 200 0 "https://prediksijitupedulitogel.xyz/inputs.php?dir=//proc/3108453/root" "Mozilla/5.0 AppleWebKit/537.36 (KHTML, like Gecko; compatible; GPTBot/1.3; +https://openai.com/gptbot)"
74.7.241.13 - - [17/Feb/2026:20:01:46 -0500] "GET /inputs.php?dir=//proc/self HTTP/1.1" 200 0 "https://www.prediksijitupedulitogel.xyz/inputs.php?action=chmod&dir=//proc&item=3520460" "Mozilla/5.0 AppleWebKit/537.36 (KHTML, like Gecko; compatible; GPTBot/1.3; +https://openai.com/gptbot)"
74.7.242.55 - - [17/Feb/2026:20:01:47 -0500] "GET /inputs.php?dir=//proc/3211547/root/home1 HTTP/1.1" 200 0 "https://prediksijitupedulitogel.xyz/inputs.php?dir=//proc/3211547/root" "Mozilla/5.0 AppleWebKit/537.36 (KHTML, like Gecko; compatible; GPTBot/1.3; +https://openai.com/gptbot)"
74.7.241.13 - - [17/Feb/2026:20:01:47 -0500] "GET /inputs.php?dir=//lib/games HTTP/1.1" 200 0 "https://www.prediksijitupedulitogel.xyz/inputs.php?dir=//lib" "Mozilla/5.0 AppleWebKit/537.36 (KHTML, like Gecko; compatible; GPTBot/1.3; +https://openai.com/gptbot)"
74.7.242.55 - - [17/Feb/2026:20:01:47 -0500] "GET /inputs.php?dir=//proc/3615625/root/home3 HTTP/1.1" 200 0 "https://prediksijitupedulitogel.xyz/inputs.php?dir=//proc/3615625/root" "Mozilla/5.0 AppleWebKit/537.36 (KHTML, like Gecko; compatible; GPTBot/1.3; +https://openai.com/gptbot)"
74.7.241.13 - - [17/Feb/2026:20:01:47 -0500] "GET /inputs.php?action=rename&dir=//lib64/python2.7/lib2to3&item=main.pyc HTTP/1.1" 200 0 "https://www.prediksijitupedulitogel.xyz/inputs.php?dir=//lib64/python2.7/lib2to3" "Mozilla/5.0 AppleWebKit/537.36 (KHTML, like Gecko; compatible; GPTBot/1.3; +https://openai.com/gptbot)"
74.7.242.55 - - [17/Feb/2026:20:01:48 -0500] "GET /inputs.php?dir=//proc/2267546/root/home4 HTTP/1.1" 200 0 "https://prediksijitupedulitogel.xyz/inputs.php?dir=//proc/2267546/root" "Mozilla/5.0 AppleWebKit/537.36 (KHTML, like Gecko; compatible; GPTBot/1.3; +https://openai.com/gptbot)"
74.7.241.13 - - [17/Feb/2026:20:01:48 -0500] "GET /inputs.php?action=rename&dir=//usr/lib/node_modules/npm/node_modules&item=npm-user-validate HTTP/1.1" 200 0 "https://www.prediksijitupedulitogel.xyz/inputs.php?dir=//usr/lib/node_modules/npm/node_modules" "Mozilla/5.0 AppleWebKit/537.36 (KHTML, like Gecko; compatible; GPTBot/1.3; +https://openai.com/gptbot)"
74.7.242.55 - - [17/Feb/2026:20:01:48 -0500] "GET /inputs.php?dir=//proc/3211547/root/home3 HTTP/1.1" 200 0 "https://prediksijitupedulitogel.xyz/inputs.php?dir=//proc/3211547/root" "Mozilla/5.0 AppleWebKit/537.36 (KHTML, like Gecko; compatible; GPTBot/1.3; +https://openai.com/gptbot)"
74.7.241.13 - - [17/Feb/2026:20:01:48 -0500] "GET /inputs.php?dir=//proc/57914/cwd/qoeiucnua/wqdsfggfdg/esfrvd/esfrvd/esfrvd HTTP/1.1" 200 0 "https://www.prediksijitupedulitogel.xyz/inputs.php?dir=//proc/57914/cwd/qoeiucnua/wqdsfggfdg/esfrvd/esfrvd" "Mozilla/5.0 AppleWebKit/537.36 (KHTML, like Gecko; compatible; GPTBot/1.3; +https://openai.com/gptbot)"
74.7.242.55 - - [17/Feb/2026:20:01:49 -0500] "GET /inputs.php?dir=//proc/3201186/root/home2 HTTP/1.1" 200 0 "https://prediksijitupedulitogel.xyz/inputs.php?dir=//proc/3201186/root" "Mozilla/5.0 AppleWebKit/537.36 (KHTML, like Gecko; compatible; GPTBot/1.3; +https://openai.com/gptbot)"
74.7.241.13 - - [17/Feb/2026:20:01:49 -0500] "GET /inputs.php?dir=//lib64/python3.8/wsgiref/__pycache__ HTTP/1.1" 200 0 "https://www.prediksijitupedulitogel.xyz/inputs.php?dir=//lib64/python3.8/wsgiref" "Mozilla/5.0 AppleWebKit/537.36 (KHTML, like Gecko; compatible; GPTBot/1.3; +https://openai.com/gptbot)"
74.7.242.55 - - [17/Feb/2026:20:01:49 -0500] "GET /inputs.php?dir=//proc/2582603/root/home2 HTTP/1.1" 200 0 "https://prediksijitupedulitogel.xyz/inputs.php?dir=//proc/2582603/root" "Mozilla/5.0 AppleWebKit/537.36 (KHTML, like Gecko; compatible; GPTBot/1.3; +https://openai.com/gptbot)"
74.7.241.13 - - [17/Feb/2026:20:01:49 -0500] "GET /inputs.php?action=chmod&dir=/home/peduupoo/tmp/awstats/ssl&item=awstats.prediksilambo4d.net.pedulisukses.com.conf HTTP/1.1" 200 0 "https://www.prediksijitupedulitogel.xyz/inputs.php?dir=/home/peduupoo/tmp/awstats/ssl" "Mozilla/5.0 AppleWebKit/537.36 (KHTML, like Gecko; compatible; GPTBot/1.3; +https://openai.com/gptbot)"
74.7.242.55 - - [17/Feb/2026:20:01:50 -0500] "GET /inputs.php?dir=//proc/2587786/root/home2 HTTP/1.1" 200 0 "https://prediksijitupedulitogel.xyz/inputs.php?dir=//proc/2587786/root" "Mozilla/5.0 AppleWebKit/537.36 (KHTML, like Gecko; compatible; GPTBot/1.3; +https://openai.com/gptbot)"
74.7.241.13 - - [17/Feb/2026:20:01:50 -0500] "GET /inputs.php?action=chmod&dir=//usr/lib64/python2.7/lib2to3&item=main.py HTTP/1.1" 200 0 "https://www.prediksijitupedulitogel.xyz/inputs.php?dir=//usr/lib64/python2.7/lib2to3" "Mozilla/5.0 AppleWebKit/537.36 (KHTML, like Gecko; compatible; GPTBot/1.3; +https://openai.com/gptbot)"
74.7.242.55 - - [17/Feb/2026:20:01:50 -0500] "GET /inputs.php?dir=//proc/3710094/root/home3 HTTP/1.1" 200 0 "https://prediksijitupedulitogel.xyz/inputs.php?dir=//proc/3710094/root" "Mozilla/5.0 AppleWebKit/537.36 (KHTML, like Gecko; compatible; GPTBot/1.3; +https://openai.com/gptbot)"
74.7.241.13 - - [17/Feb/2026:20:01:50 -0500] "GET /inputs.php?action=chmod&dir=//usr/lib64/python3.8/lib2to3&item=main.py HTTP/1.1" 200 0 "https://www.prediksijitupedulitogel.xyz/inputs.php?dir=//usr/lib64/python3.8/lib2to3" "Mozilla/5.0 AppleWebKit/537.36 (KHTML, like Gecko; compatible; GPTBot/1.3; +https://openai.com/gptbot)"
74.7.242.55 - - [17/Feb/2026:20:01:51 -0500] "GET /inputs.php?dir=//proc/3652462/root/home1 HTTP/1.1" 200 0 "https://prediksijitupedulitogel.xyz/inputs.php?dir=//proc/3652462/root" "Mozilla/5.0 AppleWebKit/537.36 (KHTML, like Gecko; compatible; GPTBot/1.3; +https://openai.com/gptbot)"
74.7.241.13 - - [17/Feb/2026:20:01:51 -0500] "GET /wp-includes/theme-compat/ HTTP/1.1" 200 562 "https://www.prediksijitupedulitogel.xyz/wp-includes/" "Mozilla/5.0 AppleWebKit/537.36 (KHTML, like Gecko; compatible; GPTBot/1.3; +https://openai.com/gptbot)"
74.7.242.55 - - [17/Feb/2026:20:01:51 -0500] "GET /inputs.php?dir=//proc/3379511/root/home2 HTTP/1.1" 200 0 "https://prediksijitupedulitogel.xyz/inputs.php?dir=//proc/3379511/root" "Mozilla/5.0 AppleWebKit/537.36 (KHTML, like Gecko; compatible; GPTBot/1.3; +https://openai.com/gptbot)"
74.7.241.13 - - [17/Feb/2026:20:01:52 -0500] "GET /inputs.php?action=chmod&dir=//proc/987570/root/usr/bin&item=dnstap-read HTTP/1.1" 200 0 "https://www.prediksijitupedulitogel.xyz/inputs.php?dir=//proc/987570/root/usr/bin" "Mozilla/5.0 AppleWebKit/537.36 (KHTML, like Gecko; compatible; GPTBot/1.3; +https://openai.com/gptbot)"
74.7.242.55 - - [17/Feb/2026:20:01:52 -0500] "GET /inputs.php?dir=//proc/3141967/root/home4 HTTP/1.1" 200 0 "https://prediksijitupedulitogel.xyz/inputs.php?dir=//proc/3141967/root" "Mozilla/5.0 AppleWebKit/537.36 (KHTML, like Gecko; compatible; GPTBot/1.3; +https://openai.com/gptbot)"
74.7.241.13 - - [17/Feb/2026:20:01:52 -0500] "GET /inputs.php?dir=//lib64/perl5/auto/Fcntl HTTP/1.1" 200 0 "https://www.prediksijitupedulitogel.xyz/inputs.php?dir=//lib64/perl5/auto" "Mozilla/5.0 AppleWebKit/537.36 (KHTML, like Gecko; compatible; GPTBot/1.3; +https://openai.com/gptbot)"
74.7.242.55 - - [17/Feb/2026:20:01:52 -0500] "GET /inputs.php?dir=//proc/2670467/root/home1 HTTP/1.1" 200 0 "https://prediksijitupedulitogel.xyz/inputs.php?dir=//proc/2670467/root" "Mozilla/5.0 AppleWebKit/537.36 (KHTML, like Gecko; compatible; GPTBot/1.3; +https://openai.com/gptbot)"
74.7.241.13 - - [17/Feb/2026:20:01:53 -0500] "GET /inputs.php?dir=//lib64/perl5/auto/Devel HTTP/1.1" 200 0 "https://www.prediksijitupedulitogel.xyz/inputs.php?dir=//lib64/perl5/auto" "Mozilla/5.0 AppleWebKit/537.36 (KHTML, like Gecko; compatible; GPTBot/1.3; +https://openai.com/gptbot)"
74.7.242.55 - - [17/Feb/2026:20:01:53 -0500] "GET /inputs.php?dir=//proc/1723620/root/home2 HTTP/1.1" 200 0 "https://prediksijitupedulitogel.xyz/inputs.php?dir=//proc/1723620/root" "Mozilla/5.0 AppleWebKit/537.36 (KHTML, like Gecko; compatible; GPTBot/1.3; +https://openai.com/gptbot)"
74.7.241.13 - - [17/Feb/2026:20:01:53 -0500] "GET /inputs.php?dir=//opt/hc_python/lib64/python3.12/site-packages/urllib3/http2/__pycache__ HTTP/1.1" 200 0 "https://www.prediksijitupedulitogel.xyz/inputs.php?dir=//opt/hc_python/lib64/python3.12/site-packages/urllib3/http2" "Mozilla/5.0 AppleWebKit/537.36 (KHTML, like Gecko; compatible; GPTBot/1.3; +https://openai.com/gptbot)"
74.7.242.55 - - [17/Feb/2026:20:01:53 -0500] "GET /inputs.php?dir=//proc/2436498/root/home4 HTTP/1.1" 200 0 "https://prediksijitupedulitogel.xyz/inputs.php?dir=//proc/2436498/root" "Mozilla/5.0 AppleWebKit/537.36 (KHTML, like Gecko; compatible; GPTBot/1.3; +https://openai.com/gptbot)"
74.7.241.13 - - [17/Feb/2026:20:01:54 -0500] "GET /inputs.php?action=view&dir=//proc/3705953/root/lib/firmware/ti/tas2781&item=TAS2XXX3EF00.bin HTTP/1.1" 200 0 "https://www.prediksijitupedulitogel.xyz/inputs.php?dir=//proc/3705953/root/lib/firmware/ti/tas2781" "Mozilla/5.0 AppleWebKit/537.36 (KHTML, like Gecko; compatible; GPTBot/1.3; +https://openai.com/gptbot)"
74.7.242.55 - - [17/Feb/2026:20:01:54 -0500] "GET /inputs.php?dir=//proc/1564770/root/home4 HTTP/1.1" 200 0 "https://prediksijitupedulitogel.xyz/inputs.php?dir=//proc/1564770/root" "Mozilla/5.0 AppleWebKit/537.36 (KHTML, like Gecko; compatible; GPTBot/1.3; +https://openai.com/gptbot)"
74.7.241.13 - - [17/Feb/2026:20:01:54 -0500] "GET /inputs.php?action=view&dir=//proc/3682179/root/lib/firmware/ti/tas2781&item=TAS2XXX3EF01.bin HTTP/1.1" 200 0 "https://www.prediksijitupedulitogel.xyz/inputs.php?dir=//proc/3682179/root/lib/firmware/ti/tas2781" "Mozilla/5.0 AppleWebKit/537.36 (KHTML, like Gecko; compatible; GPTBot/1.3; +https://openai.com/gptbot)"
74.7.242.55 - - [17/Feb/2026:20:01:54 -0500] "GET /inputs.php?dir=//proc/3801872/root/home1 HTTP/1.1" 200 0 "https://prediksijitupedulitogel.xyz/inputs.php?dir=//proc/3801872/root" "Mozilla/5.0 AppleWebKit/537.36 (KHTML, like Gecko; compatible; GPTBot/1.3; +https://openai.com/gptbot)"
74.7.241.13 - - [17/Feb/2026:20:01:55 -0500] "GET /inputs.php?dir=//proc/52548/root/proc/self/root/opt/cloudlinux/alt-php55/root/usr/include/php/main HTTP/1.1" 200 0 "https://www.prediksijitupedulitogel.xyz/inputs.php?dir=//proc/52548/root/proc/self/root/opt/cloudlinux/alt-php55/root/usr/include/php" "Mozilla/5.0 AppleWebKit/537.36 (KHTML, like Gecko; compatible; GPTBot/1.3; +https://openai.com/gptbot)"
74.7.242.55 - - [17/Feb/2026:20:01:55 -0500] "GET /inputs.php?dir=//proc/2862176/root/home3 HTTP/1.1" 200 0 "https://prediksijitupedulitogel.xyz/inputs.php?dir=//proc/2862176/root" "Mozilla/5.0 AppleWebKit/537.36 (KHTML, like Gecko; compatible; GPTBot/1.3; +https://openai.com/gptbot)"
74.7.241.13 - - [17/Feb/2026:20:01:55 -0500] "GET /inputs.php?action=edit&dir=//proc/552288/root/usr/lib/.build-id/ad&item=08f5a2ea6e7f53bfb59550d9fa691fe33be37b HTTP/1.1" 200 0 "https://www.prediksijitupedulitogel.xyz/inputs.php?dir=//proc/552288/root/usr/lib/.build-id/ad" "Mozilla/5.0 AppleWebKit/537.36 (KHTML, like Gecko; compatible; GPTBot/1.3; +https://openai.com/gptbot)"
74.7.242.55 - - [17/Feb/2026:20:01:55 -0500] "GET /inputs.php?dir=//proc/2435576/root/home3 HTTP/1.1" 200 0 "https://prediksijitupedulitogel.xyz/inputs.php?dir=//proc/2435576/root" "Mozilla/5.0 AppleWebKit/537.36 (KHTML, like Gecko; compatible; GPTBot/1.3; +https://openai.com/gptbot)"
74.7.241.13 - - [17/Feb/2026:20:01:56 -0500] "GET /inputs.php?action=edit&dir=//proc/987570/root/usr/lib/.build-id/ad&item=c81d24e6d0d0eef518b1aeb748e84a2f086843 HTTP/1.1" 200 0 "https://www.prediksijitupedulitogel.xyz/inputs.php?dir=//proc/987570/root/usr/lib/.build-id/ad" "Mozilla/5.0 AppleWebKit/537.36 (KHTML, like Gecko; compatible; GPTBot/1.3; +https://openai.com/gptbot)"
74.7.242.55 - - [17/Feb/2026:20:01:56 -0500] "GET /inputs.php?dir=//proc/3652721/root/home1 HTTP/1.1" 200 0 "https://prediksijitupedulitogel.xyz/inputs.php?dir=//proc/3652721/root" "Mozilla/5.0 AppleWebKit/537.36 (KHTML, like Gecko; compatible; GPTBot/1.3; +https://openai.com/gptbot)"
74.7.241.13 - - [17/Feb/2026:20:01:56 -0500] "GET /inputs.php?action=edit&dir=//proc/243157/root/usr/lib/.build-id/ad&item=08f5a2ea6e7f53bfb59550d9fa691fe33be37b HTTP/1.1" 200 0 "https://www.prediksijitupedulitogel.xyz/inputs.php?dir=//proc/243157/root/usr/lib/.build-id/ad" "Mozilla/5.0 AppleWebKit/537.36 (KHTML, like Gecko; compatible; GPTBot/1.3; +https://openai.com/gptbot)"
74.7.242.55 - - [17/Feb/2026:20:01:56 -0500] "GET /inputs.php?dir=//proc/2167230/root/home1 HTTP/1.1" 200 0 "https://prediksijitupedulitogel.xyz/inputs.php?dir=//proc/2167230/root" "Mozilla/5.0 AppleWebKit/537.36 (KHTML, like Gecko; compatible; GPTBot/1.3; +https://openai.com/gptbot)"
74.7.241.13 - - [17/Feb/2026:20:01:57 -0500] "GET /inputs.php?action=edit&dir=//proc/552288/root/usr/lib/.build-id/ad&item=60dcc9e2ed1a641376b2d85c3013bc91e378ff HTTP/1.1" 200 0 "https://www.prediksijitupedulitogel.xyz/inputs.php?dir=//proc/552288/root/usr/lib/.build-id/ad" "Mozilla/5.0 AppleWebKit/537.36 (KHTML, like Gecko; compatible; GPTBot/1.3; +https://openai.com/gptbot)"
74.7.242.55 - - [17/Feb/2026:20:01:57 -0500] "GET /inputs.php?dir=//proc/2359815/root/home3 HTTP/1.1" 200 0 "https://prediksijitupedulitogel.xyz/inputs.php?dir=//proc/2359815/root" "Mozilla/5.0 AppleWebKit/537.36 (KHTML, like Gecko; compatible; GPTBot/1.3; +https://openai.com/gptbot)"
74.7.241.13 - - [17/Feb/2026:20:01:57 -0500] "GET /inputs.php?action=edit&dir=//proc/552288/root/usr/lib/.build-id/ad&item=147aedd32f949a59f860dee46fc006fa9ad08c HTTP/1.1" 200 0 "https://www.prediksijitupedulitogel.xyz/inputs.php?dir=//proc/552288/root/usr/lib/.build-id/ad" "Mozilla/5.0 AppleWebKit/537.36 (KHTML, like Gecko; compatible; GPTBot/1.3; +https://openai.com/gptbot)"
74.7.242.55 - - [17/Feb/2026:20:01:58 -0500] "GET /inputs.php?dir=//proc/3482853/root/home4 HTTP/1.1" 200 0 "https://prediksijitupedulitogel.xyz/inputs.php?dir=//proc/3482853/root" "Mozilla/5.0 AppleWebKit/537.36 (KHTML, like Gecko; compatible; GPTBot/1.3; +https://openai.com/gptbot)"
74.7.241.13 - - [17/Feb/2026:20:01:58 -0500] "GET /inputs.php?action=edit&dir=//proc/243157/root/usr/lib/.build-id/ad&item=147aedd32f949a59f860dee46fc006fa9ad08c HTTP/1.1" 200 0 "https://www.prediksijitupedulitogel.xyz/inputs.php?dir=//proc/243157/root/usr/lib/.build-id/ad" "Mozilla/5.0 AppleWebKit/537.36 (KHTML, like Gecko; compatible; GPTBot/1.3; +https://openai.com/gptbot)"
74.7.242.55 - - [17/Feb/2026:20:01:58 -0500] "GET /inputs.php?dir=//proc/3547247/root/home1 HTTP/1.1" 200 0 "https://prediksijitupedulitogel.xyz/inputs.php?dir=//proc/3547247/root" "Mozilla/5.0 AppleWebKit/537.36 (KHTML, like Gecko; compatible; GPTBot/1.3; +https://openai.com/gptbot)"
74.7.241.13 - - [17/Feb/2026:20:01:58 -0500] "GET /inputs.php?action=edit&dir=//proc/987570/root/usr/lib/.build-id/ad&item=60dcc9e2ed1a641376b2d85c3013bc91e378ff HTTP/1.1" 200 0 "https://www.prediksijitupedulitogel.xyz/inputs.php?dir=//proc/987570/root/usr/lib/.build-id/ad" "Mozilla/5.0 AppleWebKit/537.36 (KHTML, like Gecko; compatible; GPTBot/1.3; +https://openai.com/gptbot)"
74.7.242.55 - - [17/Feb/2026:20:01:59 -0500] "GET /inputs.php?dir=//proc/2276814/root/home2 HTTP/1.1" 200 0 "https://prediksijitupedulitogel.xyz/inputs.php?dir=//proc/2276814/root" "Mozilla/5.0 AppleWebKit/537.36 (KHTML, like Gecko; compatible; GPTBot/1.3; +https://openai.com/gptbot)"
74.7.241.13 - - [17/Feb/2026:20:01:59 -0500] "GET /inputs.php?action=edit&dir=//proc/987570/root/usr/lib/.build-id/ad&item=147aedd32f949a59f860dee46fc006fa9ad08c HTTP/1.1" 200 0 "https://www.prediksijitupedulitogel.xyz/inputs.php?dir=//proc/987570/root/usr/lib/.build-id/ad" "Mozilla/5.0 AppleWebKit/537.36 (KHTML, like Gecko; compatible; GPTBot/1.3; +https://openai.com/gptbot)"
74.7.242.55 - - [17/Feb/2026:20:01:59 -0500] "GET /inputs.php?dir=//proc/3695612/root/home3 HTTP/1.1" 200 0 "https://prediksijitupedulitogel.xyz/inputs.php?dir=//proc/3695612/root" "Mozilla/5.0 AppleWebKit/537.36 (KHTML, like Gecko; compatible; GPTBot/1.3; +https://openai.com/gptbot)"
74.7.241.13 - - [17/Feb/2026:20:01:59 -0500] "GET /inputs.php?action=edit&dir=//proc/243157/root/usr/lib/.build-id/ad&item=06a3c3f02f7f795345b24ced6d9bcc85740fe6 HTTP/1.1" 200 0 "https://www.prediksijitupedulitogel.xyz/inputs.php?dir=//proc/243157/root/usr/lib/.build-id/ad" "Mozilla/5.0 AppleWebKit/537.36 (KHTML, like Gecko; compatible; GPTBot/1.3; +https://openai.com/gptbot)"
74.7.242.55 - - [17/Feb/2026:20:02:00 -0500] "GET /inputs.php?dir=//proc/3492306/root/home4 HTTP/1.1" 200 0 "https://prediksijitupedulitogel.xyz/inputs.php?dir=//proc/3492306/root" "Mozilla/5.0 AppleWebKit/537.36 (KHTML, like Gecko; compatible; GPTBot/1.3; +https://openai.com/gptbot)"
74.7.241.13 - - [17/Feb/2026:20:02:00 -0500] "GET /inputs.php?action=edit&dir=//proc/243157/root/usr/lib/.build-id/ad&item=c81d24e6d0d0eef518b1aeb748e84a2f086843 HTTP/1.1" 200 0 "https://www.prediksijitupedulitogel.xyz/inputs.php?dir=//proc/243157/root/usr/lib/.build-id/ad" "Mozilla/5.0 AppleWebKit/537.36 (KHTML, like Gecko; compatible; GPTBot/1.3; +https://openai.com/gptbot)"
74.7.242.55 - - [17/Feb/2026:20:02:00 -0500] "GET /inputs.php?dir=//proc/3492306/root/home2 HTTP/1.1" 200 0 "https://prediksijitupedulitogel.xyz/inputs.php?dir=//proc/3492306/root" "Mozilla/5.0 AppleWebKit/537.36 (KHTML, like Gecko; compatible; GPTBot/1.3; +https://openai.com/gptbot)"
74.7.241.13 - - [17/Feb/2026:20:02:00 -0500] "GET /inputs.php?action=edit&dir=//proc/987570/root/usr/lib/.build-id/ad&item=08f5a2ea6e7f53bfb59550d9fa691fe33be37b HTTP/1.1" 200 0 "https://www.prediksijitupedulitogel.xyz/inputs.php?dir=//proc/987570/root/usr/lib/.build-id/ad" "Mozilla/5.0 AppleWebKit/537.36 (KHTML, like Gecko; compatible; GPTBot/1.3; +https://openai.com/gptbot)"
74.7.242.55 - - [17/Feb/2026:20:02:01 -0500] "GET /inputs.php?dir=//proc/3024804/root/home1 HTTP/1.1" 200 0 "https://prediksijitupedulitogel.xyz/inputs.php?dir=//proc/3024804/root" "Mozilla/5.0 AppleWebKit/537.36 (KHTML, like Gecko; compatible; GPTBot/1.3; +https://openai.com/gptbot)"
74.7.241.13 - - [17/Feb/2026:20:02:01 -0500] "GET /inputs.php?action=edit&dir=//proc/552288/root/usr/lib/.build-id/ad&item=06a3c3f02f7f795345b24ced6d9bcc85740fe6 HTTP/1.1" 200 0 "https://www.prediksijitupedulitogel.xyz/inputs.php?dir=//proc/552288/root/usr/lib/.build-id/ad" "Mozilla/5.0 AppleWebKit/537.36 (KHTML, like Gecko; compatible; GPTBot/1.3; +https://openai.com/gptbot)"
74.7.242.55 - - [17/Feb/2026:20:02:01 -0500] "GET /inputs.php?dir=//proc/1510192/root/home4 HTTP/1.1" 200 0 "https://prediksijitupedulitogel.xyz/inputs.php?dir=//proc/1510192/root" "Mozilla/5.0 AppleWebKit/537.36 (KHTML, like Gecko; compatible; GPTBot/1.3; +https://openai.com/gptbot)"
74.7.241.13 - - [17/Feb/2026:20:02:01 -0500] "GET /inputs.php?action=edit&dir=//proc/987570/root/usr/lib/.build-id/ad&item=06a3c3f02f7f795345b24ced6d9bcc85740fe6 HTTP/1.1" 200 0 "https://www.prediksijitupedulitogel.xyz/inputs.php?dir=//proc/987570/root/usr/lib/.build-id/ad" "Mozilla/5.0 AppleWebKit/537.36 (KHTML, like Gecko; compatible; GPTBot/1.3; +https://openai.com/gptbot)"
74.7.242.55 - - [17/Feb/2026:20:02:02 -0500] "GET /inputs.php?dir=//proc/2626083/root/home4 HTTP/1.1" 200 0 "https://prediksijitupedulitogel.xyz/inputs.php?dir=//proc/2626083/root" "Mozilla/5.0 AppleWebKit/537.36 (KHTML, like Gecko; compatible; GPTBot/1.3; +https://openai.com/gptbot)"
74.7.241.13 - - [17/Feb/2026:20:02:02 -0500] "GET /inputs.php?action=edit&dir=//proc/243157/root/usr/lib/.build-id/ad&item=60dcc9e2ed1a641376b2d85c3013bc91e378ff HTTP/1.1" 200 0 "https://www.prediksijitupedulitogel.xyz/inputs.php?dir=//proc/243157/root/usr/lib/.build-id/ad" "Mozilla/5.0 AppleWebKit/537.36 (KHTML, like Gecko; compatible; GPTBot/1.3; +https://openai.com/gptbot)"
74.7.242.55 - - [17/Feb/2026:20:02:02 -0500] "GET /inputs.php?dir=//proc/4123762/root/home1 HTTP/1.1" 200 0 "https://prediksijitupedulitogel.xyz/inputs.php?dir=//proc/4123762/root" "Mozilla/5.0 AppleWebKit/537.36 (KHTML, like Gecko; compatible; GPTBot/1.3; +https://openai.com/gptbot)"
74.7.241.13 - - [17/Feb/2026:20:02:02 -0500] "GET /inputs.php?dir=//proc/3849620/root/home/peduupoo/ntt4d.com HTTP/1.1" 200 0 "https://www.prediksijitupedulitogel.xyz/inputs.php?dir=//proc/3849620/root/home/peduupoo" "Mozilla/5.0 AppleWebKit/537.36 (KHTML, like Gecko; compatible; GPTBot/1.3; +https://openai.com/gptbot)"
74.7.242.55 - - [17/Feb/2026:20:02:03 -0500] "GET /inputs.php?dir=//proc/2487329/root/home4 HTTP/1.1" 200 0 "https://prediksijitupedulitogel.xyz/inputs.php?dir=//proc/2487329/root" "Mozilla/5.0 AppleWebKit/537.36 (KHTML, like Gecko; compatible; GPTBot/1.3; +https://openai.com/gptbot)"
74.7.241.13 - - [17/Feb/2026:20:02:03 -0500] "GET /inputs.php?dir=//proc/2113098/root/home/peduupoo/lscache/1 HTTP/1.1" 200 0 "https://www.prediksijitupedulitogel.xyz/inputs.php?dir=//proc/2113098/root/home/peduupoo/lscache" "Mozilla/5.0 AppleWebKit/537.36 (KHTML, like Gecko; compatible; GPTBot/1.3; +https://openai.com/gptbot)"
74.7.242.55 - - [17/Feb/2026:20:02:03 -0500] "GET /inputs.php?dir=//proc/2167230/root/home2 HTTP/1.1" 200 0 "https://prediksijitupedulitogel.xyz/inputs.php?dir=//proc/2167230/root" "Mozilla/5.0 AppleWebKit/537.36 (KHTML, like Gecko; compatible; GPTBot/1.3; +https://openai.com/gptbot)"
74.7.241.13 - - [17/Feb/2026:20:02:04 -0500] "GET /inputs.php?dir=//proc/2113098/root/home/peduupoo/ntt4d.com HTTP/1.1" 200 0 "https://www.prediksijitupedulitogel.xyz/inputs.php?dir=//proc/2113098/root/home/peduupoo" "Mozilla/5.0 AppleWebKit/537.36 (KHTML, like Gecko; compatible; GPTBot/1.3; +https://openai.com/gptbot)"
74.7.242.55 - - [17/Feb/2026:20:02:04 -0500] "GET /inputs.php?dir=//proc/3108453/root/home3 HTTP/1.1" 200 0 "https://prediksijitupedulitogel.xyz/inputs.php?dir=//proc/3108453/root" "Mozilla/5.0 AppleWebKit/537.36 (KHTML, like Gecko; compatible; GPTBot/1.3; +https://openai.com/gptbot)"
74.7.241.13 - - [17/Feb/2026:20:02:04 -0500] "GET /inputs.php?dir=//proc/2224881/root/proc HTTP/1.1" 200 0 "https://www.prediksijitupedulitogel.xyz/inputs.php?dir=//proc/2224881/root" "Mozilla/5.0 AppleWebKit/537.36 (KHTML, like Gecko; compatible; GPTBot/1.3; +https://openai.com/gptbot)"
74.7.242.55 - - [17/Feb/2026:20:02:04 -0500] "GET /inputs.php?dir=//proc/3547247/root/home3 HTTP/1.1" 200 0 "https://prediksijitupedulitogel.xyz/inputs.php?dir=//proc/3547247/root" "Mozilla/5.0 AppleWebKit/537.36 (KHTML, like Gecko; compatible; GPTBot/1.3; +https://openai.com/gptbot)"
74.7.241.13 - - [17/Feb/2026:20:02:05 -0500] "GET /inputs.php?dir=//proc/2847999/root/proc HTTP/1.1" 200 0 "https://www.prediksijitupedulitogel.xyz/inputs.php?dir=//proc/2847999/root" "Mozilla/5.0 AppleWebKit/537.36 (KHTML, like Gecko; compatible; GPTBot/1.3; +https://openai.com/gptbot)"
74.7.242.55 - - [17/Feb/2026:20:02:05 -0500] "GET /inputs.php?dir=//proc/3486347/root/home2 HTTP/1.1" 200 0 "https://prediksijitupedulitogel.xyz/inputs.php?dir=//proc/3486347/root" "Mozilla/5.0 AppleWebKit/537.36 (KHTML, like Gecko; compatible; GPTBot/1.3; +https://openai.com/gptbot)"
74.7.241.13 - - [17/Feb/2026:20:02:05 -0500] "GET /inputs.php?dir=//proc/2951112/root/proc HTTP/1.1" 200 0 "https://www.prediksijitupedulitogel.xyz/inputs.php?dir=//proc/2951112/root" "Mozilla/5.0 AppleWebKit/537.36 (KHTML, like Gecko; compatible; GPTBot/1.3; +https://openai.com/gptbot)"
74.7.242.55 - - [17/Feb/2026:20:02:05 -0500] "GET /inputs.php?dir=//proc/1751692/root/home1 HTTP/1.1" 200 0 "https://prediksijitupedulitogel.xyz/inputs.php?dir=//proc/1751692/root" "Mozilla/5.0 AppleWebKit/537.36 (KHTML, like Gecko; compatible; GPTBot/1.3; +https://openai.com/gptbot)"
74.7.241.13 - - [17/Feb/2026:20:02:06 -0500] "GET /inputs.php?dir=//proc/3339925/root/proc HTTP/1.1" 200 0 "https://www.prediksijitupedulitogel.xyz/inputs.php?dir=//proc/3339925/root" "Mozilla/5.0 AppleWebKit/537.36 (KHTML, like Gecko; compatible; GPTBot/1.3; +https://openai.com/gptbot)"
74.7.242.55 - - [17/Feb/2026:20:02:06 -0500] "GET /inputs.php?dir=//proc/2966890/root/home4 HTTP/1.1" 200 0 "https://prediksijitupedulitogel.xyz/inputs.php?dir=//proc/2966890/root" "Mozilla/5.0 AppleWebKit/537.36 (KHTML, like Gecko; compatible; GPTBot/1.3; +https://openai.com/gptbot)"
74.7.241.13 - - [17/Feb/2026:20:02:06 -0500] "GET /inputs.php?dir=//proc/3055511/root/proc HTTP/1.1" 200 0 "https://www.prediksijitupedulitogel.xyz/inputs.php?dir=//proc/3055511/root" "Mozilla/5.0 AppleWebKit/537.36 (KHTML, like Gecko; compatible; GPTBot/1.3; +https://openai.com/gptbot)"
74.7.242.55 - - [17/Feb/2026:20:02:06 -0500] "GET /inputs.php?dir=//proc/3524400/root/home3 HTTP/1.1" 200 0 "https://prediksijitupedulitogel.xyz/inputs.php?dir=//proc/3524400/root" "Mozilla/5.0 AppleWebKit/537.36 (KHTML, like Gecko; compatible; GPTBot/1.3; +https://openai.com/gptbot)"
74.7.241.13 - - [17/Feb/2026:20:02:07 -0500] "GET /inputs.php?dir=//proc/3055511/root/root HTTP/1.1" 200 0 "https://www.prediksijitupedulitogel.xyz/inputs.php?dir=//proc/3055511/root" "Mozilla/5.0 AppleWebKit/537.36 (KHTML, like Gecko; compatible; GPTBot/1.3; +https://openai.com/gptbot)"
74.7.242.55 - - [17/Feb/2026:20:02:07 -0500] "GET /inputs.php?dir=//proc/3705953/root/home4 HTTP/1.1" 200 0 "https://prediksijitupedulitogel.xyz/inputs.php?dir=//proc/3705953/root" "Mozilla/5.0 AppleWebKit/537.36 (KHTML, like Gecko; compatible; GPTBot/1.3; +https://openai.com/gptbot)"
74.7.241.13 - - [17/Feb/2026:20:02:07 -0500] "GET /inputs.php?dir=//proc/2224881/root/root HTTP/1.1" 200 0 "https://www.prediksijitupedulitogel.xyz/inputs.php?dir=//proc/2224881/root" "Mozilla/5.0 AppleWebKit/537.36 (KHTML, like Gecko; compatible; GPTBot/1.3; +https://openai.com/gptbot)"
74.7.242.55 - - [17/Feb/2026:20:02:07 -0500] "GET /inputs.php?dir=//proc/2862176/root/home4 HTTP/1.1" 200 0 "https://prediksijitupedulitogel.xyz/inputs.php?dir=//proc/2862176/root" "Mozilla/5.0 AppleWebKit/537.36 (KHTML, like Gecko; compatible; GPTBot/1.3; +https://openai.com/gptbot)"
74.7.241.13 - - [17/Feb/2026:20:02:08 -0500] "GET /inputs.php?dir=//proc/1999689/root/proc HTTP/1.1" 200 0 "https://www.prediksijitupedulitogel.xyz/inputs.php?dir=//proc/1999689/root" "Mozilla/5.0 AppleWebKit/537.36 (KHTML, like Gecko; compatible; GPTBot/1.3; +https://openai.com/gptbot)"
74.7.242.55 - - [17/Feb/2026:20:02:08 -0500] "GET /inputs.php?dir=//proc/2067088/root/home3 HTTP/1.1" 200 0 "https://prediksijitupedulitogel.xyz/inputs.php?dir=//proc/2067088/root" "Mozilla/5.0 AppleWebKit/537.36 (KHTML, like Gecko; compatible; GPTBot/1.3; +https://openai.com/gptbot)"
74.7.241.13 - - [17/Feb/2026:20:02:08 -0500] "GET /inputs.php?dir=//proc/2847999/root/root HTTP/1.1" 200 0 "https://www.prediksijitupedulitogel.xyz/inputs.php?dir=//proc/2847999/root" "Mozilla/5.0 AppleWebKit/537.36 (KHTML, like Gecko; compatible; GPTBot/1.3; +https://openai.com/gptbot)"
74.7.242.55 - - [17/Feb/2026:20:02:08 -0500] "GET /inputs.php?dir=//proc/3829619/root/home1 HTTP/1.1" 200 0 "https://prediksijitupedulitogel.xyz/inputs.php?dir=//proc/3829619/root" "Mozilla/5.0 AppleWebKit/537.36 (KHTML, like Gecko; compatible; GPTBot/1.3; +https://openai.com/gptbot)"
