74.7.241.13 - - [17/Feb/2026:20:06:12 -0500] "GET /inputs.php?dir=//proc/3382336/map_files HTTP/1.1" 200 0 "https://www.prediksijitupedulitogel.xyz/inputs.php?dir=//proc/3382336" "Mozilla/5.0 AppleWebKit/537.36 (KHTML, like Gecko; compatible; GPTBot/1.3; +https://openai.com/gptbot)"
74.7.242.55 - - [17/Feb/2026:20:06:13 -0500] "GET /inputs.php?action=edit&dir=//proc/2627783/root/lib/.build-id/ad&item=4826ae075261ee85a9268140fede491574e530 HTTP/1.1" 200 0 "https://prediksijitupedulitogel.xyz/inputs.php?dir=//proc/2627783/root/lib/.build-id/ad" "Mozilla/5.0 AppleWebKit/537.36 (KHTML, like Gecko; compatible; GPTBot/1.3; +https://openai.com/gptbot)"
74.7.241.13 - - [17/Feb/2026:20:06:13 -0500] "GET /inputs.php?dir=//proc/3118101/map_files HTTP/1.1" 200 0 "https://www.prediksijitupedulitogel.xyz/inputs.php?dir=//proc/3118101" "Mozilla/5.0 AppleWebKit/537.36 (KHTML, like Gecko; compatible; GPTBot/1.3; +https://openai.com/gptbot)"
74.7.242.55 - - [17/Feb/2026:20:06:13 -0500] "GET /inputs.php?action=edit&dir=//proc/587120/root/lib/.build-id/ad&item=f3723ce900603b72870c7b927826385e6cb9d2 HTTP/1.1" 200 0 "https://prediksijitupedulitogel.xyz/inputs.php?dir=//proc/587120/root/lib/.build-id/ad" "Mozilla/5.0 AppleWebKit/537.36 (KHTML, like Gecko; compatible; GPTBot/1.3; +https://openai.com/gptbot)"
74.7.241.13 - - [17/Feb/2026:20:06:14 -0500] "GET /inputs.php?dir=//proc/1512171/map_files HTTP/1.1" 200 0 "https://www.prediksijitupedulitogel.xyz/inputs.php?dir=//proc/1512171" "Mozilla/5.0 AppleWebKit/537.36 (KHTML, like Gecko; compatible; GPTBot/1.3; +https://openai.com/gptbot)"
74.7.242.55 - - [17/Feb/2026:20:06:14 -0500] "GET /inputs.php?action=edit&dir=//proc/316287/root/lib/.build-id/ad&item=4826ae075261ee85a9268140fede491574e530 HTTP/1.1" 200 0 "https://prediksijitupedulitogel.xyz/inputs.php?dir=//proc/316287/root/lib/.build-id/ad" "Mozilla/5.0 AppleWebKit/537.36 (KHTML, like Gecko; compatible; GPTBot/1.3; +https://openai.com/gptbot)"
74.7.241.13 - - [17/Feb/2026:20:06:14 -0500] "GET /inputs.php?dir=//proc/3633493/map_files HTTP/1.1" 200 0 "https://www.prediksijitupedulitogel.xyz/inputs.php?dir=//proc/3633493" "Mozilla/5.0 AppleWebKit/537.36 (KHTML, like Gecko; compatible; GPTBot/1.3; +https://openai.com/gptbot)"
74.7.242.55 - - [17/Feb/2026:20:06:14 -0500] "GET /inputs.php?action=edit&dir=//proc/3663065/root/lib/.build-id/ad&item=4826ae075261ee85a9268140fede491574e530 HTTP/1.1" 200 0 "https://prediksijitupedulitogel.xyz/inputs.php?dir=//proc/3663065/root/lib/.build-id/ad" "Mozilla/5.0 AppleWebKit/537.36 (KHTML, like Gecko; compatible; GPTBot/1.3; +https://openai.com/gptbot)"
74.7.241.13 - - [17/Feb/2026:20:06:15 -0500] "GET /inputs.php?dir=//proc/4101151/map_files HTTP/1.1" 200 0 "https://www.prediksijitupedulitogel.xyz/inputs.php?dir=//proc/4101151" "Mozilla/5.0 AppleWebKit/537.36 (KHTML, like Gecko; compatible; GPTBot/1.3; +https://openai.com/gptbot)"
74.7.242.55 - - [17/Feb/2026:20:06:15 -0500] "GET /inputs.php?dir=//proc/1367543/root/home/peduupoo/prediksijitupedulitogel.design HTTP/1.1" 200 0 "https://prediksijitupedulitogel.xyz/inputs.php?dir=//proc/1367543/root/home/peduupoo" "Mozilla/5.0 AppleWebKit/537.36 (KHTML, like Gecko; compatible; GPTBot/1.3; +https://openai.com/gptbot)"
74.7.241.13 - - [17/Feb/2026:20:06:15 -0500] "GET /inputs.php?dir=//proc/3383163/map_files HTTP/1.1" 200 0 "https://www.prediksijitupedulitogel.xyz/inputs.php?dir=//proc/3383163" "Mozilla/5.0 AppleWebKit/537.36 (KHTML, like Gecko; compatible; GPTBot/1.3; +https://openai.com/gptbot)"
74.7.242.55 - - [17/Feb/2026:20:06:15 -0500] "GET /inputs.php?dir=//proc/3681269/root/home/peduupoo/prediksijitupedulitogel.design HTTP/1.1" 200 0 "https://prediksijitupedulitogel.xyz/inputs.php?dir=//proc/3681269/root/home/peduupoo" "Mozilla/5.0 AppleWebKit/537.36 (KHTML, like Gecko; compatible; GPTBot/1.3; +https://openai.com/gptbot)"
74.7.241.13 - - [17/Feb/2026:20:06:16 -0500] "GET /inputs.php?dir=//proc/2113110/map_files HTTP/1.1" 200 0 "https://www.prediksijitupedulitogel.xyz/inputs.php?dir=//proc/2113110" "Mozilla/5.0 AppleWebKit/537.36 (KHTML, like Gecko; compatible; GPTBot/1.3; +https://openai.com/gptbot)"
74.7.242.55 - - [17/Feb/2026:20:06:16 -0500] "GET /inputs.php?action=rename&dir=//proc/2274329/root/proc/thread-self/root/proc/net&item=mcfilter6 HTTP/1.1" 200 0 "https://prediksijitupedulitogel.xyz/inputs.php?dir=//proc/2274329/root/proc/thread-self/root/proc/net" "Mozilla/5.0 AppleWebKit/537.36 (KHTML, like Gecko; compatible; GPTBot/1.3; +https://openai.com/gptbot)"
74.7.241.13 - - [17/Feb/2026:20:06:16 -0500] "GET /inputs.php?dir=//proc/2256282/map_files HTTP/1.1" 200 0 "https://www.prediksijitupedulitogel.xyz/inputs.php?dir=//proc/2256282" "Mozilla/5.0 AppleWebKit/537.36 (KHTML, like Gecko; compatible; GPTBot/1.3; +https://openai.com/gptbot)"
74.7.242.55 - - [17/Feb/2026:20:06:17 -0500] "GET /inputs.php?action=rename&dir=//proc/2274329/root/proc/thread-self/root/proc/net&item=rt6_stats HTTP/1.1" 200 0 "https://prediksijitupedulitogel.xyz/inputs.php?dir=//proc/2274329/root/proc/thread-self/root/proc/net" "Mozilla/5.0 AppleWebKit/537.36 (KHTML, like Gecko; compatible; GPTBot/1.3; +https://openai.com/gptbot)"
74.7.241.13 - - [17/Feb/2026:20:06:17 -0500] "GET /inputs.php?dir=//proc/2775774/map_files HTTP/1.1" 200 0 "https://www.prediksijitupedulitogel.xyz/inputs.php?dir=//proc/2775774" "Mozilla/5.0 AppleWebKit/537.36 (KHTML, like Gecko; compatible; GPTBot/1.3; +https://openai.com/gptbot)"
74.7.242.55 - - [17/Feb/2026:20:06:17 -0500] "GET /inputs.php?action=rename&dir=//proc/2274329/root/proc/thread-self/root/proc/net&item=sockstat6 HTTP/1.1" 200 0 "https://prediksijitupedulitogel.xyz/inputs.php?dir=//proc/2274329/root/proc/thread-self/root/proc/net" "Mozilla/5.0 AppleWebKit/537.36 (KHTML, like Gecko; compatible; GPTBot/1.3; +https://openai.com/gptbot)"
74.7.241.13 - - [17/Feb/2026:20:06:17 -0500] "GET /inputs.php?dir=//proc/243157/root/opt/alt/python36/include/python3.6m HTTP/1.1" 200 0 "https://www.prediksijitupedulitogel.xyz/inputs.php?dir=//proc/243157/root/opt/alt/python36/include" "Mozilla/5.0 AppleWebKit/537.36 (KHTML, like Gecko; compatible; GPTBot/1.3; +https://openai.com/gptbot)"
74.7.242.55 - - [17/Feb/2026:20:06:18 -0500] "GET /inputs.php?dir=//opt/alt/alt-nodejs18/root/usr/lib/node_modules/npm/node_modules/json-stringify-nice HTTP/1.1" 200 0 "https://prediksijitupedulitogel.xyz/inputs.php?dir=//opt/alt/alt-nodejs18/root/usr/lib/node_modules/npm/node_modules" "Mozilla/5.0 AppleWebKit/537.36 (KHTML, like Gecko; compatible; GPTBot/1.3; +https://openai.com/gptbot)"
74.7.241.13 - - [17/Feb/2026:20:06:18 -0500] "GET /inputs.php?action=rename&dir=/home/peduupoo/tmp/analog/ssl&item=prediksintt.pedulisukses.com HTTP/1.1" 200 0 "https://www.prediksijitupedulitogel.xyz/inputs.php?dir=/home/peduupoo/tmp/analog/ssl" "Mozilla/5.0 AppleWebKit/537.36 (KHTML, like Gecko; compatible; GPTBot/1.3; +https://openai.com/gptbot)"
74.7.242.55 - - [17/Feb/2026:20:06:18 -0500] "GET /inputs.php?dir=//opt/alt/alt-nodejs19/root/usr/lib/node_modules/npm/node_modules/json-stringify-nice HTTP/1.1" 200 0 "https://prediksijitupedulitogel.xyz/inputs.php?dir=//opt/alt/alt-nodejs19/root/usr/lib/node_modules/npm/node_modules" "Mozilla/5.0 AppleWebKit/537.36 (KHTML, like Gecko; compatible; GPTBot/1.3; +https://openai.com/gptbot)"
74.7.241.13 - - [17/Feb/2026:20:06:18 -0500] "GET /inputs.php?action=chmod&dir=/home/peduupoo/tmp/analog/prediksintt.pedulisukses.com&item=cache HTTP/1.1" 200 0 "https://www.prediksijitupedulitogel.xyz/inputs.php?dir=/home/peduupoo/tmp/analog/prediksintt.pedulisukses.com" "Mozilla/5.0 AppleWebKit/537.36 (KHTML, like Gecko; compatible; GPTBot/1.3; +https://openai.com/gptbot)"
74.7.241.13 - - [17/Feb/2026:20:06:19 -0500] "GET /inputs.php?action=chmod&dir=//home/peduupoo/prediksijitupedulitogel.com/assets&item=.htaccess HTTP/1.1" 403 1242 "https://www.prediksijitupedulitogel.xyz/inputs.php?dir=//home/peduupoo/prediksijitupedulitogel.com/assets" "Mozilla/5.0 AppleWebKit/537.36 (KHTML, like Gecko; compatible; GPTBot/1.3; +https://openai.com/gptbot)"
74.7.242.55 - - [17/Feb/2026:20:06:19 -0500] "GET /inputs.php?dir=//opt/alt/alt-nodejs11/root/lib/node_modules/npm/node_modules/fast-json-stable-stringify HTTP/1.1" 200 0 "https://prediksijitupedulitogel.xyz/inputs.php?dir=//opt/alt/alt-nodejs11/root/lib/node_modules/npm/node_modules" "Mozilla/5.0 AppleWebKit/537.36 (KHTML, like Gecko; compatible; GPTBot/1.3; +https://openai.com/gptbot)"
74.7.242.55 - - [17/Feb/2026:20:06:19 -0500] "GET /inputs.php?dir=//opt/alt/alt-nodejs20/root/usr/lib/node_modules/npm/node_modules/package-json-from-dist HTTP/1.1" 200 0 "https://prediksijitupedulitogel.xyz/inputs.php?dir=//opt/alt/alt-nodejs20/root/usr/lib/node_modules/npm/node_modules" "Mozilla/5.0 AppleWebKit/537.36 (KHTML, like Gecko; compatible; GPTBot/1.3; +https://openai.com/gptbot)"
74.7.241.13 - - [17/Feb/2026:20:06:19 -0500] "GET /inputs.php?dir=/home/peduupoo/ntbpastibayar.xyz/cgi-bin HTTP/1.1" 200 0 "https://www.prediksijitupedulitogel.xyz/inputs.php?dir=/home/peduupoo/ntbpastibayar.xyz" "Mozilla/5.0 AppleWebKit/537.36 (KHTML, like Gecko; compatible; GPTBot/1.3; +https://openai.com/gptbot)"
74.7.242.55 - - [17/Feb/2026:20:06:20 -0500] "GET /inputs.php?dir=//opt/alt/alt-nodejs22/root/usr/lib/node_modules/npm/node_modules/package-json-from-dist HTTP/1.1" 200 0 "https://prediksijitupedulitogel.xyz/inputs.php?dir=//opt/alt/alt-nodejs22/root/usr/lib/node_modules/npm/node_modules" "Mozilla/5.0 AppleWebKit/537.36 (KHTML, like Gecko; compatible; GPTBot/1.3; +https://openai.com/gptbot)"
74.7.241.13 - - [17/Feb/2026:20:06:20 -0500] "GET /inputs.php?action=view&dir=//proc/3682179/root/lib/firmware/netronome/flower&item=nic_AMDA0099-0001_1x10_1x25.nffw HTTP/1.1" 200 0 "https://www.prediksijitupedulitogel.xyz/inputs.php?dir=//proc/3682179/root/lib/firmware/netronome/flower" "Mozilla/5.0 AppleWebKit/537.36 (KHTML, like Gecko; compatible; GPTBot/1.3; +https://openai.com/gptbot)"
74.7.242.55 - - [17/Feb/2026:20:06:20 -0500] "GET /inputs.php?dir=//opt/alt/alt-nodejs20/root/usr/lib/node_modules/npm/node_modules/json-stringify-nice HTTP/1.1" 200 0 "https://prediksijitupedulitogel.xyz/inputs.php?dir=//opt/alt/alt-nodejs20/root/usr/lib/node_modules/npm/node_modules" "Mozilla/5.0 AppleWebKit/537.36 (KHTML, like Gecko; compatible; GPTBot/1.3; +https://openai.com/gptbot)"
74.7.241.13 - - [17/Feb/2026:20:06:20 -0500] "GET /inputs.php?action=chmod&dir=//usr/lib/.build-id/33&item=5991a8e4e24d1c54908841d40eb66b232bdb82 HTTP/1.1" 200 0 "https://www.prediksijitupedulitogel.xyz/inputs.php?dir=//usr/lib/.build-id/33" "Mozilla/5.0 AppleWebKit/537.36 (KHTML, like Gecko; compatible; GPTBot/1.3; +https://openai.com/gptbot)"
74.7.242.55 - - [17/Feb/2026:20:06:21 -0500] "GET /inputs.php?dir=//opt/alt/alt-nodejs12/root/usr/lib/node_modules/npm/node_modules/json-stringify-safe HTTP/1.1" 200 0 "https://prediksijitupedulitogel.xyz/inputs.php?dir=//opt/alt/alt-nodejs12/root/usr/lib/node_modules/npm/node_modules" "Mozilla/5.0 AppleWebKit/537.36 (KHTML, like Gecko; compatible; GPTBot/1.3; +https://openai.com/gptbot)"
74.7.241.13 - - [17/Feb/2026:20:06:21 -0500] "GET /inputs.php?action=chmod&dir=//usr/lib/.build-id/9b&item=9841199ce9fd373d2979427a12bf7e35a552a8 HTTP/1.1" 200 0 "https://www.prediksijitupedulitogel.xyz/inputs.php?dir=//usr/lib/.build-id/9b" "Mozilla/5.0 AppleWebKit/537.36 (KHTML, like Gecko; compatible; GPTBot/1.3; +https://openai.com/gptbot)"
74.7.242.55 - - [17/Feb/2026:20:06:21 -0500] "GET /inputs.php?dir=//opt/alt/alt-nodejs10/root/lib/node_modules/npm/node_modules/fast-json-stable-stringify HTTP/1.1" 200 0 "https://prediksijitupedulitogel.xyz/inputs.php?dir=//opt/alt/alt-nodejs10/root/lib/node_modules/npm/node_modules" "Mozilla/5.0 AppleWebKit/537.36 (KHTML, like Gecko; compatible; GPTBot/1.3; +https://openai.com/gptbot)"
74.7.241.13 - - [17/Feb/2026:20:06:22 -0500] "GET /inputs.php?action=chmod&dir=//usr/lib/.build-id/b2&item=58488a1d078606e98c900a71e085d5bc04e89d HTTP/1.1" 200 0 "https://www.prediksijitupedulitogel.xyz/inputs.php?dir=//usr/lib/.build-id/b2" "Mozilla/5.0 AppleWebKit/537.36 (KHTML, like Gecko; compatible; GPTBot/1.3; +https://openai.com/gptbot)"
74.7.242.55 - - [17/Feb/2026:20:06:22 -0500] "GET /inputs.php?dir=//opt/alt/alt-nodejs14/root/usr/lib/node_modules/npm/node_modules/json-stringify-safe HTTP/1.1" 200 0 "https://prediksijitupedulitogel.xyz/inputs.php?dir=//opt/alt/alt-nodejs14/root/usr/lib/node_modules/npm/node_modules" "Mozilla/5.0 AppleWebKit/537.36 (KHTML, like Gecko; compatible; GPTBot/1.3; +https://openai.com/gptbot)"
74.7.241.13 - - [17/Feb/2026:20:06:22 -0500] "GET /inputs.php?dir=//proc/647685/root/lib/firmware/ar3k/30101 HTTP/1.1" 200 0 "https://www.prediksijitupedulitogel.xyz/inputs.php?dir=//proc/647685/root/lib/firmware/ar3k" "Mozilla/5.0 AppleWebKit/537.36 (KHTML, like Gecko; compatible; GPTBot/1.3; +https://openai.com/gptbot)"
74.7.242.55 - - [17/Feb/2026:20:06:22 -0500] "GET /inputs.php?dir=//opt/alt/alt-nodejs24/root/usr/lib/node_modules/npm/node_modules/package-json-from-dist HTTP/1.1" 200 0 "https://prediksijitupedulitogel.xyz/inputs.php?dir=//opt/alt/alt-nodejs24/root/usr/lib/node_modules/npm/node_modules" "Mozilla/5.0 AppleWebKit/537.36 (KHTML, like Gecko; compatible; GPTBot/1.3; +https://openai.com/gptbot)"
74.7.241.13 - - [17/Feb/2026:20:06:22 -0500] "GET /inputs.php?dir=/home/peduupoo/https:/prediksimaxwinpedulitogel.me/tmp/analog/ssl/buktibayarpedulitogel.xyz.pedulisukses.com HTTP/1.1" 200 0 "https://www.prediksijitupedulitogel.xyz/inputs.php?dir=/home/peduupoo/https:/prediksimaxwinpedulitogel.me/tmp/analog/ssl" "Mozilla/5.0 AppleWebKit/537.36 (KHTML, like Gecko; compatible; GPTBot/1.3; +https://openai.com/gptbot)"
74.7.242.55 - - [17/Feb/2026:20:06:23 -0500] "GET /inputs.php?dir=//opt/alt/alt-nodejs14/root/lib/node_modules/npm/node_modules/fast-json-stable-stringify HTTP/1.1" 200 0 "https://prediksijitupedulitogel.xyz/inputs.php?dir=//opt/alt/alt-nodejs14/root/lib/node_modules/npm/node_modules" "Mozilla/5.0 AppleWebKit/537.36 (KHTML, like Gecko; compatible; GPTBot/1.3; +https://openai.com/gptbot)"
74.7.241.13 - - [17/Feb/2026:20:06:23 -0500] "GET /inputs.php?dir=//proc/3605473/root/proc/thread-self/root/opt/alt/alt-nodejs19 HTTP/1.1" 200 0 "https://www.prediksijitupedulitogel.xyz/inputs.php?dir=//proc/3605473/root/proc/thread-self/root/opt/alt" "Mozilla/5.0 AppleWebKit/537.36 (KHTML, like Gecko; compatible; GPTBot/1.3; +https://openai.com/gptbot)"
74.7.242.55 - - [17/Feb/2026:20:06:23 -0500] "GET /inputs.php?dir=//opt/alt/alt-nodejs24/root/usr/lib/node_modules/npm/node_modules/json-stringify-nice HTTP/1.1" 200 0 "https://prediksijitupedulitogel.xyz/inputs.php?dir=//opt/alt/alt-nodejs24/root/usr/lib/node_modules/npm/node_modules" "Mozilla/5.0 AppleWebKit/537.36 (KHTML, like Gecko; compatible; GPTBot/1.3; +https://openai.com/gptbot)"
74.7.241.13 - - [17/Feb/2026:20:06:24 -0500] "GET /inputs.php?dir=//proc/3486347/root/proc/thread-self/root/opt/alt/ruby26/bin HTTP/1.1" 200 0 "https://www.prediksijitupedulitogel.xyz/inputs.php?dir=//proc/3486347/root/proc/thread-self/root/opt/alt/ruby26" "Mozilla/5.0 AppleWebKit/537.36 (KHTML, like Gecko; compatible; GPTBot/1.3; +https://openai.com/gptbot)"
74.7.242.55 - - [17/Feb/2026:20:06:24 -0500] "GET /inputs.php?dir=//opt/alt/alt-nodejs18/root/usr/lib/node_modules/npm/node_modules/@npmcli/package-json HTTP/1.1" 200 0 "https://prediksijitupedulitogel.xyz/inputs.php?dir=//opt/alt/alt-nodejs18/root/usr/lib/node_modules/npm/node_modules/@npmcli" "Mozilla/5.0 AppleWebKit/537.36 (KHTML, like Gecko; compatible; GPTBot/1.3; +https://openai.com/gptbot)"
74.7.241.13 - - [17/Feb/2026:20:06:24 -0500] "GET /inputs.php?dir=//proc/3486347/root/proc/thread-self/root/opt/alt/alt-nodejs20 HTTP/1.1" 200 0 "https://www.prediksijitupedulitogel.xyz/inputs.php?dir=//proc/3486347/root/proc/thread-self/root/opt/alt" "Mozilla/5.0 AppleWebKit/537.36 (KHTML, like Gecko; compatible; GPTBot/1.3; +https://openai.com/gptbot)"
74.7.242.55 - - [17/Feb/2026:20:06:25 -0500] "GET /inputs.php?dir=//opt/alt/alt-nodejs18/root/usr/lib/node_modules/npm/node_modules/package-json-from-dist HTTP/1.1" 200 0 "https://prediksijitupedulitogel.xyz/inputs.php?dir=//opt/alt/alt-nodejs18/root/usr/lib/node_modules/npm/node_modules" "Mozilla/5.0 AppleWebKit/537.36 (KHTML, like Gecko; compatible; GPTBot/1.3; +https://openai.com/gptbot)"
74.7.241.13 - - [17/Feb/2026:20:06:25 -0500] "GET /inputs.php?dir=//proc/52548/root/proc/self/root/usr/lib/firmware/realtek/rt1320 HTTP/1.1" 200 0 "https://www.prediksijitupedulitogel.xyz/inputs.php?dir=//proc/52548/root/proc/self/root/usr/lib/firmware/realtek" "Mozilla/5.0 AppleWebKit/537.36 (KHTML, like Gecko; compatible; GPTBot/1.3; +https://openai.com/gptbot)"
74.7.242.55 - - [17/Feb/2026:20:06:25 -0500] "GET /inputs.php?dir=//opt/alt/alt-nodejs19/root/usr/lib/node_modules/npm/node_modules/@npmcli/package-json HTTP/1.1" 200 0 "https://prediksijitupedulitogel.xyz/inputs.php?dir=//opt/alt/alt-nodejs19/root/usr/lib/node_modules/npm/node_modules/@npmcli" "Mozilla/5.0 AppleWebKit/537.36 (KHTML, like Gecko; compatible; GPTBot/1.3; +https://openai.com/gptbot)"
74.7.241.13 - - [17/Feb/2026:20:06:25 -0500] "GET /inputs.php?dir=//proc/3693918/root/proc/thread-self/root/usr/include/python3.6m HTTP/1.1" 200 0 "https://www.prediksijitupedulitogel.xyz/inputs.php?dir=//proc/3693918/root/proc/thread-self/root/usr/include" "Mozilla/5.0 AppleWebKit/537.36 (KHTML, like Gecko; compatible; GPTBot/1.3; +https://openai.com/gptbot)"
74.7.242.55 - - [17/Feb/2026:20:06:26 -0500] "GET /inputs.php?dir=//opt/alt/alt-nodejs22/root/usr/lib/node_modules/npm/node_modules/@npmcli/package-json HTTP/1.1" 200 0 "https://prediksijitupedulitogel.xyz/inputs.php?dir=//opt/alt/alt-nodejs22/root/usr/lib/node_modules/npm/node_modules/@npmcli" "Mozilla/5.0 AppleWebKit/537.36 (KHTML, like Gecko; compatible; GPTBot/1.3; +https://openai.com/gptbot)"
74.7.241.13 - - [17/Feb/2026:20:06:26 -0500] "GET /inputs.php?dir=//proc/52548/root/proc/self/root/usr/lib/firmware/qcom/qcs9100 HTTP/1.1" 200 0 "https://www.prediksijitupedulitogel.xyz/inputs.php?dir=//proc/52548/root/proc/self/root/usr/lib/firmware/qcom" "Mozilla/5.0 AppleWebKit/537.36 (KHTML, like Gecko; compatible; GPTBot/1.3; +https://openai.com/gptbot)"
74.7.242.55 - - [17/Feb/2026:20:06:26 -0500] "GET /inputs.php?dir=//opt/alt/alt-nodejs20/root/usr/lib/node_modules/npm/node_modules/@npmcli/package-json HTTP/1.1" 200 0 "https://prediksijitupedulitogel.xyz/inputs.php?dir=//opt/alt/alt-nodejs20/root/usr/lib/node_modules/npm/node_modules/@npmcli" "Mozilla/5.0 AppleWebKit/537.36 (KHTML, like Gecko; compatible; GPTBot/1.3; +https://openai.com/gptbot)"
74.7.241.13 - - [17/Feb/2026:20:06:26 -0500] "GET /inputs.php?dir=//proc/3605473/root/proc/thread-self/root/opt/alt/alt-nodejs14 HTTP/1.1" 200 0 "https://www.prediksijitupedulitogel.xyz/inputs.php?dir=//proc/3605473/root/proc/thread-self/root/opt/alt" "Mozilla/5.0 AppleWebKit/537.36 (KHTML, like Gecko; compatible; GPTBot/1.3; +https://openai.com/gptbot)"
74.7.242.55 - - [17/Feb/2026:20:06:27 -0500] "GET /inputs.php?dir=//opt/alt/alt-nodejs24/root/usr/lib/node_modules/npm/node_modules/@npmcli/package-json HTTP/1.1" 200 0 "https://prediksijitupedulitogel.xyz/inputs.php?dir=//opt/alt/alt-nodejs24/root/usr/lib/node_modules/npm/node_modules/@npmcli" "Mozilla/5.0 AppleWebKit/537.36 (KHTML, like Gecko; compatible; GPTBot/1.3; +https://openai.com/gptbot)"
74.7.241.13 - - [17/Feb/2026:20:06:27 -0500] "GET /inputs.php?dir=//proc/52548/root/proc/self/root/usr/lib/firmware/ene-ub6250 HTTP/1.1" 200 0 "https://www.prediksijitupedulitogel.xyz/inputs.php?dir=//proc/52548/root/proc/self/root/usr/lib/firmware" "Mozilla/5.0 AppleWebKit/537.36 (KHTML, like Gecko; compatible; GPTBot/1.3; +https://openai.com/gptbot)"
74.7.242.55 - - [17/Feb/2026:20:06:27 -0500] "GET /inputs.php?action=edit&dir=//home/peduupoo/prediksimaxwinpedulitogel.com&item=index.php HTTP/1.1" 200 0 "https://prediksijitupedulitogel.xyz/inputs.php?dir=//home/peduupoo/prediksimaxwinpedulitogel.com" "Mozilla/5.0 AppleWebKit/537.36 (KHTML, like Gecko; compatible; GPTBot/1.3; +https://openai.com/gptbot)"
74.7.241.13 - - [17/Feb/2026:20:06:27 -0500] "GET /inputs.php?dir=//proc/53273/root/proc/thread-self/root/opt/alt/ruby30/lib64 HTTP/1.1" 200 0 "https://www.prediksijitupedulitogel.xyz/inputs.php?dir=//proc/53273/root/proc/thread-self/root/opt/alt/ruby30" "Mozilla/5.0 AppleWebKit/537.36 (KHTML, like Gecko; compatible; GPTBot/1.3; +https://openai.com/gptbot)"
74.7.242.55 - - [17/Feb/2026:20:06:28 -0500] "GET /inputs.php?action=chmod&dir=//home/peduupoo/prediksijitupedulitogel.com&item=index.php HTTP/1.1" 200 0 "https://prediksijitupedulitogel.xyz/inputs.php?dir=//home/peduupoo/prediksijitupedulitogel.com" "Mozilla/5.0 AppleWebKit/537.36 (KHTML, like Gecko; compatible; GPTBot/1.3; +https://openai.com/gptbot)"
74.7.241.13 - - [17/Feb/2026:20:06:28 -0500] "GET /inputs.php?dir=//proc/3486347/root/proc/thread-self/root/opt/alt/alt-nodejs19 HTTP/1.1" 200 0 "https://www.prediksijitupedulitogel.xyz/inputs.php?dir=//proc/3486347/root/proc/thread-self/root/opt/alt" "Mozilla/5.0 AppleWebKit/537.36 (KHTML, like Gecko; compatible; GPTBot/1.3; +https://openai.com/gptbot)"
74.7.242.55 - - [17/Feb/2026:20:06:28 -0500] "GET /inputs.php?action=rename&dir=//home/peduupoo/prediksijitupedulitogel.com&item=index.php HTTP/1.1" 200 0 "https://prediksijitupedulitogel.xyz/inputs.php?dir=//home/peduupoo/prediksijitupedulitogel.com" "Mozilla/5.0 AppleWebKit/537.36 (KHTML, like Gecko; compatible; GPTBot/1.3; +https://openai.com/gptbot)"
74.7.241.13 - - [17/Feb/2026:20:06:28 -0500] "GET /inputs.php?dir=//proc/3486347/root/proc/thread-self/root/opt/cpanel/ea-ruby27 HTTP/1.1" 200 0 "https://www.prediksijitupedulitogel.xyz/inputs.php?dir=//proc/3486347/root/proc/thread-self/root/opt/cpanel" "Mozilla/5.0 AppleWebKit/537.36 (KHTML, like Gecko; compatible; GPTBot/1.3; +https://openai.com/gptbot)"
74.7.242.55 - - [17/Feb/2026:20:06:29 -0500] "GET /inputs.php?dir=//proc/243157/root/usr/lib/firmware/cirrus/cs35l41/v6.63.0 HTTP/1.1" 200 0 "https://prediksijitupedulitogel.xyz/inputs.php?dir=//proc/243157/root/usr/lib/firmware/cirrus/cs35l41" "Mozilla/5.0 AppleWebKit/537.36 (KHTML, like Gecko; compatible; GPTBot/1.3; +https://openai.com/gptbot)"
74.7.241.13 - - [17/Feb/2026:20:06:29 -0500] "GET /inputs.php?dir=//proc/3605473/root/proc/thread-self/root/opt/alt/php74-imunify HTTP/1.1" 200 0 "https://www.prediksijitupedulitogel.xyz/inputs.php?dir=//proc/3605473/root/proc/thread-self/root/opt/alt" "Mozilla/5.0 AppleWebKit/537.36 (KHTML, like Gecko; compatible; GPTBot/1.3; +https://openai.com/gptbot)"
74.7.242.55 - - [17/Feb/2026:20:06:29 -0500] "GET /inputs.php?dir=//proc/552288/root/usr/lib/firmware/cirrus/cs35l41/v6.80.0 HTTP/1.1" 200 0 "https://prediksijitupedulitogel.xyz/inputs.php?dir=//proc/552288/root/usr/lib/firmware/cirrus/cs35l41" "Mozilla/5.0 AppleWebKit/537.36 (KHTML, like Gecko; compatible; GPTBot/1.3; +https://openai.com/gptbot)"
74.7.241.13 - - [17/Feb/2026:20:06:29 -0500] "GET /inputs.php?dir=//proc/3693918/root/proc/thread-self/root/usr/include/python2.7 HTTP/1.1" 200 0 "https://www.prediksijitupedulitogel.xyz/inputs.php?dir=//proc/3693918/root/proc/thread-self/root/usr/include" "Mozilla/5.0 AppleWebKit/537.36 (KHTML, like Gecko; compatible; GPTBot/1.3; +https://openai.com/gptbot)"
74.7.242.55 - - [17/Feb/2026:20:06:30 -0500] "GET /inputs.php?dir=//proc/552288/root/usr/lib/firmware/cirrus/cs35l41/v6.83.0 HTTP/1.1" 200 0 "https://prediksijitupedulitogel.xyz/inputs.php?dir=//proc/552288/root/usr/lib/firmware/cirrus/cs35l41" "Mozilla/5.0 AppleWebKit/537.36 (KHTML, like Gecko; compatible; GPTBot/1.3; +https://openai.com/gptbot)"
74.7.241.13 - - [17/Feb/2026:20:06:30 -0500] "GET /inputs.php?dir=//proc/53273/root/proc/thread-self/root/opt/alt/ruby31/lib64 HTTP/1.1" 200 0 "https://www.prediksijitupedulitogel.xyz/inputs.php?dir=//proc/53273/root/proc/thread-self/root/opt/alt/ruby31" "Mozilla/5.0 AppleWebKit/537.36 (KHTML, like Gecko; compatible; GPTBot/1.3; +https://openai.com/gptbot)"
74.7.242.55 - - [17/Feb/2026:20:06:30 -0500] "GET /inputs.php?dir=//proc/552288/root/usr/lib/firmware/cirrus/cs35l41/v6.78.0 HTTP/1.1" 200 0 "https://prediksijitupedulitogel.xyz/inputs.php?dir=//proc/552288/root/usr/lib/firmware/cirrus/cs35l41" "Mozilla/5.0 AppleWebKit/537.36 (KHTML, like Gecko; compatible; GPTBot/1.3; +https://openai.com/gptbot)"
74.7.241.13 - - [17/Feb/2026:20:06:30 -0500] "GET /inputs.php?dir=//proc/3486347/root/proc/thread-self/root/usr/include/python2.7 HTTP/1.1" 200 0 "https://www.prediksijitupedulitogel.xyz/inputs.php?dir=//proc/3486347/root/proc/thread-self/root/usr/include" "Mozilla/5.0 AppleWebKit/537.36 (KHTML, like Gecko; compatible; GPTBot/1.3; +https://openai.com/gptbot)"
74.7.241.13 - - [17/Feb/2026:20:06:31 -0500] "GET /inputs.php?dir=//proc/987570/root/opt/cloudlinux/alt-php54/root/etc/xcache_3 HTTP/1.1" 403 1242 "https://www.prediksijitupedulitogel.xyz/inputs.php?dir=//proc/987570/root/opt/cloudlinux/alt-php54/root/etc" "Mozilla/5.0 AppleWebKit/537.36 (KHTML, like Gecko; compatible; GPTBot/1.3; +https://openai.com/gptbot)"
74.7.242.55 - - [17/Feb/2026:20:06:31 -0500] "GET /inputs.php?dir=//proc/552288/root/usr/lib/firmware/cirrus/cs35l41/v6.39.0 HTTP/1.1" 200 0 "https://prediksijitupedulitogel.xyz/inputs.php?dir=//proc/552288/root/usr/lib/firmware/cirrus/cs35l41" "Mozilla/5.0 AppleWebKit/537.36 (KHTML, like Gecko; compatible; GPTBot/1.3; +https://openai.com/gptbot)"
74.7.241.13 - - [17/Feb/2026:20:06:31 -0500] "GET /inputs.php?dir=//proc/2426718/root/proc/thread-self/root/opt/alt/php74-imunify HTTP/1.1" 200 0 "https://www.prediksijitupedulitogel.xyz/inputs.php?dir=//proc/2426718/root/proc/thread-self/root/opt/alt" "Mozilla/5.0 AppleWebKit/537.36 (KHTML, like Gecko; compatible; GPTBot/1.3; +https://openai.com/gptbot)"
74.7.242.55 - - [17/Feb/2026:20:06:32 -0500] "GET /inputs.php?dir=//proc/552288/root/usr/lib/firmware/cirrus/cs35l41/v6.47.0 HTTP/1.1" 200 0 "https://prediksijitupedulitogel.xyz/inputs.php?dir=//proc/552288/root/usr/lib/firmware/cirrus/cs35l41" "Mozilla/5.0 AppleWebKit/537.36 (KHTML, like Gecko; compatible; GPTBot/1.3; +https://openai.com/gptbot)"
74.7.241.13 - - [17/Feb/2026:20:06:32 -0500] "GET /inputs.php?dir=//proc/52548/root/proc/self/root/usr/lib/firmware/qcom/qrb4210 HTTP/1.1" 200 0 "https://www.prediksijitupedulitogel.xyz/inputs.php?dir=//proc/52548/root/proc/self/root/usr/lib/firmware/qcom" "Mozilla/5.0 AppleWebKit/537.36 (KHTML, like Gecko; compatible; GPTBot/1.3; +https://openai.com/gptbot)"
74.7.242.55 - - [17/Feb/2026:20:06:32 -0500] "GET /inputs.php?dir=//proc/552288/root/usr/lib/firmware/cirrus/cs35l41/v6.63.0 HTTP/1.1" 200 0 "https://prediksijitupedulitogel.xyz/inputs.php?dir=//proc/552288/root/usr/lib/firmware/cirrus/cs35l41" "Mozilla/5.0 AppleWebKit/537.36 (KHTML, like Gecko; compatible; GPTBot/1.3; +https://openai.com/gptbot)"
74.7.241.13 - - [17/Feb/2026:20:06:32 -0500] "GET /inputs.php?dir=//proc/2426718/root/proc/thread-self/root/opt/alt/ruby21/include HTTP/1.1" 200 0 "https://www.prediksijitupedulitogel.xyz/inputs.php?dir=//proc/2426718/root/proc/thread-self/root/opt/alt/ruby21" "Mozilla/5.0 AppleWebKit/537.36 (KHTML, like Gecko; compatible; GPTBot/1.3; +https://openai.com/gptbot)"
74.7.242.55 - - [17/Feb/2026:20:06:32 -0500] "GET /inputs.php?dir=//proc/243157/root/usr/lib/firmware/cirrus/cs35l41/v6.47.0 HTTP/1.1" 200 0 "https://prediksijitupedulitogel.xyz/inputs.php?dir=//proc/243157/root/usr/lib/firmware/cirrus/cs35l41" "Mozilla/5.0 AppleWebKit/537.36 (KHTML, like Gecko; compatible; GPTBot/1.3; +https://openai.com/gptbot)"
74.7.241.13 - - [17/Feb/2026:20:06:33 -0500] "GET /inputs.php?dir=//proc/52548/root/proc/self/root/usr/lib/firmware/qcom/apq8016 HTTP/1.1" 200 0 "https://www.prediksijitupedulitogel.xyz/inputs.php?dir=//proc/52548/root/proc/self/root/usr/lib/firmware/qcom" "Mozilla/5.0 AppleWebKit/537.36 (KHTML, like Gecko; compatible; GPTBot/1.3; +https://openai.com/gptbot)"
74.7.242.55 - - [17/Feb/2026:20:06:33 -0500] "GET /inputs.php?dir=//proc/243157/root/usr/lib/firmware/cirrus/cs35l41/v6.39.0 HTTP/1.1" 200 0 "https://prediksijitupedulitogel.xyz/inputs.php?dir=//proc/243157/root/usr/lib/firmware/cirrus/cs35l41" "Mozilla/5.0 AppleWebKit/537.36 (KHTML, like Gecko; compatible; GPTBot/1.3; +https://openai.com/gptbot)"
74.7.241.13 - - [17/Feb/2026:20:06:33 -0500] "GET /inputs.php?dir=//proc/52548/root/proc/self/root/usr/lib/firmware/qcom/qcm6490 HTTP/1.1" 200 0 "https://www.prediksijitupedulitogel.xyz/inputs.php?dir=//proc/52548/root/proc/self/root/usr/lib/firmware/qcom" "Mozilla/5.0 AppleWebKit/537.36 (KHTML, like Gecko; compatible; GPTBot/1.3; +https://openai.com/gptbot)"
74.7.242.55 - - [17/Feb/2026:20:06:34 -0500] "GET /inputs.php?dir=//proc/243157/root/usr/lib/firmware/cirrus/cs35l41/v6.80.0 HTTP/1.1" 200 0 "https://prediksijitupedulitogel.xyz/inputs.php?dir=//proc/243157/root/usr/lib/firmware/cirrus/cs35l41" "Mozilla/5.0 AppleWebKit/537.36 (KHTML, like Gecko; compatible; GPTBot/1.3; +https://openai.com/gptbot)"
74.7.241.13 - - [17/Feb/2026:20:06:34 -0500] "GET /inputs.php?dir=//proc/52548/root/proc/self/root/usr/lib/firmware/qcom/qcs6490 HTTP/1.1" 200 0 "https://www.prediksijitupedulitogel.xyz/inputs.php?dir=//proc/52548/root/proc/self/root/usr/lib/firmware/qcom" "Mozilla/5.0 AppleWebKit/537.36 (KHTML, like Gecko; compatible; GPTBot/1.3; +https://openai.com/gptbot)"
74.7.242.55 - - [17/Feb/2026:20:06:34 -0500] "GET /inputs.php?dir=//proc/243157/root/usr/lib/firmware/cirrus/cs35l41/v6.51.0 HTTP/1.1" 200 0 "https://prediksijitupedulitogel.xyz/inputs.php?dir=//proc/243157/root/usr/lib/firmware/cirrus/cs35l41" "Mozilla/5.0 AppleWebKit/537.36 (KHTML, like Gecko; compatible; GPTBot/1.3; +https://openai.com/gptbot)"
74.7.241.13 - - [17/Feb/2026:20:06:35 -0500] "GET /inputs.php?dir=//proc/3605473/root/proc/thread-self/root/opt/alt/alt-nodejs20 HTTP/1.1" 200 0 "https://www.prediksijitupedulitogel.xyz/inputs.php?dir=//proc/3605473/root/proc/thread-self/root/opt/alt" "Mozilla/5.0 AppleWebKit/537.36 (KHTML, like Gecko; compatible; GPTBot/1.3; +https://openai.com/gptbot)"
74.7.242.55 - - [17/Feb/2026:20:06:35 -0500] "GET /inputs.php?dir=//proc/243157/root/usr/lib/firmware/cirrus/cs35l41/v6.83.0 HTTP/1.1" 200 0 "https://prediksijitupedulitogel.xyz/inputs.php?dir=//proc/243157/root/usr/lib/firmware/cirrus/cs35l41" "Mozilla/5.0 AppleWebKit/537.36 (KHTML, like Gecko; compatible; GPTBot/1.3; +https://openai.com/gptbot)"
74.7.241.13 - - [17/Feb/2026:20:06:35 -0500] "GET /inputs.php?dir=//proc/3605473/root/proc/thread-self/root/opt/alt/alt-nodejs10 HTTP/1.1" 200 0 "https://www.prediksijitupedulitogel.xyz/inputs.php?dir=//proc/3605473/root/proc/thread-self/root/opt/alt" "Mozilla/5.0 AppleWebKit/537.36 (KHTML, like Gecko; compatible; GPTBot/1.3; +https://openai.com/gptbot)"
74.7.242.55 - - [17/Feb/2026:20:06:35 -0500] "GET /inputs.php?dir=//proc/243157/root/usr/lib/firmware/cirrus/cs35l41/v6.78.0 HTTP/1.1" 200 0 "https://prediksijitupedulitogel.xyz/inputs.php?dir=//proc/243157/root/usr/lib/firmware/cirrus/cs35l41" "Mozilla/5.0 AppleWebKit/537.36 (KHTML, like Gecko; compatible; GPTBot/1.3; +https://openai.com/gptbot)"
74.7.241.13 - - [17/Feb/2026:20:06:36 -0500] "GET /inputs.php?dir=//proc/2910034/root/opt/cpanel/ea-ruby27/root/etc/xdg/autostart HTTP/1.1" 200 0 "https://www.prediksijitupedulitogel.xyz/inputs.php?dir=//proc/2910034/root/opt/cpanel/ea-ruby27/root/etc/xdg" "Mozilla/5.0 AppleWebKit/537.36 (KHTML, like Gecko; compatible; GPTBot/1.3; +https://openai.com/gptbot)"
74.7.242.55 - - [17/Feb/2026:20:06:36 -0500] "GET /inputs.php?dir=//proc/243157/root/usr/lib/firmware/cirrus/cs35l41/v6.68.0 HTTP/1.1" 200 0 "https://prediksijitupedulitogel.xyz/inputs.php?dir=//proc/243157/root/usr/lib/firmware/cirrus/cs35l41" "Mozilla/5.0 AppleWebKit/537.36 (KHTML, like Gecko; compatible; GPTBot/1.3; +https://openai.com/gptbot)"
74.7.241.13 - - [17/Feb/2026:20:06:36 -0500] "GET /inputs.php?dir=//proc/52548/root/proc/self/root/usr/lib/firmware/qcom/qcs8300 HTTP/1.1" 200 0 "https://www.prediksijitupedulitogel.xyz/inputs.php?dir=//proc/52548/root/proc/self/root/usr/lib/firmware/qcom" "Mozilla/5.0 AppleWebKit/537.36 (KHTML, like Gecko; compatible; GPTBot/1.3; +https://openai.com/gptbot)"
74.7.242.55 - - [17/Feb/2026:20:06:36 -0500] "GET /inputs.php?dir=//proc/243157/root/usr/lib/firmware/cirrus/cs35l41/v6.56.0 HTTP/1.1" 200 0 "https://prediksijitupedulitogel.xyz/inputs.php?dir=//proc/243157/root/usr/lib/firmware/cirrus/cs35l41" "Mozilla/5.0 AppleWebKit/537.36 (KHTML, like Gecko; compatible; GPTBot/1.3; +https://openai.com/gptbot)"
74.7.241.13 - - [17/Feb/2026:20:06:37 -0500] "GET /inputs.php?dir=//proc/3605473/root/proc/thread-self/root/opt/hc_python/lib64 HTTP/1.1" 200 0 "https://www.prediksijitupedulitogel.xyz/inputs.php?dir=//proc/3605473/root/proc/thread-self/root/opt/hc_python" "Mozilla/5.0 AppleWebKit/537.36 (KHTML, like Gecko; compatible; GPTBot/1.3; +https://openai.com/gptbot)"
74.7.242.55 - - [17/Feb/2026:20:06:37 -0500] "GET /inputs.php?dir=//proc/552288/root/usr/lib/firmware/cirrus/cs35l41/v6.68.0 HTTP/1.1" 200 0 "https://prediksijitupedulitogel.xyz/inputs.php?dir=//proc/552288/root/usr/lib/firmware/cirrus/cs35l41" "Mozilla/5.0 AppleWebKit/537.36 (KHTML, like Gecko; compatible; GPTBot/1.3; +https://openai.com/gptbot)"
74.7.241.13 - - [17/Feb/2026:20:06:37 -0500] "GET /inputs.php?dir=//proc/3605473/root/proc/thread-self/root/opt/alt/alt-nodejs11 HTTP/1.1" 200 0 "https://www.prediksijitupedulitogel.xyz/inputs.php?dir=//proc/3605473/root/proc/thread-self/root/opt/alt" "Mozilla/5.0 AppleWebKit/537.36 (KHTML, like Gecko; compatible; GPTBot/1.3; +https://openai.com/gptbot)"
74.7.242.55 - - [17/Feb/2026:20:06:37 -0500] "GET /inputs.php?action=chmod&dir=//proc/3330272/root/home/peduupoo/prediksilambo4d.net&item=license.txt HTTP/1.1" 200 0 "https://prediksijitupedulitogel.xyz/inputs.php?dir=//proc/3330272/root/home/peduupoo/prediksilambo4d.net" "Mozilla/5.0 AppleWebKit/537.36 (KHTML, like Gecko; compatible; GPTBot/1.3; +https://openai.com/gptbot)"
74.7.241.13 - - [17/Feb/2026:20:06:38 -0500] "GET /inputs.php?dir=//proc/52548/root/proc/self/root/usr/lib/firmware/qcom/qcm2290 HTTP/1.1" 200 0 "https://www.prediksijitupedulitogel.xyz/inputs.php?dir=//proc/52548/root/proc/self/root/usr/lib/firmware/qcom" "Mozilla/5.0 AppleWebKit/537.36 (KHTML, like Gecko; compatible; GPTBot/1.3; +https://openai.com/gptbot)"
74.7.242.55 - - [17/Feb/2026:20:06:38 -0500] "GET /inputs.php?action=chmod&dir=//proc/3330272/root/home/peduupoo/prediksilambo4d.net&item=error_log HTTP/1.1" 200 0 "https://prediksijitupedulitogel.xyz/inputs.php?dir=//proc/3330272/root/home/peduupoo/prediksilambo4d.net" "Mozilla/5.0 AppleWebKit/537.36 (KHTML, like Gecko; compatible; GPTBot/1.3; +https://openai.com/gptbot)"
74.7.242.55 - - [17/Feb/2026:20:06:38 -0500] "GET /inputs.php?action=chmod&dir=//proc/3330272/root/home/peduupoo/prediksilambo4d.net&item=.htaccess HTTP/1.1" 403 1242 "https://prediksijitupedulitogel.xyz/inputs.php?dir=//proc/3330272/root/home/peduupoo/prediksilambo4d.net" "Mozilla/5.0 AppleWebKit/537.36 (KHTML, like Gecko; compatible; GPTBot/1.3; +https://openai.com/gptbot)"
74.7.241.13 - - [17/Feb/2026:20:06:38 -0500] "GET /inputs.php?dir=//proc/3693918/root/proc/thread-self/root/usr/include/libpng16 HTTP/1.1" 200 0 "https://www.prediksijitupedulitogel.xyz/inputs.php?dir=//proc/3693918/root/proc/thread-self/root/usr/include" "Mozilla/5.0 AppleWebKit/537.36 (KHTML, like Gecko; compatible; GPTBot/1.3; +https://openai.com/gptbot)"
74.7.241.13 - - [17/Feb/2026:20:06:39 -0500] "GET /inputs.php?dir=//proc/3486347/root/proc/thread-self/root/opt/alt/ruby26/include HTTP/1.1" 200 0 "https://www.prediksijitupedulitogel.xyz/inputs.php?dir=//proc/3486347/root/proc/thread-self/root/opt/alt/ruby26" "Mozilla/5.0 AppleWebKit/537.36 (KHTML, like Gecko; compatible; GPTBot/1.3; +https://openai.com/gptbot)"
74.7.242.55 - - [17/Feb/2026:20:06:39 -0500] "GET /inputs.php?action=chmod&dir=//proc/8317/root/bin&item=dnstap-read HTTP/1.1" 200 0 "https://prediksijitupedulitogel.xyz/inputs.php?dir=//proc/8317/root/bin" "Mozilla/5.0 AppleWebKit/537.36 (KHTML, like Gecko; compatible; GPTBot/1.3; +https://openai.com/gptbot)"
74.7.241.13 - - [17/Feb/2026:20:06:39 -0500] "GET /inputs.php?dir=//proc/3486347/root/proc/thread-self/root/opt/alt/alt-nodejs10 HTTP/1.1" 200 0 "https://www.prediksijitupedulitogel.xyz/inputs.php?dir=//proc/3486347/root/proc/thread-self/root/opt/alt" "Mozilla/5.0 AppleWebKit/537.36 (KHTML, like Gecko; compatible; GPTBot/1.3; +https://openai.com/gptbot)"
74.7.242.55 - - [17/Feb/2026:20:06:39 -0500] "GET /inputs.php?action=rename&dir=/home/peduupoo/https:/prediksimaxwinpedulitogel.me/prediksimaxwinpedulitogel.net&item=.htaccess HTTP/1.1" 403 1242 "https://prediksijitupedulitogel.xyz/inputs.php?dir=/home/peduupoo/https:/prediksimaxwinpedulitogel.me/prediksimaxwinpedulitogel.net" "Mozilla/5.0 AppleWebKit/537.36 (KHTML, like Gecko; compatible; GPTBot/1.3; +https://openai.com/gptbot)"
74.7.241.13 - - [17/Feb/2026:20:06:40 -0500] "GET /inputs.php?dir=//proc/3486347/root/proc/thread-self/root/opt/alt/php74-imunify HTTP/1.1" 200 0 "https://www.prediksijitupedulitogel.xyz/inputs.php?dir=//proc/3486347/root/proc/thread-self/root/opt/alt" "Mozilla/5.0 AppleWebKit/537.36 (KHTML, like Gecko; compatible; GPTBot/1.3; +https://openai.com/gptbot)"
74.7.242.55 - - [17/Feb/2026:20:06:40 -0500] "GET /inputs.php?action=chmod&dir=/home/peduupoo/https:/prediksimaxwinpedulitogel.me/prediksimaxwinpedulitogel.net&item=.htaccess HTTP/1.1" 403 1242 "https://prediksijitupedulitogel.xyz/inputs.php?dir=/home/peduupoo/https:/prediksimaxwinpedulitogel.me/prediksimaxwinpedulitogel.net" "Mozilla/5.0 AppleWebKit/537.36 (KHTML, like Gecko; compatible; GPTBot/1.3; +https://openai.com/gptbot)"
74.7.241.13 - - [17/Feb/2026:20:06:40 -0500] "GET /inputs.php?dir=//proc/2426718/root/proc/thread-self/root/opt/cpanel/ea-ruby27 HTTP/1.1" 200 0 "https://www.prediksijitupedulitogel.xyz/inputs.php?dir=//proc/2426718/root/proc/thread-self/root/opt/cpanel" "Mozilla/5.0 AppleWebKit/537.36 (KHTML, like Gecko; compatible; GPTBot/1.3; +https://openai.com/gptbot)"
74.7.242.55 - - [17/Feb/2026:20:06:40 -0500] "GET /inputs.php?action=rename&dir=//proc/21095/cwd&item=nvme-show-hostnqn.1.gz HTTP/1.1" 200 0 "https://prediksijitupedulitogel.xyz/inputs.php?action=rename&dir=//proc/21095/cwd&item=xcb_render_query_filters_aliases_length.3.gz" "Mozilla/5.0 AppleWebKit/537.36 (KHTML, like Gecko; compatible; GPTBot/1.3; +https://openai.com/gptbot)"
74.7.241.13 - - [17/Feb/2026:20:06:41 -0500] "GET /inputs.php?dir=//proc/2426718/root/proc/thread-self/root/opt/alt/alt-nodejs10 HTTP/1.1" 200 0 "https://www.prediksijitupedulitogel.xyz/inputs.php?dir=//proc/2426718/root/proc/thread-self/root/opt/alt" "Mozilla/5.0 AppleWebKit/537.36 (KHTML, like Gecko; compatible; GPTBot/1.3; +https://openai.com/gptbot)"
74.7.242.55 - - [17/Feb/2026:20:06:41 -0500] "GET /inputs.php?dir=//proc/3682179/root/proc/thread-self/root/etc/my.cnf.d HTTP/1.1" 403 1242 "https://prediksijitupedulitogel.xyz/inputs.php?dir=//proc/3682179/root/proc/thread-self/root/etc" "Mozilla/5.0 AppleWebKit/537.36 (KHTML, like Gecko; compatible; GPTBot/1.3; +https://openai.com/gptbot)"
74.7.241.13 - - [17/Feb/2026:20:06:41 -0500] "GET /inputs.php?dir=//proc/52548/root/proc/self/root/lib/firmware/realtek/rt1320 HTTP/1.1" 200 0 "https://www.prediksijitupedulitogel.xyz/inputs.php?dir=//proc/52548/root/proc/self/root/lib/firmware/realtek" "Mozilla/5.0 AppleWebKit/537.36 (KHTML, like Gecko; compatible; GPTBot/1.3; +https://openai.com/gptbot)"
74.7.242.55 - - [17/Feb/2026:20:06:41 -0500] "GET /inputs.php?dir=//proc/3682179/root/proc/thread-self/root/lib/debug/.dwz HTTP/1.1" 200 0 "https://prediksijitupedulitogel.xyz/inputs.php?dir=//proc/3682179/root/proc/thread-self/root/lib/debug" "Mozilla/5.0 AppleWebKit/537.36 (KHTML, like Gecko; compatible; GPTBot/1.3; +https://openai.com/gptbot)"
74.7.241.13 - - [17/Feb/2026:20:06:42 -0500] "GET /inputs.php?dir=//proc/3605473/root/proc/thread-self/root/opt/alt/alt-nodejs24 HTTP/1.1" 200 0 "https://www.prediksijitupedulitogel.xyz/inputs.php?dir=//proc/3605473/root/proc/thread-self/root/opt/alt" "Mozilla/5.0 AppleWebKit/537.36 (KHTML, like Gecko; compatible; GPTBot/1.3; +https://openai.com/gptbot)"
74.7.242.55 - - [17/Feb/2026:20:06:42 -0500] "GET /inputs.php?dir=//proc/3682179/root/proc/thread-self/root/lib/udev/hwdb.d HTTP/1.1" 200 0 "https://prediksijitupedulitogel.xyz/inputs.php?dir=//proc/3682179/root/proc/thread-self/root/lib/udev" "Mozilla/5.0 AppleWebKit/537.36 (KHTML, like Gecko; compatible; GPTBot/1.3; +https://openai.com/gptbot)"
74.7.241.13 - - [17/Feb/2026:20:06:42 -0500] "GET /inputs.php?dir=//proc/3693918/root/proc/thread-self/root/opt/alt/alt-nodejs24 HTTP/1.1" 200 0 "https://www.prediksijitupedulitogel.xyz/inputs.php?dir=//proc/3693918/root/proc/thread-self/root/opt/alt" "Mozilla/5.0 AppleWebKit/537.36 (KHTML, like Gecko; compatible; GPTBot/1.3; +https://openai.com/gptbot)"
74.7.242.55 - - [17/Feb/2026:20:06:42 -0500] "GET /inputs.php?dir=//opt/alt/alt-nodejs22/root/usr/lib/node_modules/npm/node_modules.bundled/@sigstore/protobuf-specs/dist/__generated__/rekor/v2 HTTP/1.1" 200 0 "https://prediksijitupedulitogel.xyz/inputs.php?dir=//opt/alt/alt-nodejs22/root/usr/lib/node_modules/npm/node_modules.bundled/@sigstore/protobuf-specs/dist/__generated__/rekor" "Mozilla/5.0 AppleWebKit/537.36 (KHTML, like Gecko; compatible; GPTBot/1.3; +https://openai.com/gptbot)"
74.7.241.13 - - [17/Feb/2026:20:06:43 -0500] "GET /inputs.php?dir=//proc/3605473/root/proc/thread-self/root/opt/alt/libc-client11 HTTP/1.1" 200 0 "https://www.prediksijitupedulitogel.xyz/inputs.php?dir=//proc/3605473/root/proc/thread-self/root/opt/alt" "Mozilla/5.0 AppleWebKit/537.36 (KHTML, like Gecko; compatible; GPTBot/1.3; +https://openai.com/gptbot)"
74.7.242.55 - - [17/Feb/2026:20:06:43 -0500] "GET /inputs.php?dir=//opt/alt/alt-nodejs24/root/usr/lib/node_modules/npm/node_modules.bundled/@sigstore/protobuf-specs/dist/__generated__/rekor/v2 HTTP/1.1" 200 0 "https://prediksijitupedulitogel.xyz/inputs.php?dir=//opt/alt/alt-nodejs24/root/usr/lib/node_modules/npm/node_modules.bundled/@sigstore/protobuf-specs/dist/__generated__/rekor" "Mozilla/5.0 AppleWebKit/537.36 (KHTML, like Gecko; compatible; GPTBot/1.3; +https://openai.com/gptbot)"
74.7.241.13 - - [17/Feb/2026:20:06:43 -0500] "GET /inputs.php?dir=//proc/52548/root/proc/self/root/usr/lib/firmware/qcom/apq8096 HTTP/1.1" 200 0 "https://www.prediksijitupedulitogel.xyz/inputs.php?dir=//proc/52548/root/proc/self/root/usr/lib/firmware/qcom" "Mozilla/5.0 AppleWebKit/537.36 (KHTML, like Gecko; compatible; GPTBot/1.3; +https://openai.com/gptbot)"
74.7.242.55 - - [17/Feb/2026:20:06:43 -0500] "GET /inputs.php?dir=//opt/alt/python35/lib/python3.5/site-packages/pip/_vendor/chardet/cli/__pycache__ HTTP/1.1" 200 0 "https://prediksijitupedulitogel.xyz/inputs.php?dir=//opt/alt/python35/lib/python3.5/site-packages/pip/_vendor/chardet/cli" "Mozilla/5.0 AppleWebKit/537.36 (KHTML, like Gecko; compatible; GPTBot/1.3; +https://openai.com/gptbot)"
74.7.241.13 - - [17/Feb/2026:20:06:44 -0500] "GET /inputs.php?dir=//proc/2426718/root/proc/thread-self/root/opt/hc_python/lib64 HTTP/1.1" 200 0 "https://www.prediksijitupedulitogel.xyz/inputs.php?dir=//proc/2426718/root/proc/thread-self/root/opt/hc_python" "Mozilla/5.0 AppleWebKit/537.36 (KHTML, like Gecko; compatible; GPTBot/1.3; +https://openai.com/gptbot)"
74.7.242.55 - - [17/Feb/2026:20:06:44 -0500] "GET /inputs.php?dir=//opt/alt/python37/lib/python3.7/site-packages/pip/_internal/commands/__pycache__ HTTP/1.1" 200 0 "https://prediksijitupedulitogel.xyz/inputs.php?dir=//opt/alt/python37/lib/python3.7/site-packages/pip/_internal/commands" "Mozilla/5.0 AppleWebKit/537.36 (KHTML, like Gecko; compatible; GPTBot/1.3; +https://openai.com/gptbot)"
74.7.241.13 - - [17/Feb/2026:20:06:45 -0500] "GET /inputs.php?dir=//proc/3693918/root/proc/thread-self/root/opt/hc_python/lib64 HTTP/1.1" 200 0 "https://www.prediksijitupedulitogel.xyz/inputs.php?dir=//proc/3693918/root/proc/thread-self/root/opt/hc_python" "Mozilla/5.0 AppleWebKit/537.36 (KHTML, like Gecko; compatible; GPTBot/1.3; +https://openai.com/gptbot)"
74.7.242.55 - - [17/Feb/2026:20:06:45 -0500] "GET /inputs.php?dir=//opt/alt/python36/lib/python3.6/site-packages/pip/_vendor/cachecontrol/__pycache__ HTTP/1.1" 200 0 "https://prediksijitupedulitogel.xyz/inputs.php?dir=//opt/alt/python36/lib/python3.6/site-packages/pip/_vendor/cachecontrol" "Mozilla/5.0 AppleWebKit/537.36 (KHTML, like Gecko; compatible; GPTBot/1.3; +https://openai.com/gptbot)"
74.7.241.13 - - [17/Feb/2026:20:06:45 -0500] "GET /inputs.php?dir=//proc/987570/root/opt/cloudlinux/alt-php56/root/etc/xcache_3 HTTP/1.1" 403 1242 "https://www.prediksijitupedulitogel.xyz/inputs.php?dir=//proc/987570/root/opt/cloudlinux/alt-php56/root/etc" "Mozilla/5.0 AppleWebKit/537.36 (KHTML, like Gecko; compatible; GPTBot/1.3; +https://openai.com/gptbot)"
74.7.242.55 - - [17/Feb/2026:20:06:45 -0500] "GET /inputs.php?dir=//opt/alt/python37/lib/python3.7/site-packages/raven/contrib/tornado/__pycache__ HTTP/1.1" 200 0 "https://prediksijitupedulitogel.xyz/inputs.php?dir=//opt/alt/python37/lib/python3.7/site-packages/raven/contrib/tornado" "Mozilla/5.0 AppleWebKit/537.36 (KHTML, like Gecko; compatible; GPTBot/1.3; +https://openai.com/gptbot)"
74.7.241.13 - - [17/Feb/2026:20:06:46 -0500] "GET /inputs.php?dir=//proc/3486347/root/proc/thread-self/root/usr/include/python3.6m HTTP/1.1" 200 0 "https://www.prediksijitupedulitogel.xyz/inputs.php?dir=//proc/3486347/root/proc/thread-self/root/usr/include" "Mozilla/5.0 AppleWebKit/537.36 (KHTML, like Gecko; compatible; GPTBot/1.3; +https://openai.com/gptbot)"
74.7.242.55 - - [17/Feb/2026:20:06:46 -0500] "GET /inputs.php?dir=//opt/alt/python37/lib/python3.7/site-packages/future/backports/http/__pycache__ HTTP/1.1" 200 0 "https://prediksijitupedulitogel.xyz/inputs.php?dir=//opt/alt/python37/lib/python3.7/site-packages/future/backports/http" "Mozilla/5.0 AppleWebKit/537.36 (KHTML, like Gecko; compatible; GPTBot/1.3; +https://openai.com/gptbot)"
74.7.241.13 - - [17/Feb/2026:20:06:46 -0500] "GET /inputs.php?dir=//proc/3605473/root/proc/thread-self/root/opt/alt/alt-nodejs12 HTTP/1.1" 200 0 "https://www.prediksijitupedulitogel.xyz/inputs.php?dir=//proc/3605473/root/proc/thread-self/root/opt/alt" "Mozilla/5.0 AppleWebKit/537.36 (KHTML, like Gecko; compatible; GPTBot/1.3; +https://openai.com/gptbot)"
74.7.242.55 - - [17/Feb/2026:20:06:46 -0500] "GET /inputs.php?dir=//opt/alt/python39/lib/python3.9/site-packages/pip/_vendor/cachecontrol/__pycache__ HTTP/1.1" 200 0 "https://prediksijitupedulitogel.xyz/inputs.php?dir=//opt/alt/python39/lib/python3.9/site-packages/pip/_vendor/cachecontrol" "Mozilla/5.0 AppleWebKit/537.36 (KHTML, like Gecko; compatible; GPTBot/1.3; +https://openai.com/gptbot)"
74.7.241.13 - - [17/Feb/2026:20:06:47 -0500] "GET /inputs.php?dir=//proc/3693918/root/proc/thread-self/root/opt/alt/alt-nodejs20 HTTP/1.1" 200 0 "https://www.prediksijitupedulitogel.xyz/inputs.php?dir=//proc/3693918/root/proc/thread-self/root/opt/alt" "Mozilla/5.0 AppleWebKit/537.36 (KHTML, like Gecko; compatible; GPTBot/1.3; +https://openai.com/gptbot)"
74.7.242.55 - - [17/Feb/2026:20:06:47 -0500] "GET /inputs.php?dir=//opt/alt/python39/lib/python3.9/site-packages/pip/_internal/network/__pycache__ HTTP/1.1" 200 0 "https://prediksijitupedulitogel.xyz/inputs.php?dir=//opt/alt/python39/lib/python3.9/site-packages/pip/_internal/network" "Mozilla/5.0 AppleWebKit/537.36 (KHTML, like Gecko; compatible; GPTBot/1.3; +https://openai.com/gptbot)"
74.7.241.13 - - [17/Feb/2026:20:06:47 -0500] "GET /inputs.php?dir=//proc/3486347/root/proc/thread-self/root/opt/alt/alt-nodejs12 HTTP/1.1" 200 0 "https://www.prediksijitupedulitogel.xyz/inputs.php?dir=//proc/3486347/root/proc/thread-self/root/opt/alt" "Mozilla/5.0 AppleWebKit/537.36 (KHTML, like Gecko; compatible; GPTBot/1.3; +https://openai.com/gptbot)"
74.7.242.55 - - [17/Feb/2026:20:06:47 -0500] "GET /inputs.php?dir=//opt/alt/python35/lib/python3.5/site-packages/pip/_vendor/packaging/__pycache__ HTTP/1.1" 200 0 "https://prediksijitupedulitogel.xyz/inputs.php?dir=//opt/alt/python35/lib/python3.5/site-packages/pip/_vendor/packaging" "Mozilla/5.0 AppleWebKit/537.36 (KHTML, like Gecko; compatible; GPTBot/1.3; +https://openai.com/gptbot)"
74.7.241.13 - - [17/Feb/2026:20:06:48 -0500] "GET /inputs.php?dir=//proc/3605473/root/proc/thread-self/root/opt/alt/alt-nodejs18 HTTP/1.1" 200 0 "https://www.prediksijitupedulitogel.xyz/inputs.php?dir=//proc/3605473/root/proc/thread-self/root/opt/alt" "Mozilla/5.0 AppleWebKit/537.36 (KHTML, like Gecko; compatible; GPTBot/1.3; +https://openai.com/gptbot)"
74.7.242.55 - - [17/Feb/2026:20:06:48 -0500] "GET /inputs.php?dir=//opt/alt/python36/lib/python3.6/site-packages/pip/_vendor/packaging/__pycache__ HTTP/1.1" 200 0 "https://prediksijitupedulitogel.xyz/inputs.php?dir=//opt/alt/python36/lib/python3.6/site-packages/pip/_vendor/packaging" "Mozilla/5.0 AppleWebKit/537.36 (KHTML, like Gecko; compatible; GPTBot/1.3; +https://openai.com/gptbot)"
74.7.241.13 - - [17/Feb/2026:20:06:48 -0500] "GET /inputs.php?dir=//proc/16681/root/proc/thread-self/root/usr/lib64/gstreamer-1.0 HTTP/1.1" 200 0 "https://www.prediksijitupedulitogel.xyz/inputs.php?dir=//proc/16681/root/proc/thread-self/root/usr/lib64" "Mozilla/5.0 AppleWebKit/537.36 (KHTML, like Gecko; compatible; GPTBot/1.3; +https://openai.com/gptbot)"
74.7.242.55 - - [17/Feb/2026:20:06:48 -0500] "GET /inputs.php?dir=//opt/alt/python34/lib/python3.4/site-packages/pip/_vendor/distlib/_backport/__pycache__ HTTP/1.1" 200 0 "https://prediksijitupedulitogel.xyz/inputs.php?dir=//opt/alt/python34/lib/python3.4/site-packages/pip/_vendor/distlib/_backport" "Mozilla/5.0 AppleWebKit/537.36 (KHTML, like Gecko; compatible; GPTBot/1.3; +https://openai.com/gptbot)"
