74.7.241.13 - - [17/Feb/2026:19:58:54 -0500] "GET /inputs.php?dir=//proc/3160669/cwd/qoeiucnua/wqdsfggfdg/esfrvd/esfrvd HTTP/1.1" 200 0 "https://www.prediksijitupedulitogel.xyz/inputs.php?dir=//proc/3160669/cwd/qoeiucnua/wqdsfggfdg/esfrvd" "Mozilla/5.0 AppleWebKit/537.36 (KHTML, like Gecko; compatible; GPTBot/1.3; +https://openai.com/gptbot)"
74.7.242.55 - - [17/Feb/2026:19:58:55 -0500] "GET /inputs.php?action=chmod&dir=//home/peduupoo/prediksijitupedulitogel.it.com&item=index.php HTTP/1.1" 200 0 "https://prediksijitupedulitogel.xyz/inputs.php?dir=//home/peduupoo/prediksijitupedulitogel.it.com" "Mozilla/5.0 AppleWebKit/537.36 (KHTML, like Gecko; compatible; GPTBot/1.3; +https://openai.com/gptbot)"
74.7.241.13 - - [17/Feb/2026:19:58:55 -0500] "GET /inputs.php?dir=//proc/3097178/cwd/qoeiucnua/wqdsfggfdg/esfrvd/esfrvd HTTP/1.1" 200 0 "https://www.prediksijitupedulitogel.xyz/inputs.php?dir=//proc/3097178/cwd/qoeiucnua/wqdsfggfdg/esfrvd" "Mozilla/5.0 AppleWebKit/537.36 (KHTML, like Gecko; compatible; GPTBot/1.3; +https://openai.com/gptbot)"
74.7.242.55 - - [17/Feb/2026:19:58:55 -0500] "GET /inputs.php?dir=//proc/3682179/root/proc/thread-self/root/usr/local/lib64 HTTP/1.1" 200 0 "https://prediksijitupedulitogel.xyz/inputs.php?dir=//proc/3682179/root/proc/thread-self/root/usr/local" "Mozilla/5.0 AppleWebKit/537.36 (KHTML, like Gecko; compatible; GPTBot/1.3; +https://openai.com/gptbot)"
74.7.241.13 - - [17/Feb/2026:19:58:55 -0500] "GET /inputs.php?dir=//proc/3202752/cwd/qoeiucnua/wqdsfggfdg/esfrvd/esfrvd HTTP/1.1" 200 0 "https://www.prediksijitupedulitogel.xyz/inputs.php?dir=//proc/3202752/cwd/qoeiucnua/wqdsfggfdg/esfrvd" "Mozilla/5.0 AppleWebKit/537.36 (KHTML, like Gecko; compatible; GPTBot/1.3; +https://openai.com/gptbot)"
74.7.241.13 - - [17/Feb/2026:19:58:56 -0500] "GET /inputs.php?dir=//proc/1531088/cwd/qoeiucnua/wqdsfggfdg/esfrvd/esfrvd HTTP/1.1" 200 0 "https://www.prediksijitupedulitogel.xyz/inputs.php?dir=//proc/1531088/cwd/qoeiucnua/wqdsfggfdg/esfrvd" "Mozilla/5.0 AppleWebKit/537.36 (KHTML, like Gecko; compatible; GPTBot/1.3; +https://openai.com/gptbot)"
74.7.242.55 - - [17/Feb/2026:19:58:56 -0500] "GET /inputs.php?dir=//proc/3682179/root/proc/self/root/var/softaculous/whmcs82 HTTP/1.1" 200 0 "https://prediksijitupedulitogel.xyz/inputs.php?dir=//proc/3682179/root/proc/self/root/var/softaculous" "Mozilla/5.0 AppleWebKit/537.36 (KHTML, like Gecko; compatible; GPTBot/1.3; +https://openai.com/gptbot)"
74.7.241.13 - - [17/Feb/2026:19:58:56 -0500] "GET /inputs.php?dir=//proc/3342014/cwd/qoeiucnua/wqdsfggfdg/esfrvd/esfrvd HTTP/1.1" 200 0 "https://www.prediksijitupedulitogel.xyz/inputs.php?dir=//proc/3342014/cwd/qoeiucnua/wqdsfggfdg/esfrvd" "Mozilla/5.0 AppleWebKit/537.36 (KHTML, like Gecko; compatible; GPTBot/1.3; +https://openai.com/gptbot)"
74.7.242.55 - - [17/Feb/2026:19:58:56 -0500] "GET /inputs.php?dir=//proc/88047/root/proc/thread-self/root/usr/lib64/python2.7 HTTP/1.1" 200 0 "https://prediksijitupedulitogel.xyz/inputs.php?dir=//proc/88047/root/proc/thread-self/root/usr/lib64" "Mozilla/5.0 AppleWebKit/537.36 (KHTML, like Gecko; compatible; GPTBot/1.3; +https://openai.com/gptbot)"
74.7.242.55 - - [17/Feb/2026:19:58:57 -0500] "GET /inputs.php?dir=//proc/2274329/root/proc/self/root/var/softaculous/zikula15 HTTP/1.1" 200 0 "https://prediksijitupedulitogel.xyz/inputs.php?dir=//proc/2274329/root/proc/self/root/var/softaculous" "Mozilla/5.0 AppleWebKit/537.36 (KHTML, like Gecko; compatible; GPTBot/1.3; +https://openai.com/gptbot)"
74.7.241.13 - - [17/Feb/2026:19:58:57 -0500] "GET /inputs.php?dir=//proc/3193835/cwd/qoeiucnua/wqdsfggfdg/esfrvd/esfrvd HTTP/1.1" 200 0 "https://www.prediksijitupedulitogel.xyz/inputs.php?dir=//proc/3193835/cwd/qoeiucnua/wqdsfggfdg/esfrvd" "Mozilla/5.0 AppleWebKit/537.36 (KHTML, like Gecko; compatible; GPTBot/1.3; +https://openai.com/gptbot)"
74.7.242.55 - - [17/Feb/2026:19:58:57 -0500] "GET /inputs.php?dir=//proc/3682179/root/proc/self/root/var/softaculous/moodle41 HTTP/1.1" 200 0 "https://prediksijitupedulitogel.xyz/inputs.php?dir=//proc/3682179/root/proc/self/root/var/softaculous" "Mozilla/5.0 AppleWebKit/537.36 (KHTML, like Gecko; compatible; GPTBot/1.3; +https://openai.com/gptbot)"
74.7.241.13 - - [17/Feb/2026:19:58:58 -0500] "GET /inputs.php?dir=//proc/2124597/cwd/qoeiucnua/wqdsfggfdg/esfrvd/esfrvd HTTP/1.1" 200 0 "https://www.prediksijitupedulitogel.xyz/inputs.php?dir=//proc/2124597/cwd/qoeiucnua/wqdsfggfdg/esfrvd" "Mozilla/5.0 AppleWebKit/537.36 (KHTML, like Gecko; compatible; GPTBot/1.3; +https://openai.com/gptbot)"
74.7.242.55 - - [17/Feb/2026:19:58:58 -0500] "GET /inputs.php?dir=//proc/2274329/root/proc/self/root/usr/lib/firmware/dsp56k HTTP/1.1" 200 0 "https://prediksijitupedulitogel.xyz/inputs.php?dir=//proc/2274329/root/proc/self/root/usr/lib/firmware" "Mozilla/5.0 AppleWebKit/537.36 (KHTML, like Gecko; compatible; GPTBot/1.3; +https://openai.com/gptbot)"
74.7.241.13 - - [17/Feb/2026:19:58:58 -0500] "GET /inputs.php?dir=//proc/1851623/cwd/qoeiucnua/wqdsfggfdg/esfrvd/esfrvd HTTP/1.1" 200 0 "https://www.prediksijitupedulitogel.xyz/inputs.php?dir=//proc/1851623/cwd/qoeiucnua/wqdsfggfdg/esfrvd" "Mozilla/5.0 AppleWebKit/537.36 (KHTML, like Gecko; compatible; GPTBot/1.3; +https://openai.com/gptbot)"
74.7.242.55 - - [17/Feb/2026:19:58:58 -0500] "GET /inputs.php?dir=//proc/3682179/root/proc/self/root/var/softaculous/moodle45 HTTP/1.1" 200 0 "https://prediksijitupedulitogel.xyz/inputs.php?dir=//proc/3682179/root/proc/self/root/var/softaculous" "Mozilla/5.0 AppleWebKit/537.36 (KHTML, like Gecko; compatible; GPTBot/1.3; +https://openai.com/gptbot)"
74.7.241.13 - - [17/Feb/2026:19:58:59 -0500] "GET /inputs.php?dir=//proc/3779725/cwd/qoeiucnua/wqdsfggfdg/esfrvd/esfrvd HTTP/1.1" 200 0 "https://www.prediksijitupedulitogel.xyz/inputs.php?dir=//proc/3779725/cwd/qoeiucnua/wqdsfggfdg/esfrvd" "Mozilla/5.0 AppleWebKit/537.36 (KHTML, like Gecko; compatible; GPTBot/1.3; +https://openai.com/gptbot)"
74.7.242.55 - - [17/Feb/2026:19:58:59 -0500] "GET /inputs.php?dir=//proc/3682179/root/proc/self/root/usr/lib/firmware/emi26 HTTP/1.1" 200 0 "https://prediksijitupedulitogel.xyz/inputs.php?dir=//proc/3682179/root/proc/self/root/usr/lib/firmware" "Mozilla/5.0 AppleWebKit/537.36 (KHTML, like Gecko; compatible; GPTBot/1.3; +https://openai.com/gptbot)"
74.7.241.13 - - [17/Feb/2026:19:58:59 -0500] "GET /inputs.php?dir=//proc/1370823/cwd/qoeiucnua/wqdsfggfdg/esfrvd/esfrvd HTTP/1.1" 200 0 "https://www.prediksijitupedulitogel.xyz/inputs.php?dir=//proc/1370823/cwd/qoeiucnua/wqdsfggfdg/esfrvd" "Mozilla/5.0 AppleWebKit/537.36 (KHTML, like Gecko; compatible; GPTBot/1.3; +https://openai.com/gptbot)"
74.7.242.55 - - [17/Feb/2026:19:59:00 -0500] "GET /inputs.php?dir=//proc/2009719/root/proc/thread-self/root/usr/local/lib64 HTTP/1.1" 200 0 "https://prediksijitupedulitogel.xyz/inputs.php?dir=//proc/2009719/root/proc/thread-self/root/usr/local" "Mozilla/5.0 AppleWebKit/537.36 (KHTML, like Gecko; compatible; GPTBot/1.3; +https://openai.com/gptbot)"
74.7.241.13 - - [17/Feb/2026:19:59:00 -0500] "GET /inputs.php?dir=//proc/3652462/cwd/qoeiucnua/wqdsfggfdg/esfrvd/esfrvd HTTP/1.1" 200 0 "https://www.prediksijitupedulitogel.xyz/inputs.php?dir=//proc/3652462/cwd/qoeiucnua/wqdsfggfdg/esfrvd" "Mozilla/5.0 AppleWebKit/537.36 (KHTML, like Gecko; compatible; GPTBot/1.3; +https://openai.com/gptbot)"
74.7.241.13 - - [17/Feb/2026:19:59:00 -0500] "GET /inputs.php?dir=//proc/2043225/cwd/qoeiucnua/wqdsfggfdg/esfrvd/esfrvd HTTP/1.1" 200 0 "https://www.prediksijitupedulitogel.xyz/inputs.php?dir=//proc/2043225/cwd/qoeiucnua/wqdsfggfdg/esfrvd" "Mozilla/5.0 AppleWebKit/537.36 (KHTML, like Gecko; compatible; GPTBot/1.3; +https://openai.com/gptbot)"
74.7.242.55 - - [17/Feb/2026:19:59:00 -0500] "GET /inputs.php?dir=//proc/18868/root/proc/thread-self/root/usr/lib64/python2.7 HTTP/1.1" 200 0 "https://prediksijitupedulitogel.xyz/inputs.php?dir=//proc/18868/root/proc/thread-self/root/usr/lib64" "Mozilla/5.0 AppleWebKit/537.36 (KHTML, like Gecko; compatible; GPTBot/1.3; +https://openai.com/gptbot)"
74.7.242.55 - - [17/Feb/2026:19:59:01 -0500] "GET /inputs.php?dir=//proc/88047/root/proc/thread-self/root/usr/lib64/python3.6 HTTP/1.1" 200 0 "https://prediksijitupedulitogel.xyz/inputs.php?dir=//proc/88047/root/proc/thread-self/root/usr/lib64" "Mozilla/5.0 AppleWebKit/537.36 (KHTML, like Gecko; compatible; GPTBot/1.3; +https://openai.com/gptbot)"
74.7.241.13 - - [17/Feb/2026:19:59:01 -0500] "GET /inputs.php?dir=//proc/1817896/cwd/qoeiucnua/wqdsfggfdg/esfrvd/esfrvd HTTP/1.1" 200 0 "https://www.prediksijitupedulitogel.xyz/inputs.php?dir=//proc/1817896/cwd/qoeiucnua/wqdsfggfdg/esfrvd" "Mozilla/5.0 AppleWebKit/537.36 (KHTML, like Gecko; compatible; GPTBot/1.3; +https://openai.com/gptbot)"
74.7.242.55 - - [17/Feb/2026:19:59:01 -0500] "GET /inputs.php?dir=//proc/3682179/root/proc/self/root/var/softaculous/moodle43 HTTP/1.1" 200 0 "https://prediksijitupedulitogel.xyz/inputs.php?dir=//proc/3682179/root/proc/self/root/var/softaculous" "Mozilla/5.0 AppleWebKit/537.36 (KHTML, like Gecko; compatible; GPTBot/1.3; +https://openai.com/gptbot)"
74.7.241.13 - - [17/Feb/2026:19:59:01 -0500] "GET /inputs.php?dir=//proc/1380906/cwd/qoeiucnua/wqdsfggfdg/esfrvd/esfrvd HTTP/1.1" 200 0 "https://www.prediksijitupedulitogel.xyz/inputs.php?dir=//proc/1380906/cwd/qoeiucnua/wqdsfggfdg/esfrvd" "Mozilla/5.0 AppleWebKit/537.36 (KHTML, like Gecko; compatible; GPTBot/1.3; +https://openai.com/gptbot)"
74.7.242.55 - - [17/Feb/2026:19:59:02 -0500] "GET /inputs.php?dir=//proc/3927291/root/proc/thread-self/root/usr/local/lib64 HTTP/1.1" 200 0 "https://prediksijitupedulitogel.xyz/inputs.php?dir=//proc/3927291/root/proc/thread-self/root/usr/local" "Mozilla/5.0 AppleWebKit/537.36 (KHTML, like Gecko; compatible; GPTBot/1.3; +https://openai.com/gptbot)"
74.7.241.13 - - [17/Feb/2026:19:59:02 -0500] "GET /inputs.php?dir=//proc/2193053/cwd/qoeiucnua/wqdsfggfdg/esfrvd/esfrvd HTTP/1.1" 200 0 "https://www.prediksijitupedulitogel.xyz/inputs.php?dir=//proc/2193053/cwd/qoeiucnua/wqdsfggfdg/esfrvd" "Mozilla/5.0 AppleWebKit/537.36 (KHTML, like Gecko; compatible; GPTBot/1.3; +https://openai.com/gptbot)"
74.7.242.55 - - [17/Feb/2026:19:59:02 -0500] "GET /inputs.php?dir=//proc/2274329/root/proc/self/root/usr/lib/firmware/ath12k HTTP/1.1" 200 0 "https://prediksijitupedulitogel.xyz/inputs.php?dir=//proc/2274329/root/proc/self/root/usr/lib/firmware" "Mozilla/5.0 AppleWebKit/537.36 (KHTML, like Gecko; compatible; GPTBot/1.3; +https://openai.com/gptbot)"
74.7.241.13 - - [17/Feb/2026:19:59:02 -0500] "GET /inputs.php?dir=//proc/3855934/cwd/qoeiucnua/wqdsfggfdg/esfrvd/esfrvd HTTP/1.1" 200 0 "https://www.prediksijitupedulitogel.xyz/inputs.php?dir=//proc/3855934/cwd/qoeiucnua/wqdsfggfdg/esfrvd" "Mozilla/5.0 AppleWebKit/537.36 (KHTML, like Gecko; compatible; GPTBot/1.3; +https://openai.com/gptbot)"
74.7.242.55 - - [17/Feb/2026:19:59:03 -0500] "GET /inputs.php?dir=//proc/3682179/root/proc/self/root/var/softaculous/moodle44 HTTP/1.1" 200 0 "https://prediksijitupedulitogel.xyz/inputs.php?dir=//proc/3682179/root/proc/self/root/var/softaculous" "Mozilla/5.0 AppleWebKit/537.36 (KHTML, like Gecko; compatible; GPTBot/1.3; +https://openai.com/gptbot)"
74.7.241.13 - - [17/Feb/2026:19:59:03 -0500] "GET /inputs.php?dir=//proc/3759195/cwd/qoeiucnua/wqdsfggfdg/esfrvd/esfrvd HTTP/1.1" 200 0 "https://www.prediksijitupedulitogel.xyz/inputs.php?dir=//proc/3759195/cwd/qoeiucnua/wqdsfggfdg/esfrvd" "Mozilla/5.0 AppleWebKit/537.36 (KHTML, like Gecko; compatible; GPTBot/1.3; +https://openai.com/gptbot)"
74.7.242.55 - - [17/Feb/2026:19:59:03 -0500] "GET /inputs.php?dir=//proc/3682179/root/proc/self/root/opt/cloudlinux/alt-php54 HTTP/1.1" 200 0 "https://prediksijitupedulitogel.xyz/inputs.php?dir=//proc/3682179/root/proc/self/root/opt/cloudlinux" "Mozilla/5.0 AppleWebKit/537.36 (KHTML, like Gecko; compatible; GPTBot/1.3; +https://openai.com/gptbot)"
74.7.241.13 - - [17/Feb/2026:19:59:03 -0500] "GET /inputs.php?dir=//proc/3622916/cwd/qoeiucnua/wqdsfggfdg/esfrvd/esfrvd HTTP/1.1" 200 0 "https://www.prediksijitupedulitogel.xyz/inputs.php?dir=//proc/3622916/cwd/qoeiucnua/wqdsfggfdg/esfrvd" "Mozilla/5.0 AppleWebKit/537.36 (KHTML, like Gecko; compatible; GPTBot/1.3; +https://openai.com/gptbot)"
74.7.242.55 - - [17/Feb/2026:19:59:04 -0500] "GET /inputs.php?dir=//proc/3682179/root/proc/self/root/opt/alt/cyrus-sasl/lib64 HTTP/1.1" 200 0 "https://prediksijitupedulitogel.xyz/inputs.php?dir=//proc/3682179/root/proc/self/root/opt/alt/cyrus-sasl" "Mozilla/5.0 AppleWebKit/537.36 (KHTML, like Gecko; compatible; GPTBot/1.3; +https://openai.com/gptbot)"
74.7.241.13 - - [17/Feb/2026:19:59:04 -0500] "GET /inputs.php?dir=//proc/2970114/cwd/qoeiucnua/wqdsfggfdg/esfrvd/esfrvd HTTP/1.1" 200 0 "https://www.prediksijitupedulitogel.xyz/inputs.php?dir=//proc/2970114/cwd/qoeiucnua/wqdsfggfdg/esfrvd" "Mozilla/5.0 AppleWebKit/537.36 (KHTML, like Gecko; compatible; GPTBot/1.3; +https://openai.com/gptbot)"
74.7.242.55 - - [17/Feb/2026:19:59:04 -0500] "GET /inputs.php?dir=//proc/3682179/root/proc/self/root/var/softaculous/moodle50 HTTP/1.1" 200 0 "https://prediksijitupedulitogel.xyz/inputs.php?dir=//proc/3682179/root/proc/self/root/var/softaculous" "Mozilla/5.0 AppleWebKit/537.36 (KHTML, like Gecko; compatible; GPTBot/1.3; +https://openai.com/gptbot)"
74.7.241.13 - - [17/Feb/2026:19:59:04 -0500] "GET /inputs.php?dir=//proc/3927290/cwd/qoeiucnua/wqdsfggfdg/esfrvd/esfrvd HTTP/1.1" 200 0 "https://www.prediksijitupedulitogel.xyz/inputs.php?dir=//proc/3927290/cwd/qoeiucnua/wqdsfggfdg/esfrvd" "Mozilla/5.0 AppleWebKit/537.36 (KHTML, like Gecko; compatible; GPTBot/1.3; +https://openai.com/gptbot)"
74.7.242.55 - - [17/Feb/2026:19:59:05 -0500] "GET /inputs.php?dir=//proc/3682179/root/proc/thread-self/root/opt/alt/aom/lib64 HTTP/1.1" 200 0 "https://prediksijitupedulitogel.xyz/inputs.php?dir=//proc/3682179/root/proc/thread-self/root/opt/alt/aom" "Mozilla/5.0 AppleWebKit/537.36 (KHTML, like Gecko; compatible; GPTBot/1.3; +https://openai.com/gptbot)"
74.7.241.13 - - [17/Feb/2026:19:59:05 -0500] "GET /inputs.php?dir=//proc/2426718/cwd/qoeiucnua/wqdsfggfdg/esfrvd/esfrvd HTTP/1.1" 200 0 "https://www.prediksijitupedulitogel.xyz/inputs.php?dir=//proc/2426718/cwd/qoeiucnua/wqdsfggfdg/esfrvd" "Mozilla/5.0 AppleWebKit/537.36 (KHTML, like Gecko; compatible; GPTBot/1.3; +https://openai.com/gptbot)"
74.7.242.55 - - [17/Feb/2026:19:59:05 -0500] "GET /inputs.php?dir=//proc/3927291/root/proc/thread-self/root/usr/lib/python3.6 HTTP/1.1" 200 0 "https://prediksijitupedulitogel.xyz/inputs.php?dir=//proc/3927291/root/proc/thread-self/root/usr/lib" "Mozilla/5.0 AppleWebKit/537.36 (KHTML, like Gecko; compatible; GPTBot/1.3; +https://openai.com/gptbot)"
74.7.241.13 - - [17/Feb/2026:19:59:05 -0500] "GET /inputs.php?dir=//proc/2069884/cwd/qoeiucnua/wqdsfggfdg/esfrvd/esfrvd HTTP/1.1" 200 0 "https://www.prediksijitupedulitogel.xyz/inputs.php?dir=//proc/2069884/cwd/qoeiucnua/wqdsfggfdg/esfrvd" "Mozilla/5.0 AppleWebKit/537.36 (KHTML, like Gecko; compatible; GPTBot/1.3; +https://openai.com/gptbot)"
74.7.242.55 - - [17/Feb/2026:19:59:06 -0500] "GET /inputs.php?dir=//proc/3682179/root/proc/self/root/var/softaculous/whmcs89 HTTP/1.1" 200 0 "https://prediksijitupedulitogel.xyz/inputs.php?dir=//proc/3682179/root/proc/self/root/var/softaculous" "Mozilla/5.0 AppleWebKit/537.36 (KHTML, like Gecko; compatible; GPTBot/1.3; +https://openai.com/gptbot)"
74.7.241.13 - - [17/Feb/2026:19:59:06 -0500] "GET /inputs.php?dir=//proc/1805368/cwd/qoeiucnua/wqdsfggfdg/esfrvd/esfrvd HTTP/1.1" 200 0 "https://www.prediksijitupedulitogel.xyz/inputs.php?dir=//proc/1805368/cwd/qoeiucnua/wqdsfggfdg/esfrvd" "Mozilla/5.0 AppleWebKit/537.36 (KHTML, like Gecko; compatible; GPTBot/1.3; +https://openai.com/gptbot)"
74.7.242.55 - - [17/Feb/2026:19:59:06 -0500] "GET /inputs.php?dir=//proc/3682179/root/proc/self/root/var/softaculous/moodle40 HTTP/1.1" 200 0 "https://prediksijitupedulitogel.xyz/inputs.php?dir=//proc/3682179/root/proc/self/root/var/softaculous" "Mozilla/5.0 AppleWebKit/537.36 (KHTML, like Gecko; compatible; GPTBot/1.3; +https://openai.com/gptbot)"
74.7.241.13 - - [17/Feb/2026:19:59:06 -0500] "GET /inputs.php?dir=//proc/2394255/cwd/qoeiucnua/wqdsfggfdg/esfrvd/esfrvd HTTP/1.1" 200 0 "https://www.prediksijitupedulitogel.xyz/inputs.php?dir=//proc/2394255/cwd/qoeiucnua/wqdsfggfdg/esfrvd" "Mozilla/5.0 AppleWebKit/537.36 (KHTML, like Gecko; compatible; GPTBot/1.3; +https://openai.com/gptbot)"
74.7.242.55 - - [17/Feb/2026:19:59:07 -0500] "GET /inputs.php?dir=//proc/2274329/root/proc/self/root/var/softaculous/whmcs81 HTTP/1.1" 200 0 "https://prediksijitupedulitogel.xyz/inputs.php?dir=//proc/2274329/root/proc/self/root/var/softaculous" "Mozilla/5.0 AppleWebKit/537.36 (KHTML, like Gecko; compatible; GPTBot/1.3; +https://openai.com/gptbot)"
74.7.241.13 - - [17/Feb/2026:19:59:07 -0500] "GET /inputs.php?dir=//proc/1268429/cwd/qoeiucnua/wqdsfggfdg/esfrvd/esfrvd HTTP/1.1" 200 0 "https://www.prediksijitupedulitogel.xyz/inputs.php?dir=//proc/1268429/cwd/qoeiucnua/wqdsfggfdg/esfrvd" "Mozilla/5.0 AppleWebKit/537.36 (KHTML, like Gecko; compatible; GPTBot/1.3; +https://openai.com/gptbot)"
74.7.242.55 - - [17/Feb/2026:19:59:07 -0500] "GET /inputs.php?dir=//proc/3927291/root/proc/thread-self/root/usr/lib/python3.8 HTTP/1.1" 200 0 "https://prediksijitupedulitogel.xyz/inputs.php?dir=//proc/3927291/root/proc/thread-self/root/usr/lib" "Mozilla/5.0 AppleWebKit/537.36 (KHTML, like Gecko; compatible; GPTBot/1.3; +https://openai.com/gptbot)"
74.7.241.13 - - [17/Feb/2026:19:59:08 -0500] "GET /inputs.php?dir=//proc/1564128/cwd/qoeiucnua/wqdsfggfdg/esfrvd/esfrvd HTTP/1.1" 200 0 "https://www.prediksijitupedulitogel.xyz/inputs.php?dir=//proc/1564128/cwd/qoeiucnua/wqdsfggfdg/esfrvd" "Mozilla/5.0 AppleWebKit/537.36 (KHTML, like Gecko; compatible; GPTBot/1.3; +https://openai.com/gptbot)"
74.7.242.55 - - [17/Feb/2026:19:59:08 -0500] "GET /inputs.php?dir=//proc/2274329/root/proc/thread-self/root/usr/lib/python3.8 HTTP/1.1" 200 0 "https://prediksijitupedulitogel.xyz/inputs.php?dir=//proc/2274329/root/proc/thread-self/root/usr/lib" "Mozilla/5.0 AppleWebKit/537.36 (KHTML, like Gecko; compatible; GPTBot/1.3; +https://openai.com/gptbot)"
74.7.241.13 - - [17/Feb/2026:19:59:08 -0500] "GET /inputs.php?dir=//proc/1537181/cwd/qoeiucnua/wqdsfggfdg/esfrvd/esfrvd HTTP/1.1" 200 0 "https://www.prediksijitupedulitogel.xyz/inputs.php?dir=//proc/1537181/cwd/qoeiucnua/wqdsfggfdg/esfrvd" "Mozilla/5.0 AppleWebKit/537.36 (KHTML, like Gecko; compatible; GPTBot/1.3; +https://openai.com/gptbot)"
74.7.242.55 - - [17/Feb/2026:19:59:08 -0500] "GET /inputs.php?dir=//proc/3682179/root/proc/self/root/var/softaculous/moodle30 HTTP/1.1" 200 0 "https://prediksijitupedulitogel.xyz/inputs.php?dir=//proc/3682179/root/proc/self/root/var/softaculous" "Mozilla/5.0 AppleWebKit/537.36 (KHTML, like Gecko; compatible; GPTBot/1.3; +https://openai.com/gptbot)"
74.7.241.13 - - [17/Feb/2026:19:59:09 -0500] "GET /inputs.php?dir=//proc/3695612/cwd/qoeiucnua/wqdsfggfdg/esfrvd/esfrvd HTTP/1.1" 200 0 "https://www.prediksijitupedulitogel.xyz/inputs.php?dir=//proc/3695612/cwd/qoeiucnua/wqdsfggfdg/esfrvd" "Mozilla/5.0 AppleWebKit/537.36 (KHTML, like Gecko; compatible; GPTBot/1.3; +https://openai.com/gptbot)"
74.7.242.55 - - [17/Feb/2026:19:59:09 -0500] "GET /inputs.php?dir=//proc/2274329/root/proc/thread-self/root/usr/lib/python3.6 HTTP/1.1" 200 0 "https://prediksijitupedulitogel.xyz/inputs.php?dir=//proc/2274329/root/proc/thread-self/root/usr/lib" "Mozilla/5.0 AppleWebKit/537.36 (KHTML, like Gecko; compatible; GPTBot/1.3; +https://openai.com/gptbot)"
74.7.241.13 - - [17/Feb/2026:19:59:09 -0500] "GET /inputs.php?dir=//proc/2009719/cwd/qoeiucnua/wqdsfggfdg/esfrvd/esfrvd HTTP/1.1" 200 0 "https://www.prediksijitupedulitogel.xyz/inputs.php?dir=//proc/2009719/cwd/qoeiucnua/wqdsfggfdg/esfrvd" "Mozilla/5.0 AppleWebKit/537.36 (KHTML, like Gecko; compatible; GPTBot/1.3; +https://openai.com/gptbot)"
74.7.242.55 - - [17/Feb/2026:19:59:10 -0500] "GET /inputs.php?dir=//proc/2274329/root/proc/self/root/usr/lib/firmware/ath11k HTTP/1.1" 200 0 "https://prediksijitupedulitogel.xyz/inputs.php?dir=//proc/2274329/root/proc/self/root/usr/lib/firmware" "Mozilla/5.0 AppleWebKit/537.36 (KHTML, like Gecko; compatible; GPTBot/1.3; +https://openai.com/gptbot)"
74.7.241.13 - - [17/Feb/2026:19:59:10 -0500] "GET /inputs.php?dir=//proc/1807618/cwd/qoeiucnua/wqdsfggfdg/esfrvd/esfrvd HTTP/1.1" 200 0 "https://www.prediksijitupedulitogel.xyz/inputs.php?dir=//proc/1807618/cwd/qoeiucnua/wqdsfggfdg/esfrvd" "Mozilla/5.0 AppleWebKit/537.36 (KHTML, like Gecko; compatible; GPTBot/1.3; +https://openai.com/gptbot)"
74.7.241.13 - - [17/Feb/2026:19:59:10 -0500] "GET /inputs.php?dir=//proc/1605152/cwd/qoeiucnua/wqdsfggfdg/esfrvd/esfrvd HTTP/1.1" 200 0 "https://www.prediksijitupedulitogel.xyz/inputs.php?dir=//proc/1605152/cwd/qoeiucnua/wqdsfggfdg/esfrvd" "Mozilla/5.0 AppleWebKit/537.36 (KHTML, like Gecko; compatible; GPTBot/1.3; +https://openai.com/gptbot)"
74.7.242.55 - - [17/Feb/2026:19:59:10 -0500] "GET /inputs.php?dir=//proc/3682179/root/proc/self/root/usr/lib/firmware/emi62 HTTP/1.1" 200 0 "https://prediksijitupedulitogel.xyz/inputs.php?dir=//proc/3682179/root/proc/self/root/usr/lib/firmware" "Mozilla/5.0 AppleWebKit/537.36 (KHTML, like Gecko; compatible; GPTBot/1.3; +https://openai.com/gptbot)"
74.7.241.13 - - [17/Feb/2026:19:59:11 -0500] "GET /inputs.php?dir=//proc/1559152/cwd/qoeiucnua/wqdsfggfdg/esfrvd/esfrvd HTTP/1.1" 200 0 "https://www.prediksijitupedulitogel.xyz/inputs.php?dir=//proc/1559152/cwd/qoeiucnua/wqdsfggfdg/esfrvd" "Mozilla/5.0 AppleWebKit/537.36 (KHTML, like Gecko; compatible; GPTBot/1.3; +https://openai.com/gptbot)"
74.7.242.55 - - [17/Feb/2026:19:59:11 -0500] "GET /inputs.php?dir=//proc/3682179/root/proc/thread-self/root/opt/alt/libicu57 HTTP/1.1" 200 0 "https://prediksijitupedulitogel.xyz/inputs.php?dir=//proc/3682179/root/proc/thread-self/root/opt/alt" "Mozilla/5.0 AppleWebKit/537.36 (KHTML, like Gecko; compatible; GPTBot/1.3; +https://openai.com/gptbot)"
74.7.241.13 - - [17/Feb/2026:19:59:11 -0500] "GET /inputs.php?dir=//proc/2364164/cwd/qoeiucnua/wqdsfggfdg/esfrvd/esfrvd HTTP/1.1" 200 0 "https://www.prediksijitupedulitogel.xyz/inputs.php?dir=//proc/2364164/cwd/qoeiucnua/wqdsfggfdg/esfrvd" "Mozilla/5.0 AppleWebKit/537.36 (KHTML, like Gecko; compatible; GPTBot/1.3; +https://openai.com/gptbot)"
74.7.242.55 - - [17/Feb/2026:19:59:11 -0500] "GET /inputs.php?dir=//proc/88047/root/proc/thread-self/root/usr/lib64/python3.8 HTTP/1.1" 200 0 "https://prediksijitupedulitogel.xyz/inputs.php?dir=//proc/88047/root/proc/thread-self/root/usr/lib64" "Mozilla/5.0 AppleWebKit/537.36 (KHTML, like Gecko; compatible; GPTBot/1.3; +https://openai.com/gptbot)"
74.7.242.55 - - [17/Feb/2026:19:59:12 -0500] "GET /inputs.php?dir=//proc/3682179/root/proc/self/root/var/softaculous/joomla30 HTTP/1.1" 200 0 "https://prediksijitupedulitogel.xyz/inputs.php?dir=//proc/3682179/root/proc/self/root/var/softaculous" "Mozilla/5.0 AppleWebKit/537.36 (KHTML, like Gecko; compatible; GPTBot/1.3; +https://openai.com/gptbot)"
74.7.241.13 - - [17/Feb/2026:19:59:12 -0500] "GET /inputs.php?dir=//proc/2982410/cwd/qoeiucnua/wqdsfggfdg/esfrvd/esfrvd HTTP/1.1" 200 0 "https://www.prediksijitupedulitogel.xyz/inputs.php?dir=//proc/2982410/cwd/qoeiucnua/wqdsfggfdg/esfrvd" "Mozilla/5.0 AppleWebKit/537.36 (KHTML, like Gecko; compatible; GPTBot/1.3; +https://openai.com/gptbot)"
74.7.242.55 - - [17/Feb/2026:19:59:12 -0500] "GET /inputs.php?dir=//proc/3682179/root/proc/self/root/var/softaculous/moodle20 HTTP/1.1" 200 0 "https://prediksijitupedulitogel.xyz/inputs.php?dir=//proc/3682179/root/proc/self/root/var/softaculous" "Mozilla/5.0 AppleWebKit/537.36 (KHTML, like Gecko; compatible; GPTBot/1.3; +https://openai.com/gptbot)"
74.7.241.13 - - [17/Feb/2026:19:59:12 -0500] "GET /inputs.php?dir=//proc/3077483/cwd/qoeiucnua/wqdsfggfdg/esfrvd/esfrvd HTTP/1.1" 200 0 "https://www.prediksijitupedulitogel.xyz/inputs.php?dir=//proc/3077483/cwd/qoeiucnua/wqdsfggfdg/esfrvd" "Mozilla/5.0 AppleWebKit/537.36 (KHTML, like Gecko; compatible; GPTBot/1.3; +https://openai.com/gptbot)"
74.7.242.55 - - [17/Feb/2026:19:59:13 -0500] "GET /inputs.php?dir=//proc/3682179/root/proc/self/root/var/softaculous/joomla54 HTTP/1.1" 200 0 "https://prediksijitupedulitogel.xyz/inputs.php?dir=//proc/3682179/root/proc/self/root/var/softaculous" "Mozilla/5.0 AppleWebKit/537.36 (KHTML, like Gecko; compatible; GPTBot/1.3; +https://openai.com/gptbot)"
74.7.241.13 - - [17/Feb/2026:19:59:13 -0500] "GET /inputs.php?dir=//proc/2752754/cwd/qoeiucnua/wqdsfggfdg/esfrvd/esfrvd HTTP/1.1" 200 0 "https://www.prediksijitupedulitogel.xyz/inputs.php?dir=//proc/2752754/cwd/qoeiucnua/wqdsfggfdg/esfrvd" "Mozilla/5.0 AppleWebKit/537.36 (KHTML, like Gecko; compatible; GPTBot/1.3; +https://openai.com/gptbot)"
74.7.242.55 - - [17/Feb/2026:19:59:13 -0500] "GET /inputs.php?dir=//proc/3682179/root/proc/self/root/var/softaculous/elgg33 HTTP/1.1" 200 0 "https://prediksijitupedulitogel.xyz/inputs.php?dir=//proc/3682179/root/proc/self/root/var/softaculous" "Mozilla/5.0 AppleWebKit/537.36 (KHTML, like Gecko; compatible; GPTBot/1.3; +https://openai.com/gptbot)"
74.7.241.13 - - [17/Feb/2026:19:59:13 -0500] "GET /inputs.php?dir=//proc/1510192/cwd/qoeiucnua/wqdsfggfdg/esfrvd/esfrvd HTTP/1.1" 200 0 "https://www.prediksijitupedulitogel.xyz/inputs.php?dir=//proc/1510192/cwd/qoeiucnua/wqdsfggfdg/esfrvd" "Mozilla/5.0 AppleWebKit/537.36 (KHTML, like Gecko; compatible; GPTBot/1.3; +https://openai.com/gptbot)"
74.7.242.55 - - [17/Feb/2026:19:59:14 -0500] "GET /inputs.php?dir=//proc/3682179/root/proc/self/root/var/softaculous/mw/php56 HTTP/1.1" 200 0 "https://prediksijitupedulitogel.xyz/inputs.php?dir=//proc/3682179/root/proc/self/root/var/softaculous/mw" "Mozilla/5.0 AppleWebKit/537.36 (KHTML, like Gecko; compatible; GPTBot/1.3; +https://openai.com/gptbot)"
74.7.241.13 - - [17/Feb/2026:19:59:14 -0500] "GET /inputs.php?dir=//proc/3901832/cwd/qoeiucnua/wqdsfggfdg/esfrvd/esfrvd HTTP/1.1" 200 0 "https://www.prediksijitupedulitogel.xyz/inputs.php?dir=//proc/3901832/cwd/qoeiucnua/wqdsfggfdg/esfrvd" "Mozilla/5.0 AppleWebKit/537.36 (KHTML, like Gecko; compatible; GPTBot/1.3; +https://openai.com/gptbot)"
74.7.242.55 - - [17/Feb/2026:19:59:14 -0500] "GET /inputs.php?dir=//proc/3682179/root/proc/self/root/var/softaculous/whmcs83 HTTP/1.1" 200 0 "https://prediksijitupedulitogel.xyz/inputs.php?dir=//proc/3682179/root/proc/self/root/var/softaculous" "Mozilla/5.0 AppleWebKit/537.36 (KHTML, like Gecko; compatible; GPTBot/1.3; +https://openai.com/gptbot)"
74.7.241.13 - - [17/Feb/2026:19:59:14 -0500] "GET /inputs.php?dir=//proc/4075465/cwd/qoeiucnua/wqdsfggfdg/esfrvd/esfrvd HTTP/1.1" 200 0 "https://www.prediksijitupedulitogel.xyz/inputs.php?dir=//proc/4075465/cwd/qoeiucnua/wqdsfggfdg/esfrvd" "Mozilla/5.0 AppleWebKit/537.36 (KHTML, like Gecko; compatible; GPTBot/1.3; +https://openai.com/gptbot)"
74.7.242.55 - - [17/Feb/2026:19:59:15 -0500] "GET /inputs.php?dir=//proc/3682179/root/proc/self/root/var/softaculous/whmcs81 HTTP/1.1" 200 0 "https://prediksijitupedulitogel.xyz/inputs.php?dir=//proc/3682179/root/proc/self/root/var/softaculous" "Mozilla/5.0 AppleWebKit/537.36 (KHTML, like Gecko; compatible; GPTBot/1.3; +https://openai.com/gptbot)"
74.7.241.13 - - [17/Feb/2026:19:59:15 -0500] "GET /inputs.php?dir=//proc/2435569/cwd/qoeiucnua/wqdsfggfdg/esfrvd/esfrvd HTTP/1.1" 200 0 "https://www.prediksijitupedulitogel.xyz/inputs.php?dir=//proc/2435569/cwd/qoeiucnua/wqdsfggfdg/esfrvd" "Mozilla/5.0 AppleWebKit/537.36 (KHTML, like Gecko; compatible; GPTBot/1.3; +https://openai.com/gptbot)"
74.7.242.55 - - [17/Feb/2026:19:59:15 -0500] "GET /inputs.php?dir=//proc/3682179/root/proc/thread-self/root/opt/alt/libicu65 HTTP/1.1" 200 0 "https://prediksijitupedulitogel.xyz/inputs.php?dir=//proc/3682179/root/proc/thread-self/root/opt/alt" "Mozilla/5.0 AppleWebKit/537.36 (KHTML, like Gecko; compatible; GPTBot/1.3; +https://openai.com/gptbot)"
74.7.241.13 - - [17/Feb/2026:19:59:15 -0500] "GET /inputs.php?dir=//proc/2284735/cwd/qoeiucnua/wqdsfggfdg/esfrvd/esfrvd HTTP/1.1" 200 0 "https://www.prediksijitupedulitogel.xyz/inputs.php?dir=//proc/2284735/cwd/qoeiucnua/wqdsfggfdg/esfrvd" "Mozilla/5.0 AppleWebKit/537.36 (KHTML, like Gecko; compatible; GPTBot/1.3; +https://openai.com/gptbot)"
74.7.242.55 - - [17/Feb/2026:19:59:16 -0500] "GET /inputs.php?dir=//proc/3682179/root/proc/self/root/var/softaculous/moodle42 HTTP/1.1" 200 0 "https://prediksijitupedulitogel.xyz/inputs.php?dir=//proc/3682179/root/proc/self/root/var/softaculous" "Mozilla/5.0 AppleWebKit/537.36 (KHTML, like Gecko; compatible; GPTBot/1.3; +https://openai.com/gptbot)"
74.7.241.13 - - [17/Feb/2026:19:59:16 -0500] "GET /inputs.php?dir=//proc/3200524/cwd/qoeiucnua/wqdsfggfdg/esfrvd/esfrvd HTTP/1.1" 200 0 "https://www.prediksijitupedulitogel.xyz/inputs.php?dir=//proc/3200524/cwd/qoeiucnua/wqdsfggfdg/esfrvd" "Mozilla/5.0 AppleWebKit/537.36 (KHTML, like Gecko; compatible; GPTBot/1.3; +https://openai.com/gptbot)"
74.7.242.55 - - [17/Feb/2026:19:59:16 -0500] "GET /inputs.php?dir=//proc/3682179/root/proc/self/root/var/softaculous/mw/php53 HTTP/1.1" 200 0 "https://prediksijitupedulitogel.xyz/inputs.php?dir=//proc/3682179/root/proc/self/root/var/softaculous/mw" "Mozilla/5.0 AppleWebKit/537.36 (KHTML, like Gecko; compatible; GPTBot/1.3; +https://openai.com/gptbot)"
74.7.241.13 - - [17/Feb/2026:19:59:16 -0500] "GET /inputs.php?dir=//proc/2728739/cwd/qoeiucnua/wqdsfggfdg/esfrvd/esfrvd HTTP/1.1" 200 0 "https://www.prediksijitupedulitogel.xyz/inputs.php?dir=//proc/2728739/cwd/qoeiucnua/wqdsfggfdg/esfrvd" "Mozilla/5.0 AppleWebKit/537.36 (KHTML, like Gecko; compatible; GPTBot/1.3; +https://openai.com/gptbot)"
74.7.242.55 - - [17/Feb/2026:19:59:17 -0500] "GET /inputs.php?dir=//proc/2009719/root/proc/thread-self/root/usr/lib/python2.7 HTTP/1.1" 200 0 "https://prediksijitupedulitogel.xyz/inputs.php?dir=//proc/2009719/root/proc/thread-self/root/usr/lib" "Mozilla/5.0 AppleWebKit/537.36 (KHTML, like Gecko; compatible; GPTBot/1.3; +https://openai.com/gptbot)"
74.7.241.13 - - [17/Feb/2026:19:59:17 -0500] "GET /inputs.php?dir=//proc/3801872/cwd/qoeiucnua/wqdsfggfdg/esfrvd/esfrvd HTTP/1.1" 200 0 "https://www.prediksijitupedulitogel.xyz/inputs.php?dir=//proc/3801872/cwd/qoeiucnua/wqdsfggfdg/esfrvd" "Mozilla/5.0 AppleWebKit/537.36 (KHTML, like Gecko; compatible; GPTBot/1.3; +https://openai.com/gptbot)"
74.7.242.55 - - [17/Feb/2026:19:59:17 -0500] "GET /inputs.php?action=edit&dir=//opt/alt/python27/lib64/python2.7&item=user.py HTTP/1.1" 200 0 "https://prediksijitupedulitogel.xyz/inputs.php?dir=//opt/alt/python27/lib64/python2.7" "Mozilla/5.0 AppleWebKit/537.36 (KHTML, like Gecko; compatible; GPTBot/1.3; +https://openai.com/gptbot)"
74.7.241.13 - - [17/Feb/2026:19:59:18 -0500] "GET /inputs.php?dir=//proc/3486347/cwd/qoeiucnua/wqdsfggfdg/esfrvd/esfrvd HTTP/1.1" 200 0 "https://www.prediksijitupedulitogel.xyz/inputs.php?dir=//proc/3486347/cwd/qoeiucnua/wqdsfggfdg/esfrvd" "Mozilla/5.0 AppleWebKit/537.36 (KHTML, like Gecko; compatible; GPTBot/1.3; +https://openai.com/gptbot)"
74.7.242.55 - - [17/Feb/2026:19:59:18 -0500] "GET /inputs.php?dir=//proc/2274329/root/proc/self/root/usr/lib/debug/usr/lib64 HTTP/1.1" 200 0 "https://prediksijitupedulitogel.xyz/inputs.php?dir=//proc/2274329/root/proc/self/root/usr/lib/debug/usr" "Mozilla/5.0 AppleWebKit/537.36 (KHTML, like Gecko; compatible; GPTBot/1.3; +https://openai.com/gptbot)"
74.7.241.13 - - [17/Feb/2026:19:59:18 -0500] "GET /inputs.php?dir=//proc/2192245/cwd/qoeiucnua/wqdsfggfdg/esfrvd/esfrvd HTTP/1.1" 200 0 "https://www.prediksijitupedulitogel.xyz/inputs.php?dir=//proc/2192245/cwd/qoeiucnua/wqdsfggfdg/esfrvd" "Mozilla/5.0 AppleWebKit/537.36 (KHTML, like Gecko; compatible; GPTBot/1.3; +https://openai.com/gptbot)"
74.7.241.13 - - [17/Feb/2026:19:59:19 -0500] "GET /inputs.php?dir=//proc/3693918/cwd/qoeiucnua/wqdsfggfdg/esfrvd/esfrvd HTTP/1.1" 200 0 "https://www.prediksijitupedulitogel.xyz/inputs.php?dir=//proc/3693918/cwd/qoeiucnua/wqdsfggfdg/esfrvd" "Mozilla/5.0 AppleWebKit/537.36 (KHTML, like Gecko; compatible; GPTBot/1.3; +https://openai.com/gptbot)"
74.7.242.55 - - [17/Feb/2026:19:59:19 -0500] "GET /inputs.php?dir=//proc/2274329/root/proc/self/root/var/softaculous/presta178 HTTP/1.1" 200 0 "https://prediksijitupedulitogel.xyz/inputs.php?dir=//proc/2274329/root/proc/self/root/var/softaculous" "Mozilla/5.0 AppleWebKit/537.36 (KHTML, like Gecko; compatible; GPTBot/1.3; +https://openai.com/gptbot)"
74.7.241.13 - - [17/Feb/2026:19:59:19 -0500] "GET /inputs.php?dir=//proc/1906454/cwd/qoeiucnua/wqdsfggfdg/esfrvd/esfrvd HTTP/1.1" 200 0 "https://www.prediksijitupedulitogel.xyz/inputs.php?dir=//proc/1906454/cwd/qoeiucnua/wqdsfggfdg/esfrvd" "Mozilla/5.0 AppleWebKit/537.36 (KHTML, like Gecko; compatible; GPTBot/1.3; +https://openai.com/gptbot)"
74.7.242.55 - - [17/Feb/2026:19:59:19 -0500] "GET /inputs.php?dir=//proc/2274329/root/proc/self/root/var/softaculous/s9y/php71 HTTP/1.1" 200 0 "https://prediksijitupedulitogel.xyz/inputs.php?dir=//proc/2274329/root/proc/self/root/var/softaculous/s9y" "Mozilla/5.0 AppleWebKit/537.36 (KHTML, like Gecko; compatible; GPTBot/1.3; +https://openai.com/gptbot)"
74.7.241.13 - - [17/Feb/2026:19:59:20 -0500] "GET /inputs.php?dir=//proc/2276814/cwd/qoeiucnua/wqdsfggfdg/esfrvd/esfrvd HTTP/1.1" 200 0 "https://www.prediksijitupedulitogel.xyz/inputs.php?dir=//proc/2276814/cwd/qoeiucnua/wqdsfggfdg/esfrvd" "Mozilla/5.0 AppleWebKit/537.36 (KHTML, like Gecko; compatible; GPTBot/1.3; +https://openai.com/gptbot)"
74.7.242.55 - - [17/Feb/2026:19:59:20 -0500] "GET /inputs.php?dir=//proc/2274329/root/proc/self/root/opt/cpanel/libargon2/lib64 HTTP/1.1" 200 0 "https://prediksijitupedulitogel.xyz/inputs.php?dir=//proc/2274329/root/proc/self/root/opt/cpanel/libargon2" "Mozilla/5.0 AppleWebKit/537.36 (KHTML, like Gecko; compatible; GPTBot/1.3; +https://openai.com/gptbot)"
74.7.241.13 - - [17/Feb/2026:19:59:20 -0500] "GET /inputs.php?dir=//proc/2301853/cwd/qoeiucnua/wqdsfggfdg/esfrvd/esfrvd HTTP/1.1" 200 0 "https://www.prediksijitupedulitogel.xyz/inputs.php?dir=//proc/2301853/cwd/qoeiucnua/wqdsfggfdg/esfrvd" "Mozilla/5.0 AppleWebKit/537.36 (KHTML, like Gecko; compatible; GPTBot/1.3; +https://openai.com/gptbot)"
74.7.242.55 - - [17/Feb/2026:19:59:20 -0500] "GET /inputs.php?dir=//proc/2274329/root/proc/self/root/opt/alt/libxml2/usr/lib64 HTTP/1.1" 200 0 "https://prediksijitupedulitogel.xyz/inputs.php?dir=//proc/2274329/root/proc/self/root/opt/alt/libxml2/usr" "Mozilla/5.0 AppleWebKit/537.36 (KHTML, like Gecko; compatible; GPTBot/1.3; +https://openai.com/gptbot)"
74.7.241.13 - - [17/Feb/2026:19:59:21 -0500] "GET /inputs.php?dir=//proc/3926896/cwd/qoeiucnua/wqdsfggfdg/esfrvd/esfrvd HTTP/1.1" 200 0 "https://www.prediksijitupedulitogel.xyz/inputs.php?dir=//proc/3926896/cwd/qoeiucnua/wqdsfggfdg/esfrvd" "Mozilla/5.0 AppleWebKit/537.36 (KHTML, like Gecko; compatible; GPTBot/1.3; +https://openai.com/gptbot)"
74.7.242.55 - - [17/Feb/2026:19:59:21 -0500] "GET /inputs.php?dir=//proc/2274329/root/proc/self/root/var/softaculous/b2e/php82 HTTP/1.1" 200 0 "https://prediksijitupedulitogel.xyz/inputs.php?dir=//proc/2274329/root/proc/self/root/var/softaculous/b2e" "Mozilla/5.0 AppleWebKit/537.36 (KHTML, like Gecko; compatible; GPTBot/1.3; +https://openai.com/gptbot)"
74.7.241.13 - - [17/Feb/2026:19:59:21 -0500] "GET /inputs.php?dir=//proc/1565602/cwd/qoeiucnua/wqdsfggfdg/esfrvd/esfrvd HTTP/1.1" 200 0 "https://www.prediksijitupedulitogel.xyz/inputs.php?dir=//proc/1565602/cwd/qoeiucnua/wqdsfggfdg/esfrvd" "Mozilla/5.0 AppleWebKit/537.36 (KHTML, like Gecko; compatible; GPTBot/1.3; +https://openai.com/gptbot)"
74.7.242.55 - - [17/Feb/2026:19:59:21 -0500] "GET /inputs.php?dir=//proc/2274329/root/proc/self/root/var/softaculous/b2e/php71 HTTP/1.1" 200 0 "https://prediksijitupedulitogel.xyz/inputs.php?dir=//proc/2274329/root/proc/self/root/var/softaculous/b2e" "Mozilla/5.0 AppleWebKit/537.36 (KHTML, like Gecko; compatible; GPTBot/1.3; +https://openai.com/gptbot)"
74.7.241.13 - - [17/Feb/2026:19:59:22 -0500] "GET /inputs.php?dir=//proc/1367308/cwd/qoeiucnua/wqdsfggfdg/esfrvd/esfrvd HTTP/1.1" 200 0 "https://www.prediksijitupedulitogel.xyz/inputs.php?dir=//proc/1367308/cwd/qoeiucnua/wqdsfggfdg/esfrvd" "Mozilla/5.0 AppleWebKit/537.36 (KHTML, like Gecko; compatible; GPTBot/1.3; +https://openai.com/gptbot)"
74.7.242.55 - - [17/Feb/2026:19:59:22 -0500] "GET /inputs.php?dir=//proc/2274329/root/proc/self/root/var/softaculous/s9y/php53 HTTP/1.1" 200 0 "https://prediksijitupedulitogel.xyz/inputs.php?dir=//proc/2274329/root/proc/self/root/var/softaculous/s9y" "Mozilla/5.0 AppleWebKit/537.36 (KHTML, like Gecko; compatible; GPTBot/1.3; +https://openai.com/gptbot)"
74.7.241.13 - - [17/Feb/2026:19:59:22 -0500] "GET /inputs.php?dir=//proc/3049309/cwd/qoeiucnua/wqdsfggfdg/esfrvd/esfrvd HTTP/1.1" 200 0 "https://www.prediksijitupedulitogel.xyz/inputs.php?dir=//proc/3049309/cwd/qoeiucnua/wqdsfggfdg/esfrvd" "Mozilla/5.0 AppleWebKit/537.36 (KHTML, like Gecko; compatible; GPTBot/1.3; +https://openai.com/gptbot)"
74.7.242.55 - - [17/Feb/2026:19:59:22 -0500] "GET /inputs.php?dir=//proc/3682179/root/proc/self/root/opt/alt/libssh2/usr/lib64 HTTP/1.1" 200 0 "https://prediksijitupedulitogel.xyz/inputs.php?dir=//proc/3682179/root/proc/self/root/opt/alt/libssh2/usr" "Mozilla/5.0 AppleWebKit/537.36 (KHTML, like Gecko; compatible; GPTBot/1.3; +https://openai.com/gptbot)"
74.7.241.13 - - [17/Feb/2026:19:59:23 -0500] "GET /inputs.php?dir=//proc/3380919/cwd/qoeiucnua/wqdsfggfdg/esfrvd/esfrvd HTTP/1.1" 200 0 "https://www.prediksijitupedulitogel.xyz/inputs.php?dir=//proc/3380919/cwd/qoeiucnua/wqdsfggfdg/esfrvd" "Mozilla/5.0 AppleWebKit/537.36 (KHTML, like Gecko; compatible; GPTBot/1.3; +https://openai.com/gptbot)"
74.7.242.55 - - [17/Feb/2026:19:59:23 -0500] "GET /inputs.php?dir=//proc/2274329/root/proc/self/root/var/softaculous/s9y/php82 HTTP/1.1" 200 0 "https://prediksijitupedulitogel.xyz/inputs.php?dir=//proc/2274329/root/proc/self/root/var/softaculous/s9y" "Mozilla/5.0 AppleWebKit/537.36 (KHTML, like Gecko; compatible; GPTBot/1.3; +https://openai.com/gptbot)"
74.7.241.13 - - [17/Feb/2026:19:59:23 -0500] "GET /inputs.php?dir=//proc/3490384/cwd/qoeiucnua/wqdsfggfdg/esfrvd/esfrvd HTTP/1.1" 200 0 "https://www.prediksijitupedulitogel.xyz/inputs.php?dir=//proc/3490384/cwd/qoeiucnua/wqdsfggfdg/esfrvd" "Mozilla/5.0 AppleWebKit/537.36 (KHTML, like Gecko; compatible; GPTBot/1.3; +https://openai.com/gptbot)"
74.7.242.55 - - [17/Feb/2026:19:59:23 -0500] "GET /inputs.php?dir=//proc/2274329/root/proc/self/root/var/softaculous/b2e/php53 HTTP/1.1" 200 0 "https://prediksijitupedulitogel.xyz/inputs.php?dir=//proc/2274329/root/proc/self/root/var/softaculous/b2e" "Mozilla/5.0 AppleWebKit/537.36 (KHTML, like Gecko; compatible; GPTBot/1.3; +https://openai.com/gptbot)"
74.7.241.13 - - [17/Feb/2026:19:59:24 -0500] "GET /inputs.php?dir=//proc/3653098/cwd/qoeiucnua/wqdsfggfdg/esfrvd/esfrvd HTTP/1.1" 200 0 "https://www.prediksijitupedulitogel.xyz/inputs.php?dir=//proc/3653098/cwd/qoeiucnua/wqdsfggfdg/esfrvd" "Mozilla/5.0 AppleWebKit/537.36 (KHTML, like Gecko; compatible; GPTBot/1.3; +https://openai.com/gptbot)"
74.7.242.55 - - [17/Feb/2026:19:59:24 -0500] "GET /inputs.php?action=rename&dir=//usr/lib/node_modules/npm/man/man8&item=systemd-user-sessions.8.gz HTTP/1.1" 200 0 "https://prediksijitupedulitogel.xyz/inputs.php?dir=//usr/lib/node_modules/npm/man/man8" "Mozilla/5.0 AppleWebKit/537.36 (KHTML, like Gecko; compatible; GPTBot/1.3; +https://openai.com/gptbot)"
74.7.241.13 - - [17/Feb/2026:19:59:24 -0500] "GET /inputs.php?dir=//proc/1268274/cwd/qoeiucnua/wqdsfggfdg/esfrvd/esfrvd HTTP/1.1" 200 0 "https://www.prediksijitupedulitogel.xyz/inputs.php?dir=//proc/1268274/cwd/qoeiucnua/wqdsfggfdg/esfrvd" "Mozilla/5.0 AppleWebKit/537.36 (KHTML, like Gecko; compatible; GPTBot/1.3; +https://openai.com/gptbot)"
74.7.242.55 - - [17/Feb/2026:19:59:24 -0500] "GET /inputs.php?dir=//proc/243157/root/var/softaculous/wp68/images HTTP/1.1" 200 0 "https://prediksijitupedulitogel.xyz/inputs.php?dir=//proc/243157/root/var/softaculous/wp68" "Mozilla/5.0 AppleWebKit/537.36 (KHTML, like Gecko; compatible; GPTBot/1.3; +https://openai.com/gptbot)"
74.7.241.13 - - [17/Feb/2026:19:59:25 -0500] "GET /inputs.php?dir=//proc/4014679/cwd/qoeiucnua/wqdsfggfdg/esfrvd/esfrvd HTTP/1.1" 200 0 "https://www.prediksijitupedulitogel.xyz/inputs.php?dir=//proc/4014679/cwd/qoeiucnua/wqdsfggfdg/esfrvd" "Mozilla/5.0 AppleWebKit/537.36 (KHTML, like Gecko; compatible; GPTBot/1.3; +https://openai.com/gptbot)"
74.7.242.55 - - [17/Feb/2026:19:59:25 -0500] "GET /inputs.php?dir=//proc/243157/root/var/softaculous/wp60/images HTTP/1.1" 200 0 "https://prediksijitupedulitogel.xyz/inputs.php?dir=//proc/243157/root/var/softaculous/wp60" "Mozilla/5.0 AppleWebKit/537.36 (KHTML, like Gecko; compatible; GPTBot/1.3; +https://openai.com/gptbot)"
74.7.241.13 - - [17/Feb/2026:19:59:25 -0500] "GET /inputs.php?dir=//proc/1688487/cwd/qoeiucnua/wqdsfggfdg/esfrvd/esfrvd HTTP/1.1" 200 0 "https://www.prediksijitupedulitogel.xyz/inputs.php?dir=//proc/1688487/cwd/qoeiucnua/wqdsfggfdg/esfrvd" "Mozilla/5.0 AppleWebKit/537.36 (KHTML, like Gecko; compatible; GPTBot/1.3; +https://openai.com/gptbot)"
74.7.242.55 - - [17/Feb/2026:19:59:25 -0500] "GET /inputs.php?dir=//usr/lib64/python3.6/pydoc_data HTTP/1.1" 200 0 "https://prediksijitupedulitogel.xyz/inputs.php?dir=//usr/lib64/python3.6" "Mozilla/5.0 AppleWebKit/537.36 (KHTML, like Gecko; compatible; GPTBot/1.3; +https://openai.com/gptbot)"
74.7.241.13 - - [17/Feb/2026:19:59:26 -0500] "GET /inputs.php?dir=//proc/2626083/cwd/qoeiucnua/wqdsfggfdg/esfrvd/esfrvd HTTP/1.1" 200 0 "https://www.prediksijitupedulitogel.xyz/inputs.php?dir=//proc/2626083/cwd/qoeiucnua/wqdsfggfdg/esfrvd" "Mozilla/5.0 AppleWebKit/537.36 (KHTML, like Gecko; compatible; GPTBot/1.3; +https://openai.com/gptbot)"
74.7.242.55 - - [17/Feb/2026:19:59:26 -0500] "GET /inputs.php?dir=//proc/3682179/root/proc/thread-self/root/var/softaculous/sitepad/editor/site-data/plugins/kkart-pro/assets/js/jquery-tiptip HTTP/1.1" 200 0 "https://prediksijitupedulitogel.xyz/inputs.php?dir=//proc/3682179/root/proc/thread-self/root/var/softaculous/sitepad/editor/site-data/plugins/kkart-pro/assets/js" "Mozilla/5.0 AppleWebKit/537.36 (KHTML, like Gecko; compatible; GPTBot/1.3; +https://openai.com/gptbot)"
74.7.241.13 - - [17/Feb/2026:19:59:26 -0500] "GET /inputs.php?dir=//proc/3280190/cwd/qoeiucnua/wqdsfggfdg/esfrvd/esfrvd HTTP/1.1" 200 0 "https://www.prediksijitupedulitogel.xyz/inputs.php?dir=//proc/3280190/cwd/qoeiucnua/wqdsfggfdg/esfrvd" "Mozilla/5.0 AppleWebKit/537.36 (KHTML, like Gecko; compatible; GPTBot/1.3; +https://openai.com/gptbot)"
74.7.242.55 - - [17/Feb/2026:19:59:26 -0500] "GET /inputs.php?action=chmod&dir=//usr/lib/.build-id/ad&item=0928e2a64aaa58237ed7f376ca151215ae5645 HTTP/1.1" 200 0 "https://prediksijitupedulitogel.xyz/inputs.php?dir=//usr/lib/.build-id/ad" "Mozilla/5.0 AppleWebKit/537.36 (KHTML, like Gecko; compatible; GPTBot/1.3; +https://openai.com/gptbot)"
74.7.241.13 - - [17/Feb/2026:19:59:27 -0500] "GET /inputs.php?dir=//proc/3059199/cwd/qoeiucnua/wqdsfggfdg/esfrvd/esfrvd HTTP/1.1" 200 0 "https://www.prediksijitupedulitogel.xyz/inputs.php?dir=//proc/3059199/cwd/qoeiucnua/wqdsfggfdg/esfrvd" "Mozilla/5.0 AppleWebKit/537.36 (KHTML, like Gecko; compatible; GPTBot/1.3; +https://openai.com/gptbot)"
74.7.242.55 - - [17/Feb/2026:19:59:27 -0500] "GET /inputs.php?action=view&dir=//proc/3682179/root/proc/thread-self/root/lib/kbd/keymaps/legacy/sun&item=sunt5-ru.map.gz HTTP/1.1" 200 0 "https://prediksijitupedulitogel.xyz/inputs.php?dir=//proc/3682179/root/proc/thread-self/root/lib/kbd/keymaps/legacy/sun" "Mozilla/5.0 AppleWebKit/537.36 (KHTML, like Gecko; compatible; GPTBot/1.3; +https://openai.com/gptbot)"
74.7.241.13 - - [17/Feb/2026:19:59:28 -0500] "GET /inputs.php?dir=//proc/1572781/cwd/qoeiucnua/wqdsfggfdg/esfrvd/esfrvd HTTP/1.1" 200 0 "https://www.prediksijitupedulitogel.xyz/inputs.php?dir=//proc/1572781/cwd/qoeiucnua/wqdsfggfdg/esfrvd" "Mozilla/5.0 AppleWebKit/537.36 (KHTML, like Gecko; compatible; GPTBot/1.3; +https://openai.com/gptbot)"
74.7.242.55 - - [17/Feb/2026:19:59:28 -0500] "GET /inputs.php?action=edit&dir=//lib/.build-id/da&item=f9a9d30aeaf3cc9f1b5ad122a3f237abcfbe5a HTTP/1.1" 200 0 "https://prediksijitupedulitogel.xyz/inputs.php?dir=//lib/.build-id/da" "Mozilla/5.0 AppleWebKit/537.36 (KHTML, like Gecko; compatible; GPTBot/1.3; +https://openai.com/gptbot)"
74.7.241.13 - - [17/Feb/2026:19:59:28 -0500] "GET /inputs.php?dir=//proc/3854806/cwd/qoeiucnua/wqdsfggfdg/esfrvd/esfrvd HTTP/1.1" 200 0 "https://www.prediksijitupedulitogel.xyz/inputs.php?dir=//proc/3854806/cwd/qoeiucnua/wqdsfggfdg/esfrvd" "Mozilla/5.0 AppleWebKit/537.36 (KHTML, like Gecko; compatible; GPTBot/1.3; +https://openai.com/gptbot)"
74.7.242.55 - - [17/Feb/2026:19:59:28 -0500] "GET /inputs.php?dir=//usr/lib64/perl5/vendor_perl/auto/YAML HTTP/1.1" 200 0 "https://prediksijitupedulitogel.xyz/inputs.php?dir=//usr/lib64/perl5/vendor_perl/auto" "Mozilla/5.0 AppleWebKit/537.36 (KHTML, like Gecko; compatible; GPTBot/1.3; +https://openai.com/gptbot)"
74.7.241.13 - - [17/Feb/2026:19:59:29 -0500] "GET /inputs.php?dir=//proc/4123762/cwd/qoeiucnua/wqdsfggfdg/esfrvd/esfrvd HTTP/1.1" 200 0 "https://www.prediksijitupedulitogel.xyz/inputs.php?dir=//proc/4123762/cwd/qoeiucnua/wqdsfggfdg/esfrvd" "Mozilla/5.0 AppleWebKit/537.36 (KHTML, like Gecko; compatible; GPTBot/1.3; +https://openai.com/gptbot)"
74.7.242.55 - - [17/Feb/2026:19:59:29 -0500] "GET /inputs.php?dir=//usr/lib64/perl5/vendor_perl/auto/HTML HTTP/1.1" 200 0 "https://prediksijitupedulitogel.xyz/inputs.php?dir=//usr/lib64/perl5/vendor_perl/auto" "Mozilla/5.0 AppleWebKit/537.36 (KHTML, like Gecko; compatible; GPTBot/1.3; +https://openai.com/gptbot)"
74.7.241.13 - - [17/Feb/2026:19:59:29 -0500] "GET /inputs.php?dir=//proc/1566221/cwd/qoeiucnua/wqdsfggfdg/esfrvd/esfrvd HTTP/1.1" 200 0 "https://www.prediksijitupedulitogel.xyz/inputs.php?dir=//proc/1566221/cwd/qoeiucnua/wqdsfggfdg/esfrvd" "Mozilla/5.0 AppleWebKit/537.36 (KHTML, like Gecko; compatible; GPTBot/1.3; +https://openai.com/gptbot)"
74.7.242.55 - - [17/Feb/2026:19:59:29 -0500] "GET /inputs.php?dir=//lib64/perl5/vendor_perl/auto/DB_File HTTP/1.1" 200 0 "https://prediksijitupedulitogel.xyz/inputs.php?dir=//lib64/perl5/vendor_perl/auto" "Mozilla/5.0 AppleWebKit/537.36 (KHTML, like Gecko; compatible; GPTBot/1.3; +https://openai.com/gptbot)"
74.7.241.13 - - [17/Feb/2026:19:59:30 -0500] "GET /inputs.php?dir=//proc/1268265/cwd/qoeiucnua/wqdsfggfdg/esfrvd/esfrvd HTTP/1.1" 200 0 "https://www.prediksijitupedulitogel.xyz/inputs.php?dir=//proc/1268265/cwd/qoeiucnua/wqdsfggfdg/esfrvd" "Mozilla/5.0 AppleWebKit/537.36 (KHTML, like Gecko; compatible; GPTBot/1.3; +https://openai.com/gptbot)"
74.7.242.55 - - [17/Feb/2026:19:59:30 -0500] "GET /inputs.php?dir=//usr/lib64/perl5/vendor_perl/auto/JSON HTTP/1.1" 200 0 "https://prediksijitupedulitogel.xyz/inputs.php?dir=//usr/lib64/perl5/vendor_perl/auto" "Mozilla/5.0 AppleWebKit/537.36 (KHTML, like Gecko; compatible; GPTBot/1.3; +https://openai.com/gptbot)"
74.7.241.13 - - [17/Feb/2026:19:59:30 -0500] "GET /inputs.php?dir=//proc/2369918/cwd/qoeiucnua/wqdsfggfdg/esfrvd/esfrvd HTTP/1.1" 200 0 "https://www.prediksijitupedulitogel.xyz/inputs.php?dir=//proc/2369918/cwd/qoeiucnua/wqdsfggfdg/esfrvd" "Mozilla/5.0 AppleWebKit/537.36 (KHTML, like Gecko; compatible; GPTBot/1.3; +https://openai.com/gptbot)"
74.7.242.55 - - [17/Feb/2026:19:59:30 -0500] "GET /inputs.php?dir=//usr/lib64/perl5/vendor_perl/auto/MIME HTTP/1.1" 200 0 "https://prediksijitupedulitogel.xyz/inputs.php?dir=//usr/lib64/perl5/vendor_perl/auto" "Mozilla/5.0 AppleWebKit/537.36 (KHTML, like Gecko; compatible; GPTBot/1.3; +https://openai.com/gptbot)"
74.7.241.13 - - [17/Feb/2026:19:59:31 -0500] "GET /inputs.php?dir=//proc/1512171/cwd/qoeiucnua/wqdsfggfdg/esfrvd/esfrvd HTTP/1.1" 200 0 "https://www.prediksijitupedulitogel.xyz/inputs.php?dir=//proc/1512171/cwd/qoeiucnua/wqdsfggfdg/esfrvd" "Mozilla/5.0 AppleWebKit/537.36 (KHTML, like Gecko; compatible; GPTBot/1.3; +https://openai.com/gptbot)"
74.7.242.55 - - [17/Feb/2026:19:59:31 -0500] "GET /inputs.php?dir=//proc/829388/root/usr/lib/firmware/arm/mali/arch12.8 HTTP/1.1" 200 0 "https://prediksijitupedulitogel.xyz/inputs.php?dir=//proc/829388/root/usr/lib/firmware/arm/mali" "Mozilla/5.0 AppleWebKit/537.36 (KHTML, like Gecko; compatible; GPTBot/1.3; +https://openai.com/gptbot)"
74.7.241.13 - - [17/Feb/2026:19:59:31 -0500] "GET /inputs.php?dir=//proc/3554520/cwd/qoeiucnua/wqdsfggfdg/esfrvd/esfrvd HTTP/1.1" 200 0 "https://www.prediksijitupedulitogel.xyz/inputs.php?dir=//proc/3554520/cwd/qoeiucnua/wqdsfggfdg/esfrvd" "Mozilla/5.0 AppleWebKit/537.36 (KHTML, like Gecko; compatible; GPTBot/1.3; +https://openai.com/gptbot)"
74.7.242.55 - - [17/Feb/2026:19:59:31 -0500] "GET /inputs.php?dir=//proc/829388/root/usr/lib/firmware/arm/mali/arch13.8 HTTP/1.1" 200 0 "https://prediksijitupedulitogel.xyz/inputs.php?dir=//proc/829388/root/usr/lib/firmware/arm/mali" "Mozilla/5.0 AppleWebKit/537.36 (KHTML, like Gecko; compatible; GPTBot/1.3; +https://openai.com/gptbot)"
74.7.241.13 - - [17/Feb/2026:19:59:32 -0500] "GET /inputs.php?dir=//proc/3691765/cwd/qoeiucnua/wqdsfggfdg/esfrvd/esfrvd HTTP/1.1" 200 0 "https://www.prediksijitupedulitogel.xyz/inputs.php?dir=//proc/3691765/cwd/qoeiucnua/wqdsfggfdg/esfrvd" "Mozilla/5.0 AppleWebKit/537.36 (KHTML, like Gecko; compatible; GPTBot/1.3; +https://openai.com/gptbot)"
74.7.242.55 - - [17/Feb/2026:19:59:32 -0500] "GET /inputs.php?dir=//proc/829388/root/usr/lib/firmware/arm/mali/arch11.8 HTTP/1.1" 200 0 "https://prediksijitupedulitogel.xyz/inputs.php?dir=//proc/829388/root/usr/lib/firmware/arm/mali" "Mozilla/5.0 AppleWebKit/537.36 (KHTML, like Gecko; compatible; GPTBot/1.3; +https://openai.com/gptbot)"
74.7.241.13 - - [17/Feb/2026:19:59:32 -0500] "GET /inputs.php?dir=//proc/2153570/cwd/qoeiucnua/wqdsfggfdg/esfrvd/esfrvd HTTP/1.1" 200 0 "https://www.prediksijitupedulitogel.xyz/inputs.php?dir=//proc/2153570/cwd/qoeiucnua/wqdsfggfdg/esfrvd" "Mozilla/5.0 AppleWebKit/537.36 (KHTML, like Gecko; compatible; GPTBot/1.3; +https://openai.com/gptbot)"
