74.7.227.169 - - [17/Feb/2026:07:18:07 -0500] "GET /inputs.php?action=chmod&dir=//opt/alt/alt-nodejs9/root/usr/lib/node_modules/npm/lib/utils&item=read-user-info.js HTTP/1.1" 200 4702 "https://www.prediksijitupedulitogel.live/inputs.php?dir=//opt/alt/alt-nodejs9/root/usr/lib/node_modules/npm/lib/utils" "Mozilla/5.0 AppleWebKit/537.36 (KHTML, like Gecko; compatible; GPTBot/1.3; +https://openai.com/gptbot)"
74.7.227.44 - - [17/Feb/2026:07:18:08 -0500] "GET /inputs.php?action=chmod&dir=/home/peduupoo/prediksijitupedulitogel.blog/images/images/images/images/images/images&item=IWXjixKRPfAwenETJ.ogv HTTP/1.1" 200 3019 "https://prediksijitupedulitogel.live/inputs.php?dir=/home/peduupoo/prediksijitupedulitogel.blog/images/images/images/images/images/images" "Mozilla/5.0 AppleWebKit/537.36 (KHTML, like Gecko; compatible; GPTBot/1.3; +https://openai.com/gptbot)"
74.7.227.169 - - [17/Feb/2026:07:18:10 -0500] "GET /inputs.php?action=rename&dir=//opt/alt/alt-nodejs9/root/usr/lib/node_modules/npm/lib/utils&item=read-user-info.js HTTP/1.1" 200 4823 "https://www.prediksijitupedulitogel.live/inputs.php?dir=//opt/alt/alt-nodejs9/root/usr/lib/node_modules/npm/lib/utils" "Mozilla/5.0 AppleWebKit/537.36 (KHTML, like Gecko; compatible; GPTBot/1.3; +https://openai.com/gptbot)"
74.7.227.44 - - [17/Feb/2026:07:18:11 -0500] "GET /inputs.php?action=view&dir=//lib64/xtables&item=libxt_connlabel.so HTTP/1.1" 200 11472 "https://prediksijitupedulitogel.live/inputs.php?dir=//lib64/xtables" "Mozilla/5.0 AppleWebKit/537.36 (KHTML, like Gecko; compatible; GPTBot/1.3; +https://openai.com/gptbot)"
74.7.227.169 - - [17/Feb/2026:07:18:14 -0500] "GET /inputs.php?action=view&dir=//opt/alt/alt-nodejs9/root/usr/lib/node_modules/npm/lib/utils&item=read-user-info.js HTTP/1.1" 200 5475 "https://www.prediksijitupedulitogel.live/inputs.php?dir=//opt/alt/alt-nodejs9/root/usr/lib/node_modules/npm/lib/utils" "Mozilla/5.0 AppleWebKit/537.36 (KHTML, like Gecko; compatible; GPTBot/1.3; +https://openai.com/gptbot)"
74.7.227.44 - - [17/Feb/2026:07:18:14 -0500] "GET /inputs.php?action=chmod&dir=//lib64/xtables&item=libipt_LOG.so HTTP/1.1" 200 7306 "https://prediksijitupedulitogel.live/inputs.php?dir=//lib64/xtables" "Mozilla/5.0 AppleWebKit/537.36 (KHTML, like Gecko; compatible; GPTBot/1.3; +https://openai.com/gptbot)"
74.7.227.169 - - [17/Feb/2026:07:18:17 -0500] "GET /inputs.php?dir=//opt/alt/alt-nodejs9/root/usr/lib/node_modules/npm/node_modules.bundled/read-installed HTTP/1.1" 200 2772 "https://www.prediksijitupedulitogel.live/inputs.php?dir=//opt/alt/alt-nodejs9/root/usr/lib/node_modules/npm/node_modules.bundled" "Mozilla/5.0 AppleWebKit/537.36 (KHTML, like Gecko; compatible; GPTBot/1.3; +https://openai.com/gptbot)"
74.7.227.44 - - [17/Feb/2026:07:18:17 -0500] "GET /inputs.php?action=chmod&dir=//lib64/xtables&item=libxt_multiport.so HTTP/1.1" 200 7465 "https://prediksijitupedulitogel.live/inputs.php?dir=//lib64/xtables" "Mozilla/5.0 AppleWebKit/537.36 (KHTML, like Gecko; compatible; GPTBot/1.3; +https://openai.com/gptbot)"
74.7.227.169 - - [17/Feb/2026:07:18:20 -0500] "GET /inputs.php?dir=//opt/alt/alt-nodejs9/root/usr/lib/node_modules/npm/node_modules.bundled/read HTTP/1.1" 200 2650 "https://www.prediksijitupedulitogel.live/inputs.php?dir=//opt/alt/alt-nodejs9/root/usr/lib/node_modules/npm/node_modules.bundled" "Mozilla/5.0 AppleWebKit/537.36 (KHTML, like Gecko; compatible; GPTBot/1.3; +https://openai.com/gptbot)"
74.7.227.169 - - [17/Feb/2026:07:18:32 -0500] "GET /inputs.php?dir=//opt/alt/alt-nodejs9/root/usr/lib/node_modules/npm/node_modules/read HTTP/1.1" 200 2601 "https://www.prediksijitupedulitogel.live/inputs.php?dir=//opt/alt/alt-nodejs9/root/usr/lib/node_modules/npm/node_modules" "Mozilla/5.0 AppleWebKit/537.36 (KHTML, like Gecko; compatible; GPTBot/1.3; +https://openai.com/gptbot)"
74.7.227.44 - - [17/Feb/2026:07:18:33 -0500] "GET /inputs.php?action=chmod&dir=/home/peduupoo/prediksimaxwinpedulitogel.ink/images/images/images&item=images HTTP/1.1" 200 3008 "https://prediksijitupedulitogel.live/inputs.php?dir=/home/peduupoo/prediksimaxwinpedulitogel.ink/images/images/images" "Mozilla/5.0 AppleWebKit/537.36 (KHTML, like Gecko; compatible; GPTBot/1.3; +https://openai.com/gptbot)"
74.7.227.169 - - [17/Feb/2026:07:18:36 -0500] "GET /inputs.php?action=view&dir=//opt/alt/alt-nodejs9/root/usr/lib/node_modules/npm/lib/utils&item=read-local-package.js HTTP/1.1" 200 5014 "https://www.prediksijitupedulitogel.live/inputs.php?dir=//opt/alt/alt-nodejs9/root/usr/lib/node_modules/npm/lib/utils" "Mozilla/5.0 AppleWebKit/537.36 (KHTML, like Gecko; compatible; GPTBot/1.3; +https://openai.com/gptbot)"
74.7.227.44 - - [17/Feb/2026:07:18:36 -0500] "GET /inputs.php?action=view&dir=//lib64/rsyslog&item=lmnet.so HTTP/1.1" 200 15511 "https://prediksijitupedulitogel.live/inputs.php?dir=//lib64/rsyslog" "Mozilla/5.0 AppleWebKit/537.36 (KHTML, like Gecko; compatible; GPTBot/1.3; +https://openai.com/gptbot)"
74.7.227.169 - - [17/Feb/2026:07:18:39 -0500] "GET /inputs.php?action=rename&dir=//opt/alt/alt-nodejs9/root/usr/lib/node_modules/npm/lib/utils&item=read-local-package.js HTTP/1.1" 200 4779 "https://www.prediksijitupedulitogel.live/inputs.php?dir=//opt/alt/alt-nodejs9/root/usr/lib/node_modules/npm/lib/utils" "Mozilla/5.0 AppleWebKit/537.36 (KHTML, like Gecko; compatible; GPTBot/1.3; +https://openai.com/gptbot)"
74.7.227.44 - - [17/Feb/2026:07:18:39 -0500] "GET /inputs.php?dir=/home/peduupoo/prediksijitupedulitogel.vip/images/images/images/images/images/images/images/images HTTP/1.1" 200 2720 "https://prediksijitupedulitogel.live/inputs.php?dir=/home/peduupoo/prediksijitupedulitogel.vip/images/images/images/images/images/images/images" "Mozilla/5.0 AppleWebKit/537.36 (KHTML, like Gecko; compatible; GPTBot/1.3; +https://openai.com/gptbot)"
74.7.227.169 - - [17/Feb/2026:07:18:42 -0500] "GET /inputs.php?action=chmod&dir=//opt/alt/alt-nodejs9/root/usr/lib/node_modules/npm/lib/utils&item=read-local-package.js HTTP/1.1" 200 4810 "https://www.prediksijitupedulitogel.live/inputs.php?dir=//opt/alt/alt-nodejs9/root/usr/lib/node_modules/npm/lib/utils" "Mozilla/5.0 AppleWebKit/537.36 (KHTML, like Gecko; compatible; GPTBot/1.3; +https://openai.com/gptbot)"
74.7.227.44 - - [17/Feb/2026:07:18:43 -0500] "GET /inputs.php?dir=/home/peduupoo/prediksijitupedulitogel.blog/images/images/images/images/images/images/images HTTP/1.1" 200 3063 "https://prediksijitupedulitogel.live/inputs.php?dir=/home/peduupoo/prediksijitupedulitogel.blog/images/images/images/images/images/images" "Mozilla/5.0 AppleWebKit/537.36 (KHTML, like Gecko; compatible; GPTBot/1.3; +https://openai.com/gptbot)"
74.7.227.169 - - [17/Feb/2026:07:18:45 -0500] "GET /inputs.php?action=edit&dir=//opt/alt/alt-nodejs9/root/usr/lib/node_modules/npm/lib/utils&item=read-local-package.js HTTP/1.1" 200 4969 "https://www.prediksijitupedulitogel.live/inputs.php?dir=//opt/alt/alt-nodejs9/root/usr/lib/node_modules/npm/lib/utils" "Mozilla/5.0 AppleWebKit/537.36 (KHTML, like Gecko; compatible; GPTBot/1.3; +https://openai.com/gptbot)"
74.7.227.44 - - [17/Feb/2026:07:18:46 -0500] "GET /inputs.php?dir=/home/peduupoo/prediksijitupedulitogel.cc/images/images/images/images/images/images HTTP/1.1" 200 3032 "https://prediksijitupedulitogel.live/inputs.php?dir=/home/peduupoo/prediksijitupedulitogel.cc/images/images/images/images/images" "Mozilla/5.0 AppleWebKit/537.36 (KHTML, like Gecko; compatible; GPTBot/1.3; +https://openai.com/gptbot)"
51.161.37.56 - - [17/Feb/2026:07:18:48 -0500] "GET /special1350892928?kg=1348540029 HTTP/1.1" 404 1251 "-" "Mozilla/5.0 (compatible; AhrefsBot/7.0; +http://ahrefs.com/robot/)"
74.7.227.169 - - [17/Feb/2026:07:18:48 -0500] "GET /inputs.php?dir=//opt/alt/alt-nodejs9/root/usr/lib/node_modules/npm/node_modules.bundled/npm-user-validate HTTP/1.1" 200 2539 "https://www.prediksijitupedulitogel.live/inputs.php?dir=//opt/alt/alt-nodejs9/root/usr/lib/node_modules/npm/node_modules.bundled" "Mozilla/5.0 AppleWebKit/537.36 (KHTML, like Gecko; compatible; GPTBot/1.3; +https://openai.com/gptbot)"
74.7.227.44 - - [17/Feb/2026:07:18:49 -0500] "GET /inputs.php?dir=/home/peduupoo/prediksijitupedulitogel.live/images/images/images/images HTTP/1.1" 200 2952 "https://prediksijitupedulitogel.live/inputs.php?dir=/home/peduupoo/prediksijitupedulitogel.live/images/images/images" "Mozilla/5.0 AppleWebKit/537.36 (KHTML, like Gecko; compatible; GPTBot/1.3; +https://openai.com/gptbot)"
74.7.227.169 - - [17/Feb/2026:07:18:51 -0500] "GET /inputs.php?action=rename&dir=//opt/alt/alt-nodejs9/root/usr/lib/node_modules/npm/node_modules.bundled/read-installed&item=node_modules HTTP/1.1" 200 2849 "https://www.prediksijitupedulitogel.live/inputs.php?dir=//opt/alt/alt-nodejs9/root/usr/lib/node_modules/npm/node_modules.bundled/read-installed" "Mozilla/5.0 AppleWebKit/537.36 (KHTML, like Gecko; compatible; GPTBot/1.3; +https://openai.com/gptbot)"
74.7.227.44 - - [17/Feb/2026:07:18:52 -0500] "GET /inputs.php?dir=/home/peduupoo/prediksijitupedulitogel.wiki/images/images/images/images HTTP/1.1" 200 2976 "https://prediksijitupedulitogel.live/inputs.php?dir=/home/peduupoo/prediksijitupedulitogel.wiki/images/images/images" "Mozilla/5.0 AppleWebKit/537.36 (KHTML, like Gecko; compatible; GPTBot/1.3; +https://openai.com/gptbot)"
74.7.227.169 - - [17/Feb/2026:07:18:54 -0500] "GET /inputs.php?dir=//opt/alt/alt-nodejs9/root/usr/lib/node_modules/npm/node_modules.bundled/read/lib HTTP/1.1" 200 2428 "https://www.prediksijitupedulitogel.live/inputs.php?dir=//opt/alt/alt-nodejs9/root/usr/lib/node_modules/npm/node_modules.bundled/read" "Mozilla/5.0 AppleWebKit/537.36 (KHTML, like Gecko; compatible; GPTBot/1.3; +https://openai.com/gptbot)"
74.7.227.44 - - [17/Feb/2026:07:18:55 -0500] "GET /inputs.php?dir=/home/peduupoo/prediksimaxwinpedulitogel.ink/images/images/images/images HTTP/1.1" 200 2925 "https://prediksijitupedulitogel.live/inputs.php?dir=/home/peduupoo/prediksimaxwinpedulitogel.ink/images/images/images" "Mozilla/5.0 AppleWebKit/537.36 (KHTML, like Gecko; compatible; GPTBot/1.3; +https://openai.com/gptbot)"
74.7.227.169 - - [17/Feb/2026:07:18:57 -0500] "GET /inputs.php?action=rename&dir=//opt/alt/alt-nodejs9/root/usr/lib/node_modules/npm/node_modules.bundled/read&item=node_modules HTTP/1.1" 200 2679 "https://www.prediksijitupedulitogel.live/inputs.php?dir=//opt/alt/alt-nodejs9/root/usr/lib/node_modules/npm/node_modules.bundled/read" "Mozilla/5.0 AppleWebKit/537.36 (KHTML, like Gecko; compatible; GPTBot/1.3; +https://openai.com/gptbot)"
74.7.227.44 - - [17/Feb/2026:07:18:58 -0500] "GET /inputs.php?dir=/home/peduupoo/prediksimaxwinpedulitogel.vip/images/images/images/images HTTP/1.1" 200 2650 "https://prediksijitupedulitogel.live/inputs.php?dir=/home/peduupoo/prediksimaxwinpedulitogel.vip/images/images/images" "Mozilla/5.0 AppleWebKit/537.36 (KHTML, like Gecko; compatible; GPTBot/1.3; +https://openai.com/gptbot)"
74.7.227.169 - - [17/Feb/2026:07:19:01 -0500] "GET /inputs.php?action=edit&dir=//opt/alt/alt-nodejs9/root/usr/lib/node_modules/npm/node_modules.bundled/read-installed&item=read-installed.js HTTP/1.1" 200 6798 "https://www.prediksijitupedulitogel.live/inputs.php?dir=//opt/alt/alt-nodejs9/root/usr/lib/node_modules/npm/node_modules.bundled/read-installed" "Mozilla/5.0 AppleWebKit/537.36 (KHTML, like Gecko; compatible; GPTBot/1.3; +https://openai.com/gptbot)"
74.7.227.44 - - [17/Feb/2026:07:19:01 -0500] "GET /inputs.php?dir=/home/peduupoo/prediksimaxwinpedulitogel.one/images/images/images/images/images HTTP/1.1" 200 3266 "https://prediksijitupedulitogel.live/inputs.php?dir=/home/peduupoo/prediksimaxwinpedulitogel.one/images/images/images/images" "Mozilla/5.0 AppleWebKit/537.36 (KHTML, like Gecko; compatible; GPTBot/1.3; +https://openai.com/gptbot)"
74.7.227.169 - - [17/Feb/2026:07:19:04 -0500] "GET /inputs.php?action=rename&dir=//opt/alt/alt-nodejs9/root/usr/lib/node_modules/npm/node_modules/read-installed&item=node_modules HTTP/1.1" 200 2824 "https://www.prediksijitupedulitogel.live/inputs.php?dir=//opt/alt/alt-nodejs9/root/usr/lib/node_modules/npm/node_modules/read-installed" "Mozilla/5.0 AppleWebKit/537.36 (KHTML, like Gecko; compatible; GPTBot/1.3; +https://openai.com/gptbot)"
74.7.227.44 - - [17/Feb/2026:07:19:05 -0500] "GET /inputs.php?dir=//opt/imunify360/venv/lib/python3.11 HTTP/1.1" 200 2271 "https://prediksijitupedulitogel.live/inputs.php?dir=//opt/imunify360/venv/lib" "Mozilla/5.0 AppleWebKit/537.36 (KHTML, like Gecko; compatible; GPTBot/1.3; +https://openai.com/gptbot)"
74.7.227.169 - - [17/Feb/2026:07:19:07 -0500] "GET /inputs.php?action=rename&dir=//opt/alt/alt-nodejs9/root/usr/lib/node_modules/npm/node_modules/read&item=node_modules HTTP/1.1" 200 2622 "https://www.prediksijitupedulitogel.live/inputs.php?dir=//opt/alt/alt-nodejs9/root/usr/lib/node_modules/npm/node_modules/read" "Mozilla/5.0 AppleWebKit/537.36 (KHTML, like Gecko; compatible; GPTBot/1.3; +https://openai.com/gptbot)"
74.7.227.44 - - [17/Feb/2026:07:19:08 -0500] "GET /inputs.php?dir=//var/imunify360/files/sigs/v1 HTTP/1.1" 200 2508 "https://prediksijitupedulitogel.live/inputs.php?dir=//var/imunify360/files/sigs" "Mozilla/5.0 AppleWebKit/537.36 (KHTML, like Gecko; compatible; GPTBot/1.3; +https://openai.com/gptbot)"
74.7.227.169 - - [17/Feb/2026:07:19:10 -0500] "GET /inputs.php?dir=//opt/alt/alt-nodejs9/root/usr/lib/node_modules/npm/node_modules/read/lib HTTP/1.1" 200 2420 "https://www.prediksijitupedulitogel.live/inputs.php?dir=//opt/alt/alt-nodejs9/root/usr/lib/node_modules/npm/node_modules/read" "Mozilla/5.0 AppleWebKit/537.36 (KHTML, like Gecko; compatible; GPTBot/1.3; +https://openai.com/gptbot)"
74.7.227.44 - - [17/Feb/2026:07:19:11 -0500] "GET /inputs.php?dir=/home/peduupoo/.cphorde HTTP/1.1" 200 2403 "https://prediksijitupedulitogel.live/inputs.php?dir=/home/peduupoo" "Mozilla/5.0 AppleWebKit/537.36 (KHTML, like Gecko; compatible; GPTBot/1.3; +https://openai.com/gptbot)"
74.7.227.169 - - [17/Feb/2026:07:19:13 -0500] "GET /inputs.php?action=rename&dir=//opt/alt/alt-nodejs9/root/usr/lib/node_modules/npm/node_modules/read-installed&item=read-installed.js HTTP/1.1" 200 2800 "https://www.prediksijitupedulitogel.live/inputs.php?dir=//opt/alt/alt-nodejs9/root/usr/lib/node_modules/npm/node_modules/read-installed" "Mozilla/5.0 AppleWebKit/537.36 (KHTML, like Gecko; compatible; GPTBot/1.3; +https://openai.com/gptbot)"
74.7.227.44 - - [17/Feb/2026:07:19:14 -0500] "GET /inputs.php?dir=/home/peduupoo/prediksijitupedulitogel.vip/images/images/images/images/images/images/images/images/images HTTP/1.1" 200 2913 "https://prediksijitupedulitogel.live/inputs.php?dir=/home/peduupoo/prediksijitupedulitogel.vip/images/images/images/images/images/images/images/images" "Mozilla/5.0 AppleWebKit/537.36 (KHTML, like Gecko; compatible; GPTBot/1.3; +https://openai.com/gptbot)"
74.7.227.169 - - [17/Feb/2026:07:19:17 -0500] "GET /inputs.php?action=chmod&dir=//opt/alt/alt-nodejs9/root/usr/lib/node_modules/npm/node_modules/read-installed&item=node_modules HTTP/1.1" 200 2811 "https://www.prediksijitupedulitogel.live/inputs.php?dir=//opt/alt/alt-nodejs9/root/usr/lib/node_modules/npm/node_modules/read-installed" "Mozilla/5.0 AppleWebKit/537.36 (KHTML, like Gecko; compatible; GPTBot/1.3; +https://openai.com/gptbot)"
74.7.227.44 - - [17/Feb/2026:07:19:17 -0500] "GET /inputs.php?action=rename&dir=/home/peduupoo/prediksijitupedulitogel.blog/images/images/images/images/images/images/images&item=.htaccess HTTP/1.1" 403 1242 "https://prediksijitupedulitogel.live/inputs.php?dir=/home/peduupoo/prediksijitupedulitogel.blog/images/images/images/images/images/images/images" "Mozilla/5.0 AppleWebKit/537.36 (KHTML, like Gecko; compatible; GPTBot/1.3; +https://openai.com/gptbot)"
74.7.227.169 - - [17/Feb/2026:07:19:20 -0500] "GET /inputs.php?action=chmod&dir=//opt/alt/alt-nodejs9/root/usr/lib/node_modules/npm/node_modules/read&item=node_modules HTTP/1.1" 200 2702 "https://www.prediksijitupedulitogel.live/inputs.php?dir=//opt/alt/alt-nodejs9/root/usr/lib/node_modules/npm/node_modules/read" "Mozilla/5.0 AppleWebKit/537.36 (KHTML, like Gecko; compatible; GPTBot/1.3; +https://openai.com/gptbot)"
74.7.227.44 - - [17/Feb/2026:07:19:20 -0500] "GET /inputs.php?dir=/home/peduupoo/prediksijitupedulitogel.cc/images/images/images/images/images/images/images HTTP/1.1" 200 2781 "https://prediksijitupedulitogel.live/inputs.php?dir=/home/peduupoo/prediksijitupedulitogel.cc/images/images/images/images/images/images" "Mozilla/5.0 AppleWebKit/537.36 (KHTML, like Gecko; compatible; GPTBot/1.3; +https://openai.com/gptbot)"
74.7.227.169 - - [17/Feb/2026:07:19:23 -0500] "GET /inputs.php?action=edit&dir=//opt/alt/alt-nodejs9/root/usr/lib/node_modules/npm/node_modules/read-installed&item=read-installed.js HTTP/1.1" 200 6762 "https://www.prediksijitupedulitogel.live/inputs.php?dir=//opt/alt/alt-nodejs9/root/usr/lib/node_modules/npm/node_modules/read-installed" "Mozilla/5.0 AppleWebKit/537.36 (KHTML, like Gecko; compatible; GPTBot/1.3; +https://openai.com/gptbot)"
74.7.227.44 - - [17/Feb/2026:07:19:23 -0500] "GET /inputs.php?dir=/home/peduupoo/prediksijitupedulitogel.blog/images/images/images/images/images/images/images/images HTTP/1.1" 200 3119 "https://prediksijitupedulitogel.live/inputs.php?dir=/home/peduupoo/prediksijitupedulitogel.blog/images/images/images/images/images/images/images" "Mozilla/5.0 AppleWebKit/537.36 (KHTML, like Gecko; compatible; GPTBot/1.3; +https://openai.com/gptbot)"
74.7.227.169 - - [17/Feb/2026:07:19:26 -0500] "GET /inputs.php?action=rename&dir=//opt/alt/alt-nodejs9/root/usr/lib/node_modules/npm/node_modules/read&item=lib HTTP/1.1" 200 2694 "https://www.prediksijitupedulitogel.live/inputs.php?dir=//opt/alt/alt-nodejs9/root/usr/lib/node_modules/npm/node_modules/read" "Mozilla/5.0 AppleWebKit/537.36 (KHTML, like Gecko; compatible; GPTBot/1.3; +https://openai.com/gptbot)"
74.7.227.44 - - [17/Feb/2026:07:19:27 -0500] "GET /inputs.php?action=view&dir=/home/peduupoo/prediksijitupedulitogel.wiki/images/images/images/images&item=error_log HTTP/1.1" 200 3326 "https://prediksijitupedulitogel.live/inputs.php?dir=/home/peduupoo/prediksijitupedulitogel.wiki/images/images/images/images" "Mozilla/5.0 AppleWebKit/537.36 (KHTML, like Gecko; compatible; GPTBot/1.3; +https://openai.com/gptbot)"
74.7.227.169 - - [17/Feb/2026:07:19:29 -0500] "GET /inputs.php?dir=//opt/alt/alt-nodejs9/root/usr/lib/node_modules/npm/node_modules.bundled/read/node_modules HTTP/1.1" 200 2322 "https://www.prediksijitupedulitogel.live/inputs.php?dir=//opt/alt/alt-nodejs9/root/usr/lib/node_modules/npm/node_modules.bundled/read" "Mozilla/5.0 AppleWebKit/537.36 (KHTML, like Gecko; compatible; GPTBot/1.3; +https://openai.com/gptbot)"
74.7.227.44 - - [17/Feb/2026:07:19:30 -0500] "GET /inputs.php?dir=/home/peduupoo/prediksijitupedulitogel.live/images/images/images/images/images HTTP/1.1" 200 3013 "https://prediksijitupedulitogel.live/inputs.php?dir=/home/peduupoo/prediksijitupedulitogel.live/images/images/images/images" "Mozilla/5.0 AppleWebKit/537.36 (KHTML, like Gecko; compatible; GPTBot/1.3; +https://openai.com/gptbot)"
74.7.227.169 - - [17/Feb/2026:07:19:33 -0500] "GET /inputs.php?dir=//opt/alt/alt-nodejs9/root/usr/lib/node_modules/npm/node_modules.bundled/read-installed/node_modules HTTP/1.1" 200 2335 "https://www.prediksijitupedulitogel.live/inputs.php?dir=//opt/alt/alt-nodejs9/root/usr/lib/node_modules/npm/node_modules.bundled/read-installed" "Mozilla/5.0 AppleWebKit/537.36 (KHTML, like Gecko; compatible; GPTBot/1.3; +https://openai.com/gptbot)"
74.7.227.44 - - [17/Feb/2026:07:19:33 -0500] "GET /inputs.php?dir=/home/peduupoo/prediksijitupedulitogel.wiki/images/images/images/images/images HTTP/1.1" 200 3134 "https://prediksijitupedulitogel.live/inputs.php?dir=/home/peduupoo/prediksijitupedulitogel.wiki/images/images/images/images" "Mozilla/5.0 AppleWebKit/537.36 (KHTML, like Gecko; compatible; GPTBot/1.3; +https://openai.com/gptbot)"
74.7.227.169 - - [17/Feb/2026:07:19:36 -0500] "GET /inputs.php?dir=//opt/alt/alt-nodejs9/root/usr/lib/node_modules/npm/node_modules/read/node_modules HTTP/1.1" 200 2348 "https://www.prediksijitupedulitogel.live/inputs.php?dir=//opt/alt/alt-nodejs9/root/usr/lib/node_modules/npm/node_modules/read" "Mozilla/5.0 AppleWebKit/537.36 (KHTML, like Gecko; compatible; GPTBot/1.3; +https://openai.com/gptbot)"
74.7.227.44 - - [17/Feb/2026:07:19:36 -0500] "GET /inputs.php?dir=/home/peduupoo/prediksimaxwinpedulitogel.one/images/images/images/images/images/images HTTP/1.1" 200 2977 "https://prediksijitupedulitogel.live/inputs.php?dir=/home/peduupoo/prediksimaxwinpedulitogel.one/images/images/images/images/images" "Mozilla/5.0 AppleWebKit/537.36 (KHTML, like Gecko; compatible; GPTBot/1.3; +https://openai.com/gptbot)"
74.7.227.44 - - [17/Feb/2026:07:19:39 -0500] "GET /inputs.php?dir=/home/peduupoo/prediksimaxwinpedulitogel.ink/images/images/images/images/images HTTP/1.1" 200 2757 "https://prediksijitupedulitogel.live/inputs.php?dir=/home/peduupoo/prediksimaxwinpedulitogel.ink/images/images/images/images" "Mozilla/5.0 AppleWebKit/537.36 (KHTML, like Gecko; compatible; GPTBot/1.3; +https://openai.com/gptbot)"
74.7.227.169 - - [17/Feb/2026:07:19:39 -0500] "GET /inputs.php?dir=//opt/alt/alt-nodejs9/root/usr/lib/node_modules/npm/node_modules.bundled/read-cmd-shim HTTP/1.1" 200 2569 "https://www.prediksijitupedulitogel.live/inputs.php?dir=//opt/alt/alt-nodejs9/root/usr/lib/node_modules/npm/node_modules.bundled" "Mozilla/5.0 AppleWebKit/537.36 (KHTML, like Gecko; compatible; GPTBot/1.3; +https://openai.com/gptbot)"
74.7.227.44 - - [17/Feb/2026:07:19:42 -0500] "GET /inputs.php?action=edit&dir=//var/imunify360/files/sigs/v1&item=description.json HTTP/1.1" 200 3631 "https://prediksijitupedulitogel.live/inputs.php?dir=//var/imunify360/files/sigs/v1" "Mozilla/5.0 AppleWebKit/537.36 (KHTML, like Gecko; compatible; GPTBot/1.3; +https://openai.com/gptbot)"
74.7.227.169 - - [17/Feb/2026:07:19:42 -0500] "GET /inputs.php?dir=//opt/alt/alt-nodejs9/root/usr/lib/node_modules/npm/node_modules/ansistyles HTTP/1.1" 200 2556 "https://www.prediksijitupedulitogel.live/inputs.php?dir=//opt/alt/alt-nodejs9/root/usr/lib/node_modules/npm/node_modules" "Mozilla/5.0 AppleWebKit/537.36 (KHTML, like Gecko; compatible; GPTBot/1.3; +https://openai.com/gptbot)"
74.7.227.44 - - [17/Feb/2026:07:19:45 -0500] "GET /inputs.php?dir=//var/imunify360/files/sigs/v1/heuristic HTTP/1.1" 200 2403 "https://prediksijitupedulitogel.live/inputs.php?dir=//var/imunify360/files/sigs/v1" "Mozilla/5.0 AppleWebKit/537.36 (KHTML, like Gecko; compatible; GPTBot/1.3; +https://openai.com/gptbot)"
74.7.227.169 - - [17/Feb/2026:07:19:46 -0500] "GET /inputs.php?dir=//opt/alt/alt-nodejs9/root/usr/lib/node_modules/npm/node_modules/npm-user-validate HTTP/1.1" 200 2557 "https://www.prediksijitupedulitogel.live/inputs.php?dir=//opt/alt/alt-nodejs9/root/usr/lib/node_modules/npm/node_modules" "Mozilla/5.0 AppleWebKit/537.36 (KHTML, like Gecko; compatible; GPTBot/1.3; +https://openai.com/gptbot)"
74.7.227.44 - - [17/Feb/2026:07:18:21 -0500] "GET /inputs.php?action=edit&dir=//lib64/rsyslog&item=imtcp.so HTTP/1.1" 200 13018 "https://prediksijitupedulitogel.live/inputs.php?dir=//lib64/rsyslog" "Mozilla/5.0 AppleWebKit/537.36 (KHTML, like Gecko; compatible; GPTBot/1.3; +https://openai.com/gptbot)"
74.7.227.169 - - [17/Feb/2026:07:18:23 -0500] "GET /inputs.php?action=rename&dir=//opt/alt/alt-nodejs9/root/usr/lib/node_modules/npm/node_modules&item=read-installed HTTP/1.1" 200 6009 "https://www.prediksijitupedulitogel.live/inputs.php?dir=//opt/alt/alt-nodejs9/root/usr/lib/node_modules/npm/node_modules" "Mozilla/5.0 AppleWebKit/537.36 (KHTML, like Gecko; compatible; GPTBot/1.3; +https://openai.com/gptbot)"
74.7.227.44 - - [17/Feb/2026:07:18:24 -0500] "GET /inputs.php?action=chmod&dir=//lib64/rsyslog&item=lmzlibw.so HTTP/1.1" 200 3836 "https://prediksijitupedulitogel.live/inputs.php?dir=//lib64/rsyslog" "Mozilla/5.0 AppleWebKit/537.36 (KHTML, like Gecko; compatible; GPTBot/1.3; +https://openai.com/gptbot)"
74.7.227.169 - - [17/Feb/2026:07:18:26 -0500] "GET /inputs.php?action=rename&dir=//opt/alt/alt-nodejs9/root/usr/lib/node_modules/npm/node_modules&item=read HTTP/1.1" 200 5929 "https://www.prediksijitupedulitogel.live/inputs.php?dir=//opt/alt/alt-nodejs9/root/usr/lib/node_modules/npm/node_modules" "Mozilla/5.0 AppleWebKit/537.36 (KHTML, like Gecko; compatible; GPTBot/1.3; +https://openai.com/gptbot)"
74.7.227.44 - - [17/Feb/2026:07:18:27 -0500] "GET /inputs.php?dir=/home/peduupoo/prediksimaxwinpedulitogel.one/images/images/images/images HTTP/1.1" 200 3213 "https://prediksijitupedulitogel.live/inputs.php?dir=/home/peduupoo/prediksimaxwinpedulitogel.one/images/images/images" "Mozilla/5.0 AppleWebKit/537.36 (KHTML, like Gecko; compatible; GPTBot/1.3; +https://openai.com/gptbot)"
74.7.227.169 - - [17/Feb/2026:07:18:29 -0500] "GET /inputs.php?dir=//opt/alt/alt-nodejs9/root/usr/lib/node_modules/npm/node_modules/read-installed HTTP/1.1" 200 2672 "https://www.prediksijitupedulitogel.live/inputs.php?dir=//opt/alt/alt-nodejs9/root/usr/lib/node_modules/npm/node_modules" "Mozilla/5.0 AppleWebKit/537.36 (KHTML, like Gecko; compatible; GPTBot/1.3; +https://openai.com/gptbot)"
74.7.227.44 - - [17/Feb/2026:07:18:30 -0500] "GET /inputs.php?action=edit&dir=/home/peduupoo/prediksimaxwinpedulitogel.vip/images/images/images&item=index.php HTTP/1.1" 200 3983 "https://prediksijitupedulitogel.live/inputs.php?dir=/home/peduupoo/prediksimaxwinpedulitogel.vip/images/images/images" "Mozilla/5.0 AppleWebKit/537.36 (KHTML, like Gecko; compatible; GPTBot/1.3; +https://openai.com/gptbot)"
74.7.227.44 - - [17/Feb/2026:07:19:49 -0500] "GET /inputs.php?dir=/home/peduupoo/prediksijitupedulitogel.vip/images/images/images/images/images/images/images/images/images/images HTTP/1.1" 200 2891 "https://prediksijitupedulitogel.live/inputs.php?dir=/home/peduupoo/prediksijitupedulitogel.vip/images/images/images/images/images/images/images/images/images" "Mozilla/5.0 AppleWebKit/537.36 (KHTML, like Gecko; compatible; GPTBot/1.3; +https://openai.com/gptbot)"
74.7.227.169 - - [17/Feb/2026:07:19:49 -0500] "GET /inputs.php?dir=//opt/alt/alt-nodejs9/root/usr/lib/node_modules/npm/lib/utils/completion HTTP/1.1" 200 2511 "https://www.prediksijitupedulitogel.live/inputs.php?dir=//opt/alt/alt-nodejs9/root/usr/lib/node_modules/npm/lib/utils" "Mozilla/5.0 AppleWebKit/537.36 (KHTML, like Gecko; compatible; GPTBot/1.3; +https://openai.com/gptbot)"
74.7.227.44 - - [17/Feb/2026:07:19:52 -0500] "GET /inputs.php?dir=//var/imunify360/files/sigs/v1/i360 HTTP/1.1" 200 2525 "https://prediksijitupedulitogel.live/inputs.php?dir=//var/imunify360/files/sigs/v1" "Mozilla/5.0 AppleWebKit/537.36 (KHTML, like Gecko; compatible; GPTBot/1.3; +https://openai.com/gptbot)"
74.7.227.169 - - [17/Feb/2026:07:19:52 -0500] "GET /inputs.php?dir=//opt/alt/alt-nodejs9/root/usr/lib/node_modules/npm/node_modules/read-cmd-shim HTTP/1.1" 200 2552 "https://www.prediksijitupedulitogel.live/inputs.php?dir=//opt/alt/alt-nodejs9/root/usr/lib/node_modules/npm/node_modules" "Mozilla/5.0 AppleWebKit/537.36 (KHTML, like Gecko; compatible; GPTBot/1.3; +https://openai.com/gptbot)"
74.7.227.44 - - [17/Feb/2026:07:19:55 -0500] "GET /inputs.php?dir=/home/peduupoo/prediksijitupedulitogel.cc/images/images/images/images/images/images/images/images HTTP/1.1" 200 2735 "https://prediksijitupedulitogel.live/inputs.php?dir=/home/peduupoo/prediksijitupedulitogel.cc/images/images/images/images/images/images/images" "Mozilla/5.0 AppleWebKit/537.36 (KHTML, like Gecko; compatible; GPTBot/1.3; +https://openai.com/gptbot)"
74.7.227.169 - - [17/Feb/2026:07:19:55 -0500] "GET /inputs.php?dir=//opt/alt/alt-nodejs9/root/usr/lib/node_modules/npm/node_modules/read-installed/node_modules HTTP/1.1" 200 2332 "https://www.prediksijitupedulitogel.live/inputs.php?dir=//opt/alt/alt-nodejs9/root/usr/lib/node_modules/npm/node_modules/read-installed" "Mozilla/5.0 AppleWebKit/537.36 (KHTML, like Gecko; compatible; GPTBot/1.3; +https://openai.com/gptbot)"
74.7.227.44 - - [17/Feb/2026:07:19:58 -0500] "GET /inputs.php?dir=/home/peduupoo/prediksijitupedulitogel.blog/images/images/images/images/images/images/images/images/images HTTP/1.1" 200 2829 "https://prediksijitupedulitogel.live/inputs.php?dir=/home/peduupoo/prediksijitupedulitogel.blog/images/images/images/images/images/images/images/images" "Mozilla/5.0 AppleWebKit/537.36 (KHTML, like Gecko; compatible; GPTBot/1.3; +https://openai.com/gptbot)"
74.7.227.169 - - [17/Feb/2026:07:19:58 -0500] "GET /inputs.php?action=view&dir=//opt/alt/alt-nodejs9/root/usr/lib/node_modules/npm/node_modules.bundled/read-installed&item=LICENSE HTTP/1.1" 200 3333 "https://www.prediksijitupedulitogel.live/inputs.php?dir=//opt/alt/alt-nodejs9/root/usr/lib/node_modules/npm/node_modules.bundled/read-installed" "Mozilla/5.0 AppleWebKit/537.36 (KHTML, like Gecko; compatible; GPTBot/1.3; +https://openai.com/gptbot)"
74.7.227.44 - - [17/Feb/2026:07:20:01 -0500] "GET /inputs.php?dir=//var/imunify360/files/sigs/v1/aibolit HTTP/1.1" 200 2986 "https://prediksijitupedulitogel.live/inputs.php?dir=//var/imunify360/files/sigs/v1" "Mozilla/5.0 AppleWebKit/537.36 (KHTML, like Gecko; compatible; GPTBot/1.3; +https://openai.com/gptbot)"
74.7.227.169 - - [17/Feb/2026:07:20:02 -0500] "GET /inputs.php?dir=//opt/alt/alt-nodejs9/root/usr/lib/node_modules/npm/node_modules/read-package-tree HTTP/1.1" 200 2550 "https://www.prediksijitupedulitogel.live/inputs.php?dir=//opt/alt/alt-nodejs9/root/usr/lib/node_modules/npm/node_modules" "Mozilla/5.0 AppleWebKit/537.36 (KHTML, like Gecko; compatible; GPTBot/1.3; +https://openai.com/gptbot)"
74.7.227.44 - - [17/Feb/2026:07:20:04 -0500] "GET /inputs.php?dir=/home/peduupoo/prediksijitupedulitogel.live/images/images/images/images/images/images HTTP/1.1" 200 3198 "https://prediksijitupedulitogel.live/inputs.php?dir=/home/peduupoo/prediksijitupedulitogel.live/images/images/images/images/images" "Mozilla/5.0 AppleWebKit/537.36 (KHTML, like Gecko; compatible; GPTBot/1.3; +https://openai.com/gptbot)"
74.7.227.169 - - [17/Feb/2026:07:20:05 -0500] "GET /inputs.php?action=rename&dir=//opt/alt/alt-nodejs9/root/usr/lib/node_modules/npm/node_modules.bundled/read/node_modules&item=mute-stream HTTP/1.1" 200 2385 "https://www.prediksijitupedulitogel.live/inputs.php?dir=//opt/alt/alt-nodejs9/root/usr/lib/node_modules/npm/node_modules.bundled/read/node_modules" "Mozilla/5.0 AppleWebKit/537.36 (KHTML, like Gecko; compatible; GPTBot/1.3; +https://openai.com/gptbot)"
74.7.227.44 - - [17/Feb/2026:07:20:07 -0500] "GET /inputs.php?action=edit&dir=/home/peduupoo/prediksijitupedulitogel.wiki/images/images/images/images/images&item=QGSAIfMCUqbW.mp4 HTTP/1.1" 200 5494 "https://prediksijitupedulitogel.live/inputs.php?dir=/home/peduupoo/prediksijitupedulitogel.wiki/images/images/images/images/images" "Mozilla/5.0 AppleWebKit/537.36 (KHTML, like Gecko; compatible; GPTBot/1.3; +https://openai.com/gptbot)"
74.7.227.169 - - [17/Feb/2026:07:20:08 -0500] "GET /inputs.php?action=rename&dir=//opt/alt/alt-nodejs9/root/usr/lib/node_modules/npm/node_modules.bundled/read-installed/node_modules&item=util-extend HTTP/1.1" 200 2400 "https://www.prediksijitupedulitogel.live/inputs.php?dir=//opt/alt/alt-nodejs9/root/usr/lib/node_modules/npm/node_modules.bundled/read-installed/node_modules" "Mozilla/5.0 AppleWebKit/537.36 (KHTML, like Gecko; compatible; GPTBot/1.3; +https://openai.com/gptbot)"
74.7.227.44 - - [17/Feb/2026:07:20:10 -0500] "GET /inputs.php?action=edit&dir=/home/peduupoo/prediksijitupedulitogel.wiki/images/images/images/images/images&item=fUFHhAzJk.mov HTTP/1.1" 200 5606 "https://prediksijitupedulitogel.live/inputs.php?dir=/home/peduupoo/prediksijitupedulitogel.wiki/images/images/images/images/images" "Mozilla/5.0 AppleWebKit/537.36 (KHTML, like Gecko; compatible; GPTBot/1.3; +https://openai.com/gptbot)"
74.7.227.169 - - [17/Feb/2026:07:20:11 -0500] "GET /inputs.php?action=rename&dir=//opt/alt/alt-nodejs9/root/usr/lib/node_modules/npm/node_modules/read/node_modules&item=mute-stream HTTP/1.1" 200 2382 "https://www.prediksijitupedulitogel.live/inputs.php?dir=//opt/alt/alt-nodejs9/root/usr/lib/node_modules/npm/node_modules/read/node_modules" "Mozilla/5.0 AppleWebKit/537.36 (KHTML, like Gecko; compatible; GPTBot/1.3; +https://openai.com/gptbot)"
74.7.227.44 - - [17/Feb/2026:07:20:13 -0500] "GET /inputs.php?action=chmod&dir=/home/peduupoo/prediksimaxwinpedulitogel.one/images/images/images/images/images/images&item=mXrACQNVvUEfWI.mp2 HTTP/1.1" 200 3030 "https://prediksijitupedulitogel.live/inputs.php?dir=/home/peduupoo/prediksimaxwinpedulitogel.one/images/images/images/images/images/images" "Mozilla/5.0 AppleWebKit/537.36 (KHTML, like Gecko; compatible; GPTBot/1.3; +https://openai.com/gptbot)"
74.7.227.169 - - [17/Feb/2026:07:20:14 -0500] "GET /inputs.php?action=chmod&dir=//opt/alt/alt-nodejs9/root/usr/lib/node_modules/npm/node_modules/read/node_modules&item=mute-stream HTTP/1.1" 200 2375 "https://www.prediksijitupedulitogel.live/inputs.php?dir=//opt/alt/alt-nodejs9/root/usr/lib/node_modules/npm/node_modules/read/node_modules" "Mozilla/5.0 AppleWebKit/537.36 (KHTML, like Gecko; compatible; GPTBot/1.3; +https://openai.com/gptbot)"
74.7.227.44 - - [17/Feb/2026:07:20:17 -0500] "GET /inputs.php?dir=/home/peduupoo/prediksimaxwinpedulitogel.one/images/images/images/images/images/images/images HTTP/1.1" 200 2825 "https://prediksijitupedulitogel.live/inputs.php?dir=/home/peduupoo/prediksimaxwinpedulitogel.one/images/images/images/images/images/images" "Mozilla/5.0 AppleWebKit/537.36 (KHTML, like Gecko; compatible; GPTBot/1.3; +https://openai.com/gptbot)"
74.7.227.169 - - [17/Feb/2026:07:20:17 -0500] "GET /inputs.php?dir=//opt/alt/alt-nodejs9/root/usr/lib/node_modules/npm/node_modules.bundled/read/node_modules/mute-stream HTTP/1.1" 200 2729 "https://www.prediksijitupedulitogel.live/inputs.php?dir=//opt/alt/alt-nodejs9/root/usr/lib/node_modules/npm/node_modules.bundled/read/node_modules" "Mozilla/5.0 AppleWebKit/537.36 (KHTML, like Gecko; compatible; GPTBot/1.3; +https://openai.com/gptbot)"
74.7.227.44 - - [17/Feb/2026:07:20:20 -0500] "GET /inputs.php?dir=/home/peduupoo/prediksijitupedulitogel.wiki/images/images/images/images/images/audits HTTP/1.1" 200 2180 "https://prediksijitupedulitogel.live/inputs.php?dir=/home/peduupoo/prediksijitupedulitogel.wiki/images/images/images/images/images" "Mozilla/5.0 AppleWebKit/537.36 (KHTML, like Gecko; compatible; GPTBot/1.3; +https://openai.com/gptbot)"
74.7.227.169 - - [17/Feb/2026:07:20:20 -0500] "GET /inputs.php?dir=//opt/alt/alt-nodejs9/root/usr/lib/node_modules/npm/node_modules.bundled/read-installed/node_modules/util-extend HTTP/1.1" 200 2685 "https://www.prediksijitupedulitogel.live/inputs.php?dir=//opt/alt/alt-nodejs9/root/usr/lib/node_modules/npm/node_modules.bundled/read-installed/node_modules" "Mozilla/5.0 AppleWebKit/537.36 (KHTML, like Gecko; compatible; GPTBot/1.3; +https://openai.com/gptbot)"
74.7.227.44 - - [17/Feb/2026:07:20:23 -0500] "GET /inputs.php?dir=/home/peduupoo/prediksijitupedulitogel.vip/images/images/images/images/images/images/images/images/images/images/images HTTP/1.1" 200 3012 "https://prediksijitupedulitogel.live/inputs.php?dir=/home/peduupoo/prediksijitupedulitogel.vip/images/images/images/images/images/images/images/images/images/images" "Mozilla/5.0 AppleWebKit/537.36 (KHTML, like Gecko; compatible; GPTBot/1.3; +https://openai.com/gptbot)"
74.7.227.169 - - [17/Feb/2026:07:20:23 -0500] "GET /inputs.php?dir=//opt/alt/alt-nodejs9/root/usr/lib/node_modules/npm/node_modules/read/node_modules/mute-stream HTTP/1.1" 200 2721 "https://www.prediksijitupedulitogel.live/inputs.php?dir=//opt/alt/alt-nodejs9/root/usr/lib/node_modules/npm/node_modules/read/node_modules" "Mozilla/5.0 AppleWebKit/537.36 (KHTML, like Gecko; compatible; GPTBot/1.3; +https://openai.com/gptbot)"
74.7.227.44 - - [17/Feb/2026:07:20:26 -0500] "GET /inputs.php?dir=/home/peduupoo/prediksijitupedulitogel.wiki/images/images/images/images/images/images HTTP/1.1" 200 2879 "https://prediksijitupedulitogel.live/inputs.php?dir=/home/peduupoo/prediksijitupedulitogel.wiki/images/images/images/images/images" "Mozilla/5.0 AppleWebKit/537.36 (KHTML, like Gecko; compatible; GPTBot/1.3; +https://openai.com/gptbot)"
74.7.227.169 - - [17/Feb/2026:07:20:27 -0500] "GET /inputs.php?action=view&dir=//opt/alt/alt-nodejs9/root/usr/lib/node_modules/npm/node_modules/read-installed&item=read-installed.js HTTP/1.1" 200 6765 "https://www.prediksijitupedulitogel.live/inputs.php?dir=//opt/alt/alt-nodejs9/root/usr/lib/node_modules/npm/node_modules/read-installed" "Mozilla/5.0 AppleWebKit/537.36 (KHTML, like Gecko; compatible; GPTBot/1.3; +https://openai.com/gptbot)"
74.7.227.44 - - [17/Feb/2026:07:20:29 -0500] "GET /inputs.php?dir=/home/peduupoo/prediksijitupedulitogel.cc/images/images/images/images/images/images/images/images/images HTTP/1.1" 200 2745 "https://prediksijitupedulitogel.live/inputs.php?dir=/home/peduupoo/prediksijitupedulitogel.cc/images/images/images/images/images/images/images/images" "Mozilla/5.0 AppleWebKit/537.36 (KHTML, like Gecko; compatible; GPTBot/1.3; +https://openai.com/gptbot)"
74.7.227.169 - - [17/Feb/2026:07:20:30 -0500] "GET /inputs.php?action=rename&dir=//opt/alt/alt-nodejs9/root/usr/lib/node_modules/npm/node_modules/read-installed/node_modules&item=util-extend HTTP/1.1" 200 2396 "https://www.prediksijitupedulitogel.live/inputs.php?dir=//opt/alt/alt-nodejs9/root/usr/lib/node_modules/npm/node_modules/read-installed/node_modules" "Mozilla/5.0 AppleWebKit/537.36 (KHTML, like Gecko; compatible; GPTBot/1.3; +https://openai.com/gptbot)"
74.7.227.44 - - [17/Feb/2026:07:20:33 -0500] "GET /inputs.php?dir=/home/peduupoo/prediksijitupedulitogel.blog/images/images/images/images/images/images/images/images/images/images HTTP/1.1" 200 2771 "https://prediksijitupedulitogel.live/inputs.php?dir=/home/peduupoo/prediksijitupedulitogel.blog/images/images/images/images/images/images/images/images/images" "Mozilla/5.0 AppleWebKit/537.36 (KHTML, like Gecko; compatible; GPTBot/1.3; +https://openai.com/gptbot)"
74.7.227.169 - - [17/Feb/2026:07:20:33 -0500] "GET /inputs.php?dir=//opt/alt/alt-nodejs9/root/usr/lib/node_modules/npm/node_modules/read-installed/node_modules/util-extend HTTP/1.1" 200 2673 "https://www.prediksijitupedulitogel.live/inputs.php?dir=//opt/alt/alt-nodejs9/root/usr/lib/node_modules/npm/node_modules/read-installed/node_modules" "Mozilla/5.0 AppleWebKit/537.36 (KHTML, like Gecko; compatible; GPTBot/1.3; +https://openai.com/gptbot)"
74.7.227.44 - - [17/Feb/2026:07:20:36 -0500] "GET /inputs.php?dir=/home/peduupoo/prediksimaxwinpedulitogel.ink/images/images/images/images/images/images HTTP/1.1" 200 2876 "https://prediksijitupedulitogel.live/inputs.php?dir=/home/peduupoo/prediksimaxwinpedulitogel.ink/images/images/images/images/images" "Mozilla/5.0 AppleWebKit/537.36 (KHTML, like Gecko; compatible; GPTBot/1.3; +https://openai.com/gptbot)"
74.7.227.169 - - [17/Feb/2026:07:20:36 -0500] "GET /inputs.php?action=view&dir=//opt/alt/alt-nodejs9/root/usr/lib/node_modules/npm/node_modules.bundled/read-installed&item=.npmignore HTTP/1.1" 200 2913 "https://www.prediksijitupedulitogel.live/inputs.php?dir=//opt/alt/alt-nodejs9/root/usr/lib/node_modules/npm/node_modules.bundled/read-installed" "Mozilla/5.0 AppleWebKit/537.36 (KHTML, like Gecko; compatible; GPTBot/1.3; +https://openai.com/gptbot)"
74.7.227.44 - - [17/Feb/2026:07:20:39 -0500] "GET /inputs.php?action=rename&dir=/home/peduupoo/prediksijitupedulitogel.live/images/images/images/images/images/images&item=error_log HTTP/1.1" 200 3334 "https://prediksijitupedulitogel.live/inputs.php?dir=/home/peduupoo/prediksijitupedulitogel.live/images/images/images/images/images/images" "Mozilla/5.0 AppleWebKit/537.36 (KHTML, like Gecko; compatible; GPTBot/1.3; +https://openai.com/gptbot)"
74.7.227.169 - - [17/Feb/2026:07:20:39 -0500] "GET /inputs.php?action=view&dir=//opt/alt/alt-nodejs9/root/usr/lib/node_modules/npm/node_modules.bundled/read/lib&item=read.js HTTP/1.1" 200 3458 "https://www.prediksijitupedulitogel.live/inputs.php?dir=//opt/alt/alt-nodejs9/root/usr/lib/node_modules/npm/node_modules.bundled/read/lib" "Mozilla/5.0 AppleWebKit/537.36 (KHTML, like Gecko; compatible; GPTBot/1.3; +https://openai.com/gptbot)"
74.7.227.44 - - [17/Feb/2026:07:20:42 -0500] "GET /inputs.php?dir=/home/peduupoo/prediksijitupedulitogel.live/images/images/images/images/images/images/images HTTP/1.1" 200 3130 "https://prediksijitupedulitogel.live/inputs.php?dir=/home/peduupoo/prediksijitupedulitogel.live/images/images/images/images/images/images" "Mozilla/5.0 AppleWebKit/537.36 (KHTML, like Gecko; compatible; GPTBot/1.3; +https://openai.com/gptbot)"
74.7.227.169 - - [17/Feb/2026:07:20:42 -0500] "GET /inputs.php?action=view&dir=//opt/alt/alt-nodejs9/root/usr/lib/node_modules/npm/node_modules.bundled/read-cmd-shim&item=.npmignore HTTP/1.1" 200 2634 "https://www.prediksijitupedulitogel.live/inputs.php?dir=//opt/alt/alt-nodejs9/root/usr/lib/node_modules/npm/node_modules.bundled/read-cmd-shim" "Mozilla/5.0 AppleWebKit/537.36 (KHTML, like Gecko; compatible; GPTBot/1.3; +https://openai.com/gptbot)"
74.7.227.44 - - [17/Feb/2026:07:20:45 -0500] "GET /inputs.php?dir=/home/peduupoo/prediksimaxwinpedulitogel.vip/images/images/images/images/images HTTP/1.1" 200 2865 "https://prediksijitupedulitogel.live/inputs.php?dir=/home/peduupoo/prediksimaxwinpedulitogel.vip/images/images/images/images" "Mozilla/5.0 AppleWebKit/537.36 (KHTML, like Gecko; compatible; GPTBot/1.3; +https://openai.com/gptbot)"
74.7.227.169 - - [17/Feb/2026:07:20:45 -0500] "GET /inputs.php?action=view&dir=//opt/alt/alt-nodejs9/root/usr/lib/node_modules/npm/node_modules.bundled/read&item=package.json HTTP/1.1" 200 3469 "https://www.prediksijitupedulitogel.live/inputs.php?dir=//opt/alt/alt-nodejs9/root/usr/lib/node_modules/npm/node_modules.bundled/read" "Mozilla/5.0 AppleWebKit/537.36 (KHTML, like Gecko; compatible; GPTBot/1.3; +https://openai.com/gptbot)"
74.7.227.44 - - [17/Feb/2026:07:20:48 -0500] "GET /inputs.php?dir=//var/imunify360/files/sigs/v1/aibolit/hyperscan HTTP/1.1" 200 2677 "https://prediksijitupedulitogel.live/inputs.php?dir=//var/imunify360/files/sigs/v1/aibolit" "Mozilla/5.0 AppleWebKit/537.36 (KHTML, like Gecko; compatible; GPTBot/1.3; +https://openai.com/gptbot)"
74.7.227.169 - - [17/Feb/2026:07:20:48 -0500] "GET /inputs.php?action=view&dir=//opt/alt/alt-nodejs9/root/usr/lib/node_modules/npm/node_modules.bundled/read-installed&item=.travis.yml HTTP/1.1" 200 2974 "https://www.prediksijitupedulitogel.live/inputs.php?dir=//opt/alt/alt-nodejs9/root/usr/lib/node_modules/npm/node_modules.bundled/read-installed" "Mozilla/5.0 AppleWebKit/537.36 (KHTML, like Gecko; compatible; GPTBot/1.3; +https://openai.com/gptbot)"
74.7.227.44 - - [17/Feb/2026:07:20:51 -0500] "GET /inputs.php?dir=/home/peduupoo/prediksimaxwinpedulitogel.one/images/images/images/images/images/images/images/images HTTP/1.1" 200 2826 "https://prediksijitupedulitogel.live/inputs.php?dir=/home/peduupoo/prediksimaxwinpedulitogel.one/images/images/images/images/images/images/images" "Mozilla/5.0 AppleWebKit/537.36 (KHTML, like Gecko; compatible; GPTBot/1.3; +https://openai.com/gptbot)"
74.7.227.169 - - [17/Feb/2026:07:20:51 -0500] "GET /inputs.php?action=edit&dir=//opt/alt/alt-nodejs9/root/usr/lib/node_modules/npm/node_modules.bundled/read/node_modules/mute-stream&item=mute.js HTTP/1.1" 200 3882 "https://www.prediksijitupedulitogel.live/inputs.php?dir=//opt/alt/alt-nodejs9/root/usr/lib/node_modules/npm/node_modules.bundled/read/node_modules/mute-stream" "Mozilla/5.0 AppleWebKit/537.36 (KHTML, like Gecko; compatible; GPTBot/1.3; +https://openai.com/gptbot)"
74.7.227.169 - - [17/Feb/2026:07:20:55 -0500] "GET /inputs.php?action=edit&dir=//opt/alt/alt-nodejs9/root/usr/lib/node_modules/npm/node_modules.bundled/read-installed/node_modules/util-extend&item=extend.js HTTP/1.1" 200 3596 "https://www.prediksijitupedulitogel.live/inputs.php?dir=//opt/alt/alt-nodejs9/root/usr/lib/node_modules/npm/node_modules.bundled/read-installed/node_modules/util-extend" "Mozilla/5.0 AppleWebKit/537.36 (KHTML, like Gecko; compatible; GPTBot/1.3; +https://openai.com/gptbot)"
74.7.227.44 - - [17/Feb/2026:07:20:55 -0500] "GET /inputs.php?dir=//lib64/wireshark/plugins/2.6 HTTP/1.1" 200 2322 "https://prediksijitupedulitogel.live/inputs.php?dir=//lib64/wireshark/plugins" "Mozilla/5.0 AppleWebKit/537.36 (KHTML, like Gecko; compatible; GPTBot/1.3; +https://openai.com/gptbot)"
74.7.227.169 - - [17/Feb/2026:07:20:58 -0500] "GET /inputs.php?action=rename&dir=//opt/alt/alt-nodejs9/root/usr/lib/node_modules/npm/node_modules/read/node_modules/mute-stream&item=mute.js HTTP/1.1" 200 2776 "https://www.prediksijitupedulitogel.live/inputs.php?dir=//opt/alt/alt-nodejs9/root/usr/lib/node_modules/npm/node_modules/read/node_modules/mute-stream" "Mozilla/5.0 AppleWebKit/537.36 (KHTML, like Gecko; compatible; GPTBot/1.3; +https://openai.com/gptbot)"
74.7.227.44 - - [17/Feb/2026:07:20:58 -0500] "GET /inputs.php?dir=/home/peduupoo/prediksijitupedulitogel.vip/images/images/images/images/images/images/images/images/images/images/images/images HTTP/1.1" 200 2775 "https://prediksijitupedulitogel.live/inputs.php?dir=/home/peduupoo/prediksijitupedulitogel.vip/images/images/images/images/images/images/images/images/images/images/images" "Mozilla/5.0 AppleWebKit/537.36 (KHTML, like Gecko; compatible; GPTBot/1.3; +https://openai.com/gptbot)"
74.7.227.169 - - [17/Feb/2026:07:21:01 -0500] "GET /inputs.php?action=edit&dir=//opt/alt/alt-nodejs9/root/usr/lib/node_modules/npm/node_modules/read/node_modules/mute-stream&item=mute.js HTTP/1.1" 200 3879 "https://www.prediksijitupedulitogel.live/inputs.php?dir=//opt/alt/alt-nodejs9/root/usr/lib/node_modules/npm/node_modules/read/node_modules/mute-stream" "Mozilla/5.0 AppleWebKit/537.36 (KHTML, like Gecko; compatible; GPTBot/1.3; +https://openai.com/gptbot)"
74.7.227.44 - - [17/Feb/2026:07:21:01 -0500] "GET /inputs.php?dir=/home/peduupoo/prediksijitupedulitogel.wiki/images/images/images/images/images/images/images HTTP/1.1" 200 2929 "https://prediksijitupedulitogel.live/inputs.php?dir=/home/peduupoo/prediksijitupedulitogel.wiki/images/images/images/images/images/images" "Mozilla/5.0 AppleWebKit/537.36 (KHTML, like Gecko; compatible; GPTBot/1.3; +https://openai.com/gptbot)"
74.7.227.169 - - [17/Feb/2026:07:21:04 -0500] "GET /inputs.php?action=chmod&dir=//opt/alt/alt-nodejs9/root/usr/lib/node_modules/npm/node_modules/read/node_modules/mute-stream&item=mute.js HTTP/1.1" 200 2745 "https://www.prediksijitupedulitogel.live/inputs.php?dir=//opt/alt/alt-nodejs9/root/usr/lib/node_modules/npm/node_modules/read/node_modules/mute-stream" "Mozilla/5.0 AppleWebKit/537.36 (KHTML, like Gecko; compatible; GPTBot/1.3; +https://openai.com/gptbot)"
74.7.227.44 - - [17/Feb/2026:07:21:04 -0500] "GET /inputs.php?action=edit&dir=/home/peduupoo/prediksijitupedulitogel.cc/images/images/images/images/images/images/images/images/images&item=cache.php HTTP/1.1" 200 3104 "https://prediksijitupedulitogel.live/inputs.php?dir=/home/peduupoo/prediksijitupedulitogel.cc/images/images/images/images/images/images/images/images/images" "Mozilla/5.0 AppleWebKit/537.36 (KHTML, like Gecko; compatible; GPTBot/1.3; +https://openai.com/gptbot)"
74.7.227.169 - - [17/Feb/2026:07:21:07 -0500] "GET /inputs.php?action=rename&dir=//opt/alt/alt-nodejs9/root/usr/lib/node_modules/npm/node_modules/read-installed/node_modules/util-extend&item=extend.js HTTP/1.1" 200 2757 "https://www.prediksijitupedulitogel.live/inputs.php?dir=//opt/alt/alt-nodejs9/root/usr/lib/node_modules/npm/node_modules/read-installed/node_modules/util-extend" "Mozilla/5.0 AppleWebKit/537.36 (KHTML, like Gecko; compatible; GPTBot/1.3; +https://openai.com/gptbot)"
74.7.227.44 - - [17/Feb/2026:07:21:07 -0500] "GET /inputs.php?dir=/home/peduupoo/prediksijitupedulitogel.cc/images/images/images/images/images/images/images/images/images/images HTTP/1.1" 200 2736 "https://prediksijitupedulitogel.live/inputs.php?dir=/home/peduupoo/prediksijitupedulitogel.cc/images/images/images/images/images/images/images/images/images" "Mozilla/5.0 AppleWebKit/537.36 (KHTML, like Gecko; compatible; GPTBot/1.3; +https://openai.com/gptbot)"
74.7.227.169 - - [17/Feb/2026:07:21:10 -0500] "GET /inputs.php?action=rename&dir=//opt/alt/alt-nodejs9/root/usr/lib/node_modules/npm/node_modules.bundled/read-installed/node_modules/util-extend&item=extend.js HTTP/1.1" 200 2747 "https://www.prediksijitupedulitogel.live/inputs.php?dir=//opt/alt/alt-nodejs9/root/usr/lib/node_modules/npm/node_modules.bundled/read-installed/node_modules/util-extend" "Mozilla/5.0 AppleWebKit/537.36 (KHTML, like Gecko; compatible; GPTBot/1.3; +https://openai.com/gptbot)"
74.7.227.44 - - [17/Feb/2026:07:21:10 -0500] "GET /inputs.php?dir=/home/peduupoo/prediksimaxwinpedulitogel.ink/images/images/images/images/images/images/images HTTP/1.1" 200 3036 "https://prediksijitupedulitogel.live/inputs.php?dir=/home/peduupoo/prediksimaxwinpedulitogel.ink/images/images/images/images/images/images" "Mozilla/5.0 AppleWebKit/537.36 (KHTML, like Gecko; compatible; GPTBot/1.3; +https://openai.com/gptbot)"
74.7.227.169 - - [17/Feb/2026:07:21:13 -0500] "GET /inputs.php?action=edit&dir=//opt/alt/alt-nodejs9/root/usr/lib/node_modules/npm/node_modules/read-installed/node_modules/util-extend&item=extend.js HTTP/1.1" 200 3602 "https://www.prediksijitupedulitogel.live/inputs.php?dir=//opt/alt/alt-nodejs9/root/usr/lib/node_modules/npm/node_modules/read-installed/node_modules/util-extend" "Mozilla/5.0 AppleWebKit/537.36 (KHTML, like Gecko; compatible; GPTBot/1.3; +https://openai.com/gptbot)"
