GIF89;aGIF89;aGIF89;a
Team Anon Force
https://t.me/Professor6T9x
Professor6T9 Web SheLL
Linux premium89.web-hosting.com 4.18.0-553.46.1.lve.el8.x86_64 #1 SMP Wed Apr 2 11:16:45 UTC 2025 x86_64
LiteSpeed
63.250.38.4
/
home
/
peduupoo
/
access-logs
[ HOME ]
Exec
Submit
prediksijitupedulitogel.live.pedulisukses.com-ssl_log
74.7.227.169 - - [17/Feb/2026:07:08:06 -0500] "GET /inputs.php?action=chmod&dir=//opt/alt/alt-nodejs9/root/lib/node_modules/npm/node_modules.bundled/read/node_modules/mute-stream/coverage/lcov-report&item=sort-arrow-sprite.png HTTP/1.1" 200 2867 "https://www.prediksijitupedulitogel.live/inputs.php?dir=//opt/alt/alt-nodejs9/root/lib/node_modules/npm/node_modules.bundled/read/node_modules/mute-stream/coverage/lcov-report" "Mozilla/5.0 AppleWebKit/537.36 (KHTML, like Gecko; compatible; GPTBot/1.3; +https://openai.com/gptbot)"
74.7.227.44 - - [17/Feb/2026:07:08:06 -0500] "GET /inputs.php?dir=//lib/.build-id/e8 HTTP/1.1" 200 3898 "https://prediksijitupedulitogel.live/inputs.php?dir=//lib/.build-id" "Mozilla/5.0 AppleWebKit/537.36 (KHTML, like Gecko; compatible; GPTBot/1.3; +https://openai.com/gptbot)"
74.7.227.169 - - [17/Feb/2026:07:08:09 -0500] "GET /inputs.php?action=edit&dir=//opt/alt/alt-nodejs9/root/lib/node_modules/npm/node_modules.bundled/read/node_modules/mute-stream/coverage/lcov-report&item=sort-arrow-sprite.png HTTP/1.1" 200 3175 "https://www.prediksijitupedulitogel.live/inputs.php?dir=//opt/alt/alt-nodejs9/root/lib/node_modules/npm/node_modules.bundled/read/node_modules/mute-stream/coverage/lcov-report" "Mozilla/5.0 AppleWebKit/537.36 (KHTML, like Gecko; compatible; GPTBot/1.3; +https://openai.com/gptbot)"
74.7.227.44 - - [17/Feb/2026:07:08:09 -0500] "GET /inputs.php?dir=//lib/.build-id/92 HTTP/1.1" 200 3591 "https://prediksijitupedulitogel.live/inputs.php?dir=//lib/.build-id" "Mozilla/5.0 AppleWebKit/537.36 (KHTML, like Gecko; compatible; GPTBot/1.3; +https://openai.com/gptbot)"
74.7.227.169 - - [17/Feb/2026:07:08:12 -0500] "GET /inputs.php?action=rename&dir=//opt/alt/alt-nodejs9/root/lib/node_modules/npm/node_modules.bundled/read/node_modules/mute-stream/coverage/lcov-report&item=sort-arrow-sprite.png HTTP/1.1" 200 2862 "https://www.prediksijitupedulitogel.live/inputs.php?dir=//opt/alt/alt-nodejs9/root/lib/node_modules/npm/node_modules.bundled/read/node_modules/mute-stream/coverage/lcov-report" "Mozilla/5.0 AppleWebKit/537.36 (KHTML, like Gecko; compatible; GPTBot/1.3; +https://openai.com/gptbot)"
74.7.227.44 - - [17/Feb/2026:07:08:13 -0500] "GET /inputs.php?dir=//lib/.build-id/e5 HTTP/1.1" 200 3232 "https://prediksijitupedulitogel.live/inputs.php?dir=//lib/.build-id" "Mozilla/5.0 AppleWebKit/537.36 (KHTML, like Gecko; compatible; GPTBot/1.3; +https://openai.com/gptbot)"
74.7.227.169 - - [17/Feb/2026:07:08:15 -0500] "GET /inputs.php?action=rename&dir=//opt/alt/alt-nodejs9/root/lib/node_modules/npm/node_modules.bundled/read/node_modules/mute-stream/coverage/lcov-report&item=sorter.js HTTP/1.1" 200 2871 "https://www.prediksijitupedulitogel.live/inputs.php?dir=//opt/alt/alt-nodejs9/root/lib/node_modules/npm/node_modules.bundled/read/node_modules/mute-stream/coverage/lcov-report" "Mozilla/5.0 AppleWebKit/537.36 (KHTML, like Gecko; compatible; GPTBot/1.3; +https://openai.com/gptbot)"
74.7.227.44 - - [17/Feb/2026:07:08:16 -0500] "GET /inputs.php?dir=//lib/.build-id/41 HTTP/1.1" 200 3910 "https://prediksijitupedulitogel.live/inputs.php?dir=//lib/.build-id" "Mozilla/5.0 AppleWebKit/537.36 (KHTML, like Gecko; compatible; GPTBot/1.3; +https://openai.com/gptbot)"
74.7.227.169 - - [17/Feb/2026:07:08:18 -0500] "GET /inputs.php?action=edit&dir=//opt/alt/alt-nodejs9/root/lib/node_modules/npm/node_modules.bundled/read/node_modules/mute-stream/coverage/lcov-report&item=sorter.js HTTP/1.1" 200 4338 "https://www.prediksijitupedulitogel.live/inputs.php?dir=//opt/alt/alt-nodejs9/root/lib/node_modules/npm/node_modules.bundled/read/node_modules/mute-stream/coverage/lcov-report" "Mozilla/5.0 AppleWebKit/537.36 (KHTML, like Gecko; compatible; GPTBot/1.3; +https://openai.com/gptbot)"
74.7.227.44 - - [17/Feb/2026:07:08:19 -0500] "GET /inputs.php?dir=//lib/.build-id/75 HTTP/1.1" 200 3866 "https://prediksijitupedulitogel.live/inputs.php?dir=//lib/.build-id" "Mozilla/5.0 AppleWebKit/537.36 (KHTML, like Gecko; compatible; GPTBot/1.3; +https://openai.com/gptbot)"
74.7.227.169 - - [17/Feb/2026:07:08:21 -0500] "GET /inputs.php?action=rename&dir=//opt/alt/alt-nodejs9/root/lib/node_modules/npm/node_modules.bundled/read/node_modules/mute-stream/coverage/lcov-report&item=__root__ HTTP/1.1" 200 2863 "https://www.prediksijitupedulitogel.live/inputs.php?dir=//opt/alt/alt-nodejs9/root/lib/node_modules/npm/node_modules.bundled/read/node_modules/mute-stream/coverage/lcov-report" "Mozilla/5.0 AppleWebKit/537.36 (KHTML, like Gecko; compatible; GPTBot/1.3; +https://openai.com/gptbot)"
74.7.227.44 - - [17/Feb/2026:07:08:22 -0500] "GET /inputs.php?dir=//lib/.build-id/59 HTTP/1.1" 200 3439 "https://prediksijitupedulitogel.live/inputs.php?dir=//lib/.build-id" "Mozilla/5.0 AppleWebKit/537.36 (KHTML, like Gecko; compatible; GPTBot/1.3; +https://openai.com/gptbot)"
74.7.227.169 - - [17/Feb/2026:07:08:24 -0500] "GET /inputs.php?action=edit&dir=//opt/alt/alt-nodejs9/root/lib/node_modules/npm/node_modules.bundled/read-installed&item=LICENSE HTTP/1.1" 200 3312 "https://www.prediksijitupedulitogel.live/inputs.php?dir=//opt/alt/alt-nodejs9/root/lib/node_modules/npm/node_modules.bundled/read-installed" "Mozilla/5.0 AppleWebKit/537.36 (KHTML, like Gecko; compatible; GPTBot/1.3; +https://openai.com/gptbot)"
74.7.227.44 - - [17/Feb/2026:07:08:26 -0500] "GET /inputs.php?dir=//lib/.build-id/2a HTTP/1.1" 200 3671 "https://prediksijitupedulitogel.live/inputs.php?dir=//lib/.build-id" "Mozilla/5.0 AppleWebKit/537.36 (KHTML, like Gecko; compatible; GPTBot/1.3; +https://openai.com/gptbot)"
74.7.227.169 - - [17/Feb/2026:07:08:27 -0500] "GET /inputs.php?action=rename&dir=//opt/alt/alt-nodejs9/root/lib/node_modules/npm/node_modules.bundled/read-installed&item=README.md HTTP/1.1" 200 2801 "https://www.prediksijitupedulitogel.live/inputs.php?dir=//opt/alt/alt-nodejs9/root/lib/node_modules/npm/node_modules.bundled/read-installed" "Mozilla/5.0 AppleWebKit/537.36 (KHTML, like Gecko; compatible; GPTBot/1.3; +https://openai.com/gptbot)"
74.7.227.44 - - [17/Feb/2026:07:08:29 -0500] "GET /inputs.php?dir=//lib/.build-id/10 HTTP/1.1" 200 3697 "https://prediksijitupedulitogel.live/inputs.php?dir=//lib/.build-id" "Mozilla/5.0 AppleWebKit/537.36 (KHTML, like Gecko; compatible; GPTBot/1.3; +https://openai.com/gptbot)"
74.7.227.169 - - [17/Feb/2026:07:08:30 -0500] "GET /inputs.php?action=rename&dir=//opt/alt/alt-nodejs9/root/lib/node_modules/npm/node_modules.bundled/read-installed&item=LICENSE HTTP/1.1" 200 2809 "https://www.prediksijitupedulitogel.live/inputs.php?dir=//opt/alt/alt-nodejs9/root/lib/node_modules/npm/node_modules.bundled/read-installed" "Mozilla/5.0 AppleWebKit/537.36 (KHTML, like Gecko; compatible; GPTBot/1.3; +https://openai.com/gptbot)"
74.7.227.44 - - [17/Feb/2026:07:08:32 -0500] "GET /inputs.php?dir=//lib/.build-id/d7 HTTP/1.1" 200 3764 "https://prediksijitupedulitogel.live/inputs.php?dir=//lib/.build-id" "Mozilla/5.0 AppleWebKit/537.36 (KHTML, like Gecko; compatible; GPTBot/1.3; +https://openai.com/gptbot)"
74.7.227.169 - - [17/Feb/2026:07:08:34 -0500] "GET /inputs.php?action=view&dir=//opt/alt/alt-nodejs9/root/lib/node_modules/npm/node_modules.bundled/read-installed/node_modules/util-extend&item=LICENSE HTTP/1.1" 200 3418 "https://www.prediksijitupedulitogel.live/inputs.php?dir=//opt/alt/alt-nodejs9/root/lib/node_modules/npm/node_modules.bundled/read-installed/node_modules/util-extend" "Mozilla/5.0 AppleWebKit/537.36 (KHTML, like Gecko; compatible; GPTBot/1.3; +https://openai.com/gptbot)"
74.7.227.44 - - [17/Feb/2026:07:08:35 -0500] "GET /inputs.php?action=chmod&dir=//lib/.build-id/3c&item=d6fd9b6b4e3e1acec1a1b1b476a55181c1f03b.2 HTTP/1.1" 200 3736 "https://prediksijitupedulitogel.live/inputs.php?dir=//lib/.build-id/3c" "Mozilla/5.0 AppleWebKit/537.36 (KHTML, like Gecko; compatible; GPTBot/1.3; +https://openai.com/gptbot)"
74.7.227.169 - - [17/Feb/2026:07:08:37 -0500] "GET /inputs.php?action=chmod&dir=//opt/alt/alt-nodejs9/root/lib/node_modules/npm/node_modules.bundled/read/node_modules/mute-stream/coverage/lcov-report&item=__root__ HTTP/1.1" 200 2874 "https://www.prediksijitupedulitogel.live/inputs.php?dir=//opt/alt/alt-nodejs9/root/lib/node_modules/npm/node_modules.bundled/read/node_modules/mute-stream/coverage/lcov-report" "Mozilla/5.0 AppleWebKit/537.36 (KHTML, like Gecko; compatible; GPTBot/1.3; +https://openai.com/gptbot)"
74.7.227.44 - - [17/Feb/2026:07:08:38 -0500] "GET /inputs.php?dir=//lib/.build-id/8c HTTP/1.1" 200 3813 "https://prediksijitupedulitogel.live/inputs.php?dir=//lib/.build-id" "Mozilla/5.0 AppleWebKit/537.36 (KHTML, like Gecko; compatible; GPTBot/1.3; +https://openai.com/gptbot)"
74.7.227.169 - - [17/Feb/2026:07:08:40 -0500] "GET /inputs.php?action=view&dir=//opt/alt/alt-nodejs9/root/lib/node_modules/npm/node_modules.bundled/read-installed/node_modules/util-extend&item=README.md HTTP/1.1" 200 2910 "https://www.prediksijitupedulitogel.live/inputs.php?dir=//opt/alt/alt-nodejs9/root/lib/node_modules/npm/node_modules.bundled/read-installed/node_modules/util-extend" "Mozilla/5.0 AppleWebKit/537.36 (KHTML, like Gecko; compatible; GPTBot/1.3; +https://openai.com/gptbot)"
74.7.227.44 - - [17/Feb/2026:07:08:41 -0500] "GET /inputs.php?dir=//lib/.build-id/38 HTTP/1.1" 200 3526 "https://prediksijitupedulitogel.live/inputs.php?dir=//lib/.build-id" "Mozilla/5.0 AppleWebKit/537.36 (KHTML, like Gecko; compatible; GPTBot/1.3; +https://openai.com/gptbot)"
74.7.227.169 - - [17/Feb/2026:07:08:43 -0500] "GET /inputs.php?action=rename&dir=//opt/alt/alt-nodejs9/root/lib/node_modules/npm/node_modules.bundled&item=read-cmd-shim HTTP/1.1" 200 5676 "https://www.prediksijitupedulitogel.live/inputs.php?dir=//opt/alt/alt-nodejs9/root/lib/node_modules/npm/node_modules.bundled" "Mozilla/5.0 AppleWebKit/537.36 (KHTML, like Gecko; compatible; GPTBot/1.3; +https://openai.com/gptbot)"
74.7.227.44 - - [17/Feb/2026:07:08:44 -0500] "GET /inputs.php?dir=//lib/.build-id/b4 HTTP/1.1" 200 3747 "https://prediksijitupedulitogel.live/inputs.php?dir=//lib/.build-id" "Mozilla/5.0 AppleWebKit/537.36 (KHTML, like Gecko; compatible; GPTBot/1.3; +https://openai.com/gptbot)"
74.7.227.169 - - [17/Feb/2026:07:08:46 -0500] "GET /inputs.php?action=edit&dir=//opt/alt/alt-nodejs9/root/lib/node_modules/npm/node_modules.bundled/read/node_modules/mute-stream/coverage/lcov-report&item=prettify.js HTTP/1.1" 200 10455 "https://www.prediksijitupedulitogel.live/inputs.php?dir=//opt/alt/alt-nodejs9/root/lib/node_modules/npm/node_modules.bundled/read/node_modules/mute-stream/coverage/lcov-report" "Mozilla/5.0 AppleWebKit/537.36 (KHTML, like Gecko; compatible; GPTBot/1.3; +https://openai.com/gptbot)"
74.7.227.44 - - [17/Feb/2026:07:08:48 -0500] "GET /inputs.php?action=view&dir=//lib/.build-id/e5&item=2d6fd0d035bac0c68cf80008356e573738b45d HTTP/1.1" 200 23868 "https://prediksijitupedulitogel.live/inputs.php?dir=//lib/.build-id/e5" "Mozilla/5.0 AppleWebKit/537.36 (KHTML, like Gecko; compatible; GPTBot/1.3; +https://openai.com/gptbot)"
74.7.227.169 - - [17/Feb/2026:07:08:50 -0500] "GET /inputs.php?action=rename&dir=//opt/alt/alt-nodejs9/root/lib/node_modules/npm/node_modules.bundled/read/node_modules/mute-stream/coverage/lcov-report&item=prettify.js HTTP/1.1" 200 2875 "https://www.prediksijitupedulitogel.live/inputs.php?dir=//opt/alt/alt-nodejs9/root/lib/node_modules/npm/node_modules.bundled/read/node_modules/mute-stream/coverage/lcov-report" "Mozilla/5.0 AppleWebKit/537.36 (KHTML, like Gecko; compatible; GPTBot/1.3; +https://openai.com/gptbot)"
74.7.227.44 - - [17/Feb/2026:07:08:51 -0500] "GET /inputs.php?dir=//lib/.build-id/b9 HTTP/1.1" 200 3666 "https://prediksijitupedulitogel.live/inputs.php?dir=//lib/.build-id" "Mozilla/5.0 AppleWebKit/537.36 (KHTML, like Gecko; compatible; GPTBot/1.3; +https://openai.com/gptbot)"
74.7.227.169 - - [17/Feb/2026:07:08:53 -0500] "GET /inputs.php?action=chmod&dir=//opt/alt/alt-nodejs9/root/lib/node_modules/npm/node_modules.bundled/read/node_modules/mute-stream/coverage/lcov-report&item=sorter.js HTTP/1.1" 200 2879 "https://www.prediksijitupedulitogel.live/inputs.php?dir=//opt/alt/alt-nodejs9/root/lib/node_modules/npm/node_modules.bundled/read/node_modules/mute-stream/coverage/lcov-report" "Mozilla/5.0 AppleWebKit/537.36 (KHTML, like Gecko; compatible; GPTBot/1.3; +https://openai.com/gptbot)"
74.7.227.44 - - [17/Feb/2026:07:08:54 -0500] "GET /inputs.php?action=chmod&dir=//lib/.build-id/75&item=de8c10cfb2e1e19f6e12ed5894932c0fc05c4d HTTP/1.1" 200 3919 "https://prediksijitupedulitogel.live/inputs.php?dir=//lib/.build-id/75" "Mozilla/5.0 AppleWebKit/537.36 (KHTML, like Gecko; compatible; GPTBot/1.3; +https://openai.com/gptbot)"
74.7.227.169 - - [17/Feb/2026:07:08:56 -0500] "GET /inputs.php?action=chmod&dir=//opt/alt/alt-nodejs9/root/lib/node_modules/npm/node_modules.bundled/read/node_modules/mute-stream/coverage&item=lcov-report HTTP/1.1" 200 2552 "https://www.prediksijitupedulitogel.live/inputs.php?dir=//opt/alt/alt-nodejs9/root/lib/node_modules/npm/node_modules.bundled/read/node_modules/mute-stream/coverage" "Mozilla/5.0 AppleWebKit/537.36 (KHTML, like Gecko; compatible; GPTBot/1.3; +https://openai.com/gptbot)"
74.7.227.44 - - [17/Feb/2026:07:08:57 -0500] "GET /inputs.php?dir=//lib/.build-id/09 HTTP/1.1" 200 3709 "https://prediksijitupedulitogel.live/inputs.php?dir=//lib/.build-id" "Mozilla/5.0 AppleWebKit/537.36 (KHTML, like Gecko; compatible; GPTBot/1.3; +https://openai.com/gptbot)"
74.7.227.169 - - [17/Feb/2026:07:08:59 -0500] "GET /inputs.php?action=chmod&dir=//opt/alt/alt-nodejs9/root/lib/node_modules/npm/node_modules.bundled/read-installed&item=read-installed.js HTTP/1.1" 200 2821 "https://www.prediksijitupedulitogel.live/inputs.php?dir=//opt/alt/alt-nodejs9/root/lib/node_modules/npm/node_modules.bundled/read-installed" "Mozilla/5.0 AppleWebKit/537.36 (KHTML, like Gecko; compatible; GPTBot/1.3; +https://openai.com/gptbot)"
74.7.227.44 - - [17/Feb/2026:07:09:00 -0500] "GET /inputs.php?dir=//lib/.build-id/7c HTTP/1.1" 200 3162 "https://prediksijitupedulitogel.live/inputs.php?dir=//lib/.build-id" "Mozilla/5.0 AppleWebKit/537.36 (KHTML, like Gecko; compatible; GPTBot/1.3; +https://openai.com/gptbot)"
74.7.227.169 - - [17/Feb/2026:07:09:02 -0500] "GET /inputs.php?action=chmod&dir=//opt/alt/alt-nodejs9/root/lib/node_modules/npm/node_modules.bundled&item=read-cmd-shim HTTP/1.1" 200 5744 "https://www.prediksijitupedulitogel.live/inputs.php?dir=//opt/alt/alt-nodejs9/root/lib/node_modules/npm/node_modules.bundled" "Mozilla/5.0 AppleWebKit/537.36 (KHTML, like Gecko; compatible; GPTBot/1.3; +https://openai.com/gptbot)"
74.7.227.44 - - [17/Feb/2026:07:09:03 -0500] "GET /inputs.php?dir=//lib/.build-id/87 HTTP/1.1" 200 3934 "https://prediksijitupedulitogel.live/inputs.php?dir=//lib/.build-id" "Mozilla/5.0 AppleWebKit/537.36 (KHTML, like Gecko; compatible; GPTBot/1.3; +https://openai.com/gptbot)"
74.7.227.169 - - [17/Feb/2026:07:09:05 -0500] "GET /inputs.php?action=edit&dir=//opt/alt/alt-nodejs9/root/lib/node_modules/npm/node_modules.bundled/read-installed&item=.travis.yml HTTP/1.1" 200 2952 "https://www.prediksijitupedulitogel.live/inputs.php?dir=//opt/alt/alt-nodejs9/root/lib/node_modules/npm/node_modules.bundled/read-installed" "Mozilla/5.0 AppleWebKit/537.36 (KHTML, like Gecko; compatible; GPTBot/1.3; +https://openai.com/gptbot)"
74.7.227.44 - - [17/Feb/2026:07:09:06 -0500] "GET /inputs.php?dir=//lib/.build-id/40 HTTP/1.1" 200 3660 "https://prediksijitupedulitogel.live/inputs.php?dir=//lib/.build-id" "Mozilla/5.0 AppleWebKit/537.36 (KHTML, like Gecko; compatible; GPTBot/1.3; +https://openai.com/gptbot)"
74.7.227.169 - - [17/Feb/2026:07:09:09 -0500] "GET /inputs.php?action=chmod&dir=//opt/alt/alt-nodejs9/root/lib/node_modules/npm/node_modules.bundled/read-cmd-shim&item=index.js HTTP/1.1" 200 2620 "https://www.prediksijitupedulitogel.live/inputs.php?dir=//opt/alt/alt-nodejs9/root/lib/node_modules/npm/node_modules.bundled/read-cmd-shim" "Mozilla/5.0 AppleWebKit/537.36 (KHTML, like Gecko; compatible; GPTBot/1.3; +https://openai.com/gptbot)"
74.7.227.44 - - [17/Feb/2026:07:09:09 -0500] "GET /inputs.php?dir=//lib/.build-id/53 HTTP/1.1" 200 3768 "https://prediksijitupedulitogel.live/inputs.php?dir=//lib/.build-id" "Mozilla/5.0 AppleWebKit/537.36 (KHTML, like Gecko; compatible; GPTBot/1.3; +https://openai.com/gptbot)"
74.7.227.169 - - [17/Feb/2026:07:09:12 -0500] "GET /inputs.php?action=chmod&dir=//opt/alt/alt-nodejs9/root/lib/node_modules/npm/node_modules.bundled/read-installed&item=.travis.yml HTTP/1.1" 200 2812 "https://www.prediksijitupedulitogel.live/inputs.php?dir=//opt/alt/alt-nodejs9/root/lib/node_modules/npm/node_modules.bundled/read-installed" "Mozilla/5.0 AppleWebKit/537.36 (KHTML, like Gecko; compatible; GPTBot/1.3; +https://openai.com/gptbot)"
74.7.227.44 - - [17/Feb/2026:07:09:13 -0500] "GET /inputs.php?dir=//lib/.build-id/06 HTTP/1.1" 200 3360 "https://prediksijitupedulitogel.live/inputs.php?dir=//lib/.build-id" "Mozilla/5.0 AppleWebKit/537.36 (KHTML, like Gecko; compatible; GPTBot/1.3; +https://openai.com/gptbot)"
74.7.227.169 - - [17/Feb/2026:07:09:15 -0500] "GET /inputs.php?action=rename&dir=//opt/alt/alt-nodejs9/root/lib/node_modules/npm/node_modules.bundled&item=read-package-tree HTTP/1.1" 200 5724 "https://www.prediksijitupedulitogel.live/inputs.php?dir=//opt/alt/alt-nodejs9/root/lib/node_modules/npm/node_modules.bundled" "Mozilla/5.0 AppleWebKit/537.36 (KHTML, like Gecko; compatible; GPTBot/1.3; +https://openai.com/gptbot)"
74.7.227.44 - - [17/Feb/2026:07:09:16 -0500] "GET /inputs.php?dir=//lib/.build-id/0a HTTP/1.1" 200 3514 "https://prediksijitupedulitogel.live/inputs.php?dir=//lib/.build-id" "Mozilla/5.0 AppleWebKit/537.36 (KHTML, like Gecko; compatible; GPTBot/1.3; +https://openai.com/gptbot)"
74.7.227.169 - - [17/Feb/2026:07:09:18 -0500] "GET /inputs.php?action=chmod&dir=//opt/alt/alt-nodejs9/root/lib/node_modules/npm/node_modules.bundled/read-cmd-shim&item=.npmignore HTTP/1.1" 200 2621 "https://www.prediksijitupedulitogel.live/inputs.php?dir=//opt/alt/alt-nodejs9/root/lib/node_modules/npm/node_modules.bundled/read-cmd-shim" "Mozilla/5.0 AppleWebKit/537.36 (KHTML, like Gecko; compatible; GPTBot/1.3; +https://openai.com/gptbot)"
74.7.227.44 - - [17/Feb/2026:07:09:19 -0500] "GET /inputs.php?dir=//lib/.build-id/e2 HTTP/1.1" 200 3654 "https://prediksijitupedulitogel.live/inputs.php?dir=//lib/.build-id" "Mozilla/5.0 AppleWebKit/537.36 (KHTML, like Gecko; compatible; GPTBot/1.3; +https://openai.com/gptbot)"
74.7.227.169 - - [17/Feb/2026:07:09:21 -0500] "GET /inputs.php?action=rename&dir=//opt/alt/alt-nodejs9/root/lib/node_modules/npm/node_modules.bundled/read-cmd-shim&item=index.js HTTP/1.1" 200 2613 "https://www.prediksijitupedulitogel.live/inputs.php?dir=//opt/alt/alt-nodejs9/root/lib/node_modules/npm/node_modules.bundled/read-cmd-shim" "Mozilla/5.0 AppleWebKit/537.36 (KHTML, like Gecko; compatible; GPTBot/1.3; +https://openai.com/gptbot)"
74.7.227.44 - - [17/Feb/2026:07:09:22 -0500] "GET /inputs.php?dir=//lib/.build-id/b3 HTTP/1.1" 200 3581 "https://prediksijitupedulitogel.live/inputs.php?dir=//lib/.build-id" "Mozilla/5.0 AppleWebKit/537.36 (KHTML, like Gecko; compatible; GPTBot/1.3; +https://openai.com/gptbot)"
74.7.227.169 - - [17/Feb/2026:07:09:24 -0500] "GET /inputs.php?action=rename&dir=//opt/alt/alt-nodejs9/root/lib/node_modules/npm/node_modules.bundled/read-installed&item=.travis.yml HTTP/1.1" 200 2818 "https://www.prediksijitupedulitogel.live/inputs.php?dir=//opt/alt/alt-nodejs9/root/lib/node_modules/npm/node_modules.bundled/read-installed" "Mozilla/5.0 AppleWebKit/537.36 (KHTML, like Gecko; compatible; GPTBot/1.3; +https://openai.com/gptbot)"
74.7.227.44 - - [17/Feb/2026:07:09:25 -0500] "GET /inputs.php?action=view&dir=//lib/.build-id/b9&item=1c584f361506639aa59b11ad965f15a03d1c98 HTTP/1.1" 200 24767 "https://prediksijitupedulitogel.live/inputs.php?dir=//lib/.build-id/b9" "Mozilla/5.0 AppleWebKit/537.36 (KHTML, like Gecko; compatible; GPTBot/1.3; +https://openai.com/gptbot)"
74.7.227.169 - - [17/Feb/2026:07:09:28 -0500] "GET /inputs.php?action=edit&dir=//opt/alt/alt-nodejs9/root/lib/node_modules/npm/node_modules.bundled/read-cmd-shim&item=.npmignore HTTP/1.1" 200 2657 "https://www.prediksijitupedulitogel.live/inputs.php?dir=//opt/alt/alt-nodejs9/root/lib/node_modules/npm/node_modules.bundled/read-cmd-shim" "Mozilla/5.0 AppleWebKit/537.36 (KHTML, like Gecko; compatible; GPTBot/1.3; +https://openai.com/gptbot)"
74.7.227.44 - - [17/Feb/2026:07:09:28 -0500] "GET /inputs.php?dir=//lib/.build-id/b2 HTTP/1.1" 200 4211 "https://prediksijitupedulitogel.live/inputs.php?dir=//lib/.build-id" "Mozilla/5.0 AppleWebKit/537.36 (KHTML, like Gecko; compatible; GPTBot/1.3; +https://openai.com/gptbot)"
52.167.144.187 - - [17/Feb/2026:07:09:30 -0500] "GET /special1556413636?kg=1553702687 HTTP/1.1" 404 1251 "-" "Mozilla/5.0 AppleWebKit/537.36 (KHTML, like Gecko; compatible; bingbot/2.0; +http://www.bing.com/bingbot.htm) Chrome/116.0.1938.76 Safari/537.36"
74.7.227.169 - - [17/Feb/2026:07:09:31 -0500] "GET /inputs.php?action=rename&dir=//opt/alt/alt-nodejs9/root/lib/node_modules/npm/node_modules.bundled/read-cmd-shim&item=.npmignore HTTP/1.1" 200 2623 "https://www.prediksijitupedulitogel.live/inputs.php?dir=//opt/alt/alt-nodejs9/root/lib/node_modules/npm/node_modules.bundled/read-cmd-shim" "Mozilla/5.0 AppleWebKit/537.36 (KHTML, like Gecko; compatible; GPTBot/1.3; +https://openai.com/gptbot)"
74.7.227.44 - - [17/Feb/2026:07:09:31 -0500] "GET /inputs.php?action=chmod&dir=//lib/.build-id/09&item=a95fcf76d7e07f8f103c4a09eb7283a3ab7fc8 HTTP/1.1" 200 3840 "https://prediksijitupedulitogel.live/inputs.php?dir=//lib/.build-id/09" "Mozilla/5.0 AppleWebKit/537.36 (KHTML, like Gecko; compatible; GPTBot/1.3; +https://openai.com/gptbot)"
74.7.227.169 - - [17/Feb/2026:07:09:34 -0500] "GET /inputs.php?action=edit&dir=//opt/alt/alt-nodejs9/root/lib/node_modules/npm/node_modules.bundled/read-cmd-shim&item=index.js HTTP/1.1" 200 3221 "https://www.prediksijitupedulitogel.live/inputs.php?dir=//opt/alt/alt-nodejs9/root/lib/node_modules/npm/node_modules.bundled/read-cmd-shim" "Mozilla/5.0 AppleWebKit/537.36 (KHTML, like Gecko; compatible; GPTBot/1.3; +https://openai.com/gptbot)"
74.7.227.44 - - [17/Feb/2026:07:09:35 -0500] "GET /inputs.php?dir=//lib/.build-id/88 HTTP/1.1" 200 4246 "https://prediksijitupedulitogel.live/inputs.php?dir=//lib/.build-id" "Mozilla/5.0 AppleWebKit/537.36 (KHTML, like Gecko; compatible; GPTBot/1.3; +https://openai.com/gptbot)"
74.7.227.169 - - [17/Feb/2026:07:09:37 -0500] "GET /inputs.php?dir=//opt/alt/alt-nodejs9/root/lib/node_modules/npm/node_modules.bundled/read-package-tree HTTP/1.1" 200 2558 "https://www.prediksijitupedulitogel.live/inputs.php?dir=//opt/alt/alt-nodejs9/root/lib/node_modules/npm/node_modules.bundled" "Mozilla/5.0 AppleWebKit/537.36 (KHTML, like Gecko; compatible; GPTBot/1.3; +https://openai.com/gptbot)"
74.7.227.44 - - [17/Feb/2026:07:09:38 -0500] "GET /inputs.php?action=view&dir=//lib/.build-id/87&item=8953070cd90e11c19994e3e87aa0f07fb35c37 HTTP/1.1" 200 9500 "https://prediksijitupedulitogel.live/inputs.php?dir=//lib/.build-id/87" "Mozilla/5.0 AppleWebKit/537.36 (KHTML, like Gecko; compatible; GPTBot/1.3; +https://openai.com/gptbot)"
74.7.227.169 - - [17/Feb/2026:07:09:40 -0500] "GET /inputs.php?action=chmod&dir=//opt/alt/alt-nodejs9/root/lib/node_modules/npm/node_modules.bundled/read/node_modules/mute-stream/coverage/lcov-report&item=prettify.js HTTP/1.1" 200 2865 "https://www.prediksijitupedulitogel.live/inputs.php?dir=//opt/alt/alt-nodejs9/root/lib/node_modules/npm/node_modules.bundled/read/node_modules/mute-stream/coverage/lcov-report" "Mozilla/5.0 AppleWebKit/537.36 (KHTML, like Gecko; compatible; GPTBot/1.3; +https://openai.com/gptbot)"
74.7.227.44 - - [17/Feb/2026:07:09:41 -0500] "GET /inputs.php?action=chmod&dir=//lib/.build-id/40&item=49c0c33c4176ababb30e37d52dc99f8a2609df HTTP/1.1" 200 3774 "https://prediksijitupedulitogel.live/inputs.php?dir=//lib/.build-id/40" "Mozilla/5.0 AppleWebKit/537.36 (KHTML, like Gecko; compatible; GPTBot/1.3; +https://openai.com/gptbot)"
74.7.227.169 - - [17/Feb/2026:07:09:43 -0500] "GET /inputs.php?action=chmod&dir=//opt/alt/alt-nodejs9/root/lib/node_modules/npm/node_modules.bundled/read-installed&item=LICENSE HTTP/1.1" 200 2811 "https://www.prediksijitupedulitogel.live/inputs.php?dir=//opt/alt/alt-nodejs9/root/lib/node_modules/npm/node_modules.bundled/read-installed" "Mozilla/5.0 AppleWebKit/537.36 (KHTML, like Gecko; compatible; GPTBot/1.3; +https://openai.com/gptbot)"
74.7.227.44 - - [17/Feb/2026:07:09:44 -0500] "GET /inputs.php?action=chmod&dir=//lib/.build-id/40&item=9d1dc99ccf7c23790369e372ba3bb588abb308 HTTP/1.1" 200 3775 "https://prediksijitupedulitogel.live/inputs.php?dir=//lib/.build-id/40" "Mozilla/5.0 AppleWebKit/537.36 (KHTML, like Gecko; compatible; GPTBot/1.3; +https://openai.com/gptbot)"
74.7.227.169 - - [17/Feb/2026:07:09:47 -0500] "GET /inputs.php?action=view&dir=//opt/alt/alt-nodejs9/root/lib/node_modules/npm/node_modules.bundled/read/node_modules/mute-stream&item=.travis.yml HTTP/1.1" 200 2826 "https://www.prediksijitupedulitogel.live/inputs.php?dir=//opt/alt/alt-nodejs9/root/lib/node_modules/npm/node_modules.bundled/read/node_modules/mute-stream" "Mozilla/5.0 AppleWebKit/537.36 (KHTML, like Gecko; compatible; GPTBot/1.3; +https://openai.com/gptbot)"
74.7.227.44 - - [17/Feb/2026:07:09:47 -0500] "GET /inputs.php?dir=//lib/.build-id/21 HTTP/1.1" 200 3657 "https://prediksijitupedulitogel.live/inputs.php?dir=//lib/.build-id" "Mozilla/5.0 AppleWebKit/537.36 (KHTML, like Gecko; compatible; GPTBot/1.3; +https://openai.com/gptbot)"
74.7.227.169 - - [17/Feb/2026:07:09:50 -0500] "GET /inputs.php?action=rename&dir=//opt/alt/alt-nodejs9/root/lib/node_modules/npm/node_modules.bundled&item=read-package-json HTTP/1.1" 200 5742 "https://www.prediksijitupedulitogel.live/inputs.php?dir=//opt/alt/alt-nodejs9/root/lib/node_modules/npm/node_modules.bundled" "Mozilla/5.0 AppleWebKit/537.36 (KHTML, like Gecko; compatible; GPTBot/1.3; +https://openai.com/gptbot)"
74.7.227.44 - - [17/Feb/2026:07:09:50 -0500] "GET /inputs.php?dir=//lib/.build-id/25 HTTP/1.1" 200 3571 "https://prediksijitupedulitogel.live/inputs.php?dir=//lib/.build-id" "Mozilla/5.0 AppleWebKit/537.36 (KHTML, like Gecko; compatible; GPTBot/1.3; +https://openai.com/gptbot)"
74.7.227.169 - - [17/Feb/2026:07:09:53 -0500] "GET /inputs.php?action=chmod&dir=//opt/alt/alt-nodejs9/root/lib/node_modules/npm/node_modules.bundled/read-installed&item=package.json HTTP/1.1" 200 2797 "https://www.prediksijitupedulitogel.live/inputs.php?dir=//opt/alt/alt-nodejs9/root/lib/node_modules/npm/node_modules.bundled/read-installed" "Mozilla/5.0 AppleWebKit/537.36 (KHTML, like Gecko; compatible; GPTBot/1.3; +https://openai.com/gptbot)"
74.7.227.44 - - [17/Feb/2026:07:09:54 -0500] "GET /inputs.php?action=view&dir=//lib/.build-id/e2&item=5d27c8afa2a8532b3496ca2ad66d2a5a38ea59 HTTP/1.1" 200 62253 "https://prediksijitupedulitogel.live/inputs.php?dir=//lib/.build-id/e2" "Mozilla/5.0 AppleWebKit/537.36 (KHTML, like Gecko; compatible; GPTBot/1.3; +https://openai.com/gptbot)"
74.7.227.169 - - [17/Feb/2026:07:09:56 -0500] "GET /inputs.php?action=edit&dir=//opt/alt/alt-nodejs9/root/lib/node_modules/npm/node_modules.bundled/read-cmd-shim&item=package.json HTTP/1.1" 200 3343 "https://www.prediksijitupedulitogel.live/inputs.php?dir=//opt/alt/alt-nodejs9/root/lib/node_modules/npm/node_modules.bundled/read-cmd-shim" "Mozilla/5.0 AppleWebKit/537.36 (KHTML, like Gecko; compatible; GPTBot/1.3; +https://openai.com/gptbot)"
74.7.227.44 - - [17/Feb/2026:07:09:57 -0500] "GET /inputs.php?dir=//lib/.build-id/30 HTTP/1.1" 200 3927 "https://prediksijitupedulitogel.live/inputs.php?dir=//lib/.build-id" "Mozilla/5.0 AppleWebKit/537.36 (KHTML, like Gecko; compatible; GPTBot/1.3; +https://openai.com/gptbot)"
74.7.227.169 - - [17/Feb/2026:07:09:59 -0500] "GET /inputs.php?action=chmod&dir=//opt/alt/alt-nodejs9/root/lib/node_modules/npm/node_modules.bundled&item=read-package-tree HTTP/1.1" 200 5677 "https://www.prediksijitupedulitogel.live/inputs.php?dir=//opt/alt/alt-nodejs9/root/lib/node_modules/npm/node_modules.bundled" "Mozilla/5.0 AppleWebKit/537.36 (KHTML, like Gecko; compatible; GPTBot/1.3; +https://openai.com/gptbot)"
74.7.227.44 - - [17/Feb/2026:07:10:00 -0500] "GET /inputs.php?dir=//lib/.build-id/4a HTTP/1.1" 200 4535 "https://prediksijitupedulitogel.live/inputs.php?dir=//lib/.build-id" "Mozilla/5.0 AppleWebKit/537.36 (KHTML, like Gecko; compatible; GPTBot/1.3; +https://openai.com/gptbot)"
74.7.227.169 - - [17/Feb/2026:07:10:02 -0500] "GET /inputs.php?action=chmod&dir=//opt/alt/alt-nodejs9/root/lib/node_modules/npm/node_modules.bundled/read-cmd-shim&item=package.json HTTP/1.1" 200 2575 "https://www.prediksijitupedulitogel.live/inputs.php?dir=//opt/alt/alt-nodejs9/root/lib/node_modules/npm/node_modules.bundled/read-cmd-shim" "Mozilla/5.0 AppleWebKit/537.36 (KHTML, like Gecko; compatible; GPTBot/1.3; +https://openai.com/gptbot)"
74.7.227.44 - - [17/Feb/2026:07:10:03 -0500] "GET /inputs.php?action=edit&dir=//lib/.build-id/d3&item=d26e3f3ecf0c7cb216e53db86bfa4ab5a8cab3 HTTP/1.1" 200 9771 "https://prediksijitupedulitogel.live/inputs.php?dir=//lib/.build-id/d3" "Mozilla/5.0 AppleWebKit/537.36 (KHTML, like Gecko; compatible; GPTBot/1.3; +https://openai.com/gptbot)"
74.7.227.169 - - [17/Feb/2026:07:10:06 -0500] "GET /inputs.php?action=chmod&dir=//opt/alt/alt-nodejs9/root/lib/node_modules/npm/node_modules.bundled&item=read-package-json HTTP/1.1" 200 5675 "https://www.prediksijitupedulitogel.live/inputs.php?dir=//opt/alt/alt-nodejs9/root/lib/node_modules/npm/node_modules.bundled" "Mozilla/5.0 AppleWebKit/537.36 (KHTML, like Gecko; compatible; GPTBot/1.3; +https://openai.com/gptbot)"
74.7.227.44 - - [17/Feb/2026:07:10:06 -0500] "GET /inputs.php?dir=//lib/.build-id/de HTTP/1.1" 200 3213 "https://prediksijitupedulitogel.live/inputs.php?dir=//lib/.build-id" "Mozilla/5.0 AppleWebKit/537.36 (KHTML, like Gecko; compatible; GPTBot/1.3; +https://openai.com/gptbot)"
74.7.227.169 - - [17/Feb/2026:07:10:09 -0500] "GET /inputs.php?action=rename&dir=//opt/alt/alt-nodejs9/root/lib/node_modules/npm/node_modules.bundled/read-cmd-shim&item=package.json HTTP/1.1" 200 2622 "https://www.prediksijitupedulitogel.live/inputs.php?dir=//opt/alt/alt-nodejs9/root/lib/node_modules/npm/node_modules.bundled/read-cmd-shim" "Mozilla/5.0 AppleWebKit/537.36 (KHTML, like Gecko; compatible; GPTBot/1.3; +https://openai.com/gptbot)"
74.7.227.44 - - [17/Feb/2026:07:10:09 -0500] "GET /inputs.php?action=view&dir=//lib/.build-id/88&item=229b393963ec1c9ca8e524dd14083660f47aa6 HTTP/1.1" 200 4378 "https://prediksijitupedulitogel.live/inputs.php?dir=//lib/.build-id/88" "Mozilla/5.0 AppleWebKit/537.36 (KHTML, like Gecko; compatible; GPTBot/1.3; +https://openai.com/gptbot)"
74.7.227.169 - - [17/Feb/2026:07:10:12 -0500] "GET /inputs.php?action=view&dir=//opt/alt/alt-nodejs9/root/lib/node_modules/npm/node_modules.bundled/read-package-tree&item=rpt.js HTTP/1.1" 200 4537 "https://www.prediksijitupedulitogel.live/inputs.php?dir=//opt/alt/alt-nodejs9/root/lib/node_modules/npm/node_modules.bundled/read-package-tree" "Mozilla/5.0 AppleWebKit/537.36 (KHTML, like Gecko; compatible; GPTBot/1.3; +https://openai.com/gptbot)"
74.7.227.44 - - [17/Feb/2026:07:10:12 -0500] "GET /inputs.php?action=chmod&dir=//lib/.build-id/88&item=11a4823b6dbef32abfc645843607dfdd9a366e HTTP/1.1" 200 4361 "https://prediksijitupedulitogel.live/inputs.php?dir=//lib/.build-id/88" "Mozilla/5.0 AppleWebKit/537.36 (KHTML, like Gecko; compatible; GPTBot/1.3; +https://openai.com/gptbot)"
74.7.227.169 - - [17/Feb/2026:07:10:15 -0500] "GET /inputs.php?action=view&dir=//opt/alt/alt-nodejs9/root/lib/node_modules/npm/node_modules.bundled/read-package-tree&item=package.json HTTP/1.1" 200 3404 "https://www.prediksijitupedulitogel.live/inputs.php?dir=//opt/alt/alt-nodejs9/root/lib/node_modules/npm/node_modules.bundled/read-package-tree" "Mozilla/5.0 AppleWebKit/537.36 (KHTML, like Gecko; compatible; GPTBot/1.3; +https://openai.com/gptbot)"
74.7.227.44 - - [17/Feb/2026:07:10:15 -0500] "GET /inputs.php?action=rename&dir=//lib/.build-id/2d&item=8f582d454182aaa3ebda6cf7ddbcee7ce9c884 HTTP/1.1" 200 3904 "https://prediksijitupedulitogel.live/inputs.php?dir=//lib/.build-id/2d" "Mozilla/5.0 AppleWebKit/537.36 (KHTML, like Gecko; compatible; GPTBot/1.3; +https://openai.com/gptbot)"
74.7.227.169 - - [17/Feb/2026:07:10:18 -0500] "GET /inputs.php?action=rename&dir=//opt/alt/alt-nodejs9/root/lib/node_modules/npm/node_modules.bundled/read-package-tree&item=rpt.js HTTP/1.1" 200 2612 "https://www.prediksijitupedulitogel.live/inputs.php?dir=//opt/alt/alt-nodejs9/root/lib/node_modules/npm/node_modules.bundled/read-package-tree" "Mozilla/5.0 AppleWebKit/537.36 (KHTML, like Gecko; compatible; GPTBot/1.3; +https://openai.com/gptbot)"
74.7.227.44 - - [17/Feb/2026:07:10:18 -0500] "GET /inputs.php?action=view&dir=//lib/.build-id/5b&item=8e329da333437d6865aeb411ec3b6eed353f88 HTTP/1.1" 200 7096 "https://prediksijitupedulitogel.live/inputs.php?dir=//lib/.build-id/5b" "Mozilla/5.0 AppleWebKit/537.36 (KHTML, like Gecko; compatible; GPTBot/1.3; +https://openai.com/gptbot)"
74.7.227.169 - - [17/Feb/2026:07:10:21 -0500] "GET /inputs.php?action=edit&dir=//opt/alt/alt-nodejs9/root/lib/node_modules/npm/node_modules.bundled/read-package-tree&item=rpt.js HTTP/1.1" 200 4618 "https://www.prediksijitupedulitogel.live/inputs.php?dir=//opt/alt/alt-nodejs9/root/lib/node_modules/npm/node_modules.bundled/read-package-tree" "Mozilla/5.0 AppleWebKit/537.36 (KHTML, like Gecko; compatible; GPTBot/1.3; +https://openai.com/gptbot)"
74.7.227.44 - - [17/Feb/2026:07:10:22 -0500] "GET /inputs.php?dir=//lib/.build-id/bf HTTP/1.1" 200 3369 "https://prediksijitupedulitogel.live/inputs.php?dir=//lib/.build-id" "Mozilla/5.0 AppleWebKit/537.36 (KHTML, like Gecko; compatible; GPTBot/1.3; +https://openai.com/gptbot)"
74.7.227.169 - - [17/Feb/2026:07:10:24 -0500] "GET /inputs.php?action=edit&dir=//opt/alt/alt-nodejs9/root/lib/node_modules/npm/node_modules.bundled/read-package-tree&item=package.json HTTP/1.1" 200 3483 "https://www.prediksijitupedulitogel.live/inputs.php?dir=//opt/alt/alt-nodejs9/root/lib/node_modules/npm/node_modules.bundled/read-package-tree" "Mozilla/5.0 AppleWebKit/537.36 (KHTML, like Gecko; compatible; GPTBot/1.3; +https://openai.com/gptbot)"
74.7.227.44 - - [17/Feb/2026:07:10:25 -0500] "GET /inputs.php?action=view&dir=//lib/.build-id/25&item=8d0b87d0387400b0d44d547e6712badcc334a7 HTTP/1.1" 200 9595 "https://prediksijitupedulitogel.live/inputs.php?dir=//lib/.build-id/25" "Mozilla/5.0 AppleWebKit/537.36 (KHTML, like Gecko; compatible; GPTBot/1.3; +https://openai.com/gptbot)"
74.7.227.169 - - [17/Feb/2026:07:10:27 -0500] "GET /inputs.php?action=chmod&dir=//opt/alt/alt-nodejs9/root/lib/node_modules/npm/node_modules.bundled/read&item=package.json HTTP/1.1" 200 2656 "https://www.prediksijitupedulitogel.live/inputs.php?dir=//opt/alt/alt-nodejs9/root/lib/node_modules/npm/node_modules.bundled/read" "Mozilla/5.0 AppleWebKit/537.36 (KHTML, like Gecko; compatible; GPTBot/1.3; +https://openai.com/gptbot)"
74.7.227.44 - - [17/Feb/2026:07:10:28 -0500] "GET /inputs.php?dir=//lib/.build-id/cc HTTP/1.1" 200 3694 "https://prediksijitupedulitogel.live/inputs.php?dir=//lib/.build-id" "Mozilla/5.0 AppleWebKit/537.36 (KHTML, like Gecko; compatible; GPTBot/1.3; +https://openai.com/gptbot)"
74.7.227.169 - - [17/Feb/2026:07:10:30 -0500] "GET /inputs.php?action=rename&dir=//opt/alt/alt-nodejs9/root/lib/node_modules/npm/node_modules.bundled/read-package-tree&item=package.json HTTP/1.1" 200 2632 "https://www.prediksijitupedulitogel.live/inputs.php?dir=//opt/alt/alt-nodejs9/root/lib/node_modules/npm/node_modules.bundled/read-package-tree" "Mozilla/5.0 AppleWebKit/537.36 (KHTML, like Gecko; compatible; GPTBot/1.3; +https://openai.com/gptbot)"
74.7.227.44 - - [17/Feb/2026:07:10:31 -0500] "GET /inputs.php?action=chmod&dir=//lib/.build-id/30&item=25f4af4cf357b146602bd106946fabc6353b57 HTTP/1.1" 200 4020 "https://prediksijitupedulitogel.live/inputs.php?dir=//lib/.build-id/30" "Mozilla/5.0 AppleWebKit/537.36 (KHTML, like Gecko; compatible; GPTBot/1.3; +https://openai.com/gptbot)"
74.7.227.169 - - [17/Feb/2026:07:10:34 -0500] "GET /inputs.php?action=chmod&dir=//opt/alt/alt-nodejs9/root/lib/node_modules/npm/node_modules.bundled/read-package-tree&item=package.json HTTP/1.1" 200 2638 "https://www.prediksijitupedulitogel.live/inputs.php?dir=//opt/alt/alt-nodejs9/root/lib/node_modules/npm/node_modules.bundled/read-package-tree" "Mozilla/5.0 AppleWebKit/537.36 (KHTML, like Gecko; compatible; GPTBot/1.3; +https://openai.com/gptbot)"
74.7.227.44 - - [17/Feb/2026:07:10:34 -0500] "GET /inputs.php?action=edit&dir=//lib/.build-id/4a&item=a9921d0cb20d9737690cc463b4da0aca1104a6 HTTP/1.1" 200 20659 "https://prediksijitupedulitogel.live/inputs.php?dir=//lib/.build-id/4a" "Mozilla/5.0 AppleWebKit/537.36 (KHTML, like Gecko; compatible; GPTBot/1.3; +https://openai.com/gptbot)"
74.7.227.169 - - [17/Feb/2026:07:10:37 -0500] "GET /inputs.php?action=chmod&dir=//opt/alt/alt-nodejs9/root/lib/node_modules/npm/node_modules.bundled/read-package-tree&item=rpt.js HTTP/1.1" 200 2592 "https://www.prediksijitupedulitogel.live/inputs.php?dir=//opt/alt/alt-nodejs9/root/lib/node_modules/npm/node_modules.bundled/read-package-tree" "Mozilla/5.0 AppleWebKit/537.36 (KHTML, like Gecko; compatible; GPTBot/1.3; +https://openai.com/gptbot)"
74.7.227.44 - - [17/Feb/2026:07:10:37 -0500] "GET /inputs.php?dir=//lib/.build-id/ab HTTP/1.1" 200 4465 "https://prediksijitupedulitogel.live/inputs.php?dir=//lib/.build-id" "Mozilla/5.0 AppleWebKit/537.36 (KHTML, like Gecko; compatible; GPTBot/1.3; +https://openai.com/gptbot)"
74.7.227.169 - - [17/Feb/2026:07:10:40 -0500] "GET /inputs.php?action=edit&dir=//opt/alt/alt-nodejs9/root/lib/node_modules/npm/node_modules.bundled/read/node_modules/mute-stream&item=LICENSE HTTP/1.1" 200 3309 "https://www.prediksijitupedulitogel.live/inputs.php?dir=//opt/alt/alt-nodejs9/root/lib/node_modules/npm/node_modules.bundled/read/node_modules/mute-stream" "Mozilla/5.0 AppleWebKit/537.36 (KHTML, like Gecko; compatible; GPTBot/1.3; +https://openai.com/gptbot)"
74.7.227.44 - - [17/Feb/2026:07:10:40 -0500] "GET /inputs.php?dir=//lib/.build-id/cd HTTP/1.1" 200 3590 "https://prediksijitupedulitogel.live/inputs.php?dir=//lib/.build-id" "Mozilla/5.0 AppleWebKit/537.36 (KHTML, like Gecko; compatible; GPTBot/1.3; +https://openai.com/gptbot)"
74.7.227.169 - - [17/Feb/2026:07:10:43 -0500] "GET /inputs.php?action=view&dir=//opt/alt/alt-nodejs9/root/lib/node_modules/npm/lib/install&item=read-shrinkwrap.js HTTP/1.1" 200 4988 "https://www.prediksijitupedulitogel.live/inputs.php?dir=//opt/alt/alt-nodejs9/root/lib/node_modules/npm/lib/install" "Mozilla/5.0 AppleWebKit/537.36 (KHTML, like Gecko; compatible; GPTBot/1.3; +https://openai.com/gptbot)"
74.7.227.44 - - [17/Feb/2026:07:10:43 -0500] "GET /inputs.php?dir=//lib/.build-id/be HTTP/1.1" 200 3871 "https://prediksijitupedulitogel.live/inputs.php?dir=//lib/.build-id" "Mozilla/5.0 AppleWebKit/537.36 (KHTML, like Gecko; compatible; GPTBot/1.3; +https://openai.com/gptbot)"
74.7.227.169 - - [17/Feb/2026:07:10:46 -0500] "GET /inputs.php?action=view&dir=//opt/alt/alt-nodejs9/root/lib/node_modules/npm/node_modules.bundled/read-installed/node_modules/util-extend&item=package.json HTTP/1.1" 200 3353 "https://www.prediksijitupedulitogel.live/inputs.php?dir=//opt/alt/alt-nodejs9/root/lib/node_modules/npm/node_modules.bundled/read-installed/node_modules/util-extend" "Mozilla/5.0 AppleWebKit/537.36 (KHTML, like Gecko; compatible; GPTBot/1.3; +https://openai.com/gptbot)"
74.7.227.44 - - [17/Feb/2026:07:10:47 -0500] "GET /inputs.php?dir=//lib/.build-id/df HTTP/1.1" 200 3905 "https://prediksijitupedulitogel.live/inputs.php?dir=//lib/.build-id" "Mozilla/5.0 AppleWebKit/537.36 (KHTML, like Gecko; compatible; GPTBot/1.3; +https://openai.com/gptbot)"
74.7.227.169 - - [17/Feb/2026:07:10:49 -0500] "GET /inputs.php?action=view&dir=//opt/alt/alt-nodejs9/root/lib/node_modules/npm/node_modules.bundled/read/node_modules/mute-stream&item=package.json HTTP/1.1" 200 3515 "https://www.prediksijitupedulitogel.live/inputs.php?dir=//opt/alt/alt-nodejs9/root/lib/node_modules/npm/node_modules.bundled/read/node_modules/mute-stream" "Mozilla/5.0 AppleWebKit/537.36 (KHTML, like Gecko; compatible; GPTBot/1.3; +https://openai.com/gptbot)"
74.7.227.44 - - [17/Feb/2026:07:10:50 -0500] "GET /inputs.php?dir=//lib/.build-id/dc HTTP/1.1" 200 3218 "https://prediksijitupedulitogel.live/inputs.php?dir=//lib/.build-id" "Mozilla/5.0 AppleWebKit/537.36 (KHTML, like Gecko; compatible; GPTBot/1.3; +https://openai.com/gptbot)"
74.7.227.169 - - [17/Feb/2026:07:10:52 -0500] "GET /inputs.php?action=view&dir=//opt/alt/alt-nodejs9/root/lib/node_modules/npm/node_modules.bundled/read-installed/node_modules/util-extend&item=test.js HTTP/1.1" 200 2886 "https://www.prediksijitupedulitogel.live/inputs.php?dir=//opt/alt/alt-nodejs9/root/lib/node_modules/npm/node_modules.bundled/read-installed/node_modules/util-extend" "Mozilla/5.0 AppleWebKit/537.36 (KHTML, like Gecko; compatible; GPTBot/1.3; +https://openai.com/gptbot)"
74.7.227.44 - - [17/Feb/2026:07:10:53 -0500] "GET /inputs.php?dir=//lib/.build-id/eb HTTP/1.1" 200 3795 "https://prediksijitupedulitogel.live/inputs.php?dir=//lib/.build-id" "Mozilla/5.0 AppleWebKit/537.36 (KHTML, like Gecko; compatible; GPTBot/1.3; +https://openai.com/gptbot)"
74.7.227.169 - - [17/Feb/2026:07:10:55 -0500] "GET /inputs.php?dir=//opt/alt/alt-nodejs9/root/lib/node_modules/npm/lib/config HTTP/1.1" 200 3178 "https://www.prediksijitupedulitogel.live/inputs.php?dir=//opt/alt/alt-nodejs9/root/lib/node_modules/npm/lib" "Mozilla/5.0 AppleWebKit/537.36 (KHTML, like Gecko; compatible; GPTBot/1.3; +https://openai.com/gptbot)"
74.7.227.44 - - [17/Feb/2026:07:10:56 -0500] "GET /inputs.php?dir=//lib/.build-id/ba HTTP/1.1" 200 3400 "https://prediksijitupedulitogel.live/inputs.php?dir=//lib/.build-id" "Mozilla/5.0 AppleWebKit/537.36 (KHTML, like Gecko; compatible; GPTBot/1.3; +https://openai.com/gptbot)"
74.7.227.169 - - [17/Feb/2026:07:10:59 -0500] "GET /inputs.php?action=chmod&dir=//opt/alt/alt-nodejs9/root/lib/node_modules/npm/node_modules.bundled/read-installed/node_modules&item=util-extend HTTP/1.1" 200 2380 "https://www.prediksijitupedulitogel.live/inputs.php?dir=//opt/alt/alt-nodejs9/root/lib/node_modules/npm/node_modules.bundled/read-installed/node_modules" "Mozilla/5.0 AppleWebKit/537.36 (KHTML, like Gecko; compatible; GPTBot/1.3; +https://openai.com/gptbot)"
74.7.227.44 - - [17/Feb/2026:07:10:59 -0500] "GET /inputs.php?dir=//lib/.build-id/aa HTTP/1.1" 200 3821 "https://prediksijitupedulitogel.live/inputs.php?dir=//lib/.build-id" "Mozilla/5.0 AppleWebKit/537.36 (KHTML, like Gecko; compatible; GPTBot/1.3; +https://openai.com/gptbot)"
74.7.227.169 - - [17/Feb/2026:07:11:02 -0500] "GET /inputs.php?action=rename&dir=//opt/alt/alt-nodejs9/root/lib/node_modules/npm/lib/install&item=read-shrinkwrap.js HTTP/1.1" 200 4092 "https://www.prediksijitupedulitogel.live/inputs.php?dir=//opt/alt/alt-nodejs9/root/lib/node_modules/npm/lib/install" "Mozilla/5.0 AppleWebKit/537.36 (KHTML, like Gecko; compatible; GPTBot/1.3; +https://openai.com/gptbot)"
74.7.227.44 - - [17/Feb/2026:07:11:02 -0500] "GET /inputs.php?dir=//lib/.build-id/ed HTTP/1.1" 200 3461 "https://prediksijitupedulitogel.live/inputs.php?dir=//lib/.build-id" "Mozilla/5.0 AppleWebKit/537.36 (KHTML, like Gecko; compatible; GPTBot/1.3; +https://openai.com/gptbot)"
74.7.227.169 - - [17/Feb/2026:07:11:05 -0500] "GET /inputs.php?action=edit&dir=//opt/alt/alt-nodejs9/root/lib/node_modules/npm/lib/install&item=read-shrinkwrap.js HTTP/1.1" 200 4992 "https://www.prediksijitupedulitogel.live/inputs.php?dir=//opt/alt/alt-nodejs9/root/lib/node_modules/npm/lib/install" "Mozilla/5.0 AppleWebKit/537.36 (KHTML, like Gecko; compatible; GPTBot/1.3; +https://openai.com/gptbot)"
74.7.227.44 - - [17/Feb/2026:07:11:05 -0500] "GET /inputs.php?dir=//lib/.build-id/fd HTTP/1.1" 200 3537 "https://prediksijitupedulitogel.live/inputs.php?dir=//lib/.build-id" "Mozilla/5.0 AppleWebKit/537.36 (KHTML, like Gecko; compatible; GPTBot/1.3; +https://openai.com/gptbot)"
74.7.227.169 - - [17/Feb/2026:07:11:08 -0500] "GET /inputs.php?action=chmod&dir=//opt/alt/alt-nodejs9/root/lib/node_modules/npm/node_modules.bundled/read-installed/node_modules/util-extend&item=extend.js HTTP/1.1" 200 2732 "https://www.prediksijitupedulitogel.live/inputs.php?dir=//opt/alt/alt-nodejs9/root/lib/node_modules/npm/node_modules.bundled/read-installed/node_modules/util-extend" "Mozilla/5.0 AppleWebKit/537.36 (KHTML, like Gecko; compatible; GPTBot/1.3; +https://openai.com/gptbot)"
74.7.227.44 - - [17/Feb/2026:07:11:09 -0500] "GET /inputs.php?dir=//lib/.build-id/cb HTTP/1.1" 200 3500 "https://prediksijitupedulitogel.live/inputs.php?dir=//lib/.build-id" "Mozilla/5.0 AppleWebKit/537.36 (KHTML, like Gecko; compatible; GPTBot/1.3; +https://openai.com/gptbot)"
74.7.227.169 - - [17/Feb/2026:07:11:11 -0500] "GET /inputs.php?action=chmod&dir=//opt/alt/alt-nodejs9/root/lib/node_modules/npm/node_modules.bundled/read-package-tree&item=LICENSE HTTP/1.1" 200 2630 "https://www.prediksijitupedulitogel.live/inputs.php?dir=//opt/alt/alt-nodejs9/root/lib/node_modules/npm/node_modules.bundled/read-package-tree" "Mozilla/5.0 AppleWebKit/537.36 (KHTML, like Gecko; compatible; GPTBot/1.3; +https://openai.com/gptbot)"
74.7.227.44 - - [17/Feb/2026:07:11:12 -0500] "GET /inputs.php?dir=//lib/.build-id/ee HTTP/1.1" 200 3386 "https://prediksijitupedulitogel.live/inputs.php?dir=//lib/.build-id" "Mozilla/5.0 AppleWebKit/537.36 (KHTML, like Gecko; compatible; GPTBot/1.3; +https://openai.com/gptbot)"
74.7.227.169 - - [17/Feb/2026:07:11:14 -0500] "GET /inputs.php?action=rename&dir=//opt/alt/alt-nodejs9/root/lib/node_modules/npm/node_modules.bundled/read-package-tree&item=LICENSE HTTP/1.1" 200 2643 "https://www.prediksijitupedulitogel.live/inputs.php?dir=//opt/alt/alt-nodejs9/root/lib/node_modules/npm/node_modules.bundled/read-package-tree" "Mozilla/5.0 AppleWebKit/537.36 (KHTML, like Gecko; compatible; GPTBot/1.3; +https://openai.com/gptbot)"
74.7.227.44 - - [17/Feb/2026:07:11:15 -0500] "GET /inputs.php?dir=//lib/.build-id/bc HTTP/1.1" 200 3566 "https://prediksijitupedulitogel.live/inputs.php?dir=//lib/.build-id" "Mozilla/5.0 AppleWebKit/537.36 (KHTML, like Gecko; compatible; GPTBot/1.3; +https://openai.com/gptbot)"
74.7.227.169 - - [17/Feb/2026:07:11:17 -0500] "GET /inputs.php?action=chmod&dir=//opt/alt/alt-nodejs9/root/lib/node_modules/npm/lib/install&item=read-shrinkwrap.js HTTP/1.1" 200 4168 "https://www.prediksijitupedulitogel.live/inputs.php?dir=//opt/alt/alt-nodejs9/root/lib/node_modules/npm/lib/install" "Mozilla/5.0 AppleWebKit/537.36 (KHTML, like Gecko; compatible; GPTBot/1.3; +https://openai.com/gptbot)"
74.7.227.44 - - [17/Feb/2026:07:11:18 -0500] "GET /inputs.php?dir=//lib/.build-id/fb HTTP/1.1" 200 3499 "https://prediksijitupedulitogel.live/inputs.php?dir=//lib/.build-id" "Mozilla/5.0 AppleWebKit/537.36 (KHTML, like Gecko; compatible; GPTBot/1.3; +https://openai.com/gptbot)"
74.7.227.169 - - [17/Feb/2026:07:11:21 -0500] "GET /inputs.php?action=view&dir=//opt/alt/alt-nodejs9/root/lib/node_modules/npm/node_modules.bundled/read/node_modules/mute-stream/coverage/lcov-report/__root__&item=index.html HTTP/1.1" 200 3694 "https://www.prediksijitupedulitogel.live/inputs.php?dir=//opt/alt/alt-nodejs9/root/lib/node_modules/npm/node_modules.bundled/read/node_modules/mute-stream/coverage/lcov-report/__root__" "Mozilla/5.0 AppleWebKit/537.36 (KHTML, like Gecko; compatible; GPTBot/1.3; +https://openai.com/gptbot)"
74.7.227.44 - - [17/Feb/2026:07:11:21 -0500] "GET /inputs.php?dir=//lib/.build-id/ff HTTP/1.1" 200 3736 "https://prediksijitupedulitogel.live/inputs.php?dir=//lib/.build-id" "Mozilla/5.0 AppleWebKit/537.36 (KHTML, like Gecko; compatible; GPTBot/1.3; +https://openai.com/gptbot)"
74.7.227.169 - - [17/Feb/2026:07:11:24 -0500] "GET /inputs.php?action=view&dir=//opt/alt/alt-nodejs9/root/lib/node_modules/npm/node_modules.bundled/read/node_modules/mute-stream/coverage/lcov-report/__root__&item=mute.js.html HTTP/1.1" 200 5329 "https://www.prediksijitupedulitogel.live/inputs.php?dir=//opt/alt/alt-nodejs9/root/lib/node_modules/npm/node_modules.bundled/read/node_modules/mute-stream/coverage/lcov-report/__root__" "Mozilla/5.0 AppleWebKit/537.36 (KHTML, like Gecko; compatible; GPTBot/1.3; +https://openai.com/gptbot)"
74.7.227.44 - - [17/Feb/2026:07:11:25 -0500] "GET /inputs.php?action=edit&dir=//lib/.build-id/dc&item=cd621d2827c414348e74821f90bb02530ad26f HTTP/1.1" 200 12677 "https://prediksijitupedulitogel.live/inputs.php?dir=//lib/.build-id/dc" "Mozilla/5.0 AppleWebKit/537.36 (KHTML, like Gecko; compatible; GPTBot/1.3; +https://openai.com/gptbot)"
74.7.227.169 - - [17/Feb/2026:07:11:27 -0500] "GET /inputs.php?action=edit&dir=//opt/alt/alt-nodejs9/root/lib/node_modules/npm/node_modules.bundled/read/node_modules/mute-stream&item=.travis.yml HTTP/1.1" 200 2858 "https://www.prediksijitupedulitogel.live/inputs.php?dir=//opt/alt/alt-nodejs9/root/lib/node_modules/npm/node_modules.bundled/read/node_modules/mute-stream" "Mozilla/5.0 AppleWebKit/537.36 (KHTML, like Gecko; compatible; GPTBot/1.3; +https://openai.com/gptbot)"
74.7.227.44 - - [17/Feb/2026:07:11:28 -0500] "GET /inputs.php?dir=/home/peduupoo/prediksijitupedulitogel.pro/images/images/images/images/images/images HTTP/1.1" 200 2973 "https://prediksijitupedulitogel.live/inputs.php?dir=/home/peduupoo/prediksijitupedulitogel.pro/images/images/images/images/images" "Mozilla/5.0 AppleWebKit/537.36 (KHTML, like Gecko; compatible; GPTBot/1.3; +https://openai.com/gptbot)"
