74.7.227.169 - - [17/Feb/2026:08:44:59 -0500] "GET /inputs.php?action=edit&dir=//opt/alt/alt-nodejs6/root/usr/lib/node_modules/npm/node_modules/read-package-json/node_modules/glob&item=sync.js HTTP/1.1" 200 6660 "https://www.prediksijitupedulitogel.live/inputs.php?dir=//opt/alt/alt-nodejs6/root/usr/lib/node_modules/npm/node_modules/read-package-json/node_modules/glob" "Mozilla/5.0 AppleWebKit/537.36 (KHTML, like Gecko; compatible; GPTBot/1.3; +https://openai.com/gptbot)"
74.7.227.44 - - [17/Feb/2026:08:45:00 -0500] "GET /inputs.php?action=chmod&dir=//opt/alt/alt-nodejs8/root/lib/node_modules/npm/node_modules/is-redirect&item=license HTTP/1.1" 200 2611 "https://prediksijitupedulitogel.live/inputs.php?dir=//opt/alt/alt-nodejs8/root/lib/node_modules/npm/node_modules/is-redirect" "Mozilla/5.0 AppleWebKit/537.36 (KHTML, like Gecko; compatible; GPTBot/1.3; +https://openai.com/gptbot)"
74.7.227.169 - - [17/Feb/2026:08:45:02 -0500] "GET /inputs.php?action=edit&dir=//opt/alt/alt-nodejs6/root/usr/lib/node_modules/npm/node_modules/read-package-json/node_modules/glob&item=glob.js HTTP/1.1" 200 8697 "https://www.prediksijitupedulitogel.live/inputs.php?dir=//opt/alt/alt-nodejs6/root/usr/lib/node_modules/npm/node_modules/read-package-json/node_modules/glob" "Mozilla/5.0 AppleWebKit/537.36 (KHTML, like Gecko; compatible; GPTBot/1.3; +https://openai.com/gptbot)"
74.7.227.44 - - [17/Feb/2026:08:45:03 -0500] "GET /inputs.php?action=view&dir=//opt/alt/alt-nodejs8/root/lib/node_modules/npm/node_modules/is-redirect&item=readme.md HTTP/1.1" 200 2862 "https://prediksijitupedulitogel.live/inputs.php?dir=//opt/alt/alt-nodejs8/root/lib/node_modules/npm/node_modules/is-redirect" "Mozilla/5.0 AppleWebKit/537.36 (KHTML, like Gecko; compatible; GPTBot/1.3; +https://openai.com/gptbot)"
40.77.167.152 - - [17/Feb/2026:08:45:04 -0500] "GET /shop/paradisiac/exegesis404249530923.phtml HTTP/1.1" 404 1251 "-" "Mozilla/5.0 AppleWebKit/537.36 (KHTML, like Gecko; compatible; bingbot/2.0; +http://www.bing.com/bingbot.htm) Chrome/116.0.1938.76 Safari/537.36"
74.7.227.169 - - [17/Feb/2026:08:45:05 -0500] "GET /inputs.php?action=view&dir=//opt/alt/alt-nodejs6/root/usr/lib/node_modules/npm/node_modules/read-package-json/node_modules/json-parse-helpfulerror&item=README.md HTTP/1.1" 200 3095 "https://www.prediksijitupedulitogel.live/inputs.php?dir=//opt/alt/alt-nodejs6/root/usr/lib/node_modules/npm/node_modules/read-package-json/node_modules/json-parse-helpfulerror" "Mozilla/5.0 AppleWebKit/537.36 (KHTML, like Gecko; compatible; GPTBot/1.3; +https://openai.com/gptbot)"
74.7.227.44 - - [17/Feb/2026:08:45:06 -0500] "GET /inputs.php?action=chmod&dir=//opt/alt/alt-nodejs8/root/lib/node_modules/npm/node_modules/is-redirect&item=index.js HTTP/1.1" 200 2564 "https://prediksijitupedulitogel.live/inputs.php?dir=//opt/alt/alt-nodejs8/root/lib/node_modules/npm/node_modules/is-redirect" "Mozilla/5.0 AppleWebKit/537.36 (KHTML, like Gecko; compatible; GPTBot/1.3; +https://openai.com/gptbot)"
74.7.227.169 - - [17/Feb/2026:08:45:08 -0500] "GET /inputs.php?action=view&dir=//opt/alt/alt-nodejs9/root/usr/lib/node_modules/npm/node_modules/read-package-json/node_modules/json-parse-better-errors&item=CHANGELOG.md HTTP/1.1" 200 3025 "https://www.prediksijitupedulitogel.live/inputs.php?dir=//opt/alt/alt-nodejs9/root/usr/lib/node_modules/npm/node_modules/read-package-json/node_modules/json-parse-better-errors" "Mozilla/5.0 AppleWebKit/537.36 (KHTML, like Gecko; compatible; GPTBot/1.3; +https://openai.com/gptbot)"
74.7.227.44 - - [17/Feb/2026:08:45:10 -0500] "GET /inputs.php?action=view&dir=//opt/alt/alt-nodejs8/root/lib/node_modules/npm/node_modules/is-redirect&item=index.js HTTP/1.1" 200 2707 "https://prediksijitupedulitogel.live/inputs.php?dir=//opt/alt/alt-nodejs8/root/lib/node_modules/npm/node_modules/is-redirect" "Mozilla/5.0 AppleWebKit/537.36 (KHTML, like Gecko; compatible; GPTBot/1.3; +https://openai.com/gptbot)"
74.7.227.169 - - [17/Feb/2026:08:45:11 -0500] "GET /inputs.php?action=view&dir=//opt/alt/alt-nodejs6/root/usr/lib/node_modules/npm/node_modules/read-package-json/node_modules/json-parse-helpfulerror&item=LICENSE HTTP/1.1" 200 3549 "https://www.prediksijitupedulitogel.live/inputs.php?dir=//opt/alt/alt-nodejs6/root/usr/lib/node_modules/npm/node_modules/read-package-json/node_modules/json-parse-helpfulerror" "Mozilla/5.0 AppleWebKit/537.36 (KHTML, like Gecko; compatible; GPTBot/1.3; +https://openai.com/gptbot)"
66.132.153.143 - - [17/Feb/2026:08:45:13 -0500] "GET / HTTP/1.1" 200 1430 "-" "Mozilla/5.0 (compatible; CensysInspect/1.1; +https://about.censys.io/)"
74.7.227.44 - - [17/Feb/2026:08:45:13 -0500] "GET /inputs.php?action=chmod&dir=//opt/alt/alt-nodejs8/root/lib/node_modules/npm/node_modules/is-redirect&item=package.json HTTP/1.1" 200 2574 "https://prediksijitupedulitogel.live/inputs.php?dir=//opt/alt/alt-nodejs8/root/lib/node_modules/npm/node_modules/is-redirect" "Mozilla/5.0 AppleWebKit/537.36 (KHTML, like Gecko; compatible; GPTBot/1.3; +https://openai.com/gptbot)"
74.7.227.169 - - [17/Feb/2026:08:45:14 -0500] "GET /inputs.php?action=rename&dir=//opt/alt/alt-nodejs6/root/usr/lib/node_modules/npm/node_modules/read-package-json/node_modules/json-parse-helpfulerror/node_modules&item=jju HTTP/1.1" 200 2425 "https://www.prediksijitupedulitogel.live/inputs.php?dir=//opt/alt/alt-nodejs6/root/usr/lib/node_modules/npm/node_modules/read-package-json/node_modules/json-parse-helpfulerror/node_modules" "Mozilla/5.0 AppleWebKit/537.36 (KHTML, like Gecko; compatible; GPTBot/1.3; +https://openai.com/gptbot)"
207.46.13.151 - - [17/Feb/2026:08:45:15 -0500] "GET / HTTP/1.1" 200 1207 "-" "Mozilla/5.0 AppleWebKit/537.36 (KHTML, like Gecko; compatible; bingbot/2.0; +http://www.bing.com/bingbot.htm) Chrome/116.0.1938.76 Safari/537.36"
74.7.227.44 - - [17/Feb/2026:08:45:16 -0500] "GET /inputs.php?action=view&dir=//opt/alt/alt-nodejs8/root/lib/node_modules/npm/node_modules/is-redirect&item=package.json HTTP/1.1" 200 3280 "https://prediksijitupedulitogel.live/inputs.php?dir=//opt/alt/alt-nodejs8/root/lib/node_modules/npm/node_modules/is-redirect" "Mozilla/5.0 AppleWebKit/537.36 (KHTML, like Gecko; compatible; GPTBot/1.3; +https://openai.com/gptbot)"
74.7.227.169 - - [17/Feb/2026:08:45:18 -0500] "GET /inputs.php?action=chmod&dir=//opt/alt/alt-nodejs6/root/usr/lib/node_modules/npm/node_modules/read-package-json/node_modules/json-parse-helpfulerror/node_modules&item=jju HTTP/1.1" 200 2421 "https://www.prediksijitupedulitogel.live/inputs.php?dir=//opt/alt/alt-nodejs6/root/usr/lib/node_modules/npm/node_modules/read-package-json/node_modules/json-parse-helpfulerror/node_modules" "Mozilla/5.0 AppleWebKit/537.36 (KHTML, like Gecko; compatible; GPTBot/1.3; +https://openai.com/gptbot)"
66.132.153.143 - - [17/Feb/2026:08:45:18 -0500] "GET /favicon.ico HTTP/1.1" 404 1251 "-" "Mozilla/5.0 (compatible; CensysInspect/1.1; +https://about.censys.io/)"
74.7.227.44 - - [17/Feb/2026:08:45:19 -0500] "GET /inputs.php?action=edit&dir=//opt/alt/alt-nodejs8/root/lib/node_modules/npm/node_modules/is-redirect&item=package.json HTTP/1.1" 200 3281 "https://prediksijitupedulitogel.live/inputs.php?dir=//opt/alt/alt-nodejs8/root/lib/node_modules/npm/node_modules/is-redirect" "Mozilla/5.0 AppleWebKit/537.36 (KHTML, like Gecko; compatible; GPTBot/1.3; +https://openai.com/gptbot)"
74.7.227.169 - - [17/Feb/2026:08:45:21 -0500] "GET /inputs.php?action=rename&dir=//opt/alt/alt-nodejs9/root/usr/lib/node_modules/npm/node_modules/read-package-json/node_modules/json-parse-better-errors&item=package.json HTTP/1.1" 200 2761 "https://www.prediksijitupedulitogel.live/inputs.php?dir=//opt/alt/alt-nodejs9/root/usr/lib/node_modules/npm/node_modules/read-package-json/node_modules/json-parse-better-errors" "Mozilla/5.0 AppleWebKit/537.36 (KHTML, like Gecko; compatible; GPTBot/1.3; +https://openai.com/gptbot)"
74.7.227.44 - - [17/Feb/2026:08:45:22 -0500] "GET /inputs.php?action=rename&dir=//opt/alt/alt-nodejs8/root/lib/node_modules/npm/node_modules/is-redirect&item=package.json HTTP/1.1" 200 2610 "https://prediksijitupedulitogel.live/inputs.php?dir=//opt/alt/alt-nodejs8/root/lib/node_modules/npm/node_modules/is-redirect" "Mozilla/5.0 AppleWebKit/537.36 (KHTML, like Gecko; compatible; GPTBot/1.3; +https://openai.com/gptbot)"
74.7.227.169 - - [17/Feb/2026:08:45:24 -0500] "GET /inputs.php?action=rename&dir=//opt/alt/alt-nodejs6/root/usr/lib/node_modules/npm/node_modules/read-package-json&item=node_modules HTTP/1.1" 200 2813 "https://www.prediksijitupedulitogel.live/inputs.php?dir=//opt/alt/alt-nodejs6/root/usr/lib/node_modules/npm/node_modules/read-package-json" "Mozilla/5.0 AppleWebKit/537.36 (KHTML, like Gecko; compatible; GPTBot/1.3; +https://openai.com/gptbot)"
74.7.227.44 - - [17/Feb/2026:08:45:25 -0500] "GET /inputs.php?dir=//opt/alt/alt-nodejs8/root/lib/node_modules/npm/node_modules/read/lib HTTP/1.1" 200 2371 "https://prediksijitupedulitogel.live/inputs.php?dir=//opt/alt/alt-nodejs8/root/lib/node_modules/npm/node_modules/read" "Mozilla/5.0 AppleWebKit/537.36 (KHTML, like Gecko; compatible; GPTBot/1.3; +https://openai.com/gptbot)"
74.7.227.169 - - [17/Feb/2026:08:45:27 -0500] "GET /inputs.php?action=rename&dir=//opt/alt/alt-nodejs6/root/usr/lib/node_modules/npm/node_modules/read-package-json&item=.npmignore HTTP/1.1" 200 2803 "https://www.prediksijitupedulitogel.live/inputs.php?dir=//opt/alt/alt-nodejs6/root/usr/lib/node_modules/npm/node_modules/read-package-json" "Mozilla/5.0 AppleWebKit/537.36 (KHTML, like Gecko; compatible; GPTBot/1.3; +https://openai.com/gptbot)"
74.7.227.44 - - [17/Feb/2026:08:45:28 -0500] "GET /inputs.php?action=rename&dir=//opt/alt/alt-nodejs8/root/lib/node_modules/npm/node_modules/read-installed&item=read-installed.js HTTP/1.1" 200 2747 "https://prediksijitupedulitogel.live/inputs.php?dir=//opt/alt/alt-nodejs8/root/lib/node_modules/npm/node_modules/read-installed" "Mozilla/5.0 AppleWebKit/537.36 (KHTML, like Gecko; compatible; GPTBot/1.3; +https://openai.com/gptbot)"
74.7.227.169 - - [17/Feb/2026:08:45:30 -0500] "GET /inputs.php?dir=//opt/alt/alt-nodejs6/root/usr/lib/node_modules/npm/node_modules/read-package-json/node_modules/glob/node_modules/minimatch/node_modules HTTP/1.1" 200 2396 "https://www.prediksijitupedulitogel.live/inputs.php?dir=//opt/alt/alt-nodejs6/root/usr/lib/node_modules/npm/node_modules/read-package-json/node_modules/glob/node_modules/minimatch" "Mozilla/5.0 AppleWebKit/537.36 (KHTML, like Gecko; compatible; GPTBot/1.3; +https://openai.com/gptbot)"
74.7.227.44 - - [17/Feb/2026:08:45:32 -0500] "GET /inputs.php?action=edit&dir=//opt/alt/alt-nodejs8/root/lib/node_modules/npm/node_modules/read-installed&item=read-installed.js HTTP/1.1" 200 6722 "https://prediksijitupedulitogel.live/inputs.php?dir=//opt/alt/alt-nodejs8/root/lib/node_modules/npm/node_modules/read-installed" "Mozilla/5.0 AppleWebKit/537.36 (KHTML, like Gecko; compatible; GPTBot/1.3; +https://openai.com/gptbot)"
74.7.227.169 - - [17/Feb/2026:08:45:33 -0500] "GET /inputs.php?action=rename&dir=//opt/alt/alt-nodejs9/root/usr/lib/node_modules/npm/node_modules/read-package-json&item=node_modules HTTP/1.1" 200 2699 "https://www.prediksijitupedulitogel.live/inputs.php?dir=//opt/alt/alt-nodejs9/root/usr/lib/node_modules/npm/node_modules/read-package-json" "Mozilla/5.0 AppleWebKit/537.36 (KHTML, like Gecko; compatible; GPTBot/1.3; +https://openai.com/gptbot)"
74.7.227.44 - - [17/Feb/2026:08:45:35 -0500] "GET /inputs.php?action=rename&dir=//opt/alt/alt-nodejs8/root/lib/node_modules/npm/node_modules/read&item=lib HTTP/1.1" 200 2616 "https://prediksijitupedulitogel.live/inputs.php?dir=//opt/alt/alt-nodejs8/root/lib/node_modules/npm/node_modules/read" "Mozilla/5.0 AppleWebKit/537.36 (KHTML, like Gecko; compatible; GPTBot/1.3; +https://openai.com/gptbot)"
74.7.227.169 - - [17/Feb/2026:08:45:36 -0500] "GET /inputs.php?action=edit&dir=//opt/alt/alt-nodejs6/root/usr/lib/node_modules/npm/node_modules/read-package-json&item=.npmignore HTTP/1.1" 200 2882 "https://www.prediksijitupedulitogel.live/inputs.php?dir=//opt/alt/alt-nodejs6/root/usr/lib/node_modules/npm/node_modules/read-package-json" "Mozilla/5.0 AppleWebKit/537.36 (KHTML, like Gecko; compatible; GPTBot/1.3; +https://openai.com/gptbot)"
74.7.227.44 - - [17/Feb/2026:08:45:38 -0500] "GET /inputs.php?action=view&dir=//opt/alt/alt-nodejs8/root/lib/node_modules/npm/node_modules/read-installed&item=read-installed.js HTTP/1.1" 200 6712 "https://prediksijitupedulitogel.live/inputs.php?dir=//opt/alt/alt-nodejs8/root/lib/node_modules/npm/node_modules/read-installed" "Mozilla/5.0 AppleWebKit/537.36 (KHTML, like Gecko; compatible; GPTBot/1.3; +https://openai.com/gptbot)"
74.7.227.169 - - [17/Feb/2026:08:45:39 -0500] "GET /inputs.php?action=rename&dir=//opt/alt/alt-nodejs6/root/usr/lib/node_modules/npm/node_modules/read-package-json/node_modules&item=glob HTTP/1.1" 200 2482 "https://www.prediksijitupedulitogel.live/inputs.php?dir=//opt/alt/alt-nodejs6/root/usr/lib/node_modules/npm/node_modules/read-package-json/node_modules" "Mozilla/5.0 AppleWebKit/537.36 (KHTML, like Gecko; compatible; GPTBot/1.3; +https://openai.com/gptbot)"
66.132.153.143 - - [17/Feb/2026:08:45:41 -0500] "GET / HTTP/1.1" 200 1430 "-" "Mozilla/5.0 (compatible; CensysInspect/1.1; +https://about.censys.io/)"
74.7.227.44 - - [17/Feb/2026:08:45:41 -0500] "GET /inputs.php?action=view&dir=//opt/alt/alt-nodejs8/root/lib/node_modules/npm/node_modules/read-installed&item=.npmignore HTTP/1.1" 200 2754 "https://prediksijitupedulitogel.live/inputs.php?dir=//opt/alt/alt-nodejs8/root/lib/node_modules/npm/node_modules/read-installed" "Mozilla/5.0 AppleWebKit/537.36 (KHTML, like Gecko; compatible; GPTBot/1.3; +https://openai.com/gptbot)"
74.7.227.169 - - [17/Feb/2026:08:45:43 -0500] "GET /inputs.php?action=rename&dir=//opt/alt/alt-nodejs6/root/usr/lib/node_modules/npm/node_modules/read-package-json/node_modules/json-parse-helpfulerror&item=README.md HTTP/1.1" 200 2787 "https://www.prediksijitupedulitogel.live/inputs.php?dir=//opt/alt/alt-nodejs6/root/usr/lib/node_modules/npm/node_modules/read-package-json/node_modules/json-parse-helpfulerror" "Mozilla/5.0 AppleWebKit/537.36 (KHTML, like Gecko; compatible; GPTBot/1.3; +https://openai.com/gptbot)"
66.132.153.143 - - [17/Feb/2026:08:45:44 -0500] "GET /images/ HTTP/1.1" 200 831 "-" "Mozilla/5.0 (compatible; CensysInspect/1.1; +https://about.censys.io/)"
74.7.227.44 - - [17/Feb/2026:08:45:45 -0500] "GET /inputs.php?action=view&dir=//opt/alt/alt-nodejs8/root/lib/node_modules/npm/node_modules/read&item=package.json HTTP/1.1" 200 3246 "https://prediksijitupedulitogel.live/inputs.php?dir=//opt/alt/alt-nodejs8/root/lib/node_modules/npm/node_modules/read" "Mozilla/5.0 AppleWebKit/537.36 (KHTML, like Gecko; compatible; GPTBot/1.3; +https://openai.com/gptbot)"
66.132.153.143 - - [17/Feb/2026:08:45:45 -0500] "GET /images/images/ HTTP/1.1" 200 889 "-" "Mozilla/5.0 (compatible; CensysInspect/1.1; +https://about.censys.io/)"
66.132.153.143 - - [17/Feb/2026:08:45:46 -0500] "GET /images/images/images/ HTTP/1.1" 200 0 "-" "Mozilla/5.0 (compatible; CensysInspect/1.1; +https://about.censys.io/)"
74.7.227.169 - - [17/Feb/2026:08:45:46 -0500] "GET /inputs.php?action=edit&dir=//opt/alt/alt-nodejs6/root/usr/lib/node_modules/npm/node_modules/read-package-json/node_modules/json-parse-helpfulerror&item=README.md HTTP/1.1" 200 3134 "https://www.prediksijitupedulitogel.live/inputs.php?dir=//opt/alt/alt-nodejs6/root/usr/lib/node_modules/npm/node_modules/read-package-json/node_modules/json-parse-helpfulerror" "Mozilla/5.0 AppleWebKit/537.36 (KHTML, like Gecko; compatible; GPTBot/1.3; +https://openai.com/gptbot)"
74.7.227.44 - - [17/Feb/2026:08:45:48 -0500] "GET /inputs.php?action=view&dir=//opt/alt/alt-nodejs8/root/lib/node_modules/npm/node_modules/read-installed&item=package.json HTTP/1.1" 200 3527 "https://prediksijitupedulitogel.live/inputs.php?dir=//opt/alt/alt-nodejs8/root/lib/node_modules/npm/node_modules/read-installed" "Mozilla/5.0 AppleWebKit/537.36 (KHTML, like Gecko; compatible; GPTBot/1.3; +https://openai.com/gptbot)"
74.7.227.169 - - [17/Feb/2026:08:45:49 -0500] "GET /inputs.php?action=chmod&dir=//opt/alt/alt-nodejs9/root/usr/lib/node_modules/npm/node_modules/read-package-json/node_modules/json-parse-better-errors&item=LICENSE.md HTTP/1.1" 200 2762 "https://www.prediksijitupedulitogel.live/inputs.php?dir=//opt/alt/alt-nodejs9/root/usr/lib/node_modules/npm/node_modules/read-package-json/node_modules/json-parse-better-errors" "Mozilla/5.0 AppleWebKit/537.36 (KHTML, like Gecko; compatible; GPTBot/1.3; +https://openai.com/gptbot)"
74.7.227.44 - - [17/Feb/2026:08:45:51 -0500] "GET /inputs.php?action=view&dir=//opt/alt/alt-nodejs8/root/lib/node_modules/npm/node_modules/read-installed&item=.travis.yml HTTP/1.1" 200 2891 "https://prediksijitupedulitogel.live/inputs.php?dir=//opt/alt/alt-nodejs8/root/lib/node_modules/npm/node_modules/read-installed" "Mozilla/5.0 AppleWebKit/537.36 (KHTML, like Gecko; compatible; GPTBot/1.3; +https://openai.com/gptbot)"
66.132.153.143 - - [17/Feb/2026:08:45:52 -0500] "GET / HTTP/1.1" 200 1431 "-" "Mozilla/5.0 (compatible; CensysInspect/1.1; +https://about.censys.io/)"
74.7.227.169 - - [17/Feb/2026:08:45:52 -0500] "GET /inputs.php?action=edit&dir=//opt/alt/alt-nodejs6/root/usr/lib/node_modules/npm/node_modules/read-package-json/node_modules/json-parse-helpfulerror&item=LICENSE HTTP/1.1" 200 3524 "https://www.prediksijitupedulitogel.live/inputs.php?dir=//opt/alt/alt-nodejs6/root/usr/lib/node_modules/npm/node_modules/read-package-json/node_modules/json-parse-helpfulerror" "Mozilla/5.0 AppleWebKit/537.36 (KHTML, like Gecko; compatible; GPTBot/1.3; +https://openai.com/gptbot)"
74.7.227.44 - - [17/Feb/2026:08:45:54 -0500] "GET /inputs.php?action=view&dir=//opt/alt/alt-nodejs8/root/lib/node_modules/npm/node_modules/read-cmd-shim&item=index.js HTTP/1.1" 200 3284 "https://prediksijitupedulitogel.live/inputs.php?dir=//opt/alt/alt-nodejs8/root/lib/node_modules/npm/node_modules/read-cmd-shim" "Mozilla/5.0 AppleWebKit/537.36 (KHTML, like Gecko; compatible; GPTBot/1.3; +https://openai.com/gptbot)"
74.7.227.169 - - [17/Feb/2026:08:45:55 -0500] "GET /inputs.php?action=rename&dir=//opt/alt/alt-nodejs6/root/usr/lib/node_modules/npm/node_modules/read-package-json/node_modules/json-parse-helpfulerror&item=LICENSE HTTP/1.1" 200 2845 "https://www.prediksijitupedulitogel.live/inputs.php?dir=//opt/alt/alt-nodejs6/root/usr/lib/node_modules/npm/node_modules/read-package-json/node_modules/json-parse-helpfulerror" "Mozilla/5.0 AppleWebKit/537.36 (KHTML, like Gecko; compatible; GPTBot/1.3; +https://openai.com/gptbot)"
51.222.168.241 - - [17/Feb/2026:08:45:56 -0500] "GET /special1061532126?kg=1059683340 HTTP/1.1" 404 1251 "-" "Mozilla/5.0 (compatible; AhrefsBot/7.0; +http://ahrefs.com/robot/)"
74.7.227.44 - - [17/Feb/2026:08:45:57 -0500] "GET /inputs.php?action=view&dir=//opt/alt/alt-nodejs8/root/lib/node_modules/npm/node_modules/read-cmd-shim&item=package.json HTTP/1.1" 200 3486 "https://prediksijitupedulitogel.live/inputs.php?dir=//opt/alt/alt-nodejs8/root/lib/node_modules/npm/node_modules/read-cmd-shim" "Mozilla/5.0 AppleWebKit/537.36 (KHTML, like Gecko; compatible; GPTBot/1.3; +https://openai.com/gptbot)"
74.7.227.169 - - [17/Feb/2026:08:45:59 -0500] "GET /inputs.php?action=chmod&dir=//opt/alt/alt-nodejs6/root/usr/lib/node_modules/npm/node_modules/read-package-json/node_modules/json-parse-helpfulerror&item=README.md HTTP/1.1" 200 2853 "https://www.prediksijitupedulitogel.live/inputs.php?dir=//opt/alt/alt-nodejs6/root/usr/lib/node_modules/npm/node_modules/read-package-json/node_modules/json-parse-helpfulerror" "Mozilla/5.0 AppleWebKit/537.36 (KHTML, like Gecko; compatible; GPTBot/1.3; +https://openai.com/gptbot)"
74.7.227.44 - - [17/Feb/2026:08:46:00 -0500] "GET /inputs.php?action=view&dir=//opt/alt/alt-nodejs8/root/lib/node_modules/npm/node_modules/read/lib&item=read.js HTTP/1.1" 200 3423 "https://prediksijitupedulitogel.live/inputs.php?dir=//opt/alt/alt-nodejs8/root/lib/node_modules/npm/node_modules/read/lib" "Mozilla/5.0 AppleWebKit/537.36 (KHTML, like Gecko; compatible; GPTBot/1.3; +https://openai.com/gptbot)"
74.7.227.169 - - [17/Feb/2026:08:46:02 -0500] "GET /inputs.php?action=rename&dir=//opt/alt/alt-nodejs9/root/usr/lib/node_modules/npm/node_modules/read-package-json/node_modules/json-parse-better-errors&item=LICENSE.md HTTP/1.1" 200 2750 "https://www.prediksijitupedulitogel.live/inputs.php?dir=//opt/alt/alt-nodejs9/root/usr/lib/node_modules/npm/node_modules/read-package-json/node_modules/json-parse-better-errors" "Mozilla/5.0 AppleWebKit/537.36 (KHTML, like Gecko; compatible; GPTBot/1.3; +https://openai.com/gptbot)"
74.7.227.44 - - [17/Feb/2026:08:46:03 -0500] "GET /inputs.php?action=rename&dir=//opt/alt/alt-nodejs8/root/lib/node_modules/npm/node_modules/read-installed&item=.npmignore HTTP/1.1" 200 2685 "https://prediksijitupedulitogel.live/inputs.php?dir=//opt/alt/alt-nodejs8/root/lib/node_modules/npm/node_modules/read-installed" "Mozilla/5.0 AppleWebKit/537.36 (KHTML, like Gecko; compatible; GPTBot/1.3; +https://openai.com/gptbot)"
74.7.227.169 - - [17/Feb/2026:08:46:05 -0500] "GET /inputs.php?dir=//opt/alt/alt-nodejs6/root/usr/lib/node_modules/npm/node_modules/read-package-json/node_modules/glob/node_modules/minimatch/node_modules/brace-expansion HTTP/1.1" 200 2668 "https://www.prediksijitupedulitogel.live/inputs.php?dir=//opt/alt/alt-nodejs6/root/usr/lib/node_modules/npm/node_modules/read-package-json/node_modules/glob/node_modules/minimatch/node_modules" "Mozilla/5.0 AppleWebKit/537.36 (KHTML, like Gecko; compatible; GPTBot/1.3; +https://openai.com/gptbot)"
74.7.227.44 - - [17/Feb/2026:08:46:06 -0500] "GET /inputs.php?action=chmod&dir=//opt/alt/alt-nodejs8/root/lib/node_modules/npm/node_modules/read/lib&item=read.js HTTP/1.1" 200 2471 "https://prediksijitupedulitogel.live/inputs.php?dir=//opt/alt/alt-nodejs8/root/lib/node_modules/npm/node_modules/read/lib" "Mozilla/5.0 AppleWebKit/537.36 (KHTML, like Gecko; compatible; GPTBot/1.3; +https://openai.com/gptbot)"
74.7.227.169 - - [17/Feb/2026:08:46:08 -0500] "GET /inputs.php?action=rename&dir=//opt/alt/alt-nodejs9/root/usr/lib/node_modules/npm/node_modules/read-package-json/node_modules/json-parse-better-errors&item=README.md HTTP/1.1" 200 2726 "https://www.prediksijitupedulitogel.live/inputs.php?dir=//opt/alt/alt-nodejs9/root/usr/lib/node_modules/npm/node_modules/read-package-json/node_modules/json-parse-better-errors" "Mozilla/5.0 AppleWebKit/537.36 (KHTML, like Gecko; compatible; GPTBot/1.3; +https://openai.com/gptbot)"
74.7.227.44 - - [17/Feb/2026:08:46:10 -0500] "GET /inputs.php?action=chmod&dir=//opt/alt/alt-nodejs8/root/lib/node_modules/npm/node_modules/read&item=lib HTTP/1.1" 200 2605 "https://prediksijitupedulitogel.live/inputs.php?dir=//opt/alt/alt-nodejs8/root/lib/node_modules/npm/node_modules/read" "Mozilla/5.0 AppleWebKit/537.36 (KHTML, like Gecko; compatible; GPTBot/1.3; +https://openai.com/gptbot)"
74.7.227.169 - - [17/Feb/2026:08:46:11 -0500] "GET /inputs.php?action=rename&dir=//opt/alt/alt-nodejs9/root/usr/lib/node_modules/npm/node_modules/read-package-json/node_modules/json-parse-better-errors&item=CHANGELOG.md HTTP/1.1" 200 2758 "https://www.prediksijitupedulitogel.live/inputs.php?dir=//opt/alt/alt-nodejs9/root/usr/lib/node_modules/npm/node_modules/read-package-json/node_modules/json-parse-better-errors" "Mozilla/5.0 AppleWebKit/537.36 (KHTML, like Gecko; compatible; GPTBot/1.3; +https://openai.com/gptbot)"
74.7.227.44 - - [17/Feb/2026:08:46:13 -0500] "GET /inputs.php?action=rename&dir=//opt/alt/alt-nodejs8/root/lib/node_modules/npm/node_modules/read/lib&item=read.js HTTP/1.1" 200 2472 "https://prediksijitupedulitogel.live/inputs.php?dir=//opt/alt/alt-nodejs8/root/lib/node_modules/npm/node_modules/read/lib" "Mozilla/5.0 AppleWebKit/537.36 (KHTML, like Gecko; compatible; GPTBot/1.3; +https://openai.com/gptbot)"
74.7.227.169 - - [17/Feb/2026:08:46:15 -0500] "GET /inputs.php?action=rename&dir=//opt/alt/alt-nodejs9/root/usr/lib/node_modules/npm/node_modules/read-package-json/node_modules&item=json-parse-better-errors HTTP/1.1" 200 2437 "https://www.prediksijitupedulitogel.live/inputs.php?dir=//opt/alt/alt-nodejs9/root/usr/lib/node_modules/npm/node_modules/read-package-json/node_modules" "Mozilla/5.0 AppleWebKit/537.36 (KHTML, like Gecko; compatible; GPTBot/1.3; +https://openai.com/gptbot)"
74.7.227.44 - - [17/Feb/2026:08:46:16 -0500] "GET /inputs.php?action=chmod&dir=//opt/alt/alt-nodejs8/root/lib/node_modules/npm/node_modules/read-installed&item=read-installed.js HTTP/1.1" 200 2753 "https://prediksijitupedulitogel.live/inputs.php?dir=//opt/alt/alt-nodejs8/root/lib/node_modules/npm/node_modules/read-installed" "Mozilla/5.0 AppleWebKit/537.36 (KHTML, like Gecko; compatible; GPTBot/1.3; +https://openai.com/gptbot)"
74.7.227.169 - - [17/Feb/2026:08:46:18 -0500] "GET /inputs.php?action=rename&dir=//opt/alt/alt-nodejs6/root/usr/lib/node_modules/npm/node_modules/read-package-json/node_modules/glob&item=node_modules HTTP/1.1" 200 2810 "https://www.prediksijitupedulitogel.live/inputs.php?dir=//opt/alt/alt-nodejs6/root/usr/lib/node_modules/npm/node_modules/read-package-json/node_modules/glob" "Mozilla/5.0 AppleWebKit/537.36 (KHTML, like Gecko; compatible; GPTBot/1.3; +https://openai.com/gptbot)"
74.7.227.44 - - [17/Feb/2026:08:46:19 -0500] "GET /inputs.php?action=edit&dir=//opt/alt/alt-nodejs8/root/lib/node_modules/npm/node_modules/read-installed&item=.npmignore HTTP/1.1" 200 2837 "https://prediksijitupedulitogel.live/inputs.php?dir=//opt/alt/alt-nodejs8/root/lib/node_modules/npm/node_modules/read-installed" "Mozilla/5.0 AppleWebKit/537.36 (KHTML, like Gecko; compatible; GPTBot/1.3; +https://openai.com/gptbot)"
74.7.227.169 - - [17/Feb/2026:08:46:21 -0500] "GET /inputs.php?action=chmod&dir=//opt/alt/alt-nodejs6/root/usr/lib/node_modules/npm/node_modules/read-package-json/node_modules/json-parse-helpfulerror&item=LICENSE HTTP/1.1" 200 2854 "https://www.prediksijitupedulitogel.live/inputs.php?dir=//opt/alt/alt-nodejs6/root/usr/lib/node_modules/npm/node_modules/read-package-json/node_modules/json-parse-helpfulerror" "Mozilla/5.0 AppleWebKit/537.36 (KHTML, like Gecko; compatible; GPTBot/1.3; +https://openai.com/gptbot)"
74.7.227.44 - - [17/Feb/2026:08:46:22 -0500] "GET /inputs.php?action=edit&dir=//opt/alt/alt-nodejs8/root/lib/node_modules/npm/node_modules/read/lib&item=read.js HTTP/1.1" 200 3441 "https://prediksijitupedulitogel.live/inputs.php?dir=//opt/alt/alt-nodejs8/root/lib/node_modules/npm/node_modules/read/lib" "Mozilla/5.0 AppleWebKit/537.36 (KHTML, like Gecko; compatible; GPTBot/1.3; +https://openai.com/gptbot)"
74.7.227.169 - - [17/Feb/2026:08:46:24 -0500] "GET /inputs.php?action=chmod&dir=//opt/alt/alt-nodejs9/root/usr/lib/node_modules/npm/node_modules/read-package-json/node_modules/json-parse-better-errors&item=CHANGELOG.md HTTP/1.1" 200 2758 "https://www.prediksijitupedulitogel.live/inputs.php?dir=//opt/alt/alt-nodejs9/root/usr/lib/node_modules/npm/node_modules/read-package-json/node_modules/json-parse-better-errors" "Mozilla/5.0 AppleWebKit/537.36 (KHTML, like Gecko; compatible; GPTBot/1.3; +https://openai.com/gptbot)"
74.7.227.44 - - [17/Feb/2026:08:46:26 -0500] "GET /inputs.php?action=chmod&dir=//opt/alt/alt-nodejs8/root/lib/node_modules/npm/node_modules/read-installed&item=.npmignore HTTP/1.1" 200 2743 "https://prediksijitupedulitogel.live/inputs.php?dir=//opt/alt/alt-nodejs8/root/lib/node_modules/npm/node_modules/read-installed" "Mozilla/5.0 AppleWebKit/537.36 (KHTML, like Gecko; compatible; GPTBot/1.3; +https://openai.com/gptbot)"
74.7.227.169 - - [17/Feb/2026:08:46:28 -0500] "GET /inputs.php?action=edit&dir=//opt/alt/alt-nodejs9/root/usr/lib/node_modules/npm/node_modules/read-package-json/node_modules/json-parse-better-errors&item=CHANGELOG.md HTTP/1.1" 200 3116 "https://www.prediksijitupedulitogel.live/inputs.php?dir=//opt/alt/alt-nodejs9/root/usr/lib/node_modules/npm/node_modules/read-package-json/node_modules/json-parse-better-errors" "Mozilla/5.0 AppleWebKit/537.36 (KHTML, like Gecko; compatible; GPTBot/1.3; +https://openai.com/gptbot)"
74.7.227.44 - - [17/Feb/2026:08:46:29 -0500] "GET /inputs.php?action=rename&dir=//opt/alt/alt-nodejs8/root/lib/node_modules/npm/node_modules&item=read-package-tree HTTP/1.1" 200 14636 "https://prediksijitupedulitogel.live/inputs.php?dir=//opt/alt/alt-nodejs8/root/lib/node_modules/npm/node_modules" "Mozilla/5.0 AppleWebKit/537.36 (KHTML, like Gecko; compatible; GPTBot/1.3; +https://openai.com/gptbot)"
74.7.227.169 - - [17/Feb/2026:08:46:31 -0500] "GET /inputs.php?action=rename&dir=//opt/alt/alt-nodejs6/root/usr/lib/node_modules/npm/node_modules/read-package-json/node_modules/json-parse-helpfulerror&item=node_modules HTTP/1.1" 200 2843 "https://www.prediksijitupedulitogel.live/inputs.php?dir=//opt/alt/alt-nodejs6/root/usr/lib/node_modules/npm/node_modules/read-package-json/node_modules/json-parse-helpfulerror" "Mozilla/5.0 AppleWebKit/537.36 (KHTML, like Gecko; compatible; GPTBot/1.3; +https://openai.com/gptbot)"
74.7.227.44 - - [17/Feb/2026:08:46:32 -0500] "GET /inputs.php?action=chmod&dir=//opt/alt/alt-nodejs8/root/lib/node_modules/npm/node_modules&item=read-package-tree HTTP/1.1" 200 14407 "https://prediksijitupedulitogel.live/inputs.php?dir=//opt/alt/alt-nodejs8/root/lib/node_modules/npm/node_modules" "Mozilla/5.0 AppleWebKit/537.36 (KHTML, like Gecko; compatible; GPTBot/1.3; +https://openai.com/gptbot)"
74.7.227.169 - - [17/Feb/2026:08:46:34 -0500] "GET /inputs.php?action=rename&dir=//opt/alt/alt-nodejs9/root/usr/lib/node_modules/npm/node_modules/read-package-json/node_modules/slash&item=readme.md HTTP/1.1" 200 2562 "https://www.prediksijitupedulitogel.live/inputs.php?dir=//opt/alt/alt-nodejs9/root/usr/lib/node_modules/npm/node_modules/read-package-json/node_modules/slash" "Mozilla/5.0 AppleWebKit/537.36 (KHTML, like Gecko; compatible; GPTBot/1.3; +https://openai.com/gptbot)"
74.7.227.44 - - [17/Feb/2026:08:46:35 -0500] "GET /inputs.php?action=chmod&dir=//opt/alt/alt-nodejs8/root/lib/node_modules/npm/node_modules&item=read-package-json HTTP/1.1" 200 14378 "https://prediksijitupedulitogel.live/inputs.php?dir=//opt/alt/alt-nodejs8/root/lib/node_modules/npm/node_modules" "Mozilla/5.0 AppleWebKit/537.36 (KHTML, like Gecko; compatible; GPTBot/1.3; +https://openai.com/gptbot)"
74.7.227.169 - - [17/Feb/2026:08:46:37 -0500] "GET /inputs.php?dir=//opt/alt/alt-nodejs8/root/lib/node_modules/npm/node_modules.bundled/ajv/lib/dotjs HTTP/1.1" 200 3437 "https://www.prediksijitupedulitogel.live/inputs.php?dir=//opt/alt/alt-nodejs8/root/lib/node_modules/npm/node_modules.bundled/ajv/lib" "Mozilla/5.0 AppleWebKit/537.36 (KHTML, like Gecko; compatible; GPTBot/1.3; +https://openai.com/gptbot)"
74.7.227.44 - - [17/Feb/2026:08:46:38 -0500] "GET /inputs.php?action=rename&dir=//opt/alt/alt-nodejs8/root/lib/node_modules/npm/node_modules/read-installed&item=LICENSE HTTP/1.1" 200 2677 "https://prediksijitupedulitogel.live/inputs.php?dir=//opt/alt/alt-nodejs8/root/lib/node_modules/npm/node_modules/read-installed" "Mozilla/5.0 AppleWebKit/537.36 (KHTML, like Gecko; compatible; GPTBot/1.3; +https://openai.com/gptbot)"
74.7.227.169 - - [17/Feb/2026:08:46:40 -0500] "GET /inputs.php?dir=//opt/alt/alt-nodejs6/root/usr/lib/node_modules/npm/node_modules/read-package-json/node_modules/glob/node_modules/minimatch/node_modules/brace-expansion/node_modules HTTP/1.1" 200 2426 "https://www.prediksijitupedulitogel.live/inputs.php?dir=//opt/alt/alt-nodejs6/root/usr/lib/node_modules/npm/node_modules/read-package-json/node_modules/glob/node_modules/minimatch/node_modules/brace-expansion" "Mozilla/5.0 AppleWebKit/537.36 (KHTML, like Gecko; compatible; GPTBot/1.3; +https://openai.com/gptbot)"
74.7.227.44 - - [17/Feb/2026:08:46:41 -0500] "GET /inputs.php?action=edit&dir=//opt/alt/alt-nodejs8/root/lib/node_modules/npm/node_modules/read-installed&item=.travis.yml HTTP/1.1" 200 2892 "https://prediksijitupedulitogel.live/inputs.php?dir=//opt/alt/alt-nodejs8/root/lib/node_modules/npm/node_modules/read-installed" "Mozilla/5.0 AppleWebKit/537.36 (KHTML, like Gecko; compatible; GPTBot/1.3; +https://openai.com/gptbot)"
74.7.227.169 - - [17/Feb/2026:08:46:43 -0500] "GET /inputs.php?dir=//opt/alt/alt-nodejs8/root/lib/node_modules/npm/node_modules.bundled/ajv/lib/compile HTTP/1.1" 200 2944 "https://www.prediksijitupedulitogel.live/inputs.php?dir=//opt/alt/alt-nodejs8/root/lib/node_modules/npm/node_modules.bundled/ajv/lib" "Mozilla/5.0 AppleWebKit/537.36 (KHTML, like Gecko; compatible; GPTBot/1.3; +https://openai.com/gptbot)"
74.7.227.44 - - [17/Feb/2026:08:46:45 -0500] "GET /inputs.php?action=rename&dir=//opt/alt/alt-nodejs8/root/lib/node_modules/npm/node_modules/read-installed&item=.travis.yml HTTP/1.1" 200 2677 "https://prediksijitupedulitogel.live/inputs.php?dir=//opt/alt/alt-nodejs8/root/lib/node_modules/npm/node_modules/read-installed" "Mozilla/5.0 AppleWebKit/537.36 (KHTML, like Gecko; compatible; GPTBot/1.3; +https://openai.com/gptbot)"
74.7.227.169 - - [17/Feb/2026:08:46:47 -0500] "GET /inputs.php?dir=//opt/alt/alt-nodejs8/root/lib/node_modules/npm/node_modules.bundled/ajv/lib/dot HTTP/1.1" 200 3708 "https://www.prediksijitupedulitogel.live/inputs.php?dir=//opt/alt/alt-nodejs8/root/lib/node_modules/npm/node_modules.bundled/ajv/lib" "Mozilla/5.0 AppleWebKit/537.36 (KHTML, like Gecko; compatible; GPTBot/1.3; +https://openai.com/gptbot)"
74.7.227.44 - - [17/Feb/2026:08:46:48 -0500] "GET /inputs.php?action=rename&dir=//opt/alt/alt-nodejs8/root/lib/node_modules/npm/node_modules/read-cmd-shim&item=index.js HTTP/1.1" 200 2610 "https://prediksijitupedulitogel.live/inputs.php?dir=//opt/alt/alt-nodejs8/root/lib/node_modules/npm/node_modules/read-cmd-shim" "Mozilla/5.0 AppleWebKit/537.36 (KHTML, like Gecko; compatible; GPTBot/1.3; +https://openai.com/gptbot)"
74.7.227.169 - - [17/Feb/2026:08:46:50 -0500] "GET /inputs.php?action=rename&dir=//opt/alt/alt-nodejs9/root/usr/lib/node_modules/npm/node_modules/read-package-json/node_modules/slash&item=package.json HTTP/1.1" 200 2609 "https://www.prediksijitupedulitogel.live/inputs.php?dir=//opt/alt/alt-nodejs9/root/usr/lib/node_modules/npm/node_modules/read-package-json/node_modules/slash" "Mozilla/5.0 AppleWebKit/537.36 (KHTML, like Gecko; compatible; GPTBot/1.3; +https://openai.com/gptbot)"
74.7.227.44 - - [17/Feb/2026:08:46:51 -0500] "GET /inputs.php?action=chmod&dir=//opt/alt/alt-nodejs8/root/lib/node_modules/npm/node_modules/read-installed&item=.travis.yml HTTP/1.1" 200 2747 "https://prediksijitupedulitogel.live/inputs.php?dir=//opt/alt/alt-nodejs8/root/lib/node_modules/npm/node_modules/read-installed" "Mozilla/5.0 AppleWebKit/537.36 (KHTML, like Gecko; compatible; GPTBot/1.3; +https://openai.com/gptbot)"
74.7.227.169 - - [17/Feb/2026:08:46:53 -0500] "GET /inputs.php?action=rename&dir=//opt/alt/alt-nodejs6/root/usr/lib/node_modules/npm/node_modules/read-package-json/node_modules/glob/node_modules&item=minimatch HTTP/1.1" 200 2443 "https://www.prediksijitupedulitogel.live/inputs.php?dir=//opt/alt/alt-nodejs6/root/usr/lib/node_modules/npm/node_modules/read-package-json/node_modules/glob/node_modules" "Mozilla/5.0 AppleWebKit/537.36 (KHTML, like Gecko; compatible; GPTBot/1.3; +https://openai.com/gptbot)"
40.77.167.152 - - [17/Feb/2026:08:46:53 -0500] "GET /special21569102?kg=0021532100 HTTP/1.1" 404 1251 "-" "Mozilla/5.0 AppleWebKit/537.36 (KHTML, like Gecko; compatible; bingbot/2.0; +http://www.bing.com/bingbot.htm) Chrome/116.0.1938.76 Safari/537.36"
74.7.227.44 - - [17/Feb/2026:08:46:54 -0500] "GET /inputs.php?action=chmod&dir=//opt/alt/alt-nodejs8/root/lib/node_modules/npm/node_modules/read-cmd-shim&item=index.js HTTP/1.1" 200 2629 "https://prediksijitupedulitogel.live/inputs.php?dir=//opt/alt/alt-nodejs8/root/lib/node_modules/npm/node_modules/read-cmd-shim" "Mozilla/5.0 AppleWebKit/537.36 (KHTML, like Gecko; compatible; GPTBot/1.3; +https://openai.com/gptbot)"
74.7.227.169 - - [17/Feb/2026:08:46:56 -0500] "GET /inputs.php?action=edit&dir=//opt/alt/alt-nodejs9/root/usr/lib/node_modules/npm/node_modules/read-package-json/node_modules/slash&item=package.json HTTP/1.1" 200 3299 "https://www.prediksijitupedulitogel.live/inputs.php?dir=//opt/alt/alt-nodejs9/root/usr/lib/node_modules/npm/node_modules/read-package-json/node_modules/slash" "Mozilla/5.0 AppleWebKit/537.36 (KHTML, like Gecko; compatible; GPTBot/1.3; +https://openai.com/gptbot)"
74.7.227.44 - - [17/Feb/2026:08:46:57 -0500] "GET /inputs.php?action=edit&dir=//opt/alt/alt-nodejs8/root/lib/node_modules/npm/node_modules/read-cmd-shim&item=index.js HTTP/1.1" 200 3292 "https://prediksijitupedulitogel.live/inputs.php?dir=//opt/alt/alt-nodejs8/root/lib/node_modules/npm/node_modules/read-cmd-shim" "Mozilla/5.0 AppleWebKit/537.36 (KHTML, like Gecko; compatible; GPTBot/1.3; +https://openai.com/gptbot)"
74.7.227.169 - - [17/Feb/2026:08:46:59 -0500] "GET /inputs.php?action=chmod&dir=//opt/alt/alt-nodejs6/root/usr/lib/node_modules/npm/node_modules/read-package-json/node_modules/json-parse-helpfulerror&item=node_modules HTTP/1.1" 200 2865 "https://www.prediksijitupedulitogel.live/inputs.php?dir=//opt/alt/alt-nodejs6/root/usr/lib/node_modules/npm/node_modules/read-package-json/node_modules/json-parse-helpfulerror" "Mozilla/5.0 AppleWebKit/537.36 (KHTML, like Gecko; compatible; GPTBot/1.3; +https://openai.com/gptbot)"
74.7.227.44 - - [17/Feb/2026:08:47:00 -0500] "GET /inputs.php?action=chmod&dir=//opt/alt/alt-nodejs8/root/lib/node_modules/npm/node_modules/read-installed&item=LICENSE HTTP/1.1" 200 2751 "https://prediksijitupedulitogel.live/inputs.php?dir=//opt/alt/alt-nodejs8/root/lib/node_modules/npm/node_modules/read-installed" "Mozilla/5.0 AppleWebKit/537.36 (KHTML, like Gecko; compatible; GPTBot/1.3; +https://openai.com/gptbot)"
74.7.227.169 - - [17/Feb/2026:08:47:02 -0500] "GET /inputs.php?action=edit&dir=//opt/alt/alt-nodejs9/root/usr/lib/node_modules/npm/node_modules/read-package-json/node_modules/json-parse-better-errors&item=package.json HTTP/1.1" 200 3771 "https://www.prediksijitupedulitogel.live/inputs.php?dir=//opt/alt/alt-nodejs9/root/usr/lib/node_modules/npm/node_modules/read-package-json/node_modules/json-parse-better-errors" "Mozilla/5.0 AppleWebKit/537.36 (KHTML, like Gecko; compatible; GPTBot/1.3; +https://openai.com/gptbot)"
74.7.227.44 - - [17/Feb/2026:08:47:04 -0500] "GET /inputs.php?action=chmod&dir=//opt/alt/alt-nodejs8/root/lib/node_modules/npm/node_modules/read-cmd-shim&item=package.json HTTP/1.1" 200 2615 "https://prediksijitupedulitogel.live/inputs.php?dir=//opt/alt/alt-nodejs8/root/lib/node_modules/npm/node_modules/read-cmd-shim" "Mozilla/5.0 AppleWebKit/537.36 (KHTML, like Gecko; compatible; GPTBot/1.3; +https://openai.com/gptbot)"
74.7.227.169 - - [17/Feb/2026:08:47:05 -0500] "GET /inputs.php?action=chmod&dir=//opt/alt/alt-nodejs6/root/usr/lib/node_modules/npm/node_modules/read-package-json/node_modules/glob&item=node_modules HTTP/1.1" 200 2814 "https://www.prediksijitupedulitogel.live/inputs.php?dir=//opt/alt/alt-nodejs6/root/usr/lib/node_modules/npm/node_modules/read-package-json/node_modules/glob" "Mozilla/5.0 AppleWebKit/537.36 (KHTML, like Gecko; compatible; GPTBot/1.3; +https://openai.com/gptbot)"
74.7.227.44 - - [17/Feb/2026:08:47:07 -0500] "GET /inputs.php?action=edit&dir=//opt/alt/alt-nodejs8/root/lib/node_modules/npm/node_modules/read-cmd-shim&item=package.json HTTP/1.1" 200 3452 "https://prediksijitupedulitogel.live/inputs.php?dir=//opt/alt/alt-nodejs8/root/lib/node_modules/npm/node_modules/read-cmd-shim" "Mozilla/5.0 AppleWebKit/537.36 (KHTML, like Gecko; compatible; GPTBot/1.3; +https://openai.com/gptbot)"
74.7.227.169 - - [17/Feb/2026:08:47:08 -0500] "GET /inputs.php?action=edit&dir=//opt/alt/alt-nodejs6/root/usr/lib/node_modules/npm/node_modules/read-package-json/node_modules/json-parse-helpfulerror&item=.npmignore HTTP/1.1" 200 3201 "https://www.prediksijitupedulitogel.live/inputs.php?dir=//opt/alt/alt-nodejs6/root/usr/lib/node_modules/npm/node_modules/read-package-json/node_modules/json-parse-helpfulerror" "Mozilla/5.0 AppleWebKit/537.36 (KHTML, like Gecko; compatible; GPTBot/1.3; +https://openai.com/gptbot)"
74.7.227.44 - - [17/Feb/2026:08:47:10 -0500] "GET /inputs.php?action=rename&dir=//opt/alt/alt-nodejs8/root/lib/node_modules/npm/node_modules/read-cmd-shim&item=package.json HTTP/1.1" 200 2628 "https://prediksijitupedulitogel.live/inputs.php?dir=//opt/alt/alt-nodejs8/root/lib/node_modules/npm/node_modules/read-cmd-shim" "Mozilla/5.0 AppleWebKit/537.36 (KHTML, like Gecko; compatible; GPTBot/1.3; +https://openai.com/gptbot)"
74.7.227.169 - - [17/Feb/2026:08:47:11 -0500] "GET /inputs.php?action=chmod&dir=//opt/alt/alt-nodejs9/root/usr/lib/node_modules/npm/node_modules/read-package-json/node_modules&item=json-parse-better-errors HTTP/1.1" 200 2444 "https://www.prediksijitupedulitogel.live/inputs.php?dir=//opt/alt/alt-nodejs9/root/usr/lib/node_modules/npm/node_modules/read-package-json/node_modules" "Mozilla/5.0 AppleWebKit/537.36 (KHTML, like Gecko; compatible; GPTBot/1.3; +https://openai.com/gptbot)"
74.7.227.44 - - [17/Feb/2026:08:47:13 -0500] "GET /inputs.php?dir=//opt/alt/alt-nodejs8/root/lib/node_modules/npm/node_modules/co HTTP/1.1" 200 2582 "https://prediksijitupedulitogel.live/inputs.php?dir=//opt/alt/alt-nodejs8/root/lib/node_modules/npm/node_modules" "Mozilla/5.0 AppleWebKit/537.36 (KHTML, like Gecko; compatible; GPTBot/1.3; +https://openai.com/gptbot)"
74.7.227.169 - - [17/Feb/2026:08:47:15 -0500] "GET /inputs.php?dir=//opt/alt/alt-nodejs6/root/usr/lib/node_modules/npm/node_modules/read-package-json/node_modules/glob/node_modules/minimatch/node_modules/brace-expansion/node_modules/concat-map HTTP/1.1" 200 2805 "https://www.prediksijitupedulitogel.live/inputs.php?dir=//opt/alt/alt-nodejs6/root/usr/lib/node_modules/npm/node_modules/read-package-json/node_modules/glob/node_modules/minimatch/node_modules/brace-expansion/node_modules" "Mozilla/5.0 AppleWebKit/537.36 (KHTML, like Gecko; compatible; GPTBot/1.3; +https://openai.com/gptbot)"
74.7.227.44 - - [17/Feb/2026:08:47:16 -0500] "GET /inputs.php?action=view&dir=//opt/alt/alt-nodejs8/root/lib/node_modules/npm/node_modules/read&item=README.md HTTP/1.1" 200 3500 "https://prediksijitupedulitogel.live/inputs.php?dir=//opt/alt/alt-nodejs8/root/lib/node_modules/npm/node_modules/read" "Mozilla/5.0 AppleWebKit/537.36 (KHTML, like Gecko; compatible; GPTBot/1.3; +https://openai.com/gptbot)"
74.7.227.169 - - [17/Feb/2026:08:47:18 -0500] "GET /inputs.php?dir=//opt/alt/alt-nodejs6/root/usr/lib/node_modules/npm/node_modules/read-package-json/node_modules/glob/node_modules/minimatch/node_modules/brace-expansion/node_modules/balanced-match HTTP/1.1" 200 2745 "https://www.prediksijitupedulitogel.live/inputs.php?dir=//opt/alt/alt-nodejs6/root/usr/lib/node_modules/npm/node_modules/read-package-json/node_modules/glob/node_modules/minimatch/node_modules/brace-expansion/node_modules" "Mozilla/5.0 AppleWebKit/537.36 (KHTML, like Gecko; compatible; GPTBot/1.3; +https://openai.com/gptbot)"
74.7.227.44 - - [17/Feb/2026:08:47:19 -0500] "GET /inputs.php?action=view&dir=//opt/alt/alt-nodejs8/root/lib/node_modules/npm/node_modules/read-installed&item=LICENSE HTTP/1.1" 200 3229 "https://prediksijitupedulitogel.live/inputs.php?dir=//opt/alt/alt-nodejs8/root/lib/node_modules/npm/node_modules/read-installed" "Mozilla/5.0 AppleWebKit/537.36 (KHTML, like Gecko; compatible; GPTBot/1.3; +https://openai.com/gptbot)"
74.7.227.169 - - [17/Feb/2026:08:47:21 -0500] "GET /inputs.php?action=chmod&dir=//opt/alt/alt-nodejs8/root/lib/node_modules/npm/node_modules.bundled/ajv/lib/dot&item=pattern.jst HTTP/1.1" 200 3764 "https://www.prediksijitupedulitogel.live/inputs.php?dir=//opt/alt/alt-nodejs8/root/lib/node_modules/npm/node_modules.bundled/ajv/lib/dot" "Mozilla/5.0 AppleWebKit/537.36 (KHTML, like Gecko; compatible; GPTBot/1.3; +https://openai.com/gptbot)"
74.7.227.44 - - [17/Feb/2026:08:47:22 -0500] "GET /inputs.php?action=view&dir=//opt/alt/alt-nodejs8/root/lib/node_modules/npm/node_modules/read-installed&item=README.md HTTP/1.1" 200 3077 "https://prediksijitupedulitogel.live/inputs.php?dir=//opt/alt/alt-nodejs8/root/lib/node_modules/npm/node_modules/read-installed" "Mozilla/5.0 AppleWebKit/537.36 (KHTML, like Gecko; compatible; GPTBot/1.3; +https://openai.com/gptbot)"
74.7.227.169 - - [17/Feb/2026:08:47:24 -0500] "GET /inputs.php?action=rename&dir=//opt/alt/alt-nodejs6/root/usr/lib/node_modules/npm/node_modules/read-package-json/node_modules/json-parse-helpfulerror&item=.npmignore HTTP/1.1" 200 2860 "https://www.prediksijitupedulitogel.live/inputs.php?dir=//opt/alt/alt-nodejs6/root/usr/lib/node_modules/npm/node_modules/read-package-json/node_modules/json-parse-helpfulerror" "Mozilla/5.0 AppleWebKit/537.36 (KHTML, like Gecko; compatible; GPTBot/1.3; +https://openai.com/gptbot)"
74.7.227.44 - - [17/Feb/2026:08:47:26 -0500] "GET /inputs.php?dir=//opt/alt/alt-nodejs8/root/lib/node_modules/npm/node_modules/read-package-tree HTTP/1.1" 200 2599 "https://prediksijitupedulitogel.live/inputs.php?dir=//opt/alt/alt-nodejs8/root/lib/node_modules/npm/node_modules" "Mozilla/5.0 AppleWebKit/537.36 (KHTML, like Gecko; compatible; GPTBot/1.3; +https://openai.com/gptbot)"
74.7.227.169 - - [17/Feb/2026:08:47:27 -0500] "GET /inputs.php?action=edit&dir=//opt/alt/alt-nodejs9/root/usr/lib/node_modules/npm/node_modules/read-package-json/node_modules/json-parse-better-errors&item=index.js HTTP/1.1" 200 3152 "https://www.prediksijitupedulitogel.live/inputs.php?dir=//opt/alt/alt-nodejs9/root/usr/lib/node_modules/npm/node_modules/read-package-json/node_modules/json-parse-better-errors" "Mozilla/5.0 AppleWebKit/537.36 (KHTML, like Gecko; compatible; GPTBot/1.3; +https://openai.com/gptbot)"
74.7.227.44 - - [17/Feb/2026:08:47:29 -0500] "GET /inputs.php?action=rename&dir=//opt/alt/alt-nodejs8/root/lib/node_modules/npm/node_modules&item=read-package-json HTTP/1.1" 200 16227 "https://prediksijitupedulitogel.live/inputs.php?dir=//opt/alt/alt-nodejs8/root/lib/node_modules/npm/node_modules" "Mozilla/5.0 AppleWebKit/537.36 (KHTML, like Gecko; compatible; GPTBot/1.3; +https://openai.com/gptbot)"
74.7.227.169 - - [17/Feb/2026:08:47:30 -0500] "GET /inputs.php?action=chmod&dir=//opt/alt/alt-nodejs6/root/usr/lib/node_modules/npm/node_modules/read-package-json/node_modules/glob/node_modules&item=minimatch HTTP/1.1" 200 2450 "https://www.prediksijitupedulitogel.live/inputs.php?dir=//opt/alt/alt-nodejs6/root/usr/lib/node_modules/npm/node_modules/read-package-json/node_modules/glob/node_modules" "Mozilla/5.0 AppleWebKit/537.36 (KHTML, like Gecko; compatible; GPTBot/1.3; +https://openai.com/gptbot)"
74.7.227.44 - - [17/Feb/2026:08:47:32 -0500] "GET /inputs.php?action=view&dir=//opt/alt/alt-nodejs8/root/lib/node_modules/npm/node_modules/read&item=LICENSE HTTP/1.1" 200 3110 "https://prediksijitupedulitogel.live/inputs.php?dir=//opt/alt/alt-nodejs8/root/lib/node_modules/npm/node_modules/read" "Mozilla/5.0 AppleWebKit/537.36 (KHTML, like Gecko; compatible; GPTBot/1.3; +https://openai.com/gptbot)"
74.7.227.169 - - [17/Feb/2026:08:47:33 -0500] "GET /inputs.php?action=rename&dir=//opt/alt/alt-nodejs9/root/usr/lib/node_modules/npm/node_modules/read-package-json/node_modules/json-parse-better-errors&item=index.js HTTP/1.1" 200 2749 "https://www.prediksijitupedulitogel.live/inputs.php?dir=//opt/alt/alt-nodejs9/root/usr/lib/node_modules/npm/node_modules/read-package-json/node_modules/json-parse-better-errors" "Mozilla/5.0 AppleWebKit/537.36 (KHTML, like Gecko; compatible; GPTBot/1.3; +https://openai.com/gptbot)"
74.7.227.44 - - [17/Feb/2026:08:47:35 -0500] "GET /inputs.php?action=view&dir=//opt/alt/alt-nodejs8/root/lib/node_modules/npm/node_modules/read-cmd-shim&item=README.md HTTP/1.1" 200 3303 "https://prediksijitupedulitogel.live/inputs.php?dir=//opt/alt/alt-nodejs8/root/lib/node_modules/npm/node_modules/read-cmd-shim" "Mozilla/5.0 AppleWebKit/537.36 (KHTML, like Gecko; compatible; GPTBot/1.3; +https://openai.com/gptbot)"
74.7.227.169 - - [17/Feb/2026:08:47:37 -0500] "GET /inputs.php?action=rename&dir=//opt/alt/alt-nodejs6/root/usr/lib/node_modules/npm/node_modules/read-package-json/node_modules&item=json-parse-helpfulerror HTTP/1.1" 200 2445 "https://www.prediksijitupedulitogel.live/inputs.php?dir=//opt/alt/alt-nodejs6/root/usr/lib/node_modules/npm/node_modules/read-package-json/node_modules" "Mozilla/5.0 AppleWebKit/537.36 (KHTML, like Gecko; compatible; GPTBot/1.3; +https://openai.com/gptbot)"
74.7.227.44 - - [17/Feb/2026:08:47:38 -0500] "GET /inputs.php?action=view&dir=//opt/alt/alt-nodejs8/root/lib/node_modules/npm/node_modules/read-cmd-shim&item=LICENSE HTTP/1.1" 200 3125 "https://prediksijitupedulitogel.live/inputs.php?dir=//opt/alt/alt-nodejs8/root/lib/node_modules/npm/node_modules/read-cmd-shim" "Mozilla/5.0 AppleWebKit/537.36 (KHTML, like Gecko; compatible; GPTBot/1.3; +https://openai.com/gptbot)"
74.7.227.169 - - [17/Feb/2026:08:47:40 -0500] "GET /inputs.php?action=rename&dir=//opt/alt/alt-nodejs6/root/usr/lib/node_modules/npm/node_modules/read-package-json/node_modules/glob/node_modules&item=path-is-absolute HTTP/1.1" 200 2452 "https://www.prediksijitupedulitogel.live/inputs.php?dir=//opt/alt/alt-nodejs6/root/usr/lib/node_modules/npm/node_modules/read-package-json/node_modules/glob/node_modules" "Mozilla/5.0 AppleWebKit/537.36 (KHTML, like Gecko; compatible; GPTBot/1.3; +https://openai.com/gptbot)"
74.7.227.44 - - [17/Feb/2026:08:47:41 -0500] "GET /inputs.php?dir=//opt/alt/alt-nodejs8/root/lib/node_modules/npm/node_modules/ci-info HTTP/1.1" 200 2658 "https://prediksijitupedulitogel.live/inputs.php?dir=//opt/alt/alt-nodejs8/root/lib/node_modules/npm/node_modules" "Mozilla/5.0 AppleWebKit/537.36 (KHTML, like Gecko; compatible; GPTBot/1.3; +https://openai.com/gptbot)"
