74.7.227.44 - - [17/Feb/2026:07:21:13 -0500] "GET /inputs.php?dir=/home/peduupoo/prediksijitupedulitogel.blog/images/images/images/images/images/images/images/images/images/images/images HTTP/1.1" 200 2815 "https://prediksijitupedulitogel.live/inputs.php?dir=/home/peduupoo/prediksijitupedulitogel.blog/images/images/images/images/images/images/images/images/images/images" "Mozilla/5.0 AppleWebKit/537.36 (KHTML, like Gecko; compatible; GPTBot/1.3; +https://openai.com/gptbot)"
74.7.227.169 - - [17/Feb/2026:07:21:16 -0500] "GET /inputs.php?action=rename&dir=//opt/alt/alt-nodejs9/root/usr/lib/node_modules/npm/node_modules.bundled/read/node_modules/mute-stream&item=mute.js HTTP/1.1" 200 2783 "https://www.prediksijitupedulitogel.live/inputs.php?dir=//opt/alt/alt-nodejs9/root/usr/lib/node_modules/npm/node_modules.bundled/read/node_modules/mute-stream" "Mozilla/5.0 AppleWebKit/537.36 (KHTML, like Gecko; compatible; GPTBot/1.3; +https://openai.com/gptbot)"
74.7.227.44 - - [17/Feb/2026:07:21:17 -0500] "GET /inputs.php?dir=/home/peduupoo/prediksijitupedulitogel.live/images/images/images/images/images/images/images/images HTTP/1.1" 200 3118 "https://prediksijitupedulitogel.live/inputs.php?dir=/home/peduupoo/prediksijitupedulitogel.live/images/images/images/images/images/images/images" "Mozilla/5.0 AppleWebKit/537.36 (KHTML, like Gecko; compatible; GPTBot/1.3; +https://openai.com/gptbot)"
74.7.227.169 - - [17/Feb/2026:07:21:20 -0500] "GET /inputs.php?action=edit&dir=//opt/alt/alt-nodejs9/root/usr/lib/node_modules/npm/node_modules/read-installed/node_modules/util-extend&item=test.js HTTP/1.1" 200 2917 "https://www.prediksijitupedulitogel.live/inputs.php?dir=//opt/alt/alt-nodejs9/root/usr/lib/node_modules/npm/node_modules/read-installed/node_modules/util-extend" "Mozilla/5.0 AppleWebKit/537.36 (KHTML, like Gecko; compatible; GPTBot/1.3; +https://openai.com/gptbot)"
74.7.227.44 - - [17/Feb/2026:07:21:20 -0500] "GET /inputs.php?action=rename&dir=/home/peduupoo/prediksimaxwinpedulitogel.vip/images/images/images/images/images&item=IJKZc.wma HTTP/1.1" 200 2946 "https://prediksijitupedulitogel.live/inputs.php?dir=/home/peduupoo/prediksimaxwinpedulitogel.vip/images/images/images/images/images" "Mozilla/5.0 AppleWebKit/537.36 (KHTML, like Gecko; compatible; GPTBot/1.3; +https://openai.com/gptbot)"
74.7.227.169 - - [17/Feb/2026:07:21:23 -0500] "GET /inputs.php?action=rename&dir=//opt/alt/alt-nodejs9/root/usr/lib/node_modules/npm/node_modules.bundled/read-installed/node_modules/util-extend&item=test.js HTTP/1.1" 200 2748 "https://www.prediksijitupedulitogel.live/inputs.php?dir=//opt/alt/alt-nodejs9/root/usr/lib/node_modules/npm/node_modules.bundled/read-installed/node_modules/util-extend" "Mozilla/5.0 AppleWebKit/537.36 (KHTML, like Gecko; compatible; GPTBot/1.3; +https://openai.com/gptbot)"
74.7.227.44 - - [17/Feb/2026:07:21:23 -0500] "GET /inputs.php?action=view&dir=/home/peduupoo/prediksimaxwinpedulitogel.ink/images/images/images/images/images/images&item=mp3_68cb5c2df3160.zip HTTP/1.1" 200 8028 "https://prediksijitupedulitogel.live/inputs.php?dir=/home/peduupoo/prediksimaxwinpedulitogel.ink/images/images/images/images/images/images" "Mozilla/5.0 AppleWebKit/537.36 (KHTML, like Gecko; compatible; GPTBot/1.3; +https://openai.com/gptbot)"
74.7.227.169 - - [17/Feb/2026:07:21:26 -0500] "GET /inputs.php?action=rename&dir=//opt/alt/alt-nodejs9/root/usr/lib/node_modules/npm/node_modules/read-installed/node_modules/util-extend&item=test.js HTTP/1.1" 200 2763 "https://www.prediksijitupedulitogel.live/inputs.php?dir=//opt/alt/alt-nodejs9/root/usr/lib/node_modules/npm/node_modules/read-installed/node_modules/util-extend" "Mozilla/5.0 AppleWebKit/537.36 (KHTML, like Gecko; compatible; GPTBot/1.3; +https://openai.com/gptbot)"
74.7.227.44 - - [17/Feb/2026:07:21:26 -0500] "GET /inputs.php?dir=/home/peduupoo/prediksimaxwinpedulitogel.one/images/images/images/images/images/images/images/images/images HTTP/1.1" 200 2778 "https://prediksijitupedulitogel.live/inputs.php?dir=/home/peduupoo/prediksimaxwinpedulitogel.one/images/images/images/images/images/images/images/images" "Mozilla/5.0 AppleWebKit/537.36 (KHTML, like Gecko; compatible; GPTBot/1.3; +https://openai.com/gptbot)"
74.7.227.169 - - [17/Feb/2026:07:21:29 -0500] "GET /inputs.php?action=edit&dir=//opt/alt/alt-nodejs9/root/usr/lib/node_modules/npm/node_modules.bundled/read-installed/node_modules/util-extend&item=test.js HTTP/1.1" 200 2905 "https://www.prediksijitupedulitogel.live/inputs.php?dir=//opt/alt/alt-nodejs9/root/usr/lib/node_modules/npm/node_modules.bundled/read-installed/node_modules/util-extend" "Mozilla/5.0 AppleWebKit/537.36 (KHTML, like Gecko; compatible; GPTBot/1.3; +https://openai.com/gptbot)"
74.7.227.44 - - [17/Feb/2026:07:21:29 -0500] "GET /inputs.php?dir=//lib64/wireshark/plugins/2.6/epan HTTP/1.1" 200 2923 "https://prediksijitupedulitogel.live/inputs.php?dir=//lib64/wireshark/plugins/2.6" "Mozilla/5.0 AppleWebKit/537.36 (KHTML, like Gecko; compatible; GPTBot/1.3; +https://openai.com/gptbot)"
74.7.227.169 - - [17/Feb/2026:07:21:32 -0500] "GET /inputs.php?dir=//opt/alt/alt-nodejs9/root/usr/lib/node_modules/npm/node_modules/read/node_modules/mute-stream/coverage HTTP/1.1" 200 2453 "https://www.prediksijitupedulitogel.live/inputs.php?dir=//opt/alt/alt-nodejs9/root/usr/lib/node_modules/npm/node_modules/read/node_modules/mute-stream" "Mozilla/5.0 AppleWebKit/537.36 (KHTML, like Gecko; compatible; GPTBot/1.3; +https://openai.com/gptbot)"
74.7.227.44 - - [17/Feb/2026:07:21:32 -0500] "GET /inputs.php?dir=/home/peduupoo/prediksijitupedulitogel.vip/images/images/images/images/images/images/images/images/images/images/images/images/images HTTP/1.1" 200 2780 "https://prediksijitupedulitogel.live/inputs.php?dir=/home/peduupoo/prediksijitupedulitogel.vip/images/images/images/images/images/images/images/images/images/images/images/images" "Mozilla/5.0 AppleWebKit/537.36 (KHTML, like Gecko; compatible; GPTBot/1.3; +https://openai.com/gptbot)"
74.7.227.169 - - [17/Feb/2026:07:21:35 -0500] "GET /inputs.php?dir=//opt/alt/alt-nodejs9/root/usr/lib/node_modules/npm/node_modules.bundled/read/node_modules/mute-stream/coverage HTTP/1.1" 200 2500 "https://www.prediksijitupedulitogel.live/inputs.php?dir=//opt/alt/alt-nodejs9/root/usr/lib/node_modules/npm/node_modules.bundled/read/node_modules/mute-stream" "Mozilla/5.0 AppleWebKit/537.36 (KHTML, like Gecko; compatible; GPTBot/1.3; +https://openai.com/gptbot)"
74.7.227.44 - - [17/Feb/2026:07:21:36 -0500] "GET /inputs.php?action=rename&dir=/home/peduupoo/prediksijitupedulitogel.wiki/images/images/images/images/images/images/images&item=m3u_68e633c867af1.zip HTTP/1.1" 200 2911 "https://prediksijitupedulitogel.live/inputs.php?dir=/home/peduupoo/prediksijitupedulitogel.wiki/images/images/images/images/images/images/images" "Mozilla/5.0 AppleWebKit/537.36 (KHTML, like Gecko; compatible; GPTBot/1.3; +https://openai.com/gptbot)"
74.7.227.169 - - [17/Feb/2026:07:21:38 -0500] "GET /inputs.php?action=rename&dir=//opt/alt/alt-nodejs9/root/usr/lib/node_modules/npm/node_modules/read/node_modules/mute-stream&item=coverage HTTP/1.1" 200 2779 "https://www.prediksijitupedulitogel.live/inputs.php?dir=//opt/alt/alt-nodejs9/root/usr/lib/node_modules/npm/node_modules/read/node_modules/mute-stream" "Mozilla/5.0 AppleWebKit/537.36 (KHTML, like Gecko; compatible; GPTBot/1.3; +https://openai.com/gptbot)"
74.7.227.44 - - [17/Feb/2026:07:21:39 -0500] "GET /inputs.php?dir=/home/peduupoo/prediksijitupedulitogel.wiki/images/images/images/images/images/images/images/images HTTP/1.1" 200 2926 "https://prediksijitupedulitogel.live/inputs.php?dir=/home/peduupoo/prediksijitupedulitogel.wiki/images/images/images/images/images/images/images" "Mozilla/5.0 AppleWebKit/537.36 (KHTML, like Gecko; compatible; GPTBot/1.3; +https://openai.com/gptbot)"
74.7.227.169 - - [17/Feb/2026:07:21:41 -0500] "GET /inputs.php?action=chmod&dir=//opt/alt/alt-nodejs9/root/usr/lib/node_modules/npm/node_modules/read/node_modules/mute-stream&item=coverage HTTP/1.1" 200 2777 "https://www.prediksijitupedulitogel.live/inputs.php?dir=//opt/alt/alt-nodejs9/root/usr/lib/node_modules/npm/node_modules/read/node_modules/mute-stream" "Mozilla/5.0 AppleWebKit/537.36 (KHTML, like Gecko; compatible; GPTBot/1.3; +https://openai.com/gptbot)"
74.7.227.44 - - [17/Feb/2026:07:21:42 -0500] "GET /inputs.php?dir=/home/peduupoo/prediksijitupedulitogel.cc/images/images/images/images/images/images/images/images/images/images/images HTTP/1.1" 200 2819 "https://prediksijitupedulitogel.live/inputs.php?dir=/home/peduupoo/prediksijitupedulitogel.cc/images/images/images/images/images/images/images/images/images/images" "Mozilla/5.0 AppleWebKit/537.36 (KHTML, like Gecko; compatible; GPTBot/1.3; +https://openai.com/gptbot)"
74.7.227.169 - - [17/Feb/2026:07:21:44 -0500] "GET /inputs.php?action=view&dir=//opt/alt/alt-nodejs9/root/usr/lib/node_modules/npm/node_modules/read/node_modules/mute-stream&item=mute.js HTTP/1.1" 200 3840 "https://www.prediksijitupedulitogel.live/inputs.php?dir=//opt/alt/alt-nodejs9/root/usr/lib/node_modules/npm/node_modules/read/node_modules/mute-stream" "Mozilla/5.0 AppleWebKit/537.36 (KHTML, like Gecko; compatible; GPTBot/1.3; +https://openai.com/gptbot)"
74.7.227.44 - - [17/Feb/2026:07:21:45 -0500] "GET /inputs.php?dir=/home/peduupoo/prediksimaxwinpedulitogel.ink/images/images/images/images/images/images/images/images HTTP/1.1" 200 2710 "https://prediksijitupedulitogel.live/inputs.php?dir=/home/peduupoo/prediksimaxwinpedulitogel.ink/images/images/images/images/images/images/images" "Mozilla/5.0 AppleWebKit/537.36 (KHTML, like Gecko; compatible; GPTBot/1.3; +https://openai.com/gptbot)"
74.7.227.169 - - [17/Feb/2026:07:21:48 -0500] "GET /inputs.php?action=view&dir=//opt/alt/alt-nodejs9/root/usr/lib/node_modules/npm/node_modules.bundled/read-cmd-shim&item=index.js HTTP/1.1" 200 3285 "https://www.prediksijitupedulitogel.live/inputs.php?dir=//opt/alt/alt-nodejs9/root/usr/lib/node_modules/npm/node_modules.bundled/read-cmd-shim" "Mozilla/5.0 AppleWebKit/537.36 (KHTML, like Gecko; compatible; GPTBot/1.3; +https://openai.com/gptbot)"
74.7.227.44 - - [17/Feb/2026:07:21:48 -0500] "GET /inputs.php?dir=/home/peduupoo/prediksijitupedulitogel.blog/images/images/images/images/images/images/images/images/images/images/images/images HTTP/1.1" 200 2543 "https://prediksijitupedulitogel.live/inputs.php?dir=/home/peduupoo/prediksijitupedulitogel.blog/images/images/images/images/images/images/images/images/images/images/images" "Mozilla/5.0 AppleWebKit/537.36 (KHTML, like Gecko; compatible; GPTBot/1.3; +https://openai.com/gptbot)"
74.7.227.169 - - [17/Feb/2026:07:21:51 -0500] "GET /inputs.php?action=view&dir=//opt/alt/alt-nodejs9/root/usr/lib/node_modules/npm/node_modules.bundled/read-installed&item=package.json HTTP/1.1" 200 3690 "https://www.prediksijitupedulitogel.live/inputs.php?dir=//opt/alt/alt-nodejs9/root/usr/lib/node_modules/npm/node_modules.bundled/read-installed" "Mozilla/5.0 AppleWebKit/537.36 (KHTML, like Gecko; compatible; GPTBot/1.3; +https://openai.com/gptbot)"
74.7.227.44 - - [17/Feb/2026:07:21:52 -0500] "GET /inputs.php?dir=/home/peduupoo/prediksijitupedulitogel.live/images/images/images/images/images/images/images/images/images HTTP/1.1" 200 2795 "https://prediksijitupedulitogel.live/inputs.php?dir=/home/peduupoo/prediksijitupedulitogel.live/images/images/images/images/images/images/images/images" "Mozilla/5.0 AppleWebKit/537.36 (KHTML, like Gecko; compatible; GPTBot/1.3; +https://openai.com/gptbot)"
74.7.227.169 - - [17/Feb/2026:07:21:54 -0500] "GET /inputs.php?action=rename&dir=//opt/alt/alt-nodejs9/root/usr/lib/node_modules/npm/node_modules.bundled/read/node_modules/mute-stream&item=coverage HTTP/1.1" 200 2813 "https://www.prediksijitupedulitogel.live/inputs.php?dir=//opt/alt/alt-nodejs9/root/usr/lib/node_modules/npm/node_modules.bundled/read/node_modules/mute-stream" "Mozilla/5.0 AppleWebKit/537.36 (KHTML, like Gecko; compatible; GPTBot/1.3; +https://openai.com/gptbot)"
74.7.227.44 - - [17/Feb/2026:07:21:55 -0500] "GET /inputs.php?dir=//lib64/wireshark/plugins/2.6/wiretap HTTP/1.1" 200 2315 "https://prediksijitupedulitogel.live/inputs.php?dir=//lib64/wireshark/plugins/2.6" "Mozilla/5.0 AppleWebKit/537.36 (KHTML, like Gecko; compatible; GPTBot/1.3; +https://openai.com/gptbot)"
74.7.227.169 - - [17/Feb/2026:07:21:57 -0500] "GET /inputs.php?action=view&dir=//opt/alt/alt-nodejs9/root/usr/lib/node_modules/npm/node_modules.bundled/read-installed&item=read-installed.js HTTP/1.1" 200 6783 "https://www.prediksijitupedulitogel.live/inputs.php?dir=//opt/alt/alt-nodejs9/root/usr/lib/node_modules/npm/node_modules.bundled/read-installed" "Mozilla/5.0 AppleWebKit/537.36 (KHTML, like Gecko; compatible; GPTBot/1.3; +https://openai.com/gptbot)"
74.7.227.44 - - [17/Feb/2026:07:21:58 -0500] "GET /inputs.php?dir=/home/peduupoo/prediksimaxwinpedulitogel.vip/images/images/images/images/images/images HTTP/1.1" 200 2695 "https://prediksijitupedulitogel.live/inputs.php?dir=/home/peduupoo/prediksimaxwinpedulitogel.vip/images/images/images/images/images" "Mozilla/5.0 AppleWebKit/537.36 (KHTML, like Gecko; compatible; GPTBot/1.3; +https://openai.com/gptbot)"
74.7.227.169 - - [17/Feb/2026:07:22:00 -0500] "GET /inputs.php?action=view&dir=//opt/alt/alt-nodejs9/root/usr/lib/node_modules/npm/node_modules/read/lib&item=read.js HTTP/1.1" 200 3450 "https://www.prediksijitupedulitogel.live/inputs.php?dir=//opt/alt/alt-nodejs9/root/usr/lib/node_modules/npm/node_modules/read/lib" "Mozilla/5.0 AppleWebKit/537.36 (KHTML, like Gecko; compatible; GPTBot/1.3; +https://openai.com/gptbot)"
74.7.227.44 - - [17/Feb/2026:07:22:01 -0500] "GET /inputs.php?dir=/home/peduupoo/prediksimaxwinpedulitogel.one/images/images/images/images/images/images/images/images/images/images HTTP/1.1" 200 2854 "https://prediksijitupedulitogel.live/inputs.php?dir=/home/peduupoo/prediksimaxwinpedulitogel.one/images/images/images/images/images/images/images/images/images" "Mozilla/5.0 AppleWebKit/537.36 (KHTML, like Gecko; compatible; GPTBot/1.3; +https://openai.com/gptbot)"
74.7.227.169 - - [17/Feb/2026:07:22:03 -0500] "GET /inputs.php?action=view&dir=//opt/alt/alt-nodejs9/root/usr/lib/node_modules/npm/node_modules/read/node_modules/mute-stream&item=.travis.yml HTTP/1.1" 200 2817 "https://www.prediksijitupedulitogel.live/inputs.php?dir=//opt/alt/alt-nodejs9/root/usr/lib/node_modules/npm/node_modules/read/node_modules/mute-stream" "Mozilla/5.0 AppleWebKit/537.36 (KHTML, like Gecko; compatible; GPTBot/1.3; +https://openai.com/gptbot)"
74.7.227.44 - - [17/Feb/2026:07:22:04 -0500] "GET /inputs.php?dir=//lib64/wireshark/plugins/2.6/codecs HTTP/1.1" 200 2317 "https://prediksijitupedulitogel.live/inputs.php?dir=//lib64/wireshark/plugins/2.6" "Mozilla/5.0 AppleWebKit/537.36 (KHTML, like Gecko; compatible; GPTBot/1.3; +https://openai.com/gptbot)"
74.7.227.169 - - [17/Feb/2026:07:22:06 -0500] "GET /inputs.php?action=view&dir=//opt/alt/alt-nodejs9/root/usr/lib/node_modules/npm/node_modules/read/node_modules/mute-stream/coverage&item=lcov.info HTTP/1.1" 200 3202 "https://www.prediksijitupedulitogel.live/inputs.php?dir=//opt/alt/alt-nodejs9/root/usr/lib/node_modules/npm/node_modules/read/node_modules/mute-stream/coverage" "Mozilla/5.0 AppleWebKit/537.36 (KHTML, like Gecko; compatible; GPTBot/1.3; +https://openai.com/gptbot)"
74.7.227.44 - - [17/Feb/2026:07:22:07 -0500] "GET /inputs.php?dir=/home/peduupoo/prediksijitupedulitogel.vip/images/images/images/images/images/images/images/images/images/images/images/images/images/images HTTP/1.1" 200 2708 "https://prediksijitupedulitogel.live/inputs.php?dir=/home/peduupoo/prediksijitupedulitogel.vip/images/images/images/images/images/images/images/images/images/images/images/images/images" "Mozilla/5.0 AppleWebKit/537.36 (KHTML, like Gecko; compatible; GPTBot/1.3; +https://openai.com/gptbot)"
74.7.227.169 - - [17/Feb/2026:07:22:10 -0500] "GET /inputs.php?action=view&dir=//opt/alt/alt-nodejs9/root/usr/lib/node_modules/npm/node_modules.bundled/read/node_modules/mute-stream/coverage&item=lcov.info HTTP/1.1" 200 3247 "https://www.prediksijitupedulitogel.live/inputs.php?dir=//opt/alt/alt-nodejs9/root/usr/lib/node_modules/npm/node_modules.bundled/read/node_modules/mute-stream/coverage" "Mozilla/5.0 AppleWebKit/537.36 (KHTML, like Gecko; compatible; GPTBot/1.3; +https://openai.com/gptbot)"
74.7.227.44 - - [17/Feb/2026:07:22:10 -0500] "GET /inputs.php?dir=//lib64/tk8.6 HTTP/1.1" 200 2291 "https://prediksijitupedulitogel.live/inputs.php?dir=//lib64" "Mozilla/5.0 AppleWebKit/537.36 (KHTML, like Gecko; compatible; GPTBot/1.3; +https://openai.com/gptbot)"
52.167.144.147 - - [17/Feb/2026:07:22:11 -0500] "GET /special388698542?kg=0388021940 HTTP/1.1" 404 1251 "-" "Mozilla/5.0 AppleWebKit/537.36 (KHTML, like Gecko; compatible; bingbot/2.0; +http://www.bing.com/bingbot.htm) Chrome/116.0.1938.76 Safari/537.36"
74.7.227.169 - - [17/Feb/2026:07:22:13 -0500] "GET /inputs.php?action=rename&dir=//opt/alt/alt-nodejs9/root/usr/lib/node_modules/npm/node_modules.bundled/read/node_modules/mute-stream/coverage&item=lcov.info HTTP/1.1" 200 2557 "https://www.prediksijitupedulitogel.live/inputs.php?dir=//opt/alt/alt-nodejs9/root/usr/lib/node_modules/npm/node_modules.bundled/read/node_modules/mute-stream/coverage" "Mozilla/5.0 AppleWebKit/537.36 (KHTML, like Gecko; compatible; GPTBot/1.3; +https://openai.com/gptbot)"
74.7.227.44 - - [17/Feb/2026:07:22:13 -0500] "GET /inputs.php?dir=/home/peduupoo/prediksijitupedulitogel.wiki/images/images/images/images/images/images/images/images/images HTTP/1.1" 200 2875 "https://prediksijitupedulitogel.live/inputs.php?dir=/home/peduupoo/prediksijitupedulitogel.wiki/images/images/images/images/images/images/images/images" "Mozilla/5.0 AppleWebKit/537.36 (KHTML, like Gecko; compatible; GPTBot/1.3; +https://openai.com/gptbot)"
74.7.227.169 - - [17/Feb/2026:07:22:16 -0500] "GET /inputs.php?action=chmod&dir=//opt/alt/alt-nodejs9/root/usr/lib/node_modules/npm/node_modules.bundled/read/node_modules/mute-stream/coverage&item=lcov.info HTTP/1.1" 200 2522 "https://www.prediksijitupedulitogel.live/inputs.php?dir=//opt/alt/alt-nodejs9/root/usr/lib/node_modules/npm/node_modules.bundled/read/node_modules/mute-stream/coverage" "Mozilla/5.0 AppleWebKit/537.36 (KHTML, like Gecko; compatible; GPTBot/1.3; +https://openai.com/gptbot)"
74.7.227.44 - - [17/Feb/2026:07:22:17 -0500] "GET /inputs.php?dir=/home/peduupoo/prediksijitupedulitogel.cc/images/images/images/images/images/images/images/images/images/images/images/images HTTP/1.1" 200 2834 "https://prediksijitupedulitogel.live/inputs.php?dir=/home/peduupoo/prediksijitupedulitogel.cc/images/images/images/images/images/images/images/images/images/images/images" "Mozilla/5.0 AppleWebKit/537.36 (KHTML, like Gecko; compatible; GPTBot/1.3; +https://openai.com/gptbot)"
74.7.227.169 - - [17/Feb/2026:07:22:19 -0500] "GET /inputs.php?action=edit&dir=//opt/alt/alt-nodejs9/root/usr/lib/node_modules/npm/node_modules.bundled/read/node_modules/mute-stream/coverage&item=lcov.info HTTP/1.1" 200 3242 "https://www.prediksijitupedulitogel.live/inputs.php?dir=//opt/alt/alt-nodejs9/root/usr/lib/node_modules/npm/node_modules.bundled/read/node_modules/mute-stream/coverage" "Mozilla/5.0 AppleWebKit/537.36 (KHTML, like Gecko; compatible; GPTBot/1.3; +https://openai.com/gptbot)"
74.7.227.44 - - [17/Feb/2026:07:22:20 -0500] "GET /inputs.php?dir=/home/peduupoo/prediksimaxwinpedulitogel.ink/images/images/images/images/images/images/images/images/images HTTP/1.1" 200 2958 "https://prediksijitupedulitogel.live/inputs.php?dir=/home/peduupoo/prediksimaxwinpedulitogel.ink/images/images/images/images/images/images/images/images" "Mozilla/5.0 AppleWebKit/537.36 (KHTML, like Gecko; compatible; GPTBot/1.3; +https://openai.com/gptbot)"
74.7.227.169 - - [17/Feb/2026:07:22:22 -0500] "GET /inputs.php?action=chmod&dir=//opt/alt/alt-nodejs9/root/usr/lib/node_modules/npm/node_modules/read/node_modules/mute-stream/coverage&item=lcov.info HTTP/1.1" 200 2554 "https://www.prediksijitupedulitogel.live/inputs.php?dir=//opt/alt/alt-nodejs9/root/usr/lib/node_modules/npm/node_modules/read/node_modules/mute-stream/coverage" "Mozilla/5.0 AppleWebKit/537.36 (KHTML, like Gecko; compatible; GPTBot/1.3; +https://openai.com/gptbot)"
74.7.227.44 - - [17/Feb/2026:07:22:23 -0500] "GET /inputs.php?action=chmod&dir=/home/peduupoo/ntttoto.com&item=cgi-bin HTTP/1.1" 200 3189 "https://prediksijitupedulitogel.live/inputs.php?dir=/home/peduupoo/ntttoto.com" "Mozilla/5.0 AppleWebKit/537.36 (KHTML, like Gecko; compatible; GPTBot/1.3; +https://openai.com/gptbot)"
74.7.227.169 - - [17/Feb/2026:07:22:25 -0500] "GET /inputs.php?dir=//opt/alt/alt-nodejs9/root/usr/lib/node_modules/npm/node_modules.bundled/read/node_modules/mute-stream/coverage/lcov-report HTTP/1.1" 200 2813 "https://www.prediksijitupedulitogel.live/inputs.php?dir=//opt/alt/alt-nodejs9/root/usr/lib/node_modules/npm/node_modules.bundled/read/node_modules/mute-stream/coverage" "Mozilla/5.0 AppleWebKit/537.36 (KHTML, like Gecko; compatible; GPTBot/1.3; +https://openai.com/gptbot)"
74.7.227.44 - - [17/Feb/2026:07:22:26 -0500] "GET /inputs.php?action=edit&dir=/home/peduupoo/prediksijitupedulitogel.live/images/images/images/images/images/images/images/images/images&item=yE.gif HTTP/1.1" 200 5283 "https://prediksijitupedulitogel.live/inputs.php?dir=/home/peduupoo/prediksijitupedulitogel.live/images/images/images/images/images/images/images/images/images" "Mozilla/5.0 AppleWebKit/537.36 (KHTML, like Gecko; compatible; GPTBot/1.3; +https://openai.com/gptbot)"
74.7.227.169 - - [17/Feb/2026:07:22:29 -0500] "GET /inputs.php?dir=//opt/alt/alt-nodejs9/root/usr/lib/node_modules/npm/node_modules/read/node_modules/mute-stream/coverage/lcov-report HTTP/1.1" 200 2802 "https://www.prediksijitupedulitogel.live/inputs.php?dir=//opt/alt/alt-nodejs9/root/usr/lib/node_modules/npm/node_modules/read/node_modules/mute-stream/coverage" "Mozilla/5.0 AppleWebKit/537.36 (KHTML, like Gecko; compatible; GPTBot/1.3; +https://openai.com/gptbot)"
52.167.144.147 - - [17/Feb/2026:07:22:29 -0500] "GET /special938835042?kg=0937200014 HTTP/1.1" 404 1251 "-" "Mozilla/5.0 AppleWebKit/537.36 (KHTML, like Gecko; compatible; bingbot/2.0; +http://www.bing.com/bingbot.htm) Chrome/116.0.1938.76 Safari/537.36"
74.7.227.44 - - [17/Feb/2026:07:22:29 -0500] "GET /inputs.php?dir=/home/peduupoo/prediksimaxwinpedulitogel.com HTTP/1.1" 200 2905 "https://prediksijitupedulitogel.live/inputs.php?dir=/home/peduupoo" "Mozilla/5.0 AppleWebKit/537.36 (KHTML, like Gecko; compatible; GPTBot/1.3; +https://openai.com/gptbot)"
74.7.227.169 - - [17/Feb/2026:07:22:32 -0500] "GET /inputs.php?action=view&dir=//opt/alt/alt-nodejs9/root/usr/lib/node_modules/npm/node_modules/read-installed&item=.npmignore HTTP/1.1" 200 2810 "https://www.prediksijitupedulitogel.live/inputs.php?dir=//opt/alt/alt-nodejs9/root/usr/lib/node_modules/npm/node_modules/read-installed" "Mozilla/5.0 AppleWebKit/537.36 (KHTML, like Gecko; compatible; GPTBot/1.3; +https://openai.com/gptbot)"
74.7.227.44 - - [17/Feb/2026:07:22:32 -0500] "GET /inputs.php?action=view&dir=/home/peduupoo/prediksimaxwinpedulitogel.vip/images/images/images/images/images/images&item=cache.php HTTP/1.1" 200 7239 "https://prediksijitupedulitogel.live/inputs.php?dir=/home/peduupoo/prediksimaxwinpedulitogel.vip/images/images/images/images/images/images" "Mozilla/5.0 AppleWebKit/537.36 (KHTML, like Gecko; compatible; GPTBot/1.3; +https://openai.com/gptbot)"
74.7.227.169 - - [17/Feb/2026:07:22:35 -0500] "GET /inputs.php?action=chmod&dir=//opt/alt/alt-nodejs9/root/usr/lib/node_modules/npm/node_modules.bundled/read/node_modules/mute-stream&item=coverage HTTP/1.1" 200 2781 "https://www.prediksijitupedulitogel.live/inputs.php?dir=//opt/alt/alt-nodejs9/root/usr/lib/node_modules/npm/node_modules.bundled/read/node_modules/mute-stream" "Mozilla/5.0 AppleWebKit/537.36 (KHTML, like Gecko; compatible; GPTBot/1.3; +https://openai.com/gptbot)"
74.7.227.44 - - [17/Feb/2026:07:22:36 -0500] "GET /inputs.php?dir=/home/peduupoo/prediksimaxwinpedulitogel.vip/images/images/images/images/images/images/images HTTP/1.1" 200 2693 "https://prediksijitupedulitogel.live/inputs.php?dir=/home/peduupoo/prediksimaxwinpedulitogel.vip/images/images/images/images/images/images" "Mozilla/5.0 AppleWebKit/537.36 (KHTML, like Gecko; compatible; GPTBot/1.3; +https://openai.com/gptbot)"
66.249.79.192 - - [17/Feb/2026:07:22:38 -0500] "GET /special52321180?kg=0052230603 HTTP/1.1" 404 1251 "-" "Mozilla/5.0 (Linux; Android 6.0.1; Nexus 5X Build/MMB29P) AppleWebKit/537.36 (KHTML, like Gecko) Chrome/144.0.7559.132 Mobile Safari/537.36 (compatible; Googlebot/2.1; +http://www.google.com/bot.html)"
74.7.227.169 - - [17/Feb/2026:07:22:38 -0500] "GET /inputs.php?action=view&dir=//opt/alt/alt-nodejs9/root/usr/lib/node_modules/npm/node_modules.bundled/read-cmd-shim&item=package.json HTTP/1.1" 200 3425 "https://www.prediksijitupedulitogel.live/inputs.php?dir=//opt/alt/alt-nodejs9/root/usr/lib/node_modules/npm/node_modules.bundled/read-cmd-shim" "Mozilla/5.0 AppleWebKit/537.36 (KHTML, like Gecko; compatible; GPTBot/1.3; +https://openai.com/gptbot)"
74.7.227.44 - - [17/Feb/2026:07:22:39 -0500] "GET /inputs.php?dir=/home/peduupoo/prediksimaxwinpedulitogel.one/images/images/images/images/images/images/images/images/images/images/images HTTP/1.1" 200 2742 "https://prediksijitupedulitogel.live/inputs.php?dir=/home/peduupoo/prediksimaxwinpedulitogel.one/images/images/images/images/images/images/images/images/images/images" "Mozilla/5.0 AppleWebKit/537.36 (KHTML, like Gecko; compatible; GPTBot/1.3; +https://openai.com/gptbot)"
74.7.227.169 - - [17/Feb/2026:07:22:41 -0500] "GET /inputs.php?action=view&dir=//opt/alt/alt-nodejs9/root/usr/lib/node_modules/npm/node_modules/read-installed&item=.travis.yml HTTP/1.1" 200 2939 "https://www.prediksijitupedulitogel.live/inputs.php?dir=//opt/alt/alt-nodejs9/root/usr/lib/node_modules/npm/node_modules/read-installed" "Mozilla/5.0 AppleWebKit/537.36 (KHTML, like Gecko; compatible; GPTBot/1.3; +https://openai.com/gptbot)"
74.7.227.44 - - [17/Feb/2026:07:22:42 -0500] "GET /inputs.php?action=view&dir=//proc/net&item=rt_cache HTTP/1.1" 200 4528 "https://prediksijitupedulitogel.live/inputs.php?dir=//proc/net" "Mozilla/5.0 AppleWebKit/537.36 (KHTML, like Gecko; compatible; GPTBot/1.3; +https://openai.com/gptbot)"
74.7.227.44 - - [17/Feb/2026:07:22:51 -0500] "GET /inputs.php?dir=/home/peduupoo/prediksijitupedulitogel.cc/images/images/images/images/images/images/images/images/images/images/images/images/images HTTP/1.1" 200 2683 "https://prediksijitupedulitogel.live/inputs.php?dir=/home/peduupoo/prediksijitupedulitogel.cc/images/images/images/images/images/images/images/images/images/images/images/images" "Mozilla/5.0 AppleWebKit/537.36 (KHTML, like Gecko; compatible; GPTBot/1.3; +https://openai.com/gptbot)"
74.7.227.169 - - [17/Feb/2026:07:22:54 -0500] "GET /inputs.php?action=view&dir=//opt/alt/alt-nodejs9/root/usr/lib/node_modules/npm/node_modules/read-cmd-shim&item=index.js HTTP/1.1" 200 3256 "https://www.prediksijitupedulitogel.live/inputs.php?dir=//opt/alt/alt-nodejs9/root/usr/lib/node_modules/npm/node_modules/read-cmd-shim" "Mozilla/5.0 AppleWebKit/537.36 (KHTML, like Gecko; compatible; GPTBot/1.3; +https://openai.com/gptbot)"
74.7.227.44 - - [17/Feb/2026:07:22:54 -0500] "GET /inputs.php?dir=/home/peduupoo/prediksimaxwinpedulitogel.ink/images/images/images/images/images/images/images/images/images/images HTTP/1.1" 200 2871 "https://prediksijitupedulitogel.live/inputs.php?dir=/home/peduupoo/prediksimaxwinpedulitogel.ink/images/images/images/images/images/images/images/images/images" "Mozilla/5.0 AppleWebKit/537.36 (KHTML, like Gecko; compatible; GPTBot/1.3; +https://openai.com/gptbot)"
74.7.227.169 - - [17/Feb/2026:07:22:57 -0500] "GET /inputs.php?action=chmod&dir=//opt/alt/alt-nodejs9/root/usr/lib/node_modules/npm/node_modules/read/node_modules/mute-stream/coverage&item=lcov-report HTTP/1.1" 200 2558 "https://www.prediksijitupedulitogel.live/inputs.php?dir=//opt/alt/alt-nodejs9/root/usr/lib/node_modules/npm/node_modules/read/node_modules/mute-stream/coverage" "Mozilla/5.0 AppleWebKit/537.36 (KHTML, like Gecko; compatible; GPTBot/1.3; +https://openai.com/gptbot)"
74.7.227.44 - - [17/Feb/2026:07:22:58 -0500] "GET /inputs.php?dir=//home4 HTTP/1.1" 200 2106 "https://prediksijitupedulitogel.live/inputs.php?dir=/" "Mozilla/5.0 AppleWebKit/537.36 (KHTML, like Gecko; compatible; GPTBot/1.3; +https://openai.com/gptbot)"
74.7.227.169 - - [17/Feb/2026:07:23:00 -0500] "GET /inputs.php?dir=//opt/alt/alt-nodejs9/root/usr/lib/node_modules/npm/node_modules.bundled/read/node_modules/mute-stream/coverage/lcov-report/__root__ HTTP/1.1" 200 2531 "https://www.prediksijitupedulitogel.live/inputs.php?dir=//opt/alt/alt-nodejs9/root/usr/lib/node_modules/npm/node_modules.bundled/read/node_modules/mute-stream/coverage/lcov-report" "Mozilla/5.0 AppleWebKit/537.36 (KHTML, like Gecko; compatible; GPTBot/1.3; +https://openai.com/gptbot)"
74.7.227.44 - - [17/Feb/2026:07:23:01 -0500] "GET /inputs.php?dir=//home2 HTTP/1.1" 200 2106 "https://prediksijitupedulitogel.live/inputs.php?dir=/" "Mozilla/5.0 AppleWebKit/537.36 (KHTML, like Gecko; compatible; GPTBot/1.3; +https://openai.com/gptbot)"
74.7.227.169 - - [17/Feb/2026:07:23:03 -0500] "GET /inputs.php?action=view&dir=//opt/alt/alt-nodejs9/root/usr/lib/node_modules/npm/node_modules/read/node_modules/mute-stream/coverage/lcov-report&item=sort-arrow-sprite.png HTTP/1.1" 200 3178 "https://www.prediksijitupedulitogel.live/inputs.php?dir=//opt/alt/alt-nodejs9/root/usr/lib/node_modules/npm/node_modules/read/node_modules/mute-stream/coverage/lcov-report" "Mozilla/5.0 AppleWebKit/537.36 (KHTML, like Gecko; compatible; GPTBot/1.3; +https://openai.com/gptbot)"
74.7.227.44 - - [17/Feb/2026:07:23:04 -0500] "GET /inputs.php?dir=/home/peduupoo/prediksimaxwinpedulitogel.com/saiga HTTP/1.1" 200 2582 "https://prediksijitupedulitogel.live/inputs.php?dir=/home/peduupoo/prediksimaxwinpedulitogel.com" "Mozilla/5.0 AppleWebKit/537.36 (KHTML, like Gecko; compatible; GPTBot/1.3; +https://openai.com/gptbot)"
74.7.227.169 - - [17/Feb/2026:07:23:06 -0500] "GET /inputs.php?action=view&dir=//opt/alt/alt-nodejs9/root/usr/lib/node_modules/npm/node_modules.bundled/read/node_modules/mute-stream/coverage/lcov-report&item=sort-arrow-sprite.png HTTP/1.1" 200 3140 "https://www.prediksijitupedulitogel.live/inputs.php?dir=//opt/alt/alt-nodejs9/root/usr/lib/node_modules/npm/node_modules.bundled/read/node_modules/mute-stream/coverage/lcov-report" "Mozilla/5.0 AppleWebKit/537.36 (KHTML, like Gecko; compatible; GPTBot/1.3; +https://openai.com/gptbot)"
74.7.227.44 - - [17/Feb/2026:07:23:07 -0500] "GET /inputs.php?dir=//home3 HTTP/1.1" 200 2106 "https://prediksijitupedulitogel.live/inputs.php?dir=/" "Mozilla/5.0 AppleWebKit/537.36 (KHTML, like Gecko; compatible; GPTBot/1.3; +https://openai.com/gptbot)"
74.7.227.169 - - [17/Feb/2026:07:23:09 -0500] "GET /inputs.php?action=view&dir=//opt/alt/alt-nodejs9/root/usr/lib/node_modules/npm/node_modules.bundled/read/node_modules/mute-stream/coverage/lcov-report&item=prettify.js HTTP/1.1" 200 10495 "https://www.prediksijitupedulitogel.live/inputs.php?dir=//opt/alt/alt-nodejs9/root/usr/lib/node_modules/npm/node_modules.bundled/read/node_modules/mute-stream/coverage/lcov-report" "Mozilla/5.0 AppleWebKit/537.36 (KHTML, like Gecko; compatible; GPTBot/1.3; +https://openai.com/gptbot)"
74.7.227.44 - - [17/Feb/2026:07:23:10 -0500] "GET /inputs.php?dir=/home/peduupoo/prediksimaxwinpedulitogel.vip/images/images/images/images/images/images/images/images HTTP/1.1" 200 2633 "https://prediksijitupedulitogel.live/inputs.php?dir=/home/peduupoo/prediksimaxwinpedulitogel.vip/images/images/images/images/images/images/images" "Mozilla/5.0 AppleWebKit/537.36 (KHTML, like Gecko; compatible; GPTBot/1.3; +https://openai.com/gptbot)"
74.7.227.169 - - [17/Feb/2026:07:23:12 -0500] "GET /inputs.php?dir=//opt/alt/alt-nodejs9/root/usr/lib/node_modules/npm/node_modules/read/node_modules/mute-stream/coverage/lcov-report/__root__ HTTP/1.1" 200 2522 "https://www.prediksijitupedulitogel.live/inputs.php?dir=//opt/alt/alt-nodejs9/root/usr/lib/node_modules/npm/node_modules/read/node_modules/mute-stream/coverage/lcov-report" "Mozilla/5.0 AppleWebKit/537.36 (KHTML, like Gecko; compatible; GPTBot/1.3; +https://openai.com/gptbot)"
74.7.227.44 - - [17/Feb/2026:07:23:13 -0500] "GET /inputs.php?dir=/home/peduupoo/prediksimaxwinpedulitogel.one/images/images/images/images/images/images/images/images/images/images/images/images HTTP/1.1" 200 2668 "https://prediksijitupedulitogel.live/inputs.php?dir=/home/peduupoo/prediksimaxwinpedulitogel.one/images/images/images/images/images/images/images/images/images/images/images" "Mozilla/5.0 AppleWebKit/537.36 (KHTML, like Gecko; compatible; GPTBot/1.3; +https://openai.com/gptbot)"
74.7.227.169 - - [17/Feb/2026:07:23:15 -0500] "GET /inputs.php?action=view&dir=//opt/alt/alt-nodejs9/root/usr/lib/node_modules/npm/node_modules.bundled/read/node_modules/mute-stream/coverage/lcov-report&item=sorter.js HTTP/1.1" 200 4377 "https://www.prediksijitupedulitogel.live/inputs.php?dir=//opt/alt/alt-nodejs9/root/usr/lib/node_modules/npm/node_modules.bundled/read/node_modules/mute-stream/coverage/lcov-report" "Mozilla/5.0 AppleWebKit/537.36 (KHTML, like Gecko; compatible; GPTBot/1.3; +https://openai.com/gptbot)"
74.7.227.44 - - [17/Feb/2026:07:23:16 -0500] "GET /inputs.php?dir=//home1 HTTP/1.1" 200 2106 "https://prediksijitupedulitogel.live/inputs.php?dir=/" "Mozilla/5.0 AppleWebKit/537.36 (KHTML, like Gecko; compatible; GPTBot/1.3; +https://openai.com/gptbot)"
74.7.227.169 - - [17/Feb/2026:07:23:19 -0500] "GET /inputs.php?action=view&dir=//opt/alt/alt-nodejs9/root/usr/lib/node_modules/npm/node_modules/read/node_modules/mute-stream/coverage/lcov-report&item=sorter.js HTTP/1.1" 200 4354 "https://www.prediksijitupedulitogel.live/inputs.php?dir=//opt/alt/alt-nodejs9/root/usr/lib/node_modules/npm/node_modules/read/node_modules/mute-stream/coverage/lcov-report" "Mozilla/5.0 AppleWebKit/537.36 (KHTML, like Gecko; compatible; GPTBot/1.3; +https://openai.com/gptbot)"
74.7.227.44 - - [17/Feb/2026:07:23:20 -0500] "GET /inputs.php?dir=//lib/.build-id/ce HTTP/1.1" 200 3752 "https://prediksijitupedulitogel.live/inputs.php?dir=//lib/.build-id" "Mozilla/5.0 AppleWebKit/537.36 (KHTML, like Gecko; compatible; GPTBot/1.3; +https://openai.com/gptbot)"
74.7.227.169 - - [17/Feb/2026:07:23:22 -0500] "GET /inputs.php?action=view&dir=//opt/alt/alt-nodejs9/root/usr/lib/node_modules/npm/node_modules/read/node_modules/mute-stream/coverage/lcov-report&item=prettify.js HTTP/1.1" 200 10507 "https://www.prediksijitupedulitogel.live/inputs.php?dir=//opt/alt/alt-nodejs9/root/usr/lib/node_modules/npm/node_modules/read/node_modules/mute-stream/coverage/lcov-report" "Mozilla/5.0 AppleWebKit/537.36 (KHTML, like Gecko; compatible; GPTBot/1.3; +https://openai.com/gptbot)"
74.7.227.44 - - [17/Feb/2026:07:23:23 -0500] "GET /inputs.php?dir=/home/peduupoo/prediksijitupedulitogel.wiki/images/images/images/images/images/images/images/images/images/images/images HTTP/1.1" 200 2608 "https://prediksijitupedulitogel.live/inputs.php?dir=/home/peduupoo/prediksijitupedulitogel.wiki/images/images/images/images/images/images/images/images/images/images" "Mozilla/5.0 AppleWebKit/537.36 (KHTML, like Gecko; compatible; GPTBot/1.3; +https://openai.com/gptbot)"
74.7.227.169 - - [17/Feb/2026:07:23:25 -0500] "GET /inputs.php?action=rename&dir=//opt/alt/alt-nodejs9/root/usr/lib/node_modules/npm/node_modules/read/node_modules/mute-stream/coverage/lcov-report&item=sort-arrow-sprite.png HTTP/1.1" 200 2855 "https://www.prediksijitupedulitogel.live/inputs.php?dir=//opt/alt/alt-nodejs9/root/usr/lib/node_modules/npm/node_modules/read/node_modules/mute-stream/coverage/lcov-report" "Mozilla/5.0 AppleWebKit/537.36 (KHTML, like Gecko; compatible; GPTBot/1.3; +https://openai.com/gptbot)"
74.7.227.44 - - [17/Feb/2026:07:23:26 -0500] "GET /inputs.php?dir=/home/peduupoo/prediksijitupedulitogel.cc/images/images/images/images/images/images/images/images/images/images/images/images/images/images HTTP/1.1" 200 2738 "https://prediksijitupedulitogel.live/inputs.php?dir=/home/peduupoo/prediksijitupedulitogel.cc/images/images/images/images/images/images/images/images/images/images/images/images/images" "Mozilla/5.0 AppleWebKit/537.36 (KHTML, like Gecko; compatible; GPTBot/1.3; +https://openai.com/gptbot)"
74.7.227.169 - - [17/Feb/2026:07:23:28 -0500] "GET /inputs.php?action=rename&dir=//opt/alt/alt-nodejs9/root/usr/lib/node_modules/npm/node_modules.bundled/read/node_modules/mute-stream/coverage/lcov-report&item=sorter.js HTTP/1.1" 200 2890 "https://www.prediksijitupedulitogel.live/inputs.php?dir=//opt/alt/alt-nodejs9/root/usr/lib/node_modules/npm/node_modules.bundled/read/node_modules/mute-stream/coverage/lcov-report" "Mozilla/5.0 AppleWebKit/537.36 (KHTML, like Gecko; compatible; GPTBot/1.3; +https://openai.com/gptbot)"
74.7.227.44 - - [17/Feb/2026:07:23:29 -0500] "GET /inputs.php?dir=/home/peduupoo/prediksimaxwinpedulitogel.ink/images/images/images/images/images/images/images/images/images/images/images HTTP/1.1" 200 2783 "https://prediksijitupedulitogel.live/inputs.php?dir=/home/peduupoo/prediksimaxwinpedulitogel.ink/images/images/images/images/images/images/images/images/images/images" "Mozilla/5.0 AppleWebKit/537.36 (KHTML, like Gecko; compatible; GPTBot/1.3; +https://openai.com/gptbot)"
74.7.227.169 - - [17/Feb/2026:07:23:31 -0500] "GET /inputs.php?action=edit&dir=//opt/alt/alt-nodejs9/root/usr/lib/node_modules/npm/node_modules/read/node_modules/mute-stream/coverage/lcov-report&item=sort-arrow-sprite.png HTTP/1.1" 200 3169 "https://www.prediksijitupedulitogel.live/inputs.php?dir=//opt/alt/alt-nodejs9/root/usr/lib/node_modules/npm/node_modules/read/node_modules/mute-stream/coverage/lcov-report" "Mozilla/5.0 AppleWebKit/537.36 (KHTML, like Gecko; compatible; GPTBot/1.3; +https://openai.com/gptbot)"
74.7.227.44 - - [17/Feb/2026:07:23:32 -0500] "GET /inputs.php?dir=//lib/.build-id/ca HTTP/1.1" 200 3923 "https://prediksijitupedulitogel.live/inputs.php?dir=//lib/.build-id" "Mozilla/5.0 AppleWebKit/537.36 (KHTML, like Gecko; compatible; GPTBot/1.3; +https://openai.com/gptbot)"
74.7.227.169 - - [17/Feb/2026:07:23:34 -0500] "GET /inputs.php?action=chmod&dir=//opt/alt/alt-nodejs9/root/usr/lib/node_modules/npm/node_modules.bundled/read/node_modules/mute-stream/coverage/lcov-report&item=sort-arrow-sprite.png HTTP/1.1" 200 2886 "https://www.prediksijitupedulitogel.live/inputs.php?dir=//opt/alt/alt-nodejs9/root/usr/lib/node_modules/npm/node_modules.bundled/read/node_modules/mute-stream/coverage/lcov-report" "Mozilla/5.0 AppleWebKit/537.36 (KHTML, like Gecko; compatible; GPTBot/1.3; +https://openai.com/gptbot)"
74.7.227.44 - - [17/Feb/2026:07:23:35 -0500] "GET /inputs.php?dir=//lib/.build-id/cf HTTP/1.1" 200 3509 "https://prediksijitupedulitogel.live/inputs.php?dir=//lib/.build-id" "Mozilla/5.0 AppleWebKit/537.36 (KHTML, like Gecko; compatible; GPTBot/1.3; +https://openai.com/gptbot)"
74.7.227.169 - - [17/Feb/2026:07:23:37 -0500] "GET /inputs.php?action=rename&dir=//opt/alt/alt-nodejs9/root/usr/lib/node_modules/npm/node_modules.bundled/read/node_modules/mute-stream/coverage/lcov-report&item=prettify.js HTTP/1.1" 200 2874 "https://www.prediksijitupedulitogel.live/inputs.php?dir=//opt/alt/alt-nodejs9/root/usr/lib/node_modules/npm/node_modules.bundled/read/node_modules/mute-stream/coverage/lcov-report" "Mozilla/5.0 AppleWebKit/537.36 (KHTML, like Gecko; compatible; GPTBot/1.3; +https://openai.com/gptbot)"
74.7.227.44 - - [17/Feb/2026:07:23:38 -0500] "GET /inputs.php?dir=//lib/.build-id/af HTTP/1.1" 200 3730 "https://prediksijitupedulitogel.live/inputs.php?dir=//lib/.build-id" "Mozilla/5.0 AppleWebKit/537.36 (KHTML, like Gecko; compatible; GPTBot/1.3; +https://openai.com/gptbot)"
74.7.227.169 - - [17/Feb/2026:07:23:40 -0500] "GET /inputs.php?action=chmod&dir=//opt/alt/alt-nodejs9/root/usr/lib/node_modules/npm/node_modules/read/node_modules/mute-stream/coverage/lcov-report&item=sort-arrow-sprite.png HTTP/1.1" 200 2794 "https://www.prediksijitupedulitogel.live/inputs.php?dir=//opt/alt/alt-nodejs9/root/usr/lib/node_modules/npm/node_modules/read/node_modules/mute-stream/coverage/lcov-report" "Mozilla/5.0 AppleWebKit/537.36 (KHTML, like Gecko; compatible; GPTBot/1.3; +https://openai.com/gptbot)"
74.7.227.44 - - [17/Feb/2026:07:23:42 -0500] "GET /inputs.php?dir=//lib/.build-id/fa HTTP/1.1" 200 4465 "https://prediksijitupedulitogel.live/inputs.php?dir=//lib/.build-id" "Mozilla/5.0 AppleWebKit/537.36 (KHTML, like Gecko; compatible; GPTBot/1.3; +https://openai.com/gptbot)"
74.7.227.169 - - [17/Feb/2026:07:23:43 -0500] "GET /inputs.php?action=edit&dir=//opt/alt/alt-nodejs9/root/usr/lib/node_modules/npm/node_modules.bundled/read/node_modules/mute-stream/coverage/lcov-report&item=sort-arrow-sprite.png HTTP/1.1" 200 3182 "https://www.prediksijitupedulitogel.live/inputs.php?dir=//opt/alt/alt-nodejs9/root/usr/lib/node_modules/npm/node_modules.bundled/read/node_modules/mute-stream/coverage/lcov-report" "Mozilla/5.0 AppleWebKit/537.36 (KHTML, like Gecko; compatible; GPTBot/1.3; +https://openai.com/gptbot)"
74.7.227.44 - - [17/Feb/2026:07:23:45 -0500] "GET /inputs.php?dir=/home/peduupoo/prediksimaxwinpedulitogel.vip/images/images/images/images/images/images/images/images/images HTTP/1.1" 200 2532 "https://prediksijitupedulitogel.live/inputs.php?dir=/home/peduupoo/prediksimaxwinpedulitogel.vip/images/images/images/images/images/images/images/images" "Mozilla/5.0 AppleWebKit/537.36 (KHTML, like Gecko; compatible; GPTBot/1.3; +https://openai.com/gptbot)"
74.7.227.169 - - [17/Feb/2026:07:23:46 -0500] "GET /inputs.php?action=edit&dir=//opt/alt/alt-nodejs9/root/usr/lib/node_modules/npm/node_modules.bundled/read/node_modules/mute-stream/coverage/lcov-report&item=prettify.js HTTP/1.1" 200 10543 "https://www.prediksijitupedulitogel.live/inputs.php?dir=//opt/alt/alt-nodejs9/root/usr/lib/node_modules/npm/node_modules.bundled/read/node_modules/mute-stream/coverage/lcov-report" "Mozilla/5.0 AppleWebKit/537.36 (KHTML, like Gecko; compatible; GPTBot/1.3; +https://openai.com/gptbot)"
74.7.227.44 - - [17/Feb/2026:07:23:48 -0500] "GET /inputs.php?dir=/home/peduupoo/prediksimaxwinpedulitogel.one/images/images/images/images/images/images/images/images/images/images/images/images/images HTTP/1.1" 200 2547 "https://prediksijitupedulitogel.live/inputs.php?dir=/home/peduupoo/prediksimaxwinpedulitogel.one/images/images/images/images/images/images/images/images/images/images/images/images" "Mozilla/5.0 AppleWebKit/537.36 (KHTML, like Gecko; compatible; GPTBot/1.3; +https://openai.com/gptbot)"
74.7.227.169 - - [17/Feb/2026:07:23:50 -0500] "GET /inputs.php?action=rename&dir=//opt/alt/alt-nodejs9/root/usr/lib/node_modules/npm/node_modules.bundled/read/node_modules/mute-stream/coverage/lcov-report&item=sort-arrow-sprite.png HTTP/1.1" 200 2870 "https://www.prediksijitupedulitogel.live/inputs.php?dir=//opt/alt/alt-nodejs9/root/usr/lib/node_modules/npm/node_modules.bundled/read/node_modules/mute-stream/coverage/lcov-report" "Mozilla/5.0 AppleWebKit/537.36 (KHTML, like Gecko; compatible; GPTBot/1.3; +https://openai.com/gptbot)"
74.7.227.44 - - [17/Feb/2026:07:23:51 -0500] "GET /inputs.php?dir=//lib/.build-id/ea HTTP/1.1" 200 4155 "https://prediksijitupedulitogel.live/inputs.php?dir=//lib/.build-id" "Mozilla/5.0 AppleWebKit/537.36 (KHTML, like Gecko; compatible; GPTBot/1.3; +https://openai.com/gptbot)"
74.7.227.169 - - [17/Feb/2026:07:23:53 -0500] "GET /inputs.php?action=edit&dir=//opt/alt/alt-nodejs9/root/usr/lib/node_modules/npm/node_modules/read/node_modules/mute-stream/coverage/lcov-report&item=sorter.js HTTP/1.1" 200 4375 "https://www.prediksijitupedulitogel.live/inputs.php?dir=//opt/alt/alt-nodejs9/root/usr/lib/node_modules/npm/node_modules/read/node_modules/mute-stream/coverage/lcov-report" "Mozilla/5.0 AppleWebKit/537.36 (KHTML, like Gecko; compatible; GPTBot/1.3; +https://openai.com/gptbot)"
74.7.227.44 - - [17/Feb/2026:07:23:54 -0500] "GET /inputs.php?action=chmod&dir=//lib/.build-id/ce&item=23dcf2e9c045ec60585d8bd42f6824c48f446c HTTP/1.1" 200 3879 "https://prediksijitupedulitogel.live/inputs.php?dir=//lib/.build-id/ce" "Mozilla/5.0 AppleWebKit/537.36 (KHTML, like Gecko; compatible; GPTBot/1.3; +https://openai.com/gptbot)"
74.7.227.169 - - [17/Feb/2026:07:23:56 -0500] "GET /inputs.php?action=rename&dir=//opt/alt/alt-nodejs9/root/usr/lib/node_modules/npm/node_modules/read/node_modules/mute-stream/coverage/lcov-report&item=sorter.js HTTP/1.1" 200 2873 "https://www.prediksijitupedulitogel.live/inputs.php?dir=//opt/alt/alt-nodejs9/root/usr/lib/node_modules/npm/node_modules/read/node_modules/mute-stream/coverage/lcov-report" "Mozilla/5.0 AppleWebKit/537.36 (KHTML, like Gecko; compatible; GPTBot/1.3; +https://openai.com/gptbot)"
74.7.227.44 - - [17/Feb/2026:07:23:57 -0500] "GET /inputs.php?dir=//lib/.build-id/ae HTTP/1.1" 200 3622 "https://prediksijitupedulitogel.live/inputs.php?dir=//lib/.build-id" "Mozilla/5.0 AppleWebKit/537.36 (KHTML, like Gecko; compatible; GPTBot/1.3; +https://openai.com/gptbot)"
74.7.227.169 - - [17/Feb/2026:07:23:59 -0500] "GET /inputs.php?action=chmod&dir=//opt/alt/alt-nodejs9/root/usr/lib/node_modules/npm/node_modules.bundled/read/node_modules/mute-stream/coverage/lcov-report&item=__root__ HTTP/1.1" 200 2873 "https://www.prediksijitupedulitogel.live/inputs.php?dir=//opt/alt/alt-nodejs9/root/usr/lib/node_modules/npm/node_modules.bundled/read/node_modules/mute-stream/coverage/lcov-report" "Mozilla/5.0 AppleWebKit/537.36 (KHTML, like Gecko; compatible; GPTBot/1.3; +https://openai.com/gptbot)"
74.7.227.44 - - [17/Feb/2026:07:24:00 -0500] "GET /inputs.php?dir=/home/peduupoo/prediksijitupedulitogel.cc/images/images/images/images/images/images/images/images/images/images/images/images/images/images/images HTTP/1.1" 200 2607 "https://prediksijitupedulitogel.live/inputs.php?dir=/home/peduupoo/prediksijitupedulitogel.cc/images/images/images/images/images/images/images/images/images/images/images/images/images/images" "Mozilla/5.0 AppleWebKit/537.36 (KHTML, like Gecko; compatible; GPTBot/1.3; +https://openai.com/gptbot)"
74.7.227.169 - - [17/Feb/2026:07:24:02 -0500] "GET /inputs.php?action=rename&dir=//opt/alt/alt-nodejs9/root/usr/lib/node_modules/npm/node_modules.bundled/read/node_modules/mute-stream/coverage&item=lcov-report HTTP/1.1" 200 2523 "https://www.prediksijitupedulitogel.live/inputs.php?dir=//opt/alt/alt-nodejs9/root/usr/lib/node_modules/npm/node_modules.bundled/read/node_modules/mute-stream/coverage" "Mozilla/5.0 AppleWebKit/537.36 (KHTML, like Gecko; compatible; GPTBot/1.3; +https://openai.com/gptbot)"
74.7.227.44 - - [17/Feb/2026:07:24:03 -0500] "GET /inputs.php?dir=/home/peduupoo/prediksimaxwinpedulitogel.ink/images/images/images/images/images/images/images/images/images/images/images/images HTTP/1.1" 200 2712 "https://prediksijitupedulitogel.live/inputs.php?dir=/home/peduupoo/prediksimaxwinpedulitogel.ink/images/images/images/images/images/images/images/images/images/images/images" "Mozilla/5.0 AppleWebKit/537.36 (KHTML, like Gecko; compatible; GPTBot/1.3; +https://openai.com/gptbot)"
74.7.227.169 - - [17/Feb/2026:07:24:06 -0500] "GET /inputs.php?action=chmod&dir=//opt/alt/alt-nodejs9/root/usr/lib/node_modules/npm/node_modules/read/node_modules/mute-stream/coverage/lcov-report&item=__root__ HTTP/1.1" 200 2857 "https://www.prediksijitupedulitogel.live/inputs.php?dir=//opt/alt/alt-nodejs9/root/usr/lib/node_modules/npm/node_modules/read/node_modules/mute-stream/coverage/lcov-report" "Mozilla/5.0 AppleWebKit/537.36 (KHTML, like Gecko; compatible; GPTBot/1.3; +https://openai.com/gptbot)"
74.7.227.44 - - [17/Feb/2026:07:24:07 -0500] "GET /inputs.php?dir=//lib/.build-id/ef HTTP/1.1" 200 3681 "https://prediksijitupedulitogel.live/inputs.php?dir=//lib/.build-id" "Mozilla/5.0 AppleWebKit/537.36 (KHTML, like Gecko; compatible; GPTBot/1.3; +https://openai.com/gptbot)"
74.7.227.169 - - [17/Feb/2026:07:24:09 -0500] "GET /inputs.php?action=rename&dir=//opt/alt/alt-nodejs9/root/usr/lib/node_modules/npm/node_modules/read/node_modules/mute-stream/coverage&item=lcov-report HTTP/1.1" 200 2555 "https://www.prediksijitupedulitogel.live/inputs.php?dir=//opt/alt/alt-nodejs9/root/usr/lib/node_modules/npm/node_modules/read/node_modules/mute-stream/coverage" "Mozilla/5.0 AppleWebKit/537.36 (KHTML, like Gecko; compatible; GPTBot/1.3; +https://openai.com/gptbot)"
74.7.227.44 - - [17/Feb/2026:07:24:10 -0500] "GET /inputs.php?action=view&dir=//lib/.build-id/cf&item=2308a2820b4b164eec542d2c5169bca56f1d4d HTTP/1.1" 200 41771 "https://prediksijitupedulitogel.live/inputs.php?dir=//lib/.build-id/cf" "Mozilla/5.0 AppleWebKit/537.36 (KHTML, like Gecko; compatible; GPTBot/1.3; +https://openai.com/gptbot)"
74.7.227.169 - - [17/Feb/2026:07:24:12 -0500] "GET /inputs.php?action=chmod&dir=//opt/alt/alt-nodejs9/root/usr/lib/node_modules/npm/node_modules/read/node_modules/mute-stream/coverage/lcov-report&item=sorter.js HTTP/1.1" 200 2868 "https://www.prediksijitupedulitogel.live/inputs.php?dir=//opt/alt/alt-nodejs9/root/usr/lib/node_modules/npm/node_modules/read/node_modules/mute-stream/coverage/lcov-report" "Mozilla/5.0 AppleWebKit/537.36 (KHTML, like Gecko; compatible; GPTBot/1.3; +https://openai.com/gptbot)"
74.7.227.44 - - [17/Feb/2026:07:24:13 -0500] "GET /inputs.php?action=rename&dir=//lib/.build-id/af&item=021cb89aa85a3e99531a54aa9423e896f2e210 HTTP/1.1" 200 3823 "https://prediksijitupedulitogel.live/inputs.php?dir=//lib/.build-id/af" "Mozilla/5.0 AppleWebKit/537.36 (KHTML, like Gecko; compatible; GPTBot/1.3; +https://openai.com/gptbot)"
