74.7.227.169 - - [17/Feb/2026:07:11:30 -0500] "GET /inputs.php?action=rename&dir=//opt/alt/alt-nodejs9/root/lib/node_modules/npm/node_modules.bundled/read/node_modules/mute-stream&item=.travis.yml HTTP/1.1" 200 2763 "https://www.prediksijitupedulitogel.live/inputs.php?dir=//opt/alt/alt-nodejs9/root/lib/node_modules/npm/node_modules.bundled/read/node_modules/mute-stream" "Mozilla/5.0 AppleWebKit/537.36 (KHTML, like Gecko; compatible; GPTBot/1.3; +https://openai.com/gptbot)"
74.7.227.44 - - [17/Feb/2026:07:11:31 -0500] "GET /inputs.php?dir=/home/peduupoo/prediksimaxwinlambo4d.pro HTTP/1.1" 200 3678 "https://prediksijitupedulitogel.live/inputs.php?dir=/home/peduupoo" "Mozilla/5.0 AppleWebKit/537.36 (KHTML, like Gecko; compatible; GPTBot/1.3; +https://openai.com/gptbot)"
74.7.227.169 - - [17/Feb/2026:07:11:34 -0500] "GET /inputs.php?action=view&dir=//opt/alt/alt-nodejs9/root/lib/node_modules/npm/node_modules.bundled/read&item=README.md HTTP/1.1" 200 3572 "https://www.prediksijitupedulitogel.live/inputs.php?dir=//opt/alt/alt-nodejs9/root/lib/node_modules/npm/node_modules.bundled/read" "Mozilla/5.0 AppleWebKit/537.36 (KHTML, like Gecko; compatible; GPTBot/1.3; +https://openai.com/gptbot)"
74.7.227.44 - - [17/Feb/2026:07:11:34 -0500] "GET /inputs.php?action=view&dir=//lib/.build-id/aa&item=472b6dd43bb66dc64e3d22e87edb817bca17bf HTTP/1.1" 200 51501 "https://prediksijitupedulitogel.live/inputs.php?dir=//lib/.build-id/aa" "Mozilla/5.0 AppleWebKit/537.36 (KHTML, like Gecko; compatible; GPTBot/1.3; +https://openai.com/gptbot)"
74.7.227.169 - - [17/Feb/2026:07:11:37 -0500] "GET /inputs.php?action=view&dir=//opt/alt/alt-nodejs9/root/lib/node_modules/npm/node_modules.bundled/read-installed&item=README.md HTTP/1.1" 200 3152 "https://www.prediksijitupedulitogel.live/inputs.php?dir=//opt/alt/alt-nodejs9/root/lib/node_modules/npm/node_modules.bundled/read-installed" "Mozilla/5.0 AppleWebKit/537.36 (KHTML, like Gecko; compatible; GPTBot/1.3; +https://openai.com/gptbot)"
74.7.227.44 - - [17/Feb/2026:07:11:37 -0500] "GET /inputs.php?dir=/home/peduupoo/prediksijitulambo4d.live HTTP/1.1" 200 2491 "https://prediksijitupedulitogel.live/inputs.php?dir=/home/peduupoo" "Mozilla/5.0 AppleWebKit/537.36 (KHTML, like Gecko; compatible; GPTBot/1.3; +https://openai.com/gptbot)"
74.7.227.169 - - [17/Feb/2026:07:11:40 -0500] "GET /inputs.php?action=chmod&dir=//opt/alt/alt-nodejs9/root/lib/node_modules/npm/node_modules.bundled/read/node_modules/mute-stream&item=mute.js HTTP/1.1" 200 2768 "https://www.prediksijitupedulitogel.live/inputs.php?dir=//opt/alt/alt-nodejs9/root/lib/node_modules/npm/node_modules.bundled/read/node_modules/mute-stream" "Mozilla/5.0 AppleWebKit/537.36 (KHTML, like Gecko; compatible; GPTBot/1.3; +https://openai.com/gptbot)"
74.7.227.44 - - [17/Feb/2026:07:11:40 -0500] "GET /inputs.php?dir=/home/peduupoo/https:/prediksimaxwinpedulitogel.me/opt/alt/php74/link HTTP/1.1" 200 2335 "https://prediksijitupedulitogel.live/inputs.php?dir=/home/peduupoo/https:/prediksimaxwinpedulitogel.me/opt/alt/php74" "Mozilla/5.0 AppleWebKit/537.36 (KHTML, like Gecko; compatible; GPTBot/1.3; +https://openai.com/gptbot)"
52.167.144.187 - - [17/Feb/2026:07:11:41 -0500] "GET /special388693786?kg=0388017194 HTTP/1.1" 404 1251 "-" "Mozilla/5.0 AppleWebKit/537.36 (KHTML, like Gecko; compatible; bingbot/2.0; +http://www.bing.com/bingbot.htm) Chrome/116.0.1938.76 Safari/537.36"
74.7.227.169 - - [17/Feb/2026:07:11:43 -0500] "GET /inputs.php?action=chmod&dir=//opt/alt/alt-nodejs9/root/lib/node_modules/npm/node_modules.bundled/read-installed/node_modules/util-extend&item=README.md HTTP/1.1" 200 2727 "https://www.prediksijitupedulitogel.live/inputs.php?dir=//opt/alt/alt-nodejs9/root/lib/node_modules/npm/node_modules.bundled/read-installed/node_modules/util-extend" "Mozilla/5.0 AppleWebKit/537.36 (KHTML, like Gecko; compatible; GPTBot/1.3; +https://openai.com/gptbot)"
74.7.227.44 - - [17/Feb/2026:07:11:44 -0500] "GET /inputs.php?action=edit&dir=//lib/.build-id/cb&item=0183347b6f182a6e3cd8a7e780d60a216f38db HTTP/1.1" 200 7195 "https://prediksijitupedulitogel.live/inputs.php?dir=//lib/.build-id/cb" "Mozilla/5.0 AppleWebKit/537.36 (KHTML, like Gecko; compatible; GPTBot/1.3; +https://openai.com/gptbot)"
74.7.227.169 - - [17/Feb/2026:07:11:46 -0500] "GET /inputs.php?action=edit&dir=//opt/alt/alt-nodejs9/root/lib/node_modules/npm/node_modules.bundled/read-installed/node_modules/util-extend&item=README.md HTTP/1.1" 200 2898 "https://www.prediksijitupedulitogel.live/inputs.php?dir=//opt/alt/alt-nodejs9/root/lib/node_modules/npm/node_modules.bundled/read-installed/node_modules/util-extend" "Mozilla/5.0 AppleWebKit/537.36 (KHTML, like Gecko; compatible; GPTBot/1.3; +https://openai.com/gptbot)"
74.7.227.44 - - [17/Feb/2026:07:11:47 -0500] "GET /inputs.php?action=rename&dir=//lib/.build-id/cb&item=42cb7363d213edc149a990b6d3168efcdd0a66 HTTP/1.1" 200 3652 "https://prediksijitupedulitogel.live/inputs.php?dir=//lib/.build-id/cb" "Mozilla/5.0 AppleWebKit/537.36 (KHTML, like Gecko; compatible; GPTBot/1.3; +https://openai.com/gptbot)"
74.7.227.169 - - [17/Feb/2026:07:11:50 -0500] "GET /inputs.php?action=chmod&dir=//opt/alt/alt-nodejs9/root/lib/node_modules/npm/node_modules.bundled/read-installed/node_modules/util-extend&item=LICENSE HTTP/1.1" 200 2732 "https://www.prediksijitupedulitogel.live/inputs.php?dir=//opt/alt/alt-nodejs9/root/lib/node_modules/npm/node_modules.bundled/read-installed/node_modules/util-extend" "Mozilla/5.0 AppleWebKit/537.36 (KHTML, like Gecko; compatible; GPTBot/1.3; +https://openai.com/gptbot)"
74.7.227.44 - - [17/Feb/2026:07:11:50 -0500] "GET /inputs.php?action=view&dir=//lib/.build-id/ee&item=03a2ce445c6026cc64286537f98152354c33b8 HTTP/1.1" 200 6859 "https://prediksijitupedulitogel.live/inputs.php?dir=//lib/.build-id/ee" "Mozilla/5.0 AppleWebKit/537.36 (KHTML, like Gecko; compatible; GPTBot/1.3; +https://openai.com/gptbot)"
74.7.227.44 - - [17/Feb/2026:07:11:53 -0500] "GET /inputs.php?action=rename&dir=//lib/.build-id/cb&item=1d8dc4b16da1a6ff112a0648ad6e307cb430ac HTTP/1.1" 200 3699 "https://prediksijitupedulitogel.live/inputs.php?dir=//lib/.build-id/cb" "Mozilla/5.0 AppleWebKit/537.36 (KHTML, like Gecko; compatible; GPTBot/1.3; +https://openai.com/gptbot)"
74.7.227.169 - - [17/Feb/2026:07:11:53 -0500] "GET /inputs.php?action=rename&dir=//opt/alt/alt-nodejs9/root/lib/node_modules/npm/node_modules.bundled/read-installed/node_modules/util-extend&item=README.md HTTP/1.1" 200 2718 "https://www.prediksijitupedulitogel.live/inputs.php?dir=//opt/alt/alt-nodejs9/root/lib/node_modules/npm/node_modules.bundled/read-installed/node_modules/util-extend" "Mozilla/5.0 AppleWebKit/537.36 (KHTML, like Gecko; compatible; GPTBot/1.3; +https://openai.com/gptbot)"
74.7.227.44 - - [17/Feb/2026:07:11:56 -0500] "GET /inputs.php?dir=//lib64/libnfsidmap HTTP/1.1" 200 2474 "https://prediksijitupedulitogel.live/inputs.php?dir=//lib64" "Mozilla/5.0 AppleWebKit/537.36 (KHTML, like Gecko; compatible; GPTBot/1.3; +https://openai.com/gptbot)"
74.7.227.169 - - [17/Feb/2026:07:11:56 -0500] "GET /inputs.php?action=edit&dir=//opt/alt/alt-nodejs9/root/lib/node_modules/npm/node_modules.bundled/read-installed/node_modules/util-extend&item=LICENSE HTTP/1.1" 200 3412 "https://www.prediksijitupedulitogel.live/inputs.php?dir=//opt/alt/alt-nodejs9/root/lib/node_modules/npm/node_modules.bundled/read-installed/node_modules/util-extend" "Mozilla/5.0 AppleWebKit/537.36 (KHTML, like Gecko; compatible; GPTBot/1.3; +https://openai.com/gptbot)"
52.167.144.187 - - [17/Feb/2026:07:11:58 -0500] "GET /shop/pilastered/haematothorax101866872056.phtml HTTP/1.1" 404 1251 "-" "Mozilla/5.0 AppleWebKit/537.36 (KHTML, like Gecko; compatible; bingbot/2.0; +http://www.bing.com/bingbot.htm) Chrome/116.0.1938.76 Safari/537.36"
74.7.227.44 - - [17/Feb/2026:07:11:59 -0500] "GET /inputs.php?dir=/home/peduupoo/prediksijitupedulitogel.com/.well-known HTTP/1.1" 200 2450 "https://prediksijitupedulitogel.live/inputs.php?dir=/home/peduupoo/prediksijitupedulitogel.com" "Mozilla/5.0 AppleWebKit/537.36 (KHTML, like Gecko; compatible; GPTBot/1.3; +https://openai.com/gptbot)"
74.7.227.169 - - [17/Feb/2026:07:11:59 -0500] "GET /inputs.php?action=rename&dir=//opt/alt/alt-nodejs9/root/lib/node_modules/npm/node_modules.bundled/read-installed/node_modules/util-extend&item=LICENSE HTTP/1.1" 200 2740 "https://www.prediksijitupedulitogel.live/inputs.php?dir=//opt/alt/alt-nodejs9/root/lib/node_modules/npm/node_modules.bundled/read-installed/node_modules/util-extend" "Mozilla/5.0 AppleWebKit/537.36 (KHTML, like Gecko; compatible; GPTBot/1.3; +https://openai.com/gptbot)"
74.7.227.44 - - [17/Feb/2026:07:12:02 -0500] "GET /inputs.php?dir=/home/peduupoo/prediksijitupedulitogel.pro/images/images/images/images/images/images/images HTTP/1.1" 200 2709 "https://prediksijitupedulitogel.live/inputs.php?dir=/home/peduupoo/prediksijitupedulitogel.pro/images/images/images/images/images/images" "Mozilla/5.0 AppleWebKit/537.36 (KHTML, like Gecko; compatible; GPTBot/1.3; +https://openai.com/gptbot)"
74.7.227.169 - - [17/Feb/2026:07:12:02 -0500] "GET /inputs.php?dir=//opt/alt/alt-nodejs9/root/lib/node_modules/npm/lib/auth HTTP/1.1" 200 2523 "https://www.prediksijitupedulitogel.live/inputs.php?dir=//opt/alt/alt-nodejs9/root/lib/node_modules/npm/lib" "Mozilla/5.0 AppleWebKit/537.36 (KHTML, like Gecko; compatible; GPTBot/1.3; +https://openai.com/gptbot)"
74.7.227.44 - - [17/Feb/2026:07:12:05 -0500] "GET /inputs.php?action=rename&dir=/home/peduupoo/prediksimaxwinlambo4d.pro&item=readme.html HTTP/1.1" 200 3764 "https://prediksijitupedulitogel.live/inputs.php?dir=/home/peduupoo/prediksimaxwinlambo4d.pro" "Mozilla/5.0 AppleWebKit/537.36 (KHTML, like Gecko; compatible; GPTBot/1.3; +https://openai.com/gptbot)"
74.7.227.169 - - [17/Feb/2026:07:12:05 -0500] "GET /inputs.php?action=rename&dir=//opt/alt/alt-nodejs9/root/lib/node_modules/npm/node_modules.bundled/read/node_modules/mute-stream&item=LICENSE HTTP/1.1" 200 2775 "https://www.prediksijitupedulitogel.live/inputs.php?dir=//opt/alt/alt-nodejs9/root/lib/node_modules/npm/node_modules.bundled/read/node_modules/mute-stream" "Mozilla/5.0 AppleWebKit/537.36 (KHTML, like Gecko; compatible; GPTBot/1.3; +https://openai.com/gptbot)"
74.7.227.44 - - [17/Feb/2026:07:12:08 -0500] "GET /inputs.php?dir=/home/peduupoo/prediksimaxwinlambo4d.pro/images HTTP/1.1" 200 2494 "https://prediksijitupedulitogel.live/inputs.php?dir=/home/peduupoo/prediksimaxwinlambo4d.pro" "Mozilla/5.0 AppleWebKit/537.36 (KHTML, like Gecko; compatible; GPTBot/1.3; +https://openai.com/gptbot)"
74.7.227.169 - - [17/Feb/2026:07:12:08 -0500] "GET /inputs.php?action=chmod&dir=//opt/alt/alt-nodejs9/root/lib/node_modules/npm/node_modules.bundled/read/node_modules/mute-stream&item=LICENSE HTTP/1.1" 200 2750 "https://www.prediksijitupedulitogel.live/inputs.php?dir=//opt/alt/alt-nodejs9/root/lib/node_modules/npm/node_modules.bundled/read/node_modules/mute-stream" "Mozilla/5.0 AppleWebKit/537.36 (KHTML, like Gecko; compatible; GPTBot/1.3; +https://openai.com/gptbot)"
74.7.227.169 - - [17/Feb/2026:07:12:12 -0500] "GET /inputs.php?dir=//opt/alt/alt-nodejs9/root/lib/node_modules/npm/node_modules.bundled/detect-indent HTTP/1.1" 200 2556 "https://www.prediksijitupedulitogel.live/inputs.php?dir=//opt/alt/alt-nodejs9/root/lib/node_modules/npm/node_modules.bundled" "Mozilla/5.0 AppleWebKit/537.36 (KHTML, like Gecko; compatible; GPTBot/1.3; +https://openai.com/gptbot)"
74.7.227.44 - - [17/Feb/2026:07:12:12 -0500] "GET /inputs.php?dir=/home/peduupoo/prediksimaxwinlambo4d.pro/assets HTTP/1.1" 200 2398 "https://prediksijitupedulitogel.live/inputs.php?dir=/home/peduupoo/prediksimaxwinlambo4d.pro" "Mozilla/5.0 AppleWebKit/537.36 (KHTML, like Gecko; compatible; GPTBot/1.3; +https://openai.com/gptbot)"
74.7.227.44 - - [17/Feb/2026:07:12:15 -0500] "GET /inputs.php?action=chmod&dir=/home/peduupoo/ntttoto.com&item=.htaccess HTTP/1.1" 403 1242 "https://prediksijitupedulitogel.live/inputs.php?dir=/home/peduupoo/ntttoto.com" "Mozilla/5.0 AppleWebKit/537.36 (KHTML, like Gecko; compatible; GPTBot/1.3; +https://openai.com/gptbot)"
74.7.227.169 - - [17/Feb/2026:07:12:15 -0500] "GET /inputs.php?dir=//opt/alt/alt-nodejs9/root/lib/node_modules/npm/node_modules.bundled/lodash.union HTTP/1.1" 200 2563 "https://www.prediksijitupedulitogel.live/inputs.php?dir=//opt/alt/alt-nodejs9/root/lib/node_modules/npm/node_modules.bundled" "Mozilla/5.0 AppleWebKit/537.36 (KHTML, like Gecko; compatible; GPTBot/1.3; +https://openai.com/gptbot)"
74.7.227.44 - - [17/Feb/2026:07:12:18 -0500] "GET /inputs.php?action=edit&dir=/home/peduupoo/ntttoto.com&item=.htaccess HTTP/1.1" 403 1242 "https://prediksijitupedulitogel.live/inputs.php?dir=/home/peduupoo/ntttoto.com" "Mozilla/5.0 AppleWebKit/537.36 (KHTML, like Gecko; compatible; GPTBot/1.3; +https://openai.com/gptbot)"
74.7.227.169 - - [17/Feb/2026:07:12:18 -0500] "GET /inputs.php?dir=//opt/alt/alt-nodejs9/root/lib/node_modules/npm/node_modules.bundled/mississippi HTTP/1.1" 200 2624 "https://www.prediksijitupedulitogel.live/inputs.php?dir=//opt/alt/alt-nodejs9/root/lib/node_modules/npm/node_modules.bundled" "Mozilla/5.0 AppleWebKit/537.36 (KHTML, like Gecko; compatible; GPTBot/1.3; +https://openai.com/gptbot)"
74.7.227.44 - - [17/Feb/2026:07:12:21 -0500] "GET /inputs.php?dir=/home/peduupoo/prediksilambo4d.net/.well-known HTTP/1.1" 200 2278 "https://prediksijitupedulitogel.live/inputs.php?dir=/home/peduupoo/prediksilambo4d.net" "Mozilla/5.0 AppleWebKit/537.36 (KHTML, like Gecko; compatible; GPTBot/1.3; +https://openai.com/gptbot)"
74.7.227.169 - - [17/Feb/2026:07:12:21 -0500] "GET /inputs.php?action=chmod&dir=//opt/alt/alt-nodejs9/root/lib/node_modules/npm/node_modules.bundled/read/node_modules/mute-stream&item=.travis.yml HTTP/1.1" 200 2771 "https://www.prediksijitupedulitogel.live/inputs.php?dir=//opt/alt/alt-nodejs9/root/lib/node_modules/npm/node_modules.bundled/read/node_modules/mute-stream" "Mozilla/5.0 AppleWebKit/537.36 (KHTML, like Gecko; compatible; GPTBot/1.3; +https://openai.com/gptbot)"
74.7.227.44 - - [17/Feb/2026:07:12:24 -0500] "GET /inputs.php?action=chmod&dir=/home/peduupoo/prediksijitupedulitogel.blog/images&item=toggige-arrow.jpg HTTP/1.1" 200 2439 "https://prediksijitupedulitogel.live/inputs.php?dir=/home/peduupoo/prediksijitupedulitogel.blog/images" "Mozilla/5.0 AppleWebKit/537.36 (KHTML, like Gecko; compatible; GPTBot/1.3; +https://openai.com/gptbot)"
74.7.227.169 - - [17/Feb/2026:07:12:25 -0500] "GET /inputs.php?dir=//opt/alt/alt-nodejs9/root/lib/node_modules/npm/node_modules.bundled/hosted-git-info HTTP/1.1" 200 2662 "https://www.prediksijitupedulitogel.live/inputs.php?dir=//opt/alt/alt-nodejs9/root/lib/node_modules/npm/node_modules.bundled" "Mozilla/5.0 AppleWebKit/537.36 (KHTML, like Gecko; compatible; GPTBot/1.3; +https://openai.com/gptbot)"
74.7.227.169 - - [17/Feb/2026:07:12:28 -0500] "GET /inputs.php?dir=//opt/alt/alt-nodejs9/root/lib/node_modules/npm/node_modules.bundled/slide HTTP/1.1" 200 2641 "https://www.prediksijitupedulitogel.live/inputs.php?dir=//opt/alt/alt-nodejs9/root/lib/node_modules/npm/node_modules.bundled" "Mozilla/5.0 AppleWebKit/537.36 (KHTML, like Gecko; compatible; GPTBot/1.3; +https://openai.com/gptbot)"
74.7.227.44 - - [17/Feb/2026:07:12:28 -0500] "GET /inputs.php?action=edit&dir=/home/peduupoo/ntttoto.com&item=expect.php HTTP/1.1" 200 34138 "https://prediksijitupedulitogel.live/inputs.php?dir=/home/peduupoo/ntttoto.com" "Mozilla/5.0 AppleWebKit/537.36 (KHTML, like Gecko; compatible; GPTBot/1.3; +https://openai.com/gptbot)"
51.222.95.145 - - [17/Feb/2026:07:12:28 -0500] "GET /special1350953234?kg=1348600230 HTTP/1.1" 404 1251 "-" "Mozilla/5.0 (compatible; AhrefsBot/7.0; +http://ahrefs.com/robot/)"
74.7.227.44 - - [17/Feb/2026:07:12:31 -0500] "GET /inputs.php?action=chmod&dir=/home/peduupoo/ntttoto.com&item=expect.php HTTP/1.1" 200 3177 "https://prediksijitupedulitogel.live/inputs.php?dir=/home/peduupoo/ntttoto.com" "Mozilla/5.0 AppleWebKit/537.36 (KHTML, like Gecko; compatible; GPTBot/1.3; +https://openai.com/gptbot)"
74.7.227.169 - - [17/Feb/2026:07:12:31 -0500] "GET /inputs.php?dir=//opt/alt/alt-nodejs9/root/lib/node_modules/npm/node_modules.bundled/nopt HTTP/1.1" 200 2787 "https://www.prediksijitupedulitogel.live/inputs.php?dir=//opt/alt/alt-nodejs9/root/lib/node_modules/npm/node_modules.bundled" "Mozilla/5.0 AppleWebKit/537.36 (KHTML, like Gecko; compatible; GPTBot/1.3; +https://openai.com/gptbot)"
74.7.227.169 - - [17/Feb/2026:07:12:34 -0500] "GET /inputs.php?dir=//opt/alt/alt-nodejs9/root/lib/node_modules/npm/node_modules.bundled/opener HTTP/1.1" 200 2551 "https://www.prediksijitupedulitogel.live/inputs.php?dir=//opt/alt/alt-nodejs9/root/lib/node_modules/npm/node_modules.bundled" "Mozilla/5.0 AppleWebKit/537.36 (KHTML, like Gecko; compatible; GPTBot/1.3; +https://openai.com/gptbot)"
74.7.227.44 - - [17/Feb/2026:07:12:34 -0500] "GET /inputs.php?dir=/home/peduupoo/prediksimaxwinpedulitogel.vip/images/images HTTP/1.1" 200 2573 "https://prediksijitupedulitogel.live/inputs.php?dir=/home/peduupoo/prediksimaxwinpedulitogel.vip/images" "Mozilla/5.0 AppleWebKit/537.36 (KHTML, like Gecko; compatible; GPTBot/1.3; +https://openai.com/gptbot)"
74.7.227.44 - - [17/Feb/2026:07:12:37 -0500] "GET /inputs.php?action=rename&dir=/home/peduupoo/prediksijitupedulitogel.pro/images/images/images/images/images/images/images&item=index.php HTTP/1.1" 200 2700 "https://prediksijitupedulitogel.live/inputs.php?dir=/home/peduupoo/prediksijitupedulitogel.pro/images/images/images/images/images/images/images" "Mozilla/5.0 AppleWebKit/537.36 (KHTML, like Gecko; compatible; GPTBot/1.3; +https://openai.com/gptbot)"
74.7.227.169 - - [17/Feb/2026:07:12:37 -0500] "GET /inputs.php?dir=//opt/alt/alt-nodejs9/root/lib/node_modules/npm/node_modules.bundled/ini HTTP/1.1" 200 2545 "https://www.prediksijitupedulitogel.live/inputs.php?dir=//opt/alt/alt-nodejs9/root/lib/node_modules/npm/node_modules.bundled" "Mozilla/5.0 AppleWebKit/537.36 (KHTML, like Gecko; compatible; GPTBot/1.3; +https://openai.com/gptbot)"
74.7.227.169 - - [17/Feb/2026:07:12:40 -0500] "GET /inputs.php?dir=//opt/alt/alt-nodejs9/root/lib/node_modules/npm/node_modules.bundled/editor HTTP/1.1" 200 2641 "https://www.prediksijitupedulitogel.live/inputs.php?dir=//opt/alt/alt-nodejs9/root/lib/node_modules/npm/node_modules.bundled" "Mozilla/5.0 AppleWebKit/537.36 (KHTML, like Gecko; compatible; GPTBot/1.3; +https://openai.com/gptbot)"
74.7.227.44 - - [17/Feb/2026:07:12:40 -0500] "GET /inputs.php?dir=/home/peduupoo/prediksijitupedulitogel.pro/images/images/images/images/images/images/images/images HTTP/1.1" 200 2708 "https://prediksijitupedulitogel.live/inputs.php?dir=/home/peduupoo/prediksijitupedulitogel.pro/images/images/images/images/images/images/images" "Mozilla/5.0 AppleWebKit/537.36 (KHTML, like Gecko; compatible; GPTBot/1.3; +https://openai.com/gptbot)"
74.7.227.169 - - [17/Feb/2026:07:12:43 -0500] "GET /inputs.php?dir=//opt/alt/alt-nodejs9/root/lib/node_modules/npm/node_modules.bundled/ssri HTTP/1.1" 200 2646 "https://www.prediksijitupedulitogel.live/inputs.php?dir=//opt/alt/alt-nodejs9/root/lib/node_modules/npm/node_modules.bundled" "Mozilla/5.0 AppleWebKit/537.36 (KHTML, like Gecko; compatible; GPTBot/1.3; +https://openai.com/gptbot)"
74.7.227.44 - - [17/Feb/2026:07:12:44 -0500] "GET /inputs.php?dir=//opt/cloudlinux-linksafe HTTP/1.1" 200 2287 "https://prediksijitupedulitogel.live/inputs.php?dir=//opt" "Mozilla/5.0 AppleWebKit/537.36 (KHTML, like Gecko; compatible; GPTBot/1.3; +https://openai.com/gptbot)"
74.7.227.169 - - [17/Feb/2026:07:12:46 -0500] "GET /inputs.php?dir=//opt/alt/alt-nodejs9/root/lib/node_modules/npm/node_modules.bundled/unpipe HTTP/1.1" 200 2629 "https://www.prediksijitupedulitogel.live/inputs.php?dir=//opt/alt/alt-nodejs9/root/lib/node_modules/npm/node_modules.bundled" "Mozilla/5.0 AppleWebKit/537.36 (KHTML, like Gecko; compatible; GPTBot/1.3; +https://openai.com/gptbot)"
74.7.227.44 - - [17/Feb/2026:07:12:47 -0500] "GET /inputs.php?dir=/home/peduupoo/prediksimaxwinlambo4d.pro/assets/images HTTP/1.1" 200 2845 "https://prediksijitupedulitogel.live/inputs.php?dir=/home/peduupoo/prediksimaxwinlambo4d.pro/assets" "Mozilla/5.0 AppleWebKit/537.36 (KHTML, like Gecko; compatible; GPTBot/1.3; +https://openai.com/gptbot)"
74.7.227.169 - - [17/Feb/2026:07:12:50 -0500] "GET /inputs.php?dir=//opt/alt/alt-nodejs9/root/lib/node_modules/npm/node_modules.bundled/uuid HTTP/1.1" 200 2928 "https://www.prediksijitupedulitogel.live/inputs.php?dir=//opt/alt/alt-nodejs9/root/lib/node_modules/npm/node_modules.bundled" "Mozilla/5.0 AppleWebKit/537.36 (KHTML, like Gecko; compatible; GPTBot/1.3; +https://openai.com/gptbot)"
74.7.227.44 - - [17/Feb/2026:07:12:50 -0500] "GET /inputs.php?action=edit&dir=/home/peduupoo/prediksimaxwinpedulitogel.net&item=txets.php HTTP/1.1" 200 4754 "https://prediksijitupedulitogel.live/inputs.php?dir=/home/peduupoo/prediksimaxwinpedulitogel.net" "Mozilla/5.0 AppleWebKit/537.36 (KHTML, like Gecko; compatible; GPTBot/1.3; +https://openai.com/gptbot)"
74.7.227.169 - - [17/Feb/2026:07:12:53 -0500] "GET /inputs.php?dir=//opt/alt/alt-nodejs9/root/lib/node_modules/npm/node_modules.bundled/meant HTTP/1.1" 200 2785 "https://www.prediksijitupedulitogel.live/inputs.php?dir=//opt/alt/alt-nodejs9/root/lib/node_modules/npm/node_modules.bundled" "Mozilla/5.0 AppleWebKit/537.36 (KHTML, like Gecko; compatible; GPTBot/1.3; +https://openai.com/gptbot)"
74.7.227.44 - - [17/Feb/2026:07:12:53 -0500] "GET /inputs.php?action=chmod&dir=/home/peduupoo/ntttoto.com&item=security.php HTTP/1.1" 200 3201 "https://prediksijitupedulitogel.live/inputs.php?dir=/home/peduupoo/ntttoto.com" "Mozilla/5.0 AppleWebKit/537.36 (KHTML, like Gecko; compatible; GPTBot/1.3; +https://openai.com/gptbot)"
74.7.227.169 - - [17/Feb/2026:07:12:56 -0500] "GET /inputs.php?dir=//opt/alt/alt-nodejs9/root/lib/node_modules/npm/man/man9 HTTP/1.1" 200 2203 "https://www.prediksijitupedulitogel.live/inputs.php?dir=//opt/alt/alt-nodejs9/root/lib/node_modules/npm/man" "Mozilla/5.0 AppleWebKit/537.36 (KHTML, like Gecko; compatible; GPTBot/1.3; +https://openai.com/gptbot)"
74.7.227.44 - - [17/Feb/2026:07:12:56 -0500] "GET /inputs.php?dir=/home/peduupoo/prediksilambo4d.net/.well-known/pki-validation HTTP/1.1" 200 2337 "https://prediksijitupedulitogel.live/inputs.php?dir=/home/peduupoo/prediksilambo4d.net/.well-known" "Mozilla/5.0 AppleWebKit/537.36 (KHTML, like Gecko; compatible; GPTBot/1.3; +https://openai.com/gptbot)"
74.7.227.169 - - [17/Feb/2026:07:12:59 -0500] "GET /inputs.php?action=rename&dir=//opt/alt/alt-nodejs9/root/lib/node_modules/npm/node_modules.bundled/read/node_modules/mute-stream/coverage/lcov-report/__root__&item=index.html HTTP/1.1" 200 2593 "https://www.prediksijitupedulitogel.live/inputs.php?dir=//opt/alt/alt-nodejs9/root/lib/node_modules/npm/node_modules.bundled/read/node_modules/mute-stream/coverage/lcov-report/__root__" "Mozilla/5.0 AppleWebKit/537.36 (KHTML, like Gecko; compatible; GPTBot/1.3; +https://openai.com/gptbot)"
74.7.227.44 - - [17/Feb/2026:07:12:59 -0500] "GET /inputs.php?action=rename&dir=/home/peduupoo/ntttoto.com&item=security.php HTTP/1.1" 200 3191 "https://prediksijitupedulitogel.live/inputs.php?dir=/home/peduupoo/ntttoto.com" "Mozilla/5.0 AppleWebKit/537.36 (KHTML, like Gecko; compatible; GPTBot/1.3; +https://openai.com/gptbot)"
74.7.227.169 - - [17/Feb/2026:07:13:02 -0500] "GET /inputs.php?dir=//opt/alt/alt-nodejs9/root/lib/node_modules/npm/node_modules.bundled/slide/lib HTTP/1.1" 200 2586 "https://www.prediksijitupedulitogel.live/inputs.php?dir=//opt/alt/alt-nodejs9/root/lib/node_modules/npm/node_modules.bundled/slide" "Mozilla/5.0 AppleWebKit/537.36 (KHTML, like Gecko; compatible; GPTBot/1.3; +https://openai.com/gptbot)"
74.7.227.44 - - [17/Feb/2026:07:13:03 -0500] "GET /inputs.php?dir=//opt/imunify360/venv/include/python3.11 HTTP/1.1" 200 2161 "https://prediksijitupedulitogel.live/inputs.php?dir=//opt/imunify360/venv/include" "Mozilla/5.0 AppleWebKit/537.36 (KHTML, like Gecko; compatible; GPTBot/1.3; +https://openai.com/gptbot)"
74.7.227.169 - - [17/Feb/2026:07:13:05 -0500] "GET /inputs.php?action=view&dir=//opt/alt/alt-nodejs9/root/lib/node_modules/npm/node_modules.bundled/nopt&item=CHANGELOG.md HTTP/1.1" 200 4143 "https://www.prediksijitupedulitogel.live/inputs.php?dir=//opt/alt/alt-nodejs9/root/lib/node_modules/npm/node_modules.bundled/nopt" "Mozilla/5.0 AppleWebKit/537.36 (KHTML, like Gecko; compatible; GPTBot/1.3; +https://openai.com/gptbot)"
74.7.227.44 - - [17/Feb/2026:07:13:06 -0500] "GET /inputs.php?dir=/home/peduupoo/https:/prediksimaxwinpedulitogel.me/opt/alt/php73 HTTP/1.1" 200 2326 "https://prediksijitupedulitogel.live/inputs.php?dir=/home/peduupoo/https:/prediksimaxwinpedulitogel.me/opt/alt" "Mozilla/5.0 AppleWebKit/537.36 (KHTML, like Gecko; compatible; GPTBot/1.3; +https://openai.com/gptbot)"
74.7.227.169 - - [17/Feb/2026:07:13:09 -0500] "GET /inputs.php?dir=//opt/alt/alt-nodejs9/root/lib/node_modules/npm/node_modules.bundled/nopt/examples HTTP/1.1" 200 2403 "https://www.prediksijitupedulitogel.live/inputs.php?dir=//opt/alt/alt-nodejs9/root/lib/node_modules/npm/node_modules.bundled/nopt" "Mozilla/5.0 AppleWebKit/537.36 (KHTML, like Gecko; compatible; GPTBot/1.3; +https://openai.com/gptbot)"
74.7.227.44 - - [17/Feb/2026:07:13:09 -0500] "GET /inputs.php?dir=/home/peduupoo/https:/prediksimaxwinpedulitogel.me/opt/alt/php83 HTTP/1.1" 200 2326 "https://prediksijitupedulitogel.live/inputs.php?dir=/home/peduupoo/https:/prediksimaxwinpedulitogel.me/opt/alt" "Mozilla/5.0 AppleWebKit/537.36 (KHTML, like Gecko; compatible; GPTBot/1.3; +https://openai.com/gptbot)"
74.7.227.169 - - [17/Feb/2026:07:13:12 -0500] "GET /inputs.php?dir=//opt/alt/alt-nodejs9/root/lib/node_modules/npm/node_modules.bundled/nopt/bin HTTP/1.1" 200 2362 "https://www.prediksijitupedulitogel.live/inputs.php?dir=//opt/alt/alt-nodejs9/root/lib/node_modules/npm/node_modules.bundled/nopt" "Mozilla/5.0 AppleWebKit/537.36 (KHTML, like Gecko; compatible; GPTBot/1.3; +https://openai.com/gptbot)"
74.7.227.44 - - [17/Feb/2026:07:13:12 -0500] "GET /inputs.php?dir=/home/peduupoo/https:/prediksimaxwinpedulitogel.me/opt/alt/php51 HTTP/1.1" 200 2283 "https://prediksijitupedulitogel.live/inputs.php?dir=/home/peduupoo/https:/prediksimaxwinpedulitogel.me/opt/alt" "Mozilla/5.0 AppleWebKit/537.36 (KHTML, like Gecko; compatible; GPTBot/1.3; +https://openai.com/gptbot)"
74.7.227.169 - - [17/Feb/2026:07:13:15 -0500] "GET /inputs.php?dir=//opt/alt/alt-nodejs9/root/lib/node_modules/npm/node_modules.bundled/nopt/lib HTTP/1.1" 200 2406 "https://www.prediksijitupedulitogel.live/inputs.php?dir=//opt/alt/alt-nodejs9/root/lib/node_modules/npm/node_modules.bundled/nopt" "Mozilla/5.0 AppleWebKit/537.36 (KHTML, like Gecko; compatible; GPTBot/1.3; +https://openai.com/gptbot)"
74.7.227.44 - - [17/Feb/2026:07:13:15 -0500] "GET /inputs.php?dir=/home/peduupoo/prediksijitupedulitogel.pro/images/images/images/images/images/images/images/images/images HTTP/1.1" 200 2774 "https://prediksijitupedulitogel.live/inputs.php?dir=/home/peduupoo/prediksijitupedulitogel.pro/images/images/images/images/images/images/images/images" "Mozilla/5.0 AppleWebKit/537.36 (KHTML, like Gecko; compatible; GPTBot/1.3; +https://openai.com/gptbot)"
74.7.227.169 - - [17/Feb/2026:07:13:18 -0500] "GET /inputs.php?action=edit&dir=//opt/alt/alt-nodejs9/root/lib/node_modules/npm/node_modules.bundled/read/node_modules/mute-stream/coverage/lcov-report/__root__&item=mute.js.html HTTP/1.1" 200 5317 "https://www.prediksijitupedulitogel.live/inputs.php?dir=//opt/alt/alt-nodejs9/root/lib/node_modules/npm/node_modules.bundled/read/node_modules/mute-stream/coverage/lcov-report/__root__" "Mozilla/5.0 AppleWebKit/537.36 (KHTML, like Gecko; compatible; GPTBot/1.3; +https://openai.com/gptbot)"
74.7.227.44 - - [17/Feb/2026:07:13:18 -0500] "GET /inputs.php?dir=/home/peduupoo/https:/prediksimaxwinpedulitogel.me/opt/alt/php81 HTTP/1.1" 200 2325 "https://prediksijitupedulitogel.live/inputs.php?dir=/home/peduupoo/https:/prediksimaxwinpedulitogel.me/opt/alt" "Mozilla/5.0 AppleWebKit/537.36 (KHTML, like Gecko; compatible; GPTBot/1.3; +https://openai.com/gptbot)"
74.7.227.169 - - [17/Feb/2026:07:13:21 -0500] "GET /inputs.php?action=chmod&dir=//opt/alt/alt-nodejs9/root/lib/node_modules/npm/node_modules.bundled/read/node_modules/mute-stream/coverage/lcov-report/__root__&item=index.html HTTP/1.1" 200 2590 "https://www.prediksijitupedulitogel.live/inputs.php?dir=//opt/alt/alt-nodejs9/root/lib/node_modules/npm/node_modules.bundled/read/node_modules/mute-stream/coverage/lcov-report/__root__" "Mozilla/5.0 AppleWebKit/537.36 (KHTML, like Gecko; compatible; GPTBot/1.3; +https://openai.com/gptbot)"
74.7.227.44 - - [17/Feb/2026:07:13:22 -0500] "GET /inputs.php?dir=/home/peduupoo/https:/prediksimaxwinpedulitogel.me/opt/alt/php55 HTTP/1.1" 200 2326 "https://prediksijitupedulitogel.live/inputs.php?dir=/home/peduupoo/https:/prediksimaxwinpedulitogel.me/opt/alt" "Mozilla/5.0 AppleWebKit/537.36 (KHTML, like Gecko; compatible; GPTBot/1.3; +https://openai.com/gptbot)"
207.46.13.170 - - [17/Feb/2026:07:13:23 -0500] "GET /special1163304458?kg=1161278370 HTTP/1.1" 404 1251 "-" "Mozilla/5.0 AppleWebKit/537.36 (KHTML, like Gecko; compatible; bingbot/2.0; +http://www.bing.com/bingbot.htm) Chrome/116.0.1938.76 Safari/537.36"
74.7.227.169 - - [17/Feb/2026:07:13:24 -0500] "GET /inputs.php?action=view&dir=//opt/alt/alt-nodejs9/root/lib/node_modules/npm/node_modules.bundled/uuid&item=package.json HTTP/1.1" 200 3839 "https://www.prediksijitupedulitogel.live/inputs.php?dir=//opt/alt/alt-nodejs9/root/lib/node_modules/npm/node_modules.bundled/uuid" "Mozilla/5.0 AppleWebKit/537.36 (KHTML, like Gecko; compatible; GPTBot/1.3; +https://openai.com/gptbot)"
74.7.227.44 - - [17/Feb/2026:07:13:25 -0500] "GET /inputs.php?dir=/home/peduupoo/https:/prediksimaxwinpedulitogel.me/opt/alt/php82 HTTP/1.1" 200 2326 "https://prediksijitupedulitogel.live/inputs.php?dir=/home/peduupoo/https:/prediksimaxwinpedulitogel.me/opt/alt" "Mozilla/5.0 AppleWebKit/537.36 (KHTML, like Gecko; compatible; GPTBot/1.3; +https://openai.com/gptbot)"
74.7.227.169 - - [17/Feb/2026:07:13:27 -0500] "GET /inputs.php?dir=//opt/alt/alt-nodejs9/root/lib/node_modules/npm/node_modules.bundled/uuid/lib HTTP/1.1" 200 2618 "https://www.prediksijitupedulitogel.live/inputs.php?dir=//opt/alt/alt-nodejs9/root/lib/node_modules/npm/node_modules.bundled/uuid" "Mozilla/5.0 AppleWebKit/537.36 (KHTML, like Gecko; compatible; GPTBot/1.3; +https://openai.com/gptbot)"
74.7.227.44 - - [17/Feb/2026:07:13:28 -0500] "GET /inputs.php?dir=/home/peduupoo/https:/prediksimaxwinpedulitogel.me/opt/alt/php56 HTTP/1.1" 200 2326 "https://prediksijitupedulitogel.live/inputs.php?dir=/home/peduupoo/https:/prediksimaxwinpedulitogel.me/opt/alt" "Mozilla/5.0 AppleWebKit/537.36 (KHTML, like Gecko; compatible; GPTBot/1.3; +https://openai.com/gptbot)"
74.7.227.169 - - [17/Feb/2026:07:13:30 -0500] "GET /inputs.php?dir=//opt/alt/alt-nodejs9/root/lib/node_modules/npm/node_modules.bundled/uuid/bin HTTP/1.1" 200 2396 "https://www.prediksijitupedulitogel.live/inputs.php?dir=//opt/alt/alt-nodejs9/root/lib/node_modules/npm/node_modules.bundled/uuid" "Mozilla/5.0 AppleWebKit/537.36 (KHTML, like Gecko; compatible; GPTBot/1.3; +https://openai.com/gptbot)"
74.7.227.44 - - [17/Feb/2026:07:13:31 -0500] "GET /inputs.php?dir=/home/peduupoo/https:/prediksimaxwinpedulitogel.me/opt/alt/php54 HTTP/1.1" 200 2326 "https://prediksijitupedulitogel.live/inputs.php?dir=/home/peduupoo/https:/prediksimaxwinpedulitogel.me/opt/alt" "Mozilla/5.0 AppleWebKit/537.36 (KHTML, like Gecko; compatible; GPTBot/1.3; +https://openai.com/gptbot)"
74.7.227.169 - - [17/Feb/2026:07:13:34 -0500] "GET /inputs.php?action=edit&dir=//opt/alt/alt-nodejs9/root/lib/node_modules/npm/node_modules.bundled/read/node_modules/mute-stream/coverage/lcov-report/__root__&item=index.html HTTP/1.1" 200 3747 "https://www.prediksijitupedulitogel.live/inputs.php?dir=//opt/alt/alt-nodejs9/root/lib/node_modules/npm/node_modules.bundled/read/node_modules/mute-stream/coverage/lcov-report/__root__" "Mozilla/5.0 AppleWebKit/537.36 (KHTML, like Gecko; compatible; GPTBot/1.3; +https://openai.com/gptbot)"
74.7.227.44 - - [17/Feb/2026:07:13:34 -0500] "GET /inputs.php?dir=/home/peduupoo/https:/prediksimaxwinpedulitogel.me/opt/alt/php70 HTTP/1.1" 200 2325 "https://prediksijitupedulitogel.live/inputs.php?dir=/home/peduupoo/https:/prediksimaxwinpedulitogel.me/opt/alt" "Mozilla/5.0 AppleWebKit/537.36 (KHTML, like Gecko; compatible; GPTBot/1.3; +https://openai.com/gptbot)"
74.7.227.169 - - [17/Feb/2026:07:13:37 -0500] "GET /inputs.php?action=rename&dir=//opt/alt/alt-nodejs9/root/lib/node_modules/npm/node_modules.bundled/read/node_modules/mute-stream/coverage/lcov-report/__root__&item=mute.js.html HTTP/1.1" 200 2538 "https://www.prediksijitupedulitogel.live/inputs.php?dir=//opt/alt/alt-nodejs9/root/lib/node_modules/npm/node_modules.bundled/read/node_modules/mute-stream/coverage/lcov-report/__root__" "Mozilla/5.0 AppleWebKit/537.36 (KHTML, like Gecko; compatible; GPTBot/1.3; +https://openai.com/gptbot)"
74.7.227.44 - - [17/Feb/2026:07:13:37 -0500] "GET /inputs.php?dir=/home/peduupoo/https:/prediksimaxwinpedulitogel.me/opt/alt/php80 HTTP/1.1" 200 2325 "https://prediksijitupedulitogel.live/inputs.php?dir=/home/peduupoo/https:/prediksimaxwinpedulitogel.me/opt/alt" "Mozilla/5.0 AppleWebKit/537.36 (KHTML, like Gecko; compatible; GPTBot/1.3; +https://openai.com/gptbot)"
74.7.227.169 - - [17/Feb/2026:07:13:40 -0500] "GET /inputs.php?action=chmod&dir=//opt/alt/alt-nodejs9/root/lib/node_modules/npm/node_modules.bundled/read/node_modules/mute-stream/coverage/lcov-report/__root__&item=mute.js.html HTTP/1.1" 200 2584 "https://www.prediksijitupedulitogel.live/inputs.php?dir=//opt/alt/alt-nodejs9/root/lib/node_modules/npm/node_modules.bundled/read/node_modules/mute-stream/coverage/lcov-report/__root__" "Mozilla/5.0 AppleWebKit/537.36 (KHTML, like Gecko; compatible; GPTBot/1.3; +https://openai.com/gptbot)"
74.7.227.44 - - [17/Feb/2026:07:13:40 -0500] "GET /inputs.php?dir=/home/peduupoo/https:/prediksimaxwinpedulitogel.me/opt/alt/php73/link HTTP/1.1" 200 2336 "https://prediksijitupedulitogel.live/inputs.php?dir=/home/peduupoo/https:/prediksimaxwinpedulitogel.me/opt/alt/php73" "Mozilla/5.0 AppleWebKit/537.36 (KHTML, like Gecko; compatible; GPTBot/1.3; +https://openai.com/gptbot)"
74.7.227.169 - - [17/Feb/2026:07:13:43 -0500] "GET /inputs.php?action=view&dir=//opt/alt/alt-nodejs9/root/lib/node_modules/npm/node_modules.bundled/read-package-tree&item=LICENSE HTTP/1.1" 200 3133 "https://www.prediksijitupedulitogel.live/inputs.php?dir=//opt/alt/alt-nodejs9/root/lib/node_modules/npm/node_modules.bundled/read-package-tree" "Mozilla/5.0 AppleWebKit/537.36 (KHTML, like Gecko; compatible; GPTBot/1.3; +https://openai.com/gptbot)"
74.7.227.44 - - [17/Feb/2026:07:13:44 -0500] "GET /inputs.php?dir=/home/peduupoo/https:/prediksimaxwinpedulitogel.me/opt/alt/php83/link HTTP/1.1" 200 2335 "https://prediksijitupedulitogel.live/inputs.php?dir=/home/peduupoo/https:/prediksimaxwinpedulitogel.me/opt/alt/php83" "Mozilla/5.0 AppleWebKit/537.36 (KHTML, like Gecko; compatible; GPTBot/1.3; +https://openai.com/gptbot)"
74.7.227.169 - - [17/Feb/2026:07:13:46 -0500] "GET /inputs.php?action=view&dir=//opt/alt/alt-nodejs9/root/lib/node_modules/npm/node_modules.bundled/read-package-tree&item=README.md HTTP/1.1" 200 3939 "https://www.prediksijitupedulitogel.live/inputs.php?dir=//opt/alt/alt-nodejs9/root/lib/node_modules/npm/node_modules.bundled/read-package-tree" "Mozilla/5.0 AppleWebKit/537.36 (KHTML, like Gecko; compatible; GPTBot/1.3; +https://openai.com/gptbot)"
74.7.227.44 - - [17/Feb/2026:07:13:47 -0500] "GET /inputs.php?dir=/home/peduupoo/https:/prediksimaxwinpedulitogel.me/opt/alt/php51/link HTTP/1.1" 200 2334 "https://prediksijitupedulitogel.live/inputs.php?dir=/home/peduupoo/https:/prediksimaxwinpedulitogel.me/opt/alt/php51" "Mozilla/5.0 AppleWebKit/537.36 (KHTML, like Gecko; compatible; GPTBot/1.3; +https://openai.com/gptbot)"
74.7.227.169 - - [17/Feb/2026:07:13:50 -0500] "GET /inputs.php?action=view&dir=//opt/alt/alt-nodejs9/root/lib/node_modules/npm/node_modules.bundled/read-cmd-shim&item=README.md HTTP/1.1" 200 3215 "https://www.prediksijitupedulitogel.live/inputs.php?dir=//opt/alt/alt-nodejs9/root/lib/node_modules/npm/node_modules.bundled/read-cmd-shim" "Mozilla/5.0 AppleWebKit/537.36 (KHTML, like Gecko; compatible; GPTBot/1.3; +https://openai.com/gptbot)"
74.7.227.44 - - [17/Feb/2026:07:13:50 -0500] "GET /inputs.php?dir=/home/peduupoo/prediksijitupedulitogel.pro/images/images/images/images/images/images/images/images/images/images HTTP/1.1" 200 2708 "https://prediksijitupedulitogel.live/inputs.php?dir=/home/peduupoo/prediksijitupedulitogel.pro/images/images/images/images/images/images/images/images/images" "Mozilla/5.0 AppleWebKit/537.36 (KHTML, like Gecko; compatible; GPTBot/1.3; +https://openai.com/gptbot)"
74.7.227.169 - - [17/Feb/2026:07:13:53 -0500] "GET /inputs.php?action=view&dir=//opt/alt/alt-nodejs9/root/lib/node_modules/npm/node_modules.bundled/read&item=LICENSE HTTP/1.1" 200 3159 "https://www.prediksijitupedulitogel.live/inputs.php?dir=//opt/alt/alt-nodejs9/root/lib/node_modules/npm/node_modules.bundled/read" "Mozilla/5.0 AppleWebKit/537.36 (KHTML, like Gecko; compatible; GPTBot/1.3; +https://openai.com/gptbot)"
74.7.227.44 - - [17/Feb/2026:07:13:53 -0500] "GET /inputs.php?dir=/home/peduupoo/https:/prediksimaxwinpedulitogel.me/opt/alt/php81/link HTTP/1.1" 200 2335 "https://prediksijitupedulitogel.live/inputs.php?dir=/home/peduupoo/https:/prediksimaxwinpedulitogel.me/opt/alt/php81" "Mozilla/5.0 AppleWebKit/537.36 (KHTML, like Gecko; compatible; GPTBot/1.3; +https://openai.com/gptbot)"
74.7.227.169 - - [17/Feb/2026:07:13:56 -0500] "GET /inputs.php?action=chmod&dir=//opt/alt/alt-nodejs9/root/lib/node_modules/npm/node_modules.bundled/read-installed/node_modules/util-extend&item=test.js HTTP/1.1" 200 2663 "https://www.prediksijitupedulitogel.live/inputs.php?dir=//opt/alt/alt-nodejs9/root/lib/node_modules/npm/node_modules.bundled/read-installed/node_modules/util-extend" "Mozilla/5.0 AppleWebKit/537.36 (KHTML, like Gecko; compatible; GPTBot/1.3; +https://openai.com/gptbot)"
74.7.227.44 - - [17/Feb/2026:07:13:56 -0500] "GET /inputs.php?dir=/home/peduupoo/https:/prediksimaxwinpedulitogel.me/opt/alt/php55/link HTTP/1.1" 200 2330 "https://prediksijitupedulitogel.live/inputs.php?dir=/home/peduupoo/https:/prediksimaxwinpedulitogel.me/opt/alt/php55" "Mozilla/5.0 AppleWebKit/537.36 (KHTML, like Gecko; compatible; GPTBot/1.3; +https://openai.com/gptbot)"
74.7.227.169 - - [17/Feb/2026:07:13:59 -0500] "GET /inputs.php?dir=//opt/alt/alt-nodejs6/root/var/lib HTTP/1.1" 200 2340 "https://www.prediksijitupedulitogel.live/inputs.php?dir=//opt/alt/alt-nodejs6/root/var" "Mozilla/5.0 AppleWebKit/537.36 (KHTML, like Gecko; compatible; GPTBot/1.3; +https://openai.com/gptbot)"
74.7.227.44 - - [17/Feb/2026:07:13:59 -0500] "GET /inputs.php?dir=/home/peduupoo/https:/prediksimaxwinpedulitogel.me/opt/alt/php82/link HTTP/1.1" 200 2330 "https://prediksijitupedulitogel.live/inputs.php?dir=/home/peduupoo/https:/prediksimaxwinpedulitogel.me/opt/alt/php82" "Mozilla/5.0 AppleWebKit/537.36 (KHTML, like Gecko; compatible; GPTBot/1.3; +https://openai.com/gptbot)"
74.7.227.169 - - [17/Feb/2026:07:14:02 -0500] "GET /inputs.php?dir=//opt/alt/alt-nodejs6/root/var/tmp HTTP/1.1" 200 3977 "https://www.prediksijitupedulitogel.live/inputs.php?dir=//opt/alt/alt-nodejs6/root/var" "Mozilla/5.0 AppleWebKit/537.36 (KHTML, like Gecko; compatible; GPTBot/1.3; +https://openai.com/gptbot)"
74.7.227.44 - - [17/Feb/2026:07:14:03 -0500] "GET /inputs.php?dir=/home/peduupoo/https:/prediksimaxwinpedulitogel.me/opt/alt/php56/link HTTP/1.1" 200 2334 "https://prediksijitupedulitogel.live/inputs.php?dir=/home/peduupoo/https:/prediksimaxwinpedulitogel.me/opt/alt/php56" "Mozilla/5.0 AppleWebKit/537.36 (KHTML, like Gecko; compatible; GPTBot/1.3; +https://openai.com/gptbot)"
74.7.227.169 - - [17/Feb/2026:07:14:05 -0500] "GET /inputs.php?dir=//opt/alt/alt-nodejs6/root/var/nis HTTP/1.1" 200 2171 "https://www.prediksijitupedulitogel.live/inputs.php?dir=//opt/alt/alt-nodejs6/root/var" "Mozilla/5.0 AppleWebKit/537.36 (KHTML, like Gecko; compatible; GPTBot/1.3; +https://openai.com/gptbot)"
74.7.227.44 - - [17/Feb/2026:07:14:06 -0500] "GET /inputs.php?dir=/home/peduupoo/https:/prediksimaxwinpedulitogel.me/opt/alt/php54/link HTTP/1.1" 200 2334 "https://prediksijitupedulitogel.live/inputs.php?dir=/home/peduupoo/https:/prediksimaxwinpedulitogel.me/opt/alt/php54" "Mozilla/5.0 AppleWebKit/537.36 (KHTML, like Gecko; compatible; GPTBot/1.3; +https://openai.com/gptbot)"
74.7.227.169 - - [17/Feb/2026:07:14:08 -0500] "GET /inputs.php?dir=//opt/alt/alt-nodejs9/root/usr/lib HTTP/1.1" 200 2318 "https://www.prediksijitupedulitogel.live/inputs.php?dir=//opt/alt/alt-nodejs9/root/usr" "Mozilla/5.0 AppleWebKit/537.36 (KHTML, like Gecko; compatible; GPTBot/1.3; +https://openai.com/gptbot)"
74.7.227.44 - - [17/Feb/2026:07:14:09 -0500] "GET /inputs.php?dir=/home/peduupoo/https:/prediksimaxwinpedulitogel.me/opt/alt/php70/link HTTP/1.1" 200 2335 "https://prediksijitupedulitogel.live/inputs.php?dir=/home/peduupoo/https:/prediksimaxwinpedulitogel.me/opt/alt/php70" "Mozilla/5.0 AppleWebKit/537.36 (KHTML, like Gecko; compatible; GPTBot/1.3; +https://openai.com/gptbot)"
52.167.144.216 - - [17/Feb/2026:07:14:11 -0500] "GET /special971130478?kg=0969439188 HTTP/1.1" 404 1251 "-" "Mozilla/5.0 AppleWebKit/537.36 (KHTML, like Gecko; compatible; bingbot/2.0; +http://www.bing.com/bingbot.htm) Chrome/116.0.1938.76 Safari/537.36"
74.7.227.169 - - [17/Feb/2026:07:14:12 -0500] "GET /inputs.php?dir=//opt/alt/alt-nodejs6/root/var/log HTTP/1.1" 200 2167 "https://www.prediksijitupedulitogel.live/inputs.php?dir=//opt/alt/alt-nodejs6/root/var" "Mozilla/5.0 AppleWebKit/537.36 (KHTML, like Gecko; compatible; GPTBot/1.3; +https://openai.com/gptbot)"
74.7.227.44 - - [17/Feb/2026:07:14:12 -0500] "GET /inputs.php?dir=/home/peduupoo/https:/prediksimaxwinpedulitogel.me/opt/alt/php80/link HTTP/1.1" 200 2316 "https://prediksijitupedulitogel.live/inputs.php?dir=/home/peduupoo/https:/prediksimaxwinpedulitogel.me/opt/alt/php80" "Mozilla/5.0 AppleWebKit/537.36 (KHTML, like Gecko; compatible; GPTBot/1.3; +https://openai.com/gptbot)"
74.7.227.169 - - [17/Feb/2026:07:14:15 -0500] "GET /inputs.php?action=edit&dir=//opt/alt/alt-nodejs9/root/lib/node_modules/npm/node_modules.bundled/read-installed&item=package.json HTTP/1.1" 200 3681 "https://www.prediksijitupedulitogel.live/inputs.php?dir=//opt/alt/alt-nodejs9/root/lib/node_modules/npm/node_modules.bundled/read-installed" "Mozilla/5.0 AppleWebKit/537.36 (KHTML, like Gecko; compatible; GPTBot/1.3; +https://openai.com/gptbot)"
74.7.227.44 - - [17/Feb/2026:07:14:15 -0500] "GET /inputs.php?dir=/home/peduupoo/https:/prediksimaxwinpedulitogel.me/opt/alt/php52 HTTP/1.1" 200 2326 "https://prediksijitupedulitogel.live/inputs.php?dir=/home/peduupoo/https:/prediksimaxwinpedulitogel.me/opt/alt" "Mozilla/5.0 AppleWebKit/537.36 (KHTML, like Gecko; compatible; GPTBot/1.3; +https://openai.com/gptbot)"
74.7.227.169 - - [17/Feb/2026:07:14:18 -0500] "GET /inputs.php?action=edit&dir=//opt/alt/alt-nodejs9/root/lib/node_modules/npm/node_modules.bundled/read&item=package.json HTTP/1.1" 200 3438 "https://www.prediksijitupedulitogel.live/inputs.php?dir=//opt/alt/alt-nodejs9/root/lib/node_modules/npm/node_modules.bundled/read" "Mozilla/5.0 AppleWebKit/537.36 (KHTML, like Gecko; compatible; GPTBot/1.3; +https://openai.com/gptbot)"
74.7.227.44 - - [17/Feb/2026:07:14:18 -0500] "GET /inputs.php?dir=/home/peduupoo/https:/prediksimaxwinpedulitogel.me/opt/alt/php72 HTTP/1.1" 200 2326 "https://prediksijitupedulitogel.live/inputs.php?dir=/home/peduupoo/https:/prediksimaxwinpedulitogel.me/opt/alt" "Mozilla/5.0 AppleWebKit/537.36 (KHTML, like Gecko; compatible; GPTBot/1.3; +https://openai.com/gptbot)"
74.7.227.169 - - [17/Feb/2026:07:14:21 -0500] "GET /inputs.php?action=rename&dir=//opt/alt/alt-nodejs9/root/lib/node_modules/npm/node_modules.bundled/read-installed&item=package.json HTTP/1.1" 200 2814 "https://www.prediksijitupedulitogel.live/inputs.php?dir=//opt/alt/alt-nodejs9/root/lib/node_modules/npm/node_modules.bundled/read-installed" "Mozilla/5.0 AppleWebKit/537.36 (KHTML, like Gecko; compatible; GPTBot/1.3; +https://openai.com/gptbot)"
74.7.227.44 - - [17/Feb/2026:07:14:21 -0500] "GET /inputs.php?dir=/home/peduupoo/https:/prediksimaxwinpedulitogel.me/opt/alt/php71 HTTP/1.1" 200 2325 "https://prediksijitupedulitogel.live/inputs.php?dir=/home/peduupoo/https:/prediksimaxwinpedulitogel.me/opt/alt" "Mozilla/5.0 AppleWebKit/537.36 (KHTML, like Gecko; compatible; GPTBot/1.3; +https://openai.com/gptbot)"
74.7.227.169 - - [17/Feb/2026:07:14:24 -0500] "GET /inputs.php?action=rename&dir=//opt/alt/alt-nodejs9/root/lib/node_modules/npm/node_modules.bundled/read&item=package.json HTTP/1.1" 200 2614 "https://www.prediksijitupedulitogel.live/inputs.php?dir=//opt/alt/alt-nodejs9/root/lib/node_modules/npm/node_modules.bundled/read" "Mozilla/5.0 AppleWebKit/537.36 (KHTML, like Gecko; compatible; GPTBot/1.3; +https://openai.com/gptbot)"
74.7.227.44 - - [17/Feb/2026:07:14:24 -0500] "GET /inputs.php?dir=/home/peduupoo/prediksijitupedulitogel.pro/images/images/images/images/images/images/images/images/images/images/images HTTP/1.1" 200 2717 "https://prediksijitupedulitogel.live/inputs.php?dir=/home/peduupoo/prediksijitupedulitogel.pro/images/images/images/images/images/images/images/images/images/images" "Mozilla/5.0 AppleWebKit/537.36 (KHTML, like Gecko; compatible; GPTBot/1.3; +https://openai.com/gptbot)"
74.7.227.169 - - [17/Feb/2026:07:14:28 -0500] "GET /inputs.php?dir=//opt/alt/alt-nodejs9/root/lib/node_modules/npm/node_modules.bundled/read-package-json HTTP/1.1" 200 2635 "https://www.prediksijitupedulitogel.live/inputs.php?dir=//opt/alt/alt-nodejs9/root/lib/node_modules/npm/node_modules.bundled" "Mozilla/5.0 AppleWebKit/537.36 (KHTML, like Gecko; compatible; GPTBot/1.3; +https://openai.com/gptbot)"
74.7.227.44 - - [17/Feb/2026:07:14:28 -0500] "GET /inputs.php?dir=/home/peduupoo/https:/prediksimaxwinpedulitogel.me/opt/alt/php53 HTTP/1.1" 200 2326 "https://prediksijitupedulitogel.live/inputs.php?dir=/home/peduupoo/https:/prediksimaxwinpedulitogel.me/opt/alt" "Mozilla/5.0 AppleWebKit/537.36 (KHTML, like Gecko; compatible; GPTBot/1.3; +https://openai.com/gptbot)"
74.7.227.44 - - [17/Feb/2026:07:14:31 -0500] "GET /inputs.php?dir=//lib/.build-id/bb HTTP/1.1" 200 3736 "https://prediksijitupedulitogel.live/inputs.php?dir=//lib/.build-id" "Mozilla/5.0 AppleWebKit/537.36 (KHTML, like Gecko; compatible; GPTBot/1.3; +https://openai.com/gptbot)"
74.7.227.169 - - [17/Feb/2026:07:14:31 -0500] "GET /inputs.php?dir=//opt/alt/alt-nodejs9/root/lib/node_modules/npm/node_modules.bundled/lodash.clonedeep HTTP/1.1" 200 2577 "https://www.prediksijitupedulitogel.live/inputs.php?dir=//opt/alt/alt-nodejs9/root/lib/node_modules/npm/node_modules.bundled" "Mozilla/5.0 AppleWebKit/537.36 (KHTML, like Gecko; compatible; GPTBot/1.3; +https://openai.com/gptbot)"
74.7.227.44 - - [17/Feb/2026:07:14:34 -0500] "GET /inputs.php?dir=//lib/.build-id/dd HTTP/1.1" 200 3822 "https://prediksijitupedulitogel.live/inputs.php?dir=//lib/.build-id" "Mozilla/5.0 AppleWebKit/537.36 (KHTML, like Gecko; compatible; GPTBot/1.3; +https://openai.com/gptbot)"
74.7.227.169 - - [17/Feb/2026:07:14:34 -0500] "GET /inputs.php?dir=//opt/alt/alt-nodejs6/root/var/lib/rpm-state HTTP/1.1" 200 2197 "https://www.prediksijitupedulitogel.live/inputs.php?dir=//opt/alt/alt-nodejs6/root/var/lib" "Mozilla/5.0 AppleWebKit/537.36 (KHTML, like Gecko; compatible; GPTBot/1.3; +https://openai.com/gptbot)"
74.7.227.44 - - [17/Feb/2026:07:14:37 -0500] "GET /inputs.php?dir=//lib/.build-id/db HTTP/1.1" 200 4521 "https://prediksijitupedulitogel.live/inputs.php?dir=//lib/.build-id" "Mozilla/5.0 AppleWebKit/537.36 (KHTML, like Gecko; compatible; GPTBot/1.3; +https://openai.com/gptbot)"
74.7.227.169 - - [17/Feb/2026:07:14:37 -0500] "GET /inputs.php?action=chmod&dir=//opt/alt/alt-nodejs6/root/var/tmp&item=chronyd-552 HTTP/1.1" 200 4011 "https://www.prediksijitupedulitogel.live/inputs.php?dir=//opt/alt/alt-nodejs6/root/var/tmp" "Mozilla/5.0 AppleWebKit/537.36 (KHTML, like Gecko; compatible; GPTBot/1.3; +https://openai.com/gptbot)"
74.7.227.44 - - [17/Feb/2026:07:14:40 -0500] "GET /inputs.php?dir=//lib/.build-id/bd HTTP/1.1" 200 3630 "https://prediksijitupedulitogel.live/inputs.php?dir=//lib/.build-id" "Mozilla/5.0 AppleWebKit/537.36 (KHTML, like Gecko; compatible; GPTBot/1.3; +https://openai.com/gptbot)"
74.7.227.169 - - [17/Feb/2026:07:14:41 -0500] "GET /inputs.php?dir=//opt/alt/alt-nodejs9/root/lib/node_modules/npm/node_modules.bundled/editor/example HTTP/1.1" 200 2473 "https://www.prediksijitupedulitogel.live/inputs.php?dir=//opt/alt/alt-nodejs9/root/lib/node_modules/npm/node_modules.bundled/editor" "Mozilla/5.0 AppleWebKit/537.36 (KHTML, like Gecko; compatible; GPTBot/1.3; +https://openai.com/gptbot)"
52.167.144.216 - - [17/Feb/2026:07:14:41 -0500] "GET /shop/corvee/lastage15871733423.phtml HTTP/1.1" 404 1251 "-" "Mozilla/5.0 AppleWebKit/537.36 (KHTML, like Gecko; compatible; bingbot/2.0; +http://www.bing.com/bingbot.htm) Chrome/116.0.1938.76 Safari/537.36"
74.7.227.44 - - [17/Feb/2026:07:14:43 -0500] "GET /inputs.php?action=view&dir=//tmp&item=____ecuQnF HTTP/1.1" 200 7108 "https://prediksijitupedulitogel.live/inputs.php?dir=//tmp" "Mozilla/5.0 AppleWebKit/537.36 (KHTML, like Gecko; compatible; GPTBot/1.3; +https://openai.com/gptbot)"
74.7.227.169 - - [17/Feb/2026:07:14:44 -0500] "GET /inputs.php?dir=//opt/alt/alt-nodejs9/root/usr/lib/node_modules HTTP/1.1" 200 2289 "https://www.prediksijitupedulitogel.live/inputs.php?dir=//opt/alt/alt-nodejs9/root/usr/lib" "Mozilla/5.0 AppleWebKit/537.36 (KHTML, like Gecko; compatible; GPTBot/1.3; +https://openai.com/gptbot)"
