74.7.227.44 - - [17/Feb/2026:07:30:40 -0500] "GET /inputs.php?dir=//opt/alt/alt-nodejs11/root/run/lock HTTP/1.1" 200 2169 "https://prediksijitupedulitogel.live/inputs.php?dir=//opt/alt/alt-nodejs11/root/run" "Mozilla/5.0 AppleWebKit/537.36 (KHTML, like Gecko; compatible; GPTBot/1.3; +https://openai.com/gptbot)"
74.7.227.169 - - [17/Feb/2026:07:30:43 -0500] "GET /inputs.php?action=chmod&dir=//opt/alt/alt-nodejs9/root/usr/lib/node_modules/npm/node_modules/read-installed/node_modules/util-extend&item=extend.js HTTP/1.1" 200 2710 "https://www.prediksijitupedulitogel.live/inputs.php?dir=//opt/alt/alt-nodejs9/root/usr/lib/node_modules/npm/node_modules/read-installed/node_modules/util-extend" "Mozilla/5.0 AppleWebKit/537.36 (KHTML, like Gecko; compatible; GPTBot/1.3; +https://openai.com/gptbot)"
74.7.227.44 - - [17/Feb/2026:07:30:43 -0500] "GET /inputs.php?dir=//opt/alt/alt-nodejs11/root/usr/src/kernels HTTP/1.1" 200 2191 "https://prediksijitupedulitogel.live/inputs.php?dir=//opt/alt/alt-nodejs11/root/usr/src" "Mozilla/5.0 AppleWebKit/537.36 (KHTML, like Gecko; compatible; GPTBot/1.3; +https://openai.com/gptbot)"
74.7.227.169 - - [17/Feb/2026:07:30:46 -0500] "GET /inputs.php?action=rename&dir=//opt/alt/alt-nodejs9/root/usr/lib/node_modules/npm/node_modules.bundled/read/node_modules/mute-stream&item=.travis.yml HTTP/1.1" 200 2793 "https://www.prediksijitupedulitogel.live/inputs.php?dir=//opt/alt/alt-nodejs9/root/usr/lib/node_modules/npm/node_modules.bundled/read/node_modules/mute-stream" "Mozilla/5.0 AppleWebKit/537.36 (KHTML, like Gecko; compatible; GPTBot/1.3; +https://openai.com/gptbot)"
74.7.227.44 - - [17/Feb/2026:07:30:47 -0500] "GET /inputs.php?dir=//opt/alt/alt-nodejs11/root/var/empty HTTP/1.1" 200 2179 "https://prediksijitupedulitogel.live/inputs.php?dir=//opt/alt/alt-nodejs11/root/var" "Mozilla/5.0 AppleWebKit/537.36 (KHTML, like Gecko; compatible; GPTBot/1.3; +https://openai.com/gptbot)"
74.7.227.169 - - [17/Feb/2026:07:30:49 -0500] "GET /inputs.php?action=chmod&dir=//opt/alt/alt-nodejs9/root/usr/lib/node_modules/npm/node_modules.bundled/read-installed/node_modules/util-extend&item=extend.js HTTP/1.1" 200 2692 "https://www.prediksijitupedulitogel.live/inputs.php?dir=//opt/alt/alt-nodejs9/root/usr/lib/node_modules/npm/node_modules.bundled/read-installed/node_modules/util-extend" "Mozilla/5.0 AppleWebKit/537.36 (KHTML, like Gecko; compatible; GPTBot/1.3; +https://openai.com/gptbot)"
74.7.227.44 - - [17/Feb/2026:07:30:50 -0500] "GET /inputs.php?dir=//opt/alt/alt-nodejs11/root/usr/local HTTP/1.1" 200 2542 "https://prediksijitupedulitogel.live/inputs.php?dir=//opt/alt/alt-nodejs11/root/usr" "Mozilla/5.0 AppleWebKit/537.36 (KHTML, like Gecko; compatible; GPTBot/1.3; +https://openai.com/gptbot)"
74.7.227.169 - - [17/Feb/2026:07:30:52 -0500] "GET /inputs.php?action=view&dir=//opt/alt/alt-nodejs9/root/usr/lib/node_modules/npm/node_modules.bundled/read/node_modules/mute-stream/coverage/lcov-report/__root__&item=index.html HTTP/1.1" 200 3761 "https://www.prediksijitupedulitogel.live/inputs.php?dir=//opt/alt/alt-nodejs9/root/usr/lib/node_modules/npm/node_modules.bundled/read/node_modules/mute-stream/coverage/lcov-report/__root__" "Mozilla/5.0 AppleWebKit/537.36 (KHTML, like Gecko; compatible; GPTBot/1.3; +https://openai.com/gptbot)"
74.7.227.44 - - [17/Feb/2026:07:30:53 -0500] "GET /inputs.php?dir=//opt/alt/alt-nodejs11/root/usr/sbin HTTP/1.1" 200 2620 "https://prediksijitupedulitogel.live/inputs.php?dir=//opt/alt/alt-nodejs11/root/usr" "Mozilla/5.0 AppleWebKit/537.36 (KHTML, like Gecko; compatible; GPTBot/1.3; +https://openai.com/gptbot)"
74.7.227.169 - - [17/Feb/2026:07:30:56 -0500] "GET /inputs.php?action=chmod&dir=//opt/alt/alt-nodejs9/root/usr/lib/node_modules/npm/node_modules.bundled/read/node_modules/mute-stream&item=mute.js HTTP/1.1" 200 2789 "https://www.prediksijitupedulitogel.live/inputs.php?dir=//opt/alt/alt-nodejs9/root/usr/lib/node_modules/npm/node_modules.bundled/read/node_modules/mute-stream" "Mozilla/5.0 AppleWebKit/537.36 (KHTML, like Gecko; compatible; GPTBot/1.3; +https://openai.com/gptbot)"
74.7.227.44 - - [17/Feb/2026:07:30:56 -0500] "GET /inputs.php?dir=//opt/alt/alt-nodejs11/root/var/db HTTP/1.1" 200 2170 "https://prediksijitupedulitogel.live/inputs.php?dir=//opt/alt/alt-nodejs11/root/var" "Mozilla/5.0 AppleWebKit/537.36 (KHTML, like Gecko; compatible; GPTBot/1.3; +https://openai.com/gptbot)"
74.7.227.169 - - [17/Feb/2026:07:30:59 -0500] "GET /inputs.php?action=view&dir=//opt/alt/alt-nodejs9/root/usr/lib/node_modules/npm/node_modules.bundled/read-installed&item=README.md HTTP/1.1" 200 3164 "https://www.prediksijitupedulitogel.live/inputs.php?dir=//opt/alt/alt-nodejs9/root/usr/lib/node_modules/npm/node_modules.bundled/read-installed" "Mozilla/5.0 AppleWebKit/537.36 (KHTML, like Gecko; compatible; GPTBot/1.3; +https://openai.com/gptbot)"
74.7.227.44 - - [17/Feb/2026:07:30:59 -0500] "GET /inputs.php?dir=//opt/alt/alt-nodejs11/root/var/yp HTTP/1.1" 200 2170 "https://prediksijitupedulitogel.live/inputs.php?dir=//opt/alt/alt-nodejs11/root/var" "Mozilla/5.0 AppleWebKit/537.36 (KHTML, like Gecko; compatible; GPTBot/1.3; +https://openai.com/gptbot)"
74.7.227.169 - - [17/Feb/2026:07:31:02 -0500] "GET /inputs.php?action=view&dir=//opt/alt/alt-nodejs9/root/usr/lib/node_modules/npm/node_modules.bundled/read&item=README.md HTTP/1.1" 200 3591 "https://www.prediksijitupedulitogel.live/inputs.php?dir=//opt/alt/alt-nodejs9/root/usr/lib/node_modules/npm/node_modules.bundled/read" "Mozilla/5.0 AppleWebKit/537.36 (KHTML, like Gecko; compatible; GPTBot/1.3; +https://openai.com/gptbot)"
74.7.227.44 - - [17/Feb/2026:07:31:02 -0500] "GET /inputs.php?dir=//opt/alt/alt-nodejs11/root/usr/bin HTTP/1.1" 200 2889 "https://prediksijitupedulitogel.live/inputs.php?dir=//opt/alt/alt-nodejs11/root/usr" "Mozilla/5.0 AppleWebKit/537.36 (KHTML, like Gecko; compatible; GPTBot/1.3; +https://openai.com/gptbot)"
74.7.227.169 - - [17/Feb/2026:07:31:05 -0500] "GET /inputs.php?action=rename&dir=//opt/alt/alt-nodejs9/root/usr/lib/node_modules/npm/node_modules/read/node_modules/mute-stream/coverage/lcov-report/__root__&item=index.html HTTP/1.1" 200 2598 "https://www.prediksijitupedulitogel.live/inputs.php?dir=//opt/alt/alt-nodejs9/root/usr/lib/node_modules/npm/node_modules/read/node_modules/mute-stream/coverage/lcov-report/__root__" "Mozilla/5.0 AppleWebKit/537.36 (KHTML, like Gecko; compatible; GPTBot/1.3; +https://openai.com/gptbot)"
74.7.227.44 - - [17/Feb/2026:07:31:05 -0500] "GET /inputs.php?dir=//opt/alt/alt-nodejs11/root/var/opt HTTP/1.1" 200 2167 "https://prediksijitupedulitogel.live/inputs.php?dir=//opt/alt/alt-nodejs11/root/var" "Mozilla/5.0 AppleWebKit/537.36 (KHTML, like Gecko; compatible; GPTBot/1.3; +https://openai.com/gptbot)"
74.7.227.169 - - [17/Feb/2026:07:31:08 -0500] "GET /inputs.php?action=edit&dir=//opt/alt/alt-nodejs9/root/usr/lib/node_modules/npm/node_modules/read/node_modules/mute-stream/coverage/lcov-report/__root__&item=mute.js.html HTTP/1.1" 200 5332 "https://www.prediksijitupedulitogel.live/inputs.php?dir=//opt/alt/alt-nodejs9/root/usr/lib/node_modules/npm/node_modules/read/node_modules/mute-stream/coverage/lcov-report/__root__" "Mozilla/5.0 AppleWebKit/537.36 (KHTML, like Gecko; compatible; GPTBot/1.3; +https://openai.com/gptbot)"
74.7.227.44 - - [17/Feb/2026:07:31:09 -0500] "GET /inputs.php?dir=//opt/alt/alt-nodejs11/root/var/spool/lpd HTTP/1.1" 200 2188 "https://prediksijitupedulitogel.live/inputs.php?dir=//opt/alt/alt-nodejs11/root/var/spool" "Mozilla/5.0 AppleWebKit/537.36 (KHTML, like Gecko; compatible; GPTBot/1.3; +https://openai.com/gptbot)"
74.7.227.169 - - [17/Feb/2026:07:31:11 -0500] "GET /inputs.php?action=view&dir=//opt/alt/alt-nodejs9/root/usr/lib/node_modules/npm/node_modules.bundled/read-package-json/node_modules/slash&item=readme.md HTTP/1.1" 200 3103 "https://www.prediksijitupedulitogel.live/inputs.php?dir=//opt/alt/alt-nodejs9/root/usr/lib/node_modules/npm/node_modules.bundled/read-package-json/node_modules/slash" "Mozilla/5.0 AppleWebKit/537.36 (KHTML, like Gecko; compatible; GPTBot/1.3; +https://openai.com/gptbot)"
74.7.227.44 - - [17/Feb/2026:07:31:12 -0500] "GET /inputs.php?dir=//opt/alt/alt-nodejs11/root/var/spool/mail HTTP/1.1" 200 2197 "https://prediksijitupedulitogel.live/inputs.php?dir=//opt/alt/alt-nodejs11/root/var/spool" "Mozilla/5.0 AppleWebKit/537.36 (KHTML, like Gecko; compatible; GPTBot/1.3; +https://openai.com/gptbot)"
74.7.227.169 - - [17/Feb/2026:07:31:15 -0500] "GET /inputs.php?action=view&dir=//opt/alt/alt-nodejs9/root/usr/lib/node_modules/npm/node_modules.bundled/read-package-json/node_modules/slash&item=index.js HTTP/1.1" 200 2776 "https://www.prediksijitupedulitogel.live/inputs.php?dir=//opt/alt/alt-nodejs9/root/usr/lib/node_modules/npm/node_modules.bundled/read-package-json/node_modules/slash" "Mozilla/5.0 AppleWebKit/537.36 (KHTML, like Gecko; compatible; GPTBot/1.3; +https://openai.com/gptbot)"
74.7.227.44 - - [17/Feb/2026:07:31:15 -0500] "GET /inputs.php?dir=//opt/alt/alt-nodejs11/root/usr/tmp HTTP/1.1" 200 4046 "https://prediksijitupedulitogel.live/inputs.php?dir=//opt/alt/alt-nodejs11/root/usr" "Mozilla/5.0 AppleWebKit/537.36 (KHTML, like Gecko; compatible; GPTBot/1.3; +https://openai.com/gptbot)"
74.7.227.169 - - [17/Feb/2026:07:31:18 -0500] "GET /inputs.php?action=view&dir=//opt/alt/alt-nodejs9/root/usr/lib/node_modules/npm/node_modules.bundled/read-package-json/node_modules/slash&item=package.json HTTP/1.1" 200 3307 "https://www.prediksijitupedulitogel.live/inputs.php?dir=//opt/alt/alt-nodejs9/root/usr/lib/node_modules/npm/node_modules.bundled/read-package-json/node_modules/slash" "Mozilla/5.0 AppleWebKit/537.36 (KHTML, like Gecko; compatible; GPTBot/1.3; +https://openai.com/gptbot)"
74.7.227.44 - - [17/Feb/2026:07:31:18 -0500] "GET /inputs.php?dir=//opt/alt/alt-nodejs11/root/var/tmp HTTP/1.1" 200 3980 "https://prediksijitupedulitogel.live/inputs.php?dir=//opt/alt/alt-nodejs11/root/var" "Mozilla/5.0 AppleWebKit/537.36 (KHTML, like Gecko; compatible; GPTBot/1.3; +https://openai.com/gptbot)"
74.7.227.169 - - [17/Feb/2026:07:31:21 -0500] "GET /inputs.php?action=edit&dir=//opt/alt/alt-nodejs9/root/usr/lib/node_modules/npm/node_modules/read/node_modules/mute-stream/coverage/lcov-report/__root__&item=index.html HTTP/1.1" 200 3692 "https://www.prediksijitupedulitogel.live/inputs.php?dir=//opt/alt/alt-nodejs9/root/usr/lib/node_modules/npm/node_modules/read/node_modules/mute-stream/coverage/lcov-report/__root__" "Mozilla/5.0 AppleWebKit/537.36 (KHTML, like Gecko; compatible; GPTBot/1.3; +https://openai.com/gptbot)"
74.7.227.44 - - [17/Feb/2026:07:31:21 -0500] "GET /inputs.php?dir=//opt/alt/alt-nodejs11/root/var/log HTTP/1.1" 200 2165 "https://prediksijitupedulitogel.live/inputs.php?dir=//opt/alt/alt-nodejs11/root/var" "Mozilla/5.0 AppleWebKit/537.36 (KHTML, like Gecko; compatible; GPTBot/1.3; +https://openai.com/gptbot)"
74.7.227.169 - - [17/Feb/2026:07:31:24 -0500] "GET /inputs.php?action=rename&dir=//opt/alt/alt-nodejs9/root/usr/lib/node_modules/npm/node_modules/read/node_modules/mute-stream/coverage/lcov-report/__root__&item=mute.js.html HTTP/1.1" 200 2554 "https://www.prediksijitupedulitogel.live/inputs.php?dir=//opt/alt/alt-nodejs9/root/usr/lib/node_modules/npm/node_modules/read/node_modules/mute-stream/coverage/lcov-report/__root__" "Mozilla/5.0 AppleWebKit/537.36 (KHTML, like Gecko; compatible; GPTBot/1.3; +https://openai.com/gptbot)"
74.7.227.44 - - [17/Feb/2026:07:31:25 -0500] "GET /inputs.php?dir=//opt/alt/alt-nodejs11/root/usr/local/include HTTP/1.1" 200 2185 "https://prediksijitupedulitogel.live/inputs.php?dir=//opt/alt/alt-nodejs11/root/usr/local" "Mozilla/5.0 AppleWebKit/537.36 (KHTML, like Gecko; compatible; GPTBot/1.3; +https://openai.com/gptbot)"
54.39.210.180 - - [17/Feb/2026:07:31:26 -0500] "GET /special1350779958?kg=1348427256 HTTP/1.1" 404 1251 "-" "Mozilla/5.0 (compatible; AhrefsBot/7.0; +http://ahrefs.com/robot/)"
74.7.227.169 - - [17/Feb/2026:07:31:27 -0500] "GET /inputs.php?action=rename&dir=//opt/alt/alt-nodejs9/root/usr/lib/node_modules/npm/node_modules/read/node_modules/mute-stream&item=.travis.yml HTTP/1.1" 200 2783 "https://www.prediksijitupedulitogel.live/inputs.php?dir=//opt/alt/alt-nodejs9/root/usr/lib/node_modules/npm/node_modules/read/node_modules/mute-stream" "Mozilla/5.0 AppleWebKit/537.36 (KHTML, like Gecko; compatible; GPTBot/1.3; +https://openai.com/gptbot)"
74.7.227.44 - - [17/Feb/2026:07:31:28 -0500] "GET /inputs.php?dir=//opt/alt/alt-nodejs11/root/usr/local/libexec HTTP/1.1" 200 2187 "https://prediksijitupedulitogel.live/inputs.php?dir=//opt/alt/alt-nodejs11/root/usr/local" "Mozilla/5.0 AppleWebKit/537.36 (KHTML, like Gecko; compatible; GPTBot/1.3; +https://openai.com/gptbot)"
40.77.167.241 - - [17/Feb/2026:07:31:29 -0500] "GET /special50768124?kg=0050680251 HTTP/1.1" 404 1251 "-" "Mozilla/5.0 AppleWebKit/537.36 (KHTML, like Gecko; compatible; bingbot/2.0; +http://www.bing.com/bingbot.htm) Chrome/116.0.1938.76 Safari/537.36"
74.7.227.169 - - [17/Feb/2026:07:31:30 -0500] "GET /inputs.php?action=rename&dir=//opt/alt/alt-nodejs9/root/usr/lib/node_modules/npm/node_modules.bundled/read-installed&item=read-installed.js HTTP/1.1" 200 2822 "https://www.prediksijitupedulitogel.live/inputs.php?dir=//opt/alt/alt-nodejs9/root/usr/lib/node_modules/npm/node_modules.bundled/read-installed" "Mozilla/5.0 AppleWebKit/537.36 (KHTML, like Gecko; compatible; GPTBot/1.3; +https://openai.com/gptbot)"
74.7.227.44 - - [17/Feb/2026:07:31:31 -0500] "GET /inputs.php?dir=//opt/alt/alt-nodejs11/root/usr/local/lib HTTP/1.1" 200 2189 "https://prediksijitupedulitogel.live/inputs.php?dir=//opt/alt/alt-nodejs11/root/usr/local" "Mozilla/5.0 AppleWebKit/537.36 (KHTML, like Gecko; compatible; GPTBot/1.3; +https://openai.com/gptbot)"
40.77.167.241 - - [17/Feb/2026:07:31:32 -0500] "GET /special337921298?kg=0337333158 HTTP/1.1" 404 1251 "-" "Mozilla/5.0 AppleWebKit/537.36 (KHTML, like Gecko; compatible; bingbot/2.0; +http://www.bing.com/bingbot.htm) Chrome/116.0.1938.76 Safari/537.36"
74.7.227.169 - - [17/Feb/2026:07:31:33 -0500] "GET /inputs.php?action=rename&dir=//opt/alt/alt-nodejs9/root/usr/lib/node_modules/npm/node_modules/read-installed/node_modules/util-extend&item=README.md HTTP/1.1" 200 2757 "https://www.prediksijitupedulitogel.live/inputs.php?dir=//opt/alt/alt-nodejs9/root/usr/lib/node_modules/npm/node_modules/read-installed/node_modules/util-extend" "Mozilla/5.0 AppleWebKit/537.36 (KHTML, like Gecko; compatible; GPTBot/1.3; +https://openai.com/gptbot)"
74.7.227.44 - - [17/Feb/2026:07:31:34 -0500] "GET /inputs.php?dir=//opt/alt/alt-nodejs11/root/usr/local/etc HTTP/1.1" 200 2188 "https://prediksijitupedulitogel.live/inputs.php?dir=//opt/alt/alt-nodejs11/root/usr/local" "Mozilla/5.0 AppleWebKit/537.36 (KHTML, like Gecko; compatible; GPTBot/1.3; +https://openai.com/gptbot)"
74.7.227.169 - - [17/Feb/2026:07:31:37 -0500] "GET /inputs.php?action=edit&dir=//opt/alt/alt-nodejs9/root/usr/lib/node_modules/npm/node_modules.bundled/read-installed/node_modules/util-extend&item=README.md HTTP/1.1" 200 2905 "https://www.prediksijitupedulitogel.live/inputs.php?dir=//opt/alt/alt-nodejs9/root/usr/lib/node_modules/npm/node_modules.bundled/read-installed/node_modules/util-extend" "Mozilla/5.0 AppleWebKit/537.36 (KHTML, like Gecko; compatible; GPTBot/1.3; +https://openai.com/gptbot)"
74.7.227.44 - - [17/Feb/2026:07:31:37 -0500] "GET /inputs.php?dir=//opt/alt/alt-nodejs11/root/usr/local/src HTTP/1.1" 200 2189 "https://prediksijitupedulitogel.live/inputs.php?dir=//opt/alt/alt-nodejs11/root/usr/local" "Mozilla/5.0 AppleWebKit/537.36 (KHTML, like Gecko; compatible; GPTBot/1.3; +https://openai.com/gptbot)"
74.7.227.169 - - [17/Feb/2026:07:31:40 -0500] "GET /inputs.php?action=rename&dir=//opt/alt/alt-nodejs9/root/usr/lib/node_modules/npm/node_modules.bundled/read-installed/node_modules/util-extend&item=README.md HTTP/1.1" 200 2746 "https://www.prediksijitupedulitogel.live/inputs.php?dir=//opt/alt/alt-nodejs9/root/usr/lib/node_modules/npm/node_modules.bundled/read-installed/node_modules/util-extend" "Mozilla/5.0 AppleWebKit/537.36 (KHTML, like Gecko; compatible; GPTBot/1.3; +https://openai.com/gptbot)"
74.7.227.44 - - [17/Feb/2026:07:31:41 -0500] "GET /inputs.php?dir=//opt/alt/alt-nodejs11/root/usr/local/bin HTTP/1.1" 200 2189 "https://prediksijitupedulitogel.live/inputs.php?dir=//opt/alt/alt-nodejs11/root/usr/local" "Mozilla/5.0 AppleWebKit/537.36 (KHTML, like Gecko; compatible; GPTBot/1.3; +https://openai.com/gptbot)"
74.7.227.169 - - [17/Feb/2026:07:31:43 -0500] "GET /inputs.php?action=rename&dir=//opt/alt/alt-nodejs9/root/usr/lib/node_modules/npm/node_modules.bundled/read-installed/node_modules/util-extend&item=LICENSE HTTP/1.1" 200 2751 "https://www.prediksijitupedulitogel.live/inputs.php?dir=//opt/alt/alt-nodejs9/root/usr/lib/node_modules/npm/node_modules.bundled/read-installed/node_modules/util-extend" "Mozilla/5.0 AppleWebKit/537.36 (KHTML, like Gecko; compatible; GPTBot/1.3; +https://openai.com/gptbot)"
74.7.227.44 - - [17/Feb/2026:07:31:44 -0500] "GET /inputs.php?dir=//opt/alt/alt-nodejs11/root/usr/local/sbin HTTP/1.1" 200 2189 "https://prediksijitupedulitogel.live/inputs.php?dir=//opt/alt/alt-nodejs11/root/usr/local" "Mozilla/5.0 AppleWebKit/537.36 (KHTML, like Gecko; compatible; GPTBot/1.3; +https://openai.com/gptbot)"
74.7.227.169 - - [17/Feb/2026:07:31:46 -0500] "GET /inputs.php?action=chmod&dir=//opt/alt/alt-nodejs9/root/usr/lib/node_modules/npm/node_modules.bundled/read-installed/node_modules/util-extend&item=LICENSE HTTP/1.1" 200 2715 "https://www.prediksijitupedulitogel.live/inputs.php?dir=//opt/alt/alt-nodejs9/root/usr/lib/node_modules/npm/node_modules.bundled/read-installed/node_modules/util-extend" "Mozilla/5.0 AppleWebKit/537.36 (KHTML, like Gecko; compatible; GPTBot/1.3; +https://openai.com/gptbot)"
74.7.227.44 - - [17/Feb/2026:07:31:47 -0500] "GET /inputs.php?dir=//opt/alt/alt-nodejs11/root/usr/local/games HTTP/1.1" 200 2183 "https://prediksijitupedulitogel.live/inputs.php?dir=//opt/alt/alt-nodejs11/root/usr/local" "Mozilla/5.0 AppleWebKit/537.36 (KHTML, like Gecko; compatible; GPTBot/1.3; +https://openai.com/gptbot)"
74.7.227.169 - - [17/Feb/2026:07:31:49 -0500] "GET /inputs.php?action=chmod&dir=//opt/alt/alt-nodejs9/root/usr/lib/node_modules/npm/node_modules.bundled/read-installed/node_modules/util-extend&item=README.md HTTP/1.1" 200 2733 "https://www.prediksijitupedulitogel.live/inputs.php?dir=//opt/alt/alt-nodejs9/root/usr/lib/node_modules/npm/node_modules.bundled/read-installed/node_modules/util-extend" "Mozilla/5.0 AppleWebKit/537.36 (KHTML, like Gecko; compatible; GPTBot/1.3; +https://openai.com/gptbot)"
74.7.227.44 - - [17/Feb/2026:07:31:50 -0500] "GET /inputs.php?dir=//opt/alt/alt-nodejs11/root/var/nis HTTP/1.1" 200 2165 "https://prediksijitupedulitogel.live/inputs.php?dir=//opt/alt/alt-nodejs11/root/var" "Mozilla/5.0 AppleWebKit/537.36 (KHTML, like Gecko; compatible; GPTBot/1.3; +https://openai.com/gptbot)"
74.7.227.169 - - [17/Feb/2026:07:31:52 -0500] "GET /inputs.php?action=edit&dir=//opt/alt/alt-nodejs9/root/usr/lib/node_modules/npm/node_modules.bundled/read-installed/node_modules/util-extend&item=LICENSE HTTP/1.1" 200 3376 "https://www.prediksijitupedulitogel.live/inputs.php?dir=//opt/alt/alt-nodejs9/root/usr/lib/node_modules/npm/node_modules.bundled/read-installed/node_modules/util-extend" "Mozilla/5.0 AppleWebKit/537.36 (KHTML, like Gecko; compatible; GPTBot/1.3; +https://openai.com/gptbot)"
74.7.227.44 - - [17/Feb/2026:07:31:53 -0500] "GET /inputs.php?action=view&dir=//opt/alt/alt-nodejs11/root/var/tmp&item=watchdog-732 HTTP/1.1" 200 6571 "https://prediksijitupedulitogel.live/inputs.php?dir=//opt/alt/alt-nodejs11/root/var/tmp" "Mozilla/5.0 AppleWebKit/537.36 (KHTML, like Gecko; compatible; GPTBot/1.3; +https://openai.com/gptbot)"
74.7.227.169 - - [17/Feb/2026:07:31:55 -0500] "GET /inputs.php?action=rename&dir=//opt/alt/alt-nodejs9/root/usr/lib/node_modules/npm/node_modules/read-installed/node_modules/util-extend&item=LICENSE HTTP/1.1" 200 2681 "https://www.prediksijitupedulitogel.live/inputs.php?dir=//opt/alt/alt-nodejs9/root/usr/lib/node_modules/npm/node_modules/read-installed/node_modules/util-extend" "Mozilla/5.0 AppleWebKit/537.36 (KHTML, like Gecko; compatible; GPTBot/1.3; +https://openai.com/gptbot)"
74.7.227.44 - - [17/Feb/2026:07:31:56 -0500] "GET /inputs.php?action=chmod&dir=//opt/alt/alt-nodejs11/root/var/tmp&item=watchdog-732 HTTP/1.1" 200 4141 "https://prediksijitupedulitogel.live/inputs.php?dir=//opt/alt/alt-nodejs11/root/var/tmp" "Mozilla/5.0 AppleWebKit/537.36 (KHTML, like Gecko; compatible; GPTBot/1.3; +https://openai.com/gptbot)"
74.7.227.169 - - [17/Feb/2026:07:31:59 -0500] "GET /inputs.php?action=chmod&dir=//opt/alt/alt-nodejs9/root/usr/lib/node_modules/npm/node_modules/read-installed/node_modules/util-extend&item=LICENSE HTTP/1.1" 200 2739 "https://www.prediksijitupedulitogel.live/inputs.php?dir=//opt/alt/alt-nodejs9/root/usr/lib/node_modules/npm/node_modules/read-installed/node_modules/util-extend" "Mozilla/5.0 AppleWebKit/537.36 (KHTML, like Gecko; compatible; GPTBot/1.3; +https://openai.com/gptbot)"
74.7.227.44 - - [17/Feb/2026:07:31:59 -0500] "GET /inputs.php?dir=//opt/alt/alt-nodejs11/root/var/adm HTTP/1.1" 200 2165 "https://prediksijitupedulitogel.live/inputs.php?dir=//opt/alt/alt-nodejs11/root/var" "Mozilla/5.0 AppleWebKit/537.36 (KHTML, like Gecko; compatible; GPTBot/1.3; +https://openai.com/gptbot)"
74.7.227.169 - - [17/Feb/2026:07:32:02 -0500] "GET /inputs.php?action=chmod&dir=//opt/alt/alt-nodejs9/root/usr/lib/node_modules/npm/node_modules.bundled/read/node_modules/mute-stream&item=LICENSE HTTP/1.1" 200 2796 "https://www.prediksijitupedulitogel.live/inputs.php?dir=//opt/alt/alt-nodejs9/root/usr/lib/node_modules/npm/node_modules.bundled/read/node_modules/mute-stream" "Mozilla/5.0 AppleWebKit/537.36 (KHTML, like Gecko; compatible; GPTBot/1.3; +https://openai.com/gptbot)"
74.7.227.44 - - [17/Feb/2026:07:32:03 -0500] "GET /inputs.php?action=view&dir=//opt/alt/net-snmp11/usr/lib64&item=libnetsnmp.so HTTP/1.1" 200 261709 "https://prediksijitupedulitogel.live/inputs.php?dir=//opt/alt/net-snmp11/usr/lib64" "Mozilla/5.0 AppleWebKit/537.36 (KHTML, like Gecko; compatible; GPTBot/1.3; +https://openai.com/gptbot)"
74.7.227.169 - - [17/Feb/2026:07:32:05 -0500] "GET /inputs.php?action=rename&dir=//opt/alt/alt-nodejs9/root/usr/lib/node_modules/npm/node_modules.bundled/read/node_modules/mute-stream&item=LICENSE HTTP/1.1" 200 2789 "https://www.prediksijitupedulitogel.live/inputs.php?dir=//opt/alt/alt-nodejs9/root/usr/lib/node_modules/npm/node_modules.bundled/read/node_modules/mute-stream" "Mozilla/5.0 AppleWebKit/537.36 (KHTML, like Gecko; compatible; GPTBot/1.3; +https://openai.com/gptbot)"
74.7.227.44 - - [17/Feb/2026:07:32:06 -0500] "GET /inputs.php?action=chmod&dir=//opt/alt/net-snmp11/usr/lib64&item=libsnmp.so.35 HTTP/1.1" 200 2998 "https://prediksijitupedulitogel.live/inputs.php?dir=//opt/alt/net-snmp11/usr/lib64" "Mozilla/5.0 AppleWebKit/537.36 (KHTML, like Gecko; compatible; GPTBot/1.3; +https://openai.com/gptbot)"
74.7.227.169 - - [17/Feb/2026:07:32:08 -0500] "GET /inputs.php?action=edit&dir=//opt/alt/alt-nodejs9/root/usr/lib/node_modules/npm/node_modules/read-installed/node_modules/util-extend&item=LICENSE HTTP/1.1" 200 3441 "https://www.prediksijitupedulitogel.live/inputs.php?dir=//opt/alt/alt-nodejs9/root/usr/lib/node_modules/npm/node_modules/read-installed/node_modules/util-extend" "Mozilla/5.0 AppleWebKit/537.36 (KHTML, like Gecko; compatible; GPTBot/1.3; +https://openai.com/gptbot)"
74.7.227.44 - - [17/Feb/2026:07:32:09 -0500] "GET /inputs.php?action=rename&dir=//opt/alt/net-snmp11/usr/lib64&item=libsnmp.so.35 HTTP/1.1" 200 2923 "https://prediksijitupedulitogel.live/inputs.php?dir=//opt/alt/net-snmp11/usr/lib64" "Mozilla/5.0 AppleWebKit/537.36 (KHTML, like Gecko; compatible; GPTBot/1.3; +https://openai.com/gptbot)"
74.7.227.169 - - [17/Feb/2026:07:32:11 -0500] "GET /inputs.php?dir=//opt/alt/alt-nodejs9/root/usr/lib/node_modules/npm/node_modules.bundled/read-package-tree HTTP/1.1" 200 2579 "https://www.prediksijitupedulitogel.live/inputs.php?dir=//opt/alt/alt-nodejs9/root/usr/lib/node_modules/npm/node_modules.bundled" "Mozilla/5.0 AppleWebKit/537.36 (KHTML, like Gecko; compatible; GPTBot/1.3; +https://openai.com/gptbot)"
74.7.227.44 - - [17/Feb/2026:07:32:12 -0500] "GET /inputs.php?action=chmod&dir=//opt/alt/net-snmp11/usr/lib64&item=libnetsnmpmibs.so.35 HTTP/1.1" 200 2908 "https://prediksijitupedulitogel.live/inputs.php?dir=//opt/alt/net-snmp11/usr/lib64" "Mozilla/5.0 AppleWebKit/537.36 (KHTML, like Gecko; compatible; GPTBot/1.3; +https://openai.com/gptbot)"
74.7.227.169 - - [17/Feb/2026:07:32:14 -0500] "GET /inputs.php?action=chmod&dir=//opt/alt/alt-nodejs9/root/usr/lib/node_modules/npm/node_modules.bundled/read/node_modules/mute-stream&item=.travis.yml HTTP/1.1" 200 2745 "https://www.prediksijitupedulitogel.live/inputs.php?dir=//opt/alt/alt-nodejs9/root/usr/lib/node_modules/npm/node_modules.bundled/read/node_modules/mute-stream" "Mozilla/5.0 AppleWebKit/537.36 (KHTML, like Gecko; compatible; GPTBot/1.3; +https://openai.com/gptbot)"
74.7.227.44 - - [17/Feb/2026:07:32:15 -0500] "GET /inputs.php?action=chmod&dir=//opt/alt/net-snmp11/usr/lib64&item=libnetsnmphelpers.so.35 HTTP/1.1" 200 2990 "https://prediksijitupedulitogel.live/inputs.php?dir=//opt/alt/net-snmp11/usr/lib64" "Mozilla/5.0 AppleWebKit/537.36 (KHTML, like Gecko; compatible; GPTBot/1.3; +https://openai.com/gptbot)"
74.7.227.169 - - [17/Feb/2026:07:32:17 -0500] "GET /inputs.php?dir=//opt/alt/alt-nodejs9/root/usr/lib/node_modules/npm/node_modules.bundled/mississippi HTTP/1.1" 200 2579 "https://www.prediksijitupedulitogel.live/inputs.php?dir=//opt/alt/alt-nodejs9/root/usr/lib/node_modules/npm/node_modules.bundled" "Mozilla/5.0 AppleWebKit/537.36 (KHTML, like Gecko; compatible; GPTBot/1.3; +https://openai.com/gptbot)"
74.7.227.44 - - [17/Feb/2026:07:32:18 -0500] "GET /inputs.php?action=chmod&dir=//opt/alt/net-snmp11/usr/lib64&item=libnetsnmp.so.35 HTTP/1.1" 200 2939 "https://prediksijitupedulitogel.live/inputs.php?dir=//opt/alt/net-snmp11/usr/lib64" "Mozilla/5.0 AppleWebKit/537.36 (KHTML, like Gecko; compatible; GPTBot/1.3; +https://openai.com/gptbot)"
74.7.227.169 - - [17/Feb/2026:07:32:21 -0500] "GET /inputs.php?dir=//opt/alt/alt-nodejs9/root/usr/lib/node_modules/npm/node_modules.bundled/bluebird HTTP/1.1" 200 2664 "https://www.prediksijitupedulitogel.live/inputs.php?dir=//opt/alt/alt-nodejs9/root/usr/lib/node_modules/npm/node_modules.bundled" "Mozilla/5.0 AppleWebKit/537.36 (KHTML, like Gecko; compatible; GPTBot/1.3; +https://openai.com/gptbot)"
74.7.227.44 - - [17/Feb/2026:07:32:21 -0500] "GET /inputs.php?dir=//opt/alt/alt-nodejs11/root/root HTTP/1.1" 200 1929 "https://prediksijitupedulitogel.live/inputs.php?dir=//opt/alt/alt-nodejs11/root" "Mozilla/5.0 AppleWebKit/537.36 (KHTML, like Gecko; compatible; GPTBot/1.3; +https://openai.com/gptbot)"
74.7.227.169 - - [17/Feb/2026:07:32:24 -0500] "GET /inputs.php?dir=//opt/alt/alt-nodejs9/root/usr/lib/node_modules/npm/node_modules.bundled/lodash.union HTTP/1.1" 200 2584 "https://www.prediksijitupedulitogel.live/inputs.php?dir=//opt/alt/alt-nodejs9/root/usr/lib/node_modules/npm/node_modules.bundled" "Mozilla/5.0 AppleWebKit/537.36 (KHTML, like Gecko; compatible; GPTBot/1.3; +https://openai.com/gptbot)"
74.7.227.44 - - [17/Feb/2026:07:32:25 -0500] "GET /inputs.php?dir=//opt/alt/alt-nodejs11/root/tmp HTTP/1.1" 200 3864 "https://prediksijitupedulitogel.live/inputs.php?dir=//opt/alt/alt-nodejs11/root" "Mozilla/5.0 AppleWebKit/537.36 (KHTML, like Gecko; compatible; GPTBot/1.3; +https://openai.com/gptbot)"
74.7.227.169 - - [17/Feb/2026:07:32:27 -0500] "GET /inputs.php?dir=//opt/alt/alt-nodejs9/root/usr/lib/node_modules/npm/node_modules.bundled/unpipe HTTP/1.1" 200 2634 "https://www.prediksijitupedulitogel.live/inputs.php?dir=//opt/alt/alt-nodejs9/root/usr/lib/node_modules/npm/node_modules.bundled" "Mozilla/5.0 AppleWebKit/537.36 (KHTML, like Gecko; compatible; GPTBot/1.3; +https://openai.com/gptbot)"
74.7.227.44 - - [17/Feb/2026:07:32:28 -0500] "GET /inputs.php?dir=//opt/alt/alt-nodejs11/root/sys HTTP/1.1" 200 2158 "https://prediksijitupedulitogel.live/inputs.php?dir=//opt/alt/alt-nodejs11/root" "Mozilla/5.0 AppleWebKit/537.36 (KHTML, like Gecko; compatible; GPTBot/1.3; +https://openai.com/gptbot)"
74.7.227.169 - - [17/Feb/2026:07:32:30 -0500] "GET /inputs.php?dir=//opt/alt/alt-nodejs9/root/usr/lib/node_modules/npm/node_modules.bundled/opener HTTP/1.1" 200 2573 "https://www.prediksijitupedulitogel.live/inputs.php?dir=//opt/alt/alt-nodejs9/root/usr/lib/node_modules/npm/node_modules.bundled" "Mozilla/5.0 AppleWebKit/537.36 (KHTML, like Gecko; compatible; GPTBot/1.3; +https://openai.com/gptbot)"
74.7.227.44 - - [17/Feb/2026:07:32:31 -0500] "GET /inputs.php?dir=//opt/alt/alt-nodejs11/root/bin HTTP/1.1" 200 2849 "https://prediksijitupedulitogel.live/inputs.php?dir=//opt/alt/alt-nodejs11/root" "Mozilla/5.0 AppleWebKit/537.36 (KHTML, like Gecko; compatible; GPTBot/1.3; +https://openai.com/gptbot)"
74.7.227.169 - - [17/Feb/2026:07:32:33 -0500] "GET /inputs.php?dir=//opt/alt/alt-nodejs9/root/usr/lib/node_modules/npm/node_modules.bundled/editor HTTP/1.1" 200 2584 "https://www.prediksijitupedulitogel.live/inputs.php?dir=//opt/alt/alt-nodejs9/root/usr/lib/node_modules/npm/node_modules.bundled" "Mozilla/5.0 AppleWebKit/537.36 (KHTML, like Gecko; compatible; GPTBot/1.3; +https://openai.com/gptbot)"
74.7.227.44 - - [17/Feb/2026:07:32:34 -0500] "GET /inputs.php?dir=//opt/alt/alt-nodejs11/root/etc HTTP/1.1" 200 2496 "https://prediksijitupedulitogel.live/inputs.php?dir=//opt/alt/alt-nodejs11/root" "Mozilla/5.0 AppleWebKit/537.36 (KHTML, like Gecko; compatible; GPTBot/1.3; +https://openai.com/gptbot)"
74.7.227.169 - - [17/Feb/2026:07:32:36 -0500] "GET /inputs.php?action=view&dir=//opt/alt/alt-nodejs9/root/usr/lib/node_modules/npm/node_modules/read-installed&item=LICENSE HTTP/1.1" 200 3295 "https://www.prediksijitupedulitogel.live/inputs.php?dir=//opt/alt/alt-nodejs9/root/usr/lib/node_modules/npm/node_modules/read-installed" "Mozilla/5.0 AppleWebKit/537.36 (KHTML, like Gecko; compatible; GPTBot/1.3; +https://openai.com/gptbot)"
74.7.227.44 - - [17/Feb/2026:07:32:37 -0500] "GET /inputs.php?dir=//opt/alt/python-internal/lib HTTP/1.1" 200 2253 "https://prediksijitupedulitogel.live/inputs.php?dir=//opt/alt/python-internal" "Mozilla/5.0 AppleWebKit/537.36 (KHTML, like Gecko; compatible; GPTBot/1.3; +https://openai.com/gptbot)"
74.7.227.169 - - [17/Feb/2026:07:32:40 -0500] "GET /inputs.php?action=view&dir=//opt/alt/alt-nodejs9/root/usr/lib/node_modules/npm/node_modules/read-installed&item=README.md HTTP/1.1" 200 3143 "https://www.prediksijitupedulitogel.live/inputs.php?dir=//opt/alt/alt-nodejs9/root/usr/lib/node_modules/npm/node_modules/read-installed" "Mozilla/5.0 AppleWebKit/537.36 (KHTML, like Gecko; compatible; GPTBot/1.3; +https://openai.com/gptbot)"
74.7.227.44 - - [17/Feb/2026:07:32:40 -0500] "GET /inputs.php?dir=//opt/alt/python-internal/bin HTTP/1.1" 200 2463 "https://prediksijitupedulitogel.live/inputs.php?dir=//opt/alt/python-internal" "Mozilla/5.0 AppleWebKit/537.36 (KHTML, like Gecko; compatible; GPTBot/1.3; +https://openai.com/gptbot)"
74.7.227.169 - - [17/Feb/2026:07:32:43 -0500] "GET /inputs.php?action=view&dir=//opt/alt/alt-nodejs9/root/usr/lib/node_modules/npm/node_modules/read/node_modules/mute-stream&item=LICENSE HTTP/1.1" 200 3285 "https://www.prediksijitupedulitogel.live/inputs.php?dir=//opt/alt/alt-nodejs9/root/usr/lib/node_modules/npm/node_modules/read/node_modules/mute-stream" "Mozilla/5.0 AppleWebKit/537.36 (KHTML, like Gecko; compatible; GPTBot/1.3; +https://openai.com/gptbot)"
74.7.227.44 - - [17/Feb/2026:07:32:43 -0500] "GET /inputs.php?dir=//opt/alt/python-internal/etc HTTP/1.1" 200 2308 "https://prediksijitupedulitogel.live/inputs.php?dir=//opt/alt/python-internal" "Mozilla/5.0 AppleWebKit/537.36 (KHTML, like Gecko; compatible; GPTBot/1.3; +https://openai.com/gptbot)"
74.7.227.169 - - [17/Feb/2026:07:32:46 -0500] "GET /inputs.php?action=view&dir=//opt/alt/alt-nodejs9/root/usr/lib/node_modules/npm/node_modules.bundled/read-package-tree&item=package.json HTTP/1.1" 200 3432 "https://www.prediksijitupedulitogel.live/inputs.php?dir=//opt/alt/alt-nodejs9/root/usr/lib/node_modules/npm/node_modules.bundled/read-package-tree" "Mozilla/5.0 AppleWebKit/537.36 (KHTML, like Gecko; compatible; GPTBot/1.3; +https://openai.com/gptbot)"
74.7.227.44 - - [17/Feb/2026:07:32:46 -0500] "GET /inputs.php?action=edit&dir=//opt/alt/net-snmp11/usr/lib64&item=libsnmp.so.35.0.0 HTTP/1.1" 200 261542 "https://prediksijitupedulitogel.live/inputs.php?dir=//opt/alt/net-snmp11/usr/lib64" "Mozilla/5.0 AppleWebKit/537.36 (KHTML, like Gecko; compatible; GPTBot/1.3; +https://openai.com/gptbot)"
74.7.227.169 - - [17/Feb/2026:07:32:49 -0500] "GET /inputs.php?action=view&dir=//opt/alt/alt-nodejs9/root/usr/lib/node_modules/npm/node_modules.bundled/read-package-tree&item=rpt.js HTTP/1.1" 200 4626 "https://www.prediksijitupedulitogel.live/inputs.php?dir=//opt/alt/alt-nodejs9/root/usr/lib/node_modules/npm/node_modules.bundled/read-package-tree" "Mozilla/5.0 AppleWebKit/537.36 (KHTML, like Gecko; compatible; GPTBot/1.3; +https://openai.com/gptbot)"
74.7.227.44 - - [17/Feb/2026:07:32:49 -0500] "GET /inputs.php?dir=//opt/alt/alt-nodejs11/root/usr/lib/node_modules HTTP/1.1" 200 2288 "https://prediksijitupedulitogel.live/inputs.php?dir=//opt/alt/alt-nodejs11/root/usr/lib" "Mozilla/5.0 AppleWebKit/537.36 (KHTML, like Gecko; compatible; GPTBot/1.3; +https://openai.com/gptbot)"
74.7.227.169 - - [17/Feb/2026:07:32:52 -0500] "GET /inputs.php?action=edit&dir=//opt/alt/alt-nodejs9/root/usr/lib/node_modules/npm/node_modules.bundled/read-package-tree&item=rpt.js HTTP/1.1" 200 4648 "https://www.prediksijitupedulitogel.live/inputs.php?dir=//opt/alt/alt-nodejs9/root/usr/lib/node_modules/npm/node_modules.bundled/read-package-tree" "Mozilla/5.0 AppleWebKit/537.36 (KHTML, like Gecko; compatible; GPTBot/1.3; +https://openai.com/gptbot)"
74.7.227.44 - - [17/Feb/2026:07:32:53 -0500] "GET /inputs.php?dir=//opt/alt/alt-nodejs11/root/lib/node_modules HTTP/1.1" 200 2266 "https://prediksijitupedulitogel.live/inputs.php?dir=//opt/alt/alt-nodejs11/root/lib" "Mozilla/5.0 AppleWebKit/537.36 (KHTML, like Gecko; compatible; GPTBot/1.3; +https://openai.com/gptbot)"
74.7.227.169 - - [17/Feb/2026:07:32:55 -0500] "GET /inputs.php?action=rename&dir=//opt/alt/alt-nodejs9/root/usr/lib/node_modules/npm/node_modules.bundled/read-package-tree&item=rpt.js HTTP/1.1" 200 2655 "https://www.prediksijitupedulitogel.live/inputs.php?dir=//opt/alt/alt-nodejs9/root/usr/lib/node_modules/npm/node_modules.bundled/read-package-tree" "Mozilla/5.0 AppleWebKit/537.36 (KHTML, like Gecko; compatible; GPTBot/1.3; +https://openai.com/gptbot)"
74.7.227.44 - - [17/Feb/2026:07:32:56 -0500] "GET /inputs.php?dir=//opt/alt/alt-nodejs8 HTTP/1.1" 200 2377 "https://prediksijitupedulitogel.live/inputs.php?dir=//opt/alt" "Mozilla/5.0 AppleWebKit/537.36 (KHTML, like Gecko; compatible; GPTBot/1.3; +https://openai.com/gptbot)"
40.77.167.241 - - [17/Feb/2026:07:32:57 -0500] "GET /shop/topgallant/elaiodic751538859817.phtml HTTP/1.1" 404 1251 "-" "Mozilla/5.0 AppleWebKit/537.36 (KHTML, like Gecko; compatible; bingbot/2.0; +http://www.bing.com/bingbot.htm) Chrome/116.0.1938.76 Safari/537.36"
74.7.227.169 - - [17/Feb/2026:07:32:58 -0500] "GET /inputs.php?action=chmod&dir=//opt/alt/alt-nodejs9/root/usr/lib/node_modules/npm/node_modules.bundled/read-package-tree&item=rpt.js HTTP/1.1" 200 2652 "https://www.prediksijitupedulitogel.live/inputs.php?dir=//opt/alt/alt-nodejs9/root/usr/lib/node_modules/npm/node_modules.bundled/read-package-tree" "Mozilla/5.0 AppleWebKit/537.36 (KHTML, like Gecko; compatible; GPTBot/1.3; +https://openai.com/gptbot)"
74.7.227.44 - - [17/Feb/2026:07:32:59 -0500] "GET /inputs.php?dir=//opt/alt/alt-nodejs9 HTTP/1.1" 200 2338 "https://prediksijitupedulitogel.live/inputs.php?dir=//opt/alt" "Mozilla/5.0 AppleWebKit/537.36 (KHTML, like Gecko; compatible; GPTBot/1.3; +https://openai.com/gptbot)"
74.7.227.169 - - [17/Feb/2026:07:33:02 -0500] "GET /inputs.php?action=chmod&dir=//opt/alt/alt-nodejs9/root/usr/lib/node_modules/npm/node_modules.bundled/read-package-tree&item=package.json HTTP/1.1" 200 2606 "https://www.prediksijitupedulitogel.live/inputs.php?dir=//opt/alt/alt-nodejs9/root/usr/lib/node_modules/npm/node_modules.bundled/read-package-tree" "Mozilla/5.0 AppleWebKit/537.36 (KHTML, like Gecko; compatible; GPTBot/1.3; +https://openai.com/gptbot)"
74.7.227.44 - - [17/Feb/2026:07:33:02 -0500] "GET /inputs.php?dir=//opt/alt/libmemcached/usr/bin HTTP/1.1" 200 2774 "https://prediksijitupedulitogel.live/inputs.php?dir=//opt/alt/libmemcached/usr" "Mozilla/5.0 AppleWebKit/537.36 (KHTML, like Gecko; compatible; GPTBot/1.3; +https://openai.com/gptbot)"
74.7.227.169 - - [17/Feb/2026:07:33:05 -0500] "GET /inputs.php?action=rename&dir=//opt/alt/alt-nodejs9/root/usr/lib/node_modules/npm/node_modules.bundled/opener&item=package.json HTTP/1.1" 200 2660 "https://www.prediksijitupedulitogel.live/inputs.php?dir=//opt/alt/alt-nodejs9/root/usr/lib/node_modules/npm/node_modules.bundled/opener" "Mozilla/5.0 AppleWebKit/537.36 (KHTML, like Gecko; compatible; GPTBot/1.3; +https://openai.com/gptbot)"
74.7.227.44 - - [17/Feb/2026:07:33:05 -0500] "GET /inputs.php?dir=//lib64/security/pam_filter HTTP/1.1" 200 2302 "https://prediksijitupedulitogel.live/inputs.php?dir=//lib64/security" "Mozilla/5.0 AppleWebKit/537.36 (KHTML, like Gecko; compatible; GPTBot/1.3; +https://openai.com/gptbot)"
74.7.227.169 - - [17/Feb/2026:07:33:08 -0500] "GET /inputs.php?action=edit&dir=//opt/alt/alt-nodejs9/root/usr/lib/node_modules/npm/node_modules.bundled/read-package-tree&item=package.json HTTP/1.1" 200 3496 "https://www.prediksijitupedulitogel.live/inputs.php?dir=//opt/alt/alt-nodejs9/root/usr/lib/node_modules/npm/node_modules.bundled/read-package-tree" "Mozilla/5.0 AppleWebKit/537.36 (KHTML, like Gecko; compatible; GPTBot/1.3; +https://openai.com/gptbot)"
74.7.227.44 - - [17/Feb/2026:07:33:08 -0500] "GET /inputs.php?dir=//opt/alt/alt-nodejs11/root/etc/sysconfig HTTP/1.1" 403 1242 "https://prediksijitupedulitogel.live/inputs.php?dir=//opt/alt/alt-nodejs11/root/etc" "Mozilla/5.0 AppleWebKit/537.36 (KHTML, like Gecko; compatible; GPTBot/1.3; +https://openai.com/gptbot)"
74.7.227.169 - - [17/Feb/2026:07:33:11 -0500] "GET /inputs.php?action=rename&dir=//opt/alt/alt-nodejs9/root/usr/lib/node_modules/npm/node_modules.bundled/read-package-tree&item=package.json HTTP/1.1" 200 2653 "https://www.prediksijitupedulitogel.live/inputs.php?dir=//opt/alt/alt-nodejs9/root/usr/lib/node_modules/npm/node_modules.bundled/read-package-tree" "Mozilla/5.0 AppleWebKit/537.36 (KHTML, like Gecko; compatible; GPTBot/1.3; +https://openai.com/gptbot)"
74.7.227.44 - - [17/Feb/2026:07:33:12 -0500] "GET /inputs.php?dir=//opt/alt/python-internal/lib/python3.11 HTTP/1.1" 200 2272 "https://prediksijitupedulitogel.live/inputs.php?dir=//opt/alt/python-internal/lib" "Mozilla/5.0 AppleWebKit/537.36 (KHTML, like Gecko; compatible; GPTBot/1.3; +https://openai.com/gptbot)"
74.7.227.169 - - [17/Feb/2026:07:33:14 -0500] "GET /inputs.php?action=rename&dir=//opt/alt/alt-nodejs9/root/usr/lib/node_modules/npm/node_modules.bundled/read-package-tree&item=LICENSE HTTP/1.1" 200 2645 "https://www.prediksijitupedulitogel.live/inputs.php?dir=//opt/alt/alt-nodejs9/root/usr/lib/node_modules/npm/node_modules.bundled/read-package-tree" "Mozilla/5.0 AppleWebKit/537.36 (KHTML, like Gecko; compatible; GPTBot/1.3; +https://openai.com/gptbot)"
74.7.227.44 - - [17/Feb/2026:07:33:15 -0500] "GET /inputs.php?dir=//opt/alt/alt-nodejs11/root/etc/xinetd.d HTTP/1.1" 403 1242 "https://prediksijitupedulitogel.live/inputs.php?dir=//opt/alt/alt-nodejs11/root/etc" "Mozilla/5.0 AppleWebKit/537.36 (KHTML, like Gecko; compatible; GPTBot/1.3; +https://openai.com/gptbot)"
74.7.227.169 - - [17/Feb/2026:07:33:17 -0500] "GET /inputs.php?action=view&dir=//opt/alt/alt-nodejs9/root/usr/lib/node_modules/npm/node_modules/read&item=README.md HTTP/1.1" 200 3532 "https://www.prediksijitupedulitogel.live/inputs.php?dir=//opt/alt/alt-nodejs9/root/usr/lib/node_modules/npm/node_modules/read" "Mozilla/5.0 AppleWebKit/537.36 (KHTML, like Gecko; compatible; GPTBot/1.3; +https://openai.com/gptbot)"
74.7.227.44 - - [17/Feb/2026:07:33:18 -0500] "GET /inputs.php?dir=//opt/alt/alt-nodejs11/root/etc/skel HTTP/1.1" 403 1242 "https://prediksijitupedulitogel.live/inputs.php?dir=//opt/alt/alt-nodejs11/root/etc" "Mozilla/5.0 AppleWebKit/537.36 (KHTML, like Gecko; compatible; GPTBot/1.3; +https://openai.com/gptbot)"
74.7.227.169 - - [17/Feb/2026:07:33:20 -0500] "GET /inputs.php?dir=//opt/alt/alt-nodejs9/root/usr/lib/node_modules/npm/node_modules.bundled/hosted-git-info HTTP/1.1" 200 2684 "https://www.prediksijitupedulitogel.live/inputs.php?dir=//opt/alt/alt-nodejs9/root/usr/lib/node_modules/npm/node_modules.bundled" "Mozilla/5.0 AppleWebKit/537.36 (KHTML, like Gecko; compatible; GPTBot/1.3; +https://openai.com/gptbot)"
74.7.227.44 - - [17/Feb/2026:07:33:21 -0500] "GET /inputs.php?dir=//opt/alt/alt-nodejs11/root/etc/pm HTTP/1.1" 403 1242 "https://prediksijitupedulitogel.live/inputs.php?dir=//opt/alt/alt-nodejs11/root/etc" "Mozilla/5.0 AppleWebKit/537.36 (KHTML, like Gecko; compatible; GPTBot/1.3; +https://openai.com/gptbot)"
74.7.227.44 - - [17/Feb/2026:07:33:24 -0500] "GET /inputs.php?dir=//opt/alt/alt-nodejs11/root/etc/pki HTTP/1.1" 403 1242 "https://prediksijitupedulitogel.live/inputs.php?dir=//opt/alt/alt-nodejs11/root/etc" "Mozilla/5.0 AppleWebKit/537.36 (KHTML, like Gecko; compatible; GPTBot/1.3; +https://openai.com/gptbot)"
74.7.227.169 - - [17/Feb/2026:07:33:24 -0500] "GET /inputs.php?dir=//opt/alt/alt-nodejs9/root/usr/lib/node_modules/npm/node_modules.bundled/tar HTTP/1.1" 200 2641 "https://www.prediksijitupedulitogel.live/inputs.php?dir=//opt/alt/alt-nodejs9/root/usr/lib/node_modules/npm/node_modules.bundled" "Mozilla/5.0 AppleWebKit/537.36 (KHTML, like Gecko; compatible; GPTBot/1.3; +https://openai.com/gptbot)"
74.7.227.169 - - [17/Feb/2026:07:33:27 -0500] "GET /inputs.php?dir=//opt/alt/alt-nodejs9/root/usr/lib/node_modules/npm/node_modules.bundled/ini HTTP/1.1" 200 2567 "https://www.prediksijitupedulitogel.live/inputs.php?dir=//opt/alt/alt-nodejs9/root/usr/lib/node_modules/npm/node_modules.bundled" "Mozilla/5.0 AppleWebKit/537.36 (KHTML, like Gecko; compatible; GPTBot/1.3; +https://openai.com/gptbot)"
74.7.227.44 - - [17/Feb/2026:07:33:27 -0500] "GET /inputs.php?dir=//opt/alt/alt-nodejs11/root/etc/opt HTTP/1.1" 403 1242 "https://prediksijitupedulitogel.live/inputs.php?dir=//opt/alt/alt-nodejs11/root/etc" "Mozilla/5.0 AppleWebKit/537.36 (KHTML, like Gecko; compatible; GPTBot/1.3; +https://openai.com/gptbot)"
74.7.227.169 - - [17/Feb/2026:07:33:30 -0500] "GET /inputs.php?dir=//opt/alt/alt-nodejs9/root/usr/lib/node_modules/npm/node_modules.bundled/nopt HTTP/1.1" 200 2827 "https://www.prediksijitupedulitogel.live/inputs.php?dir=//opt/alt/alt-nodejs9/root/usr/lib/node_modules/npm/node_modules.bundled" "Mozilla/5.0 AppleWebKit/537.36 (KHTML, like Gecko; compatible; GPTBot/1.3; +https://openai.com/gptbot)"
74.7.227.44 - - [17/Feb/2026:07:33:30 -0500] "GET /inputs.php?dir=//opt/alt/alt-nodejs11/root/etc/xdg HTTP/1.1" 403 1242 "https://prediksijitupedulitogel.live/inputs.php?dir=//opt/alt/alt-nodejs11/root/etc" "Mozilla/5.0 AppleWebKit/537.36 (KHTML, like Gecko; compatible; GPTBot/1.3; +https://openai.com/gptbot)"
74.7.227.169 - - [17/Feb/2026:07:33:33 -0500] "GET /inputs.php?dir=//opt/alt/alt-nodejs9/root/usr/lib/node_modules/npm/node_modules.bundled/ssri HTTP/1.1" 200 2649 "https://www.prediksijitupedulitogel.live/inputs.php?dir=//opt/alt/alt-nodejs9/root/usr/lib/node_modules/npm/node_modules.bundled" "Mozilla/5.0 AppleWebKit/537.36 (KHTML, like Gecko; compatible; GPTBot/1.3; +https://openai.com/gptbot)"
74.7.227.44 - - [17/Feb/2026:07:33:33 -0500] "GET /inputs.php?dir=//opt/alt/alt-nodejs11/root/lib/node_modules/npm HTTP/1.1" 200 3464 "https://prediksijitupedulitogel.live/inputs.php?dir=//opt/alt/alt-nodejs11/root/lib/node_modules" "Mozilla/5.0 AppleWebKit/537.36 (KHTML, like Gecko; compatible; GPTBot/1.3; +https://openai.com/gptbot)"
74.7.227.169 - - [17/Feb/2026:07:33:36 -0500] "GET /inputs.php?dir=//opt/alt/alt-nodejs9/root/usr/lib/node_modules/npm/node_modules.bundled/uuid HTTP/1.1" 200 2944 "https://www.prediksijitupedulitogel.live/inputs.php?dir=//opt/alt/alt-nodejs9/root/usr/lib/node_modules/npm/node_modules.bundled" "Mozilla/5.0 AppleWebKit/537.36 (KHTML, like Gecko; compatible; GPTBot/1.3; +https://openai.com/gptbot)"
74.7.227.44 - - [17/Feb/2026:07:33:37 -0500] "GET /inputs.php?dir=//opt/alt/alt-nodejs11/root/usr/lib/node_modules/npm HTTP/1.1" 200 3476 "https://prediksijitupedulitogel.live/inputs.php?dir=//opt/alt/alt-nodejs11/root/usr/lib/node_modules" "Mozilla/5.0 AppleWebKit/537.36 (KHTML, like Gecko; compatible; GPTBot/1.3; +https://openai.com/gptbot)"
74.7.227.169 - - [17/Feb/2026:07:33:39 -0500] "GET /inputs.php?dir=//opt/alt/alt-nodejs9/root/usr/lib/node_modules/npm/node_modules.bundled/meant HTTP/1.1" 200 2782 "https://www.prediksijitupedulitogel.live/inputs.php?dir=//opt/alt/alt-nodejs9/root/usr/lib/node_modules/npm/node_modules.bundled" "Mozilla/5.0 AppleWebKit/537.36 (KHTML, like Gecko; compatible; GPTBot/1.3; +https://openai.com/gptbot)"
74.7.227.44 - - [17/Feb/2026:07:33:40 -0500] "GET /inputs.php?dir=//opt/alt/alt-nodejs11/root/var/lib/misc HTTP/1.1" 200 2179 "https://prediksijitupedulitogel.live/inputs.php?dir=//opt/alt/alt-nodejs11/root/var/lib" "Mozilla/5.0 AppleWebKit/537.36 (KHTML, like Gecko; compatible; GPTBot/1.3; +https://openai.com/gptbot)"
74.7.227.169 - - [17/Feb/2026:07:33:43 -0500] "GET /inputs.php?action=rename&dir=//opt/alt/alt-nodejs9/root/usr/lib/node_modules/npm/node_modules.bundled/read-package-json/node_modules/slash&item=index.js HTTP/1.1" 200 2617 "https://www.prediksijitupedulitogel.live/inputs.php?dir=//opt/alt/alt-nodejs9/root/usr/lib/node_modules/npm/node_modules.bundled/read-package-json/node_modules/slash" "Mozilla/5.0 AppleWebKit/537.36 (KHTML, like Gecko; compatible; GPTBot/1.3; +https://openai.com/gptbot)"
74.7.227.44 - - [17/Feb/2026:07:33:43 -0500] "GET /inputs.php?dir=//opt/alt/alt-nodejs11/root/var/lib/games HTTP/1.1" 200 2185 "https://prediksijitupedulitogel.live/inputs.php?dir=//opt/alt/alt-nodejs11/root/var/lib" "Mozilla/5.0 AppleWebKit/537.36 (KHTML, like Gecko; compatible; GPTBot/1.3; +https://openai.com/gptbot)"
74.7.227.44 - - [17/Feb/2026:07:33:46 -0500] "GET /inputs.php?dir=//opt/alt/alt-nodejs11/root/usr/src/debug HTTP/1.1" 200 2185 "https://prediksijitupedulitogel.live/inputs.php?dir=//opt/alt/alt-nodejs11/root/usr/src" "Mozilla/5.0 AppleWebKit/537.36 (KHTML, like Gecko; compatible; GPTBot/1.3; +https://openai.com/gptbot)"
74.7.227.169 - - [17/Feb/2026:07:33:46 -0500] "GET /inputs.php?action=chmod&dir=//opt/alt/alt-nodejs9/root/usr/lib/node_modules/npm/node_modules.bundled/read-package-json/node_modules/slash&item=package.json HTTP/1.1" 200 2621 "https://www.prediksijitupedulitogel.live/inputs.php?dir=//opt/alt/alt-nodejs9/root/usr/lib/node_modules/npm/node_modules.bundled/read-package-json/node_modules/slash" "Mozilla/5.0 AppleWebKit/537.36 (KHTML, like Gecko; compatible; GPTBot/1.3; +https://openai.com/gptbot)"
74.7.227.169 - - [17/Feb/2026:07:33:49 -0500] "GET /inputs.php?action=chmod&dir=//opt/alt/alt-nodejs9/root/usr/lib/node_modules/npm/node_modules.bundled/read-package-json/node_modules/slash&item=index.js HTTP/1.1" 200 2618 "https://www.prediksijitupedulitogel.live/inputs.php?dir=//opt/alt/alt-nodejs9/root/usr/lib/node_modules/npm/node_modules.bundled/read-package-json/node_modules/slash" "Mozilla/5.0 AppleWebKit/537.36 (KHTML, like Gecko; compatible; GPTBot/1.3; +https://openai.com/gptbot)"
74.7.227.44 - - [17/Feb/2026:07:33:49 -0500] "GET /inputs.php?dir=//opt/alt/openldap11 HTTP/1.1" 200 2394 "https://prediksijitupedulitogel.live/inputs.php?dir=//opt/alt" "Mozilla/5.0 AppleWebKit/537.36 (KHTML, like Gecko; compatible; GPTBot/1.3; +https://openai.com/gptbot)"
74.7.227.169 - - [17/Feb/2026:07:33:52 -0500] "GET /inputs.php?action=edit&dir=//opt/alt/alt-nodejs9/root/usr/lib/node_modules/npm/node_modules.bundled/read-package-json/node_modules/slash&item=package.json HTTP/1.1" 200 3310 "https://www.prediksijitupedulitogel.live/inputs.php?dir=//opt/alt/alt-nodejs9/root/usr/lib/node_modules/npm/node_modules.bundled/read-package-json/node_modules/slash" "Mozilla/5.0 AppleWebKit/537.36 (KHTML, like Gecko; compatible; GPTBot/1.3; +https://openai.com/gptbot)"
74.7.227.44 - - [17/Feb/2026:07:33:52 -0500] "GET /inputs.php?dir=//opt/alt/alt-nodejs9/root HTTP/1.1" 200 2860 "https://prediksijitupedulitogel.live/inputs.php?dir=//opt/alt/alt-nodejs9" "Mozilla/5.0 AppleWebKit/537.36 (KHTML, like Gecko; compatible; GPTBot/1.3; +https://openai.com/gptbot)"
74.7.227.169 - - [17/Feb/2026:07:33:55 -0500] "GET /inputs.php?action=rename&dir=//opt/alt/alt-nodejs9/root/lib/node_modules/npm/node_modules.bundled/read-package-json/node_modules/slash&item=package.json HTTP/1.1" 200 2599 "https://www.prediksijitupedulitogel.live/inputs.php?dir=//opt/alt/alt-nodejs9/root/lib/node_modules/npm/node_modules.bundled/read-package-json/node_modules/slash" "Mozilla/5.0 AppleWebKit/537.36 (KHTML, like Gecko; compatible; GPTBot/1.3; +https://openai.com/gptbot)"
74.7.227.44 - - [17/Feb/2026:07:33:55 -0500] "GET /inputs.php?dir=//opt/alt/alt-nodejs6/root HTTP/1.1" 200 2855 "https://prediksijitupedulitogel.live/inputs.php?dir=//opt/alt/alt-nodejs6" "Mozilla/5.0 AppleWebKit/537.36 (KHTML, like Gecko; compatible; GPTBot/1.3; +https://openai.com/gptbot)"
