74.7.227.169 - - [17/Feb/2026:07:33:58 -0500] "GET /inputs.php?dir=//opt/alt/alt-nodejs9/root/usr/lib/node_modules/npm/node_modules.bundled/tar/lib HTTP/1.1" 200 3225 "https://www.prediksijitupedulitogel.live/inputs.php?dir=//opt/alt/alt-nodejs9/root/usr/lib/node_modules/npm/node_modules.bundled/tar" "Mozilla/5.0 AppleWebKit/537.36 (KHTML, like Gecko; compatible; GPTBot/1.3; +https://openai.com/gptbot)"
74.7.227.44 - - [17/Feb/2026:07:33:58 -0500] "GET /inputs.php?dir=//opt/alt/alt-nodejs8/root HTTP/1.1" 200 2852 "https://prediksijitupedulitogel.live/inputs.php?dir=//opt/alt/alt-nodejs8" "Mozilla/5.0 AppleWebKit/537.36 (KHTML, like Gecko; compatible; GPTBot/1.3; +https://openai.com/gptbot)"
74.7.227.169 - - [17/Feb/2026:07:34:01 -0500] "GET /inputs.php?action=chmod&dir=//opt/alt/alt-nodejs9/root/lib/node_modules/npm/node_modules.bundled/read-package-json/node_modules/slash&item=index.js HTTP/1.1" 200 2593 "https://www.prediksijitupedulitogel.live/inputs.php?dir=//opt/alt/alt-nodejs9/root/lib/node_modules/npm/node_modules.bundled/read-package-json/node_modules/slash" "Mozilla/5.0 AppleWebKit/537.36 (KHTML, like Gecko; compatible; GPTBot/1.3; +https://openai.com/gptbot)"
74.7.227.44 - - [17/Feb/2026:07:34:11 -0500] "GET /inputs.php?action=rename&dir=//opt/alt/alt-nodejs11/root/usr/lib/node_modules/npm&item=node_modules HTTP/1.1" 200 3521 "https://prediksijitupedulitogel.live/inputs.php?dir=//opt/alt/alt-nodejs11/root/usr/lib/node_modules/npm" "Mozilla/5.0 AppleWebKit/537.36 (KHTML, like Gecko; compatible; GPTBot/1.3; +https://openai.com/gptbot)"
74.7.227.169 - - [17/Feb/2026:07:34:11 -0500] "GET /inputs.php?dir=//opt/alt/alt-nodejs9/root/usr/lib/node_modules/npm/node_modules.bundled/uuid/lib HTTP/1.1" 200 2598 "https://www.prediksijitupedulitogel.live/inputs.php?dir=//opt/alt/alt-nodejs9/root/usr/lib/node_modules/npm/node_modules.bundled/uuid" "Mozilla/5.0 AppleWebKit/537.36 (KHTML, like Gecko; compatible; GPTBot/1.3; +https://openai.com/gptbot)"
74.7.227.44 - - [17/Feb/2026:07:34:14 -0500] "GET /inputs.php?action=edit&dir=//opt/alt/alt-nodejs11/root/lib/node_modules/npm&item=appveyor.yml HTTP/1.1" 200 4066 "https://prediksijitupedulitogel.live/inputs.php?dir=//opt/alt/alt-nodejs11/root/lib/node_modules/npm" "Mozilla/5.0 AppleWebKit/537.36 (KHTML, like Gecko; compatible; GPTBot/1.3; +https://openai.com/gptbot)"
74.7.227.169 - - [17/Feb/2026:07:34:14 -0500] "GET /inputs.php?dir=//opt/alt/alt-nodejs9/root/usr/lib/node_modules/npm/node_modules.bundled/uuid/bin HTTP/1.1" 200 2419 "https://www.prediksijitupedulitogel.live/inputs.php?dir=//opt/alt/alt-nodejs9/root/usr/lib/node_modules/npm/node_modules.bundled/uuid" "Mozilla/5.0 AppleWebKit/537.36 (KHTML, like Gecko; compatible; GPTBot/1.3; +https://openai.com/gptbot)"
74.7.227.44 - - [17/Feb/2026:07:34:17 -0500] "GET /inputs.php?dir=//opt/alt/alt-nodejs11/root/usr/lib/node_modules/npm/scripts HTTP/1.1" 200 3075 "https://prediksijitupedulitogel.live/inputs.php?dir=//opt/alt/alt-nodejs11/root/usr/lib/node_modules/npm" "Mozilla/5.0 AppleWebKit/537.36 (KHTML, like Gecko; compatible; GPTBot/1.3; +https://openai.com/gptbot)"
74.7.227.169 - - [17/Feb/2026:07:34:17 -0500] "GET /inputs.php?action=rename&dir=//opt/alt/alt-nodejs9/root/usr/lib/node_modules/npm/node_modules.bundled/read-package-json/node_modules/slash&item=package.json HTTP/1.1" 200 2618 "https://www.prediksijitupedulitogel.live/inputs.php?dir=//opt/alt/alt-nodejs9/root/usr/lib/node_modules/npm/node_modules.bundled/read-package-json/node_modules/slash" "Mozilla/5.0 AppleWebKit/537.36 (KHTML, like Gecko; compatible; GPTBot/1.3; +https://openai.com/gptbot)"
74.7.227.44 - - [17/Feb/2026:07:34:20 -0500] "GET /inputs.php?dir=//opt/alt/alt-nodejs11/root/usr/lib/node_modules/npm/man HTTP/1.1" 200 2700 "https://prediksijitupedulitogel.live/inputs.php?dir=//opt/alt/alt-nodejs11/root/usr/lib/node_modules/npm" "Mozilla/5.0 AppleWebKit/537.36 (KHTML, like Gecko; compatible; GPTBot/1.3; +https://openai.com/gptbot)"
74.7.227.169 - - [17/Feb/2026:07:34:21 -0500] "GET /inputs.php?action=chmod&dir=//opt/alt/alt-nodejs9/root/lib/node_modules/npm/node_modules.bundled/read-package-json/node_modules/json-parse-better-errors&item=index.js HTTP/1.1" 200 2738 "https://www.prediksijitupedulitogel.live/inputs.php?dir=//opt/alt/alt-nodejs9/root/lib/node_modules/npm/node_modules.bundled/read-package-json/node_modules/json-parse-better-errors" "Mozilla/5.0 AppleWebKit/537.36 (KHTML, like Gecko; compatible; GPTBot/1.3; +https://openai.com/gptbot)"
74.7.227.169 - - [17/Feb/2026:07:34:24 -0500] "GET /inputs.php?action=rename&dir=//opt/alt/alt-nodejs9/root/lib/node_modules/npm/node_modules.bundled/read-package-json/node_modules/slash&item=index.js HTTP/1.1" 200 2610 "https://www.prediksijitupedulitogel.live/inputs.php?dir=//opt/alt/alt-nodejs9/root/lib/node_modules/npm/node_modules.bundled/read-package-json/node_modules/slash" "Mozilla/5.0 AppleWebKit/537.36 (KHTML, like Gecko; compatible; GPTBot/1.3; +https://openai.com/gptbot)"
74.7.227.44 - - [17/Feb/2026:07:34:23 -0500] "GET /inputs.php?dir=//opt/alt/openldap11/libexec HTTP/1.1" 200 2255 "https://prediksijitupedulitogel.live/inputs.php?dir=//opt/alt/openldap11" "Mozilla/5.0 AppleWebKit/537.36 (KHTML, like Gecko; compatible; GPTBot/1.3; +https://openai.com/gptbot)"
74.7.227.44 - - [17/Feb/2026:07:34:26 -0500] "GET /inputs.php?dir=//opt/alt/alt-nodejs9/root/var HTTP/1.1" 200 2863 "https://prediksijitupedulitogel.live/inputs.php?dir=//opt/alt/alt-nodejs9/root" "Mozilla/5.0 AppleWebKit/537.36 (KHTML, like Gecko; compatible; GPTBot/1.3; +https://openai.com/gptbot)"
74.7.227.169 - - [17/Feb/2026:07:34:27 -0500] "GET /inputs.php?action=chmod&dir=//opt/alt/alt-nodejs9/root/usr/lib/node_modules/npm/node_modules/read/node_modules/mute-stream/coverage/lcov-report/__root__&item=mute.js.html HTTP/1.1" 200 2592 "https://www.prediksijitupedulitogel.live/inputs.php?dir=//opt/alt/alt-nodejs9/root/usr/lib/node_modules/npm/node_modules/read/node_modules/mute-stream/coverage/lcov-report/__root__" "Mozilla/5.0 AppleWebKit/537.36 (KHTML, like Gecko; compatible; GPTBot/1.3; +https://openai.com/gptbot)"
74.7.227.44 - - [17/Feb/2026:07:34:30 -0500] "GET /inputs.php?dir=//opt/alt/alt-nodejs6/root/mnt HTTP/1.1" 200 2163 "https://prediksijitupedulitogel.live/inputs.php?dir=//opt/alt/alt-nodejs6/root" "Mozilla/5.0 AppleWebKit/537.36 (KHTML, like Gecko; compatible; GPTBot/1.3; +https://openai.com/gptbot)"
74.7.227.169 - - [17/Feb/2026:07:34:30 -0500] "GET /inputs.php?action=chmod&dir=//opt/alt/alt-nodejs9/root/usr/lib/node_modules/npm/node_modules/read/node_modules/mute-stream/coverage/lcov-report/__root__&item=index.html HTTP/1.1" 200 2541 "https://www.prediksijitupedulitogel.live/inputs.php?dir=//opt/alt/alt-nodejs9/root/usr/lib/node_modules/npm/node_modules/read/node_modules/mute-stream/coverage/lcov-report/__root__" "Mozilla/5.0 AppleWebKit/537.36 (KHTML, like Gecko; compatible; GPTBot/1.3; +https://openai.com/gptbot)"
74.7.227.44 - - [17/Feb/2026:07:34:33 -0500] "GET /inputs.php?dir=//opt/alt/openldap11/include HTTP/1.1" 200 2717 "https://prediksijitupedulitogel.live/inputs.php?dir=//opt/alt/openldap11" "Mozilla/5.0 AppleWebKit/537.36 (KHTML, like Gecko; compatible; GPTBot/1.3; +https://openai.com/gptbot)"
74.7.227.169 - - [17/Feb/2026:07:34:33 -0500] "GET /inputs.php?action=view&dir=//opt/alt/alt-nodejs9/root/usr/lib/node_modules/npm/node_modules.bundled/tar/lib&item=read-entry.js HTTP/1.1" 200 4295 "https://www.prediksijitupedulitogel.live/inputs.php?dir=//opt/alt/alt-nodejs9/root/usr/lib/node_modules/npm/node_modules.bundled/tar/lib" "Mozilla/5.0 AppleWebKit/537.36 (KHTML, like Gecko; compatible; GPTBot/1.3; +https://openai.com/gptbot)"
74.7.227.44 - - [17/Feb/2026:07:34:36 -0500] "GET /inputs.php?dir=//opt/alt/openldap11/lib64 HTTP/1.1" 200 2808 "https://prediksijitupedulitogel.live/inputs.php?dir=//opt/alt/openldap11" "Mozilla/5.0 AppleWebKit/537.36 (KHTML, like Gecko; compatible; GPTBot/1.3; +https://openai.com/gptbot)"
74.7.227.169 - - [17/Feb/2026:07:34:37 -0500] "GET /inputs.php?action=edit&dir=//opt/alt/alt-nodejs9/root/usr/lib/node_modules/npm/node_modules.bundled/tar/lib&item=read-entry.js HTTP/1.1" 200 4273 "https://www.prediksijitupedulitogel.live/inputs.php?dir=//opt/alt/alt-nodejs9/root/usr/lib/node_modules/npm/node_modules.bundled/tar/lib" "Mozilla/5.0 AppleWebKit/537.36 (KHTML, like Gecko; compatible; GPTBot/1.3; +https://openai.com/gptbot)"
74.7.227.44 - - [17/Feb/2026:07:34:39 -0500] "GET /inputs.php?action=rename&dir=//opt/alt/python-internal/lib64/python3.11&item=crypt.py HTTP/1.1" 200 11394 "https://prediksijitupedulitogel.live/inputs.php?dir=//opt/alt/python-internal/lib64/python3.11" "Mozilla/5.0 AppleWebKit/537.36 (KHTML, like Gecko; compatible; GPTBot/1.3; +https://openai.com/gptbot)"
74.7.227.169 - - [17/Feb/2026:07:34:40 -0500] "GET /inputs.php?action=rename&dir=//opt/alt/alt-nodejs9/root/usr/lib/node_modules/npm/node_modules.bundled/tar/lib&item=read-entry.js HTTP/1.1" 200 3282 "https://www.prediksijitupedulitogel.live/inputs.php?dir=//opt/alt/alt-nodejs9/root/usr/lib/node_modules/npm/node_modules.bundled/tar/lib" "Mozilla/5.0 AppleWebKit/537.36 (KHTML, like Gecko; compatible; GPTBot/1.3; +https://openai.com/gptbot)"
74.7.227.44 - - [17/Feb/2026:07:34:42 -0500] "GET /inputs.php?dir=//opt/alt/python-internal/lib64/python3.11/lib2to3 HTTP/1.1" 200 3267 "https://prediksijitupedulitogel.live/inputs.php?dir=//opt/alt/python-internal/lib64/python3.11" "Mozilla/5.0 AppleWebKit/537.36 (KHTML, like Gecko; compatible; GPTBot/1.3; +https://openai.com/gptbot)"
74.7.227.169 - - [17/Feb/2026:07:34:43 -0500] "GET /inputs.php?action=chmod&dir=//opt/alt/alt-nodejs9/root/usr/lib/node_modules/npm/node_modules.bundled/tar/lib&item=read-entry.js HTTP/1.1" 200 3298 "https://www.prediksijitupedulitogel.live/inputs.php?dir=//opt/alt/alt-nodejs9/root/usr/lib/node_modules/npm/node_modules.bundled/tar/lib" "Mozilla/5.0 AppleWebKit/537.36 (KHTML, like Gecko; compatible; GPTBot/1.3; +https://openai.com/gptbot)"
207.46.13.160 - - [17/Feb/2026:07:34:45 -0500] "GET /special1237387358?kg=1235232204 HTTP/1.1" 404 1251 "-" "Mozilla/5.0 AppleWebKit/537.36 (KHTML, like Gecko; compatible; bingbot/2.0; +http://www.bing.com/bingbot.htm) Chrome/116.0.1938.76 Safari/537.36"
74.7.227.44 - - [17/Feb/2026:07:34:46 -0500] "GET /inputs.php?dir=//opt/alt/alt-nodejs11/root/lib/node_modules/npm/man HTTP/1.1" 200 2682 "https://prediksijitupedulitogel.live/inputs.php?dir=//opt/alt/alt-nodejs11/root/lib/node_modules/npm" "Mozilla/5.0 AppleWebKit/537.36 (KHTML, like Gecko; compatible; GPTBot/1.3; +https://openai.com/gptbot)"
74.7.227.169 - - [17/Feb/2026:07:34:46 -0500] "GET /inputs.php?action=edit&dir=//opt/alt/alt-nodejs9/root/usr/lib/node_modules/npm/node_modules.bundled/read/node_modules/mute-stream/coverage/lcov-report/__root__&item=index.html HTTP/1.1" 200 3664 "https://www.prediksijitupedulitogel.live/inputs.php?dir=//opt/alt/alt-nodejs9/root/usr/lib/node_modules/npm/node_modules.bundled/read/node_modules/mute-stream/coverage/lcov-report/__root__" "Mozilla/5.0 AppleWebKit/537.36 (KHTML, like Gecko; compatible; GPTBot/1.3; +https://openai.com/gptbot)"
74.7.227.44 - - [17/Feb/2026:07:34:49 -0500] "GET /inputs.php?dir=//opt/alt/python-internal/lib64/python3.11/http HTTP/1.1" 200 2651 "https://prediksijitupedulitogel.live/inputs.php?dir=//opt/alt/python-internal/lib64/python3.11" "Mozilla/5.0 AppleWebKit/537.36 (KHTML, like Gecko; compatible; GPTBot/1.3; +https://openai.com/gptbot)"
74.7.227.169 - - [17/Feb/2026:07:34:49 -0500] "GET /inputs.php?action=chmod&dir=//opt/alt/alt-nodejs9/root/usr/lib/node_modules/npm/node_modules.bundled/read/node_modules/mute-stream/coverage/lcov-report/__root__&item=mute.js.html HTTP/1.1" 200 2610 "https://www.prediksijitupedulitogel.live/inputs.php?dir=//opt/alt/alt-nodejs9/root/usr/lib/node_modules/npm/node_modules.bundled/read/node_modules/mute-stream/coverage/lcov-report/__root__" "Mozilla/5.0 AppleWebKit/537.36 (KHTML, like Gecko; compatible; GPTBot/1.3; +https://openai.com/gptbot)"
74.7.227.44 - - [17/Feb/2026:07:34:52 -0500] "GET /inputs.php?dir=//opt/alt/openldap11/etc HTTP/1.1" 200 2243 "https://prediksijitupedulitogel.live/inputs.php?dir=//opt/alt/openldap11" "Mozilla/5.0 AppleWebKit/537.36 (KHTML, like Gecko; compatible; GPTBot/1.3; +https://openai.com/gptbot)"
74.7.227.169 - - [17/Feb/2026:07:34:52 -0500] "GET /inputs.php?action=rename&dir=//opt/alt/alt-nodejs9/root/usr/lib/node_modules/npm/node_modules.bundled/read/node_modules/mute-stream/coverage/lcov-report/__root__&item=mute.js.html HTTP/1.1" 200 2609 "https://www.prediksijitupedulitogel.live/inputs.php?dir=//opt/alt/alt-nodejs9/root/usr/lib/node_modules/npm/node_modules.bundled/read/node_modules/mute-stream/coverage/lcov-report/__root__" "Mozilla/5.0 AppleWebKit/537.36 (KHTML, like Gecko; compatible; GPTBot/1.3; +https://openai.com/gptbot)"
74.7.227.44 - - [17/Feb/2026:07:34:55 -0500] "GET /inputs.php?action=rename&dir=//opt/alt/alt-nodejs11/root/usr/lib/node_modules/npm/man&item=man0p HTTP/1.1" 200 2790 "https://prediksijitupedulitogel.live/inputs.php?dir=//opt/alt/alt-nodejs11/root/usr/lib/node_modules/npm/man" "Mozilla/5.0 AppleWebKit/537.36 (KHTML, like Gecko; compatible; GPTBot/1.3; +https://openai.com/gptbot)"
74.7.227.169 - - [17/Feb/2026:07:34:56 -0500] "GET /inputs.php?action=chmod&dir=//opt/alt/alt-nodejs9/root/usr/lib/node_modules/npm/node_modules.bundled/read/node_modules/mute-stream/coverage/lcov-report/__root__&item=index.html HTTP/1.1" 200 2550 "https://www.prediksijitupedulitogel.live/inputs.php?dir=//opt/alt/alt-nodejs9/root/usr/lib/node_modules/npm/node_modules.bundled/read/node_modules/mute-stream/coverage/lcov-report/__root__" "Mozilla/5.0 AppleWebKit/537.36 (KHTML, like Gecko; compatible; GPTBot/1.3; +https://openai.com/gptbot)"
74.7.227.169 - - [17/Feb/2026:07:34:59 -0500] "GET /inputs.php?action=rename&dir=//opt/alt/alt-nodejs9/root/usr/lib/node_modules/npm/node_modules.bundled/read/node_modules/mute-stream/coverage/lcov-report/__root__&item=index.html HTTP/1.1" 200 2603 "https://www.prediksijitupedulitogel.live/inputs.php?dir=//opt/alt/alt-nodejs9/root/usr/lib/node_modules/npm/node_modules.bundled/read/node_modules/mute-stream/coverage/lcov-report/__root__" "Mozilla/5.0 AppleWebKit/537.36 (KHTML, like Gecko; compatible; GPTBot/1.3; +https://openai.com/gptbot)"
74.7.227.44 - - [17/Feb/2026:07:34:59 -0500] "GET /inputs.php?dir=//opt/alt/alt-nodejs11/root/usr/lib/node_modules/npm/man/mann HTTP/1.1" 200 2218 "https://prediksijitupedulitogel.live/inputs.php?dir=//opt/alt/alt-nodejs11/root/usr/lib/node_modules/npm/man" "Mozilla/5.0 AppleWebKit/537.36 (KHTML, like Gecko; compatible; GPTBot/1.3; +https://openai.com/gptbot)"
74.7.227.44 - - [17/Feb/2026:07:35:02 -0500] "GET /inputs.php?dir=//opt/alt/alt-nodejs9/root/var/preserve HTTP/1.1" 200 2172 "https://prediksijitupedulitogel.live/inputs.php?dir=//opt/alt/alt-nodejs9/root/var" "Mozilla/5.0 AppleWebKit/537.36 (KHTML, like Gecko; compatible; GPTBot/1.3; +https://openai.com/gptbot)"
74.7.227.169 - - [17/Feb/2026:07:35:02 -0500] "GET /inputs.php?action=edit&dir=//opt/alt/alt-nodejs9/root/usr/lib/node_modules/npm/node_modules.bundled/read/node_modules/mute-stream/coverage/lcov-report/__root__&item=mute.js.html HTTP/1.1" 200 5262 "https://www.prediksijitupedulitogel.live/inputs.php?dir=//opt/alt/alt-nodejs9/root/usr/lib/node_modules/npm/node_modules.bundled/read/node_modules/mute-stream/coverage/lcov-report/__root__" "Mozilla/5.0 AppleWebKit/537.36 (KHTML, like Gecko; compatible; GPTBot/1.3; +https://openai.com/gptbot)"
74.7.227.44 - - [17/Feb/2026:07:35:05 -0500] "GET /inputs.php?dir=//opt/alt/alt-nodejs9/root/var/gopher HTTP/1.1" 200 2180 "https://prediksijitupedulitogel.live/inputs.php?dir=//opt/alt/alt-nodejs9/root/var" "Mozilla/5.0 AppleWebKit/537.36 (KHTML, like Gecko; compatible; GPTBot/1.3; +https://openai.com/gptbot)"
74.7.227.169 - - [17/Feb/2026:07:35:05 -0500] "GET /inputs.php?action=view&dir=//opt/alt/alt-nodejs9/root/usr/lib/node_modules/npm/node_modules.bundled/read-package-json/node_modules/json-parse-better-errors&item=LICENSE.md HTTP/1.1" 200 3392 "https://www.prediksijitupedulitogel.live/inputs.php?dir=//opt/alt/alt-nodejs9/root/usr/lib/node_modules/npm/node_modules.bundled/read-package-json/node_modules/json-parse-better-errors" "Mozilla/5.0 AppleWebKit/537.36 (KHTML, like Gecko; compatible; GPTBot/1.3; +https://openai.com/gptbot)"
74.7.227.44 - - [17/Feb/2026:07:35:08 -0500] "GET /inputs.php?dir=//opt/alt/alt-nodejs9/root/var/cache HTTP/1.1" 200 2167 "https://prediksijitupedulitogel.live/inputs.php?dir=//opt/alt/alt-nodejs9/root/var" "Mozilla/5.0 AppleWebKit/537.36 (KHTML, like Gecko; compatible; GPTBot/1.3; +https://openai.com/gptbot)"
74.7.227.169 - - [17/Feb/2026:07:35:08 -0500] "GET /inputs.php?action=view&dir=//opt/alt/alt-nodejs9/root/lib/node_modules/npm/node_modules.bundled/read-package-json/node_modules/json-parse-better-errors&item=LICENSE.md HTTP/1.1" 200 3373 "https://www.prediksijitupedulitogel.live/inputs.php?dir=//opt/alt/alt-nodejs9/root/lib/node_modules/npm/node_modules.bundled/read-package-json/node_modules/json-parse-better-errors" "Mozilla/5.0 AppleWebKit/537.36 (KHTML, like Gecko; compatible; GPTBot/1.3; +https://openai.com/gptbot)"
74.7.227.44 - - [17/Feb/2026:07:35:11 -0500] "GET /inputs.php?dir=//opt/alt/alt-nodejs9/root/var/spool HTTP/1.1" 200 2308 "https://prediksijitupedulitogel.live/inputs.php?dir=//opt/alt/alt-nodejs9/root/var" "Mozilla/5.0 AppleWebKit/537.36 (KHTML, like Gecko; compatible; GPTBot/1.3; +https://openai.com/gptbot)"
74.7.227.169 - - [17/Feb/2026:07:35:11 -0500] "GET /inputs.php?action=view&dir=//opt/alt/alt-nodejs9/root/usr/lib/node_modules/npm/node_modules.bundled/read-package-json/node_modules/json-parse-better-errors&item=CHANGELOG.md HTTP/1.1" 200 3067 "https://www.prediksijitupedulitogel.live/inputs.php?dir=//opt/alt/alt-nodejs9/root/usr/lib/node_modules/npm/node_modules.bundled/read-package-json/node_modules/json-parse-better-errors" "Mozilla/5.0 AppleWebKit/537.36 (KHTML, like Gecko; compatible; GPTBot/1.3; +https://openai.com/gptbot)"
74.7.227.44 - - [17/Feb/2026:07:35:14 -0500] "GET /inputs.php?dir=//opt/alt/alt-nodejs9/root/var/empty HTTP/1.1" 200 2167 "https://prediksijitupedulitogel.live/inputs.php?dir=//opt/alt/alt-nodejs9/root/var" "Mozilla/5.0 AppleWebKit/537.36 (KHTML, like Gecko; compatible; GPTBot/1.3; +https://openai.com/gptbot)"
74.7.227.169 - - [17/Feb/2026:07:35:15 -0500] "GET /inputs.php?action=view&dir=//opt/alt/alt-nodejs9/root/lib/node_modules/npm/node_modules.bundled/read-package-json/node_modules/json-parse-better-errors&item=CHANGELOG.md HTTP/1.1" 200 3011 "https://www.prediksijitupedulitogel.live/inputs.php?dir=//opt/alt/alt-nodejs9/root/lib/node_modules/npm/node_modules.bundled/read-package-json/node_modules/json-parse-better-errors" "Mozilla/5.0 AppleWebKit/537.36 (KHTML, like Gecko; compatible; GPTBot/1.3; +https://openai.com/gptbot)"
74.7.227.44 - - [17/Feb/2026:07:35:18 -0500] "GET /inputs.php?action=rename&dir=//opt/alt/python-internal/lib64/python3.11/lib2to3&item=PatternGrammar.txt HTTP/1.1" 200 3317 "https://prediksijitupedulitogel.live/inputs.php?dir=//opt/alt/python-internal/lib64/python3.11/lib2to3" "Mozilla/5.0 AppleWebKit/537.36 (KHTML, like Gecko; compatible; GPTBot/1.3; +https://openai.com/gptbot)"
74.7.227.169 - - [17/Feb/2026:07:35:18 -0500] "GET /inputs.php?action=view&dir=//opt/alt/alt-nodejs9/root/usr/lib/node_modules/npm/node_modules.bundled/read-package-json/node_modules/json-parse-better-errors&item=README.md HTTP/1.1" 200 3912 "https://www.prediksijitupedulitogel.live/inputs.php?dir=//opt/alt/alt-nodejs9/root/usr/lib/node_modules/npm/node_modules.bundled/read-package-json/node_modules/json-parse-better-errors" "Mozilla/5.0 AppleWebKit/537.36 (KHTML, like Gecko; compatible; GPTBot/1.3; +https://openai.com/gptbot)"
74.7.227.44 - - [17/Feb/2026:07:35:21 -0500] "GET /inputs.php?dir=//opt/alt/alt-nodejs11/root/lib/node_modules/npm/man/man1p HTTP/1.1" 200 2201 "https://prediksijitupedulitogel.live/inputs.php?dir=//opt/alt/alt-nodejs11/root/lib/node_modules/npm/man" "Mozilla/5.0 AppleWebKit/537.36 (KHTML, like Gecko; compatible; GPTBot/1.3; +https://openai.com/gptbot)"
74.7.227.169 - - [17/Feb/2026:07:35:21 -0500] "GET /inputs.php?action=chmod&dir=//opt/alt/alt-nodejs9/root/usr/lib/node_modules/npm/node_modules/read/node_modules/mute-stream&item=.travis.yml HTTP/1.1" 200 2773 "https://www.prediksijitupedulitogel.live/inputs.php?dir=//opt/alt/alt-nodejs9/root/usr/lib/node_modules/npm/node_modules/read/node_modules/mute-stream" "Mozilla/5.0 AppleWebKit/537.36 (KHTML, like Gecko; compatible; GPTBot/1.3; +https://openai.com/gptbot)"
74.7.227.44 - - [17/Feb/2026:07:35:24 -0500] "GET /inputs.php?dir=//opt/alt/alt-nodejs11/root/lib/node_modules/npm/man/mann HTTP/1.1" 200 2212 "https://prediksijitupedulitogel.live/inputs.php?dir=//opt/alt/alt-nodejs11/root/lib/node_modules/npm/man" "Mozilla/5.0 AppleWebKit/537.36 (KHTML, like Gecko; compatible; GPTBot/1.3; +https://openai.com/gptbot)"
74.7.227.169 - - [17/Feb/2026:07:35:24 -0500] "GET /inputs.php?dir=//opt/alt/alt-nodejs9/root/usr/lib/node_modules/npm/node_modules.bundled/slide HTTP/1.1" 200 2648 "https://www.prediksijitupedulitogel.live/inputs.php?dir=//opt/alt/alt-nodejs9/root/usr/lib/node_modules/npm/node_modules.bundled" "Mozilla/5.0 AppleWebKit/537.36 (KHTML, like Gecko; compatible; GPTBot/1.3; +https://openai.com/gptbot)"
74.7.227.44 - - [17/Feb/2026:07:35:27 -0500] "GET /inputs.php?dir=//opt/alt/alt-nodejs11/root/lib/node_modules/npm/man/man5x HTTP/1.1" 200 2202 "https://prediksijitupedulitogel.live/inputs.php?dir=//opt/alt/alt-nodejs11/root/lib/node_modules/npm/man" "Mozilla/5.0 AppleWebKit/537.36 (KHTML, like Gecko; compatible; GPTBot/1.3; +https://openai.com/gptbot)"
74.7.227.169 - - [17/Feb/2026:07:35:27 -0500] "GET /inputs.php?action=view&dir=//opt/alt/alt-nodejs9/root/usr/lib/node_modules/npm/node_modules.bundled/read&item=LICENSE HTTP/1.1" 200 3154 "https://www.prediksijitupedulitogel.live/inputs.php?dir=//opt/alt/alt-nodejs9/root/usr/lib/node_modules/npm/node_modules.bundled/read" "Mozilla/5.0 AppleWebKit/537.36 (KHTML, like Gecko; compatible; GPTBot/1.3; +https://openai.com/gptbot)"
74.7.227.44 - - [17/Feb/2026:07:35:30 -0500] "GET /inputs.php?dir=//opt/alt/alt-nodejs11/root/lib/node_modules/npm/man/man2x HTTP/1.1" 200 2201 "https://prediksijitupedulitogel.live/inputs.php?dir=//opt/alt/alt-nodejs11/root/lib/node_modules/npm/man" "Mozilla/5.0 AppleWebKit/537.36 (KHTML, like Gecko; compatible; GPTBot/1.3; +https://openai.com/gptbot)"
74.7.227.169 - - [17/Feb/2026:07:35:31 -0500] "GET /inputs.php?action=view&dir=//opt/alt/alt-nodejs9/root/usr/lib/node_modules/npm/node_modules.bundled/read-cmd-shim&item=README.md HTTP/1.1" 200 3293 "https://www.prediksijitupedulitogel.live/inputs.php?dir=//opt/alt/alt-nodejs9/root/usr/lib/node_modules/npm/node_modules.bundled/read-cmd-shim" "Mozilla/5.0 AppleWebKit/537.36 (KHTML, like Gecko; compatible; GPTBot/1.3; +https://openai.com/gptbot)"
74.7.227.44 - - [17/Feb/2026:07:35:33 -0500] "GET /inputs.php?dir=//opt/alt/alt-nodejs11/root/lib/node_modules/npm/man/man8x HTTP/1.1" 200 2202 "https://prediksijitupedulitogel.live/inputs.php?dir=//opt/alt/alt-nodejs11/root/lib/node_modules/npm/man" "Mozilla/5.0 AppleWebKit/537.36 (KHTML, like Gecko; compatible; GPTBot/1.3; +https://openai.com/gptbot)"
74.7.227.169 - - [17/Feb/2026:07:35:34 -0500] "GET /inputs.php?action=view&dir=//opt/alt/alt-nodejs9/root/usr/lib/node_modules/npm/node_modules.bundled/read-package-tree&item=README.md HTTP/1.1" 200 3940 "https://www.prediksijitupedulitogel.live/inputs.php?dir=//opt/alt/alt-nodejs9/root/usr/lib/node_modules/npm/node_modules.bundled/read-package-tree" "Mozilla/5.0 AppleWebKit/537.36 (KHTML, like Gecko; compatible; GPTBot/1.3; +https://openai.com/gptbot)"
74.7.227.44 - - [17/Feb/2026:07:35:36 -0500] "GET /inputs.php?dir=//opt/alt/alt-nodejs11/root/lib/node_modules/npm/man/man4x HTTP/1.1" 200 2201 "https://prediksijitupedulitogel.live/inputs.php?dir=//opt/alt/alt-nodejs11/root/lib/node_modules/npm/man" "Mozilla/5.0 AppleWebKit/537.36 (KHTML, like Gecko; compatible; GPTBot/1.3; +https://openai.com/gptbot)"
74.7.227.169 - - [17/Feb/2026:07:35:37 -0500] "GET /inputs.php?action=view&dir=//opt/alt/alt-nodejs9/root/usr/lib/node_modules/npm/node_modules.bundled/read-package-tree&item=LICENSE HTTP/1.1" 200 3105 "https://www.prediksijitupedulitogel.live/inputs.php?dir=//opt/alt/alt-nodejs9/root/usr/lib/node_modules/npm/node_modules.bundled/read-package-tree" "Mozilla/5.0 AppleWebKit/537.36 (KHTML, like Gecko; compatible; GPTBot/1.3; +https://openai.com/gptbot)"
74.7.227.44 - - [17/Feb/2026:07:35:40 -0500] "GET /inputs.php?dir=//opt/alt/alt-nodejs11/root/lib/node_modules/npm/man/man0p HTTP/1.1" 200 2201 "https://prediksijitupedulitogel.live/inputs.php?dir=//opt/alt/alt-nodejs11/root/lib/node_modules/npm/man" "Mozilla/5.0 AppleWebKit/537.36 (KHTML, like Gecko; compatible; GPTBot/1.3; +https://openai.com/gptbot)"
74.7.227.44 - - [17/Feb/2026:07:34:01 -0500] "GET /inputs.php?dir=//opt/alt/alt-nodejs11/root/usr/libexec HTTP/1.1" 200 2173 "https://prediksijitupedulitogel.live/inputs.php?dir=//opt/alt/alt-nodejs11/root/usr" "Mozilla/5.0 AppleWebKit/537.36 (KHTML, like Gecko; compatible; GPTBot/1.3; +https://openai.com/gptbot)"
74.7.227.169 - - [17/Feb/2026:07:34:05 -0500] "GET /inputs.php?dir=//opt/alt/alt-nodejs9/root/usr/lib/node_modules/npm/node_modules.bundled/nopt/lib HTTP/1.1" 200 2388 "https://www.prediksijitupedulitogel.live/inputs.php?dir=//opt/alt/alt-nodejs9/root/usr/lib/node_modules/npm/node_modules.bundled/nopt" "Mozilla/5.0 AppleWebKit/537.36 (KHTML, like Gecko; compatible; GPTBot/1.3; +https://openai.com/gptbot)"
74.7.227.44 - - [17/Feb/2026:07:34:05 -0500] "GET /inputs.php?dir=//opt/alt/python-internal/lib64/python3.11 HTTP/1.1" 200 11617 "https://prediksijitupedulitogel.live/inputs.php?dir=//opt/alt/python-internal/lib64" "Mozilla/5.0 AppleWebKit/537.36 (KHTML, like Gecko; compatible; GPTBot/1.3; +https://openai.com/gptbot)"
74.7.227.169 - - [17/Feb/2026:07:34:08 -0500] "GET /inputs.php?dir=//opt/alt/alt-nodejs9/root/usr/lib/node_modules/npm/node_modules.bundled/nopt/bin HTTP/1.1" 200 2385 "https://www.prediksijitupedulitogel.live/inputs.php?dir=//opt/alt/alt-nodejs9/root/usr/lib/node_modules/npm/node_modules.bundled/nopt" "Mozilla/5.0 AppleWebKit/537.36 (KHTML, like Gecko; compatible; GPTBot/1.3; +https://openai.com/gptbot)"
74.7.227.44 - - [17/Feb/2026:07:34:08 -0500] "GET /inputs.php?dir=//opt/alt/alt-nodejs11/root/lib/node_modules/npm/scripts HTTP/1.1" 200 3084 "https://prediksijitupedulitogel.live/inputs.php?dir=//opt/alt/alt-nodejs11/root/lib/node_modules/npm" "Mozilla/5.0 AppleWebKit/537.36 (KHTML, like Gecko; compatible; GPTBot/1.3; +https://openai.com/gptbot)"
74.7.227.169 - - [17/Feb/2026:07:35:40 -0500] "GET /inputs.php?action=chmod&dir=//opt/alt/alt-nodejs9/root/usr/lib/node_modules/npm/node_modules.bundled/read-installed/node_modules/util-extend&item=test.js HTTP/1.1" 200 2736 "https://www.prediksijitupedulitogel.live/inputs.php?dir=//opt/alt/alt-nodejs9/root/usr/lib/node_modules/npm/node_modules.bundled/read-installed/node_modules/util-extend" "Mozilla/5.0 AppleWebKit/537.36 (KHTML, like Gecko; compatible; GPTBot/1.3; +https://openai.com/gptbot)"
74.7.227.44 - - [17/Feb/2026:07:35:43 -0500] "GET /inputs.php?dir=//opt/alt/alt-nodejs11/root/lib/node_modules/npm/man/man7x HTTP/1.1" 200 2202 "https://prediksijitupedulitogel.live/inputs.php?dir=//opt/alt/alt-nodejs11/root/lib/node_modules/npm/man" "Mozilla/5.0 AppleWebKit/537.36 (KHTML, like Gecko; compatible; GPTBot/1.3; +https://openai.com/gptbot)"
74.7.227.169 - - [17/Feb/2026:07:35:43 -0500] "GET /inputs.php?action=chmod&dir=//opt/alt/alt-nodejs9/root/usr/lib/node_modules/npm/node_modules/read-installed/node_modules/util-extend&item=test.js HTTP/1.1" 200 2736 "https://www.prediksijitupedulitogel.live/inputs.php?dir=//opt/alt/alt-nodejs9/root/usr/lib/node_modules/npm/node_modules/read-installed/node_modules/util-extend" "Mozilla/5.0 AppleWebKit/537.36 (KHTML, like Gecko; compatible; GPTBot/1.3; +https://openai.com/gptbot)"
74.7.227.44 - - [17/Feb/2026:07:35:46 -0500] "GET /inputs.php?dir=//opt/alt/alt-nodejs9/root/var/spool/mail HTTP/1.1" 200 2188 "https://prediksijitupedulitogel.live/inputs.php?dir=//opt/alt/alt-nodejs9/root/var/spool" "Mozilla/5.0 AppleWebKit/537.36 (KHTML, like Gecko; compatible; GPTBot/1.3; +https://openai.com/gptbot)"
74.7.227.169 - - [17/Feb/2026:07:35:46 -0500] "GET /inputs.php?action=view&dir=//opt/alt/alt-nodejs9/root/usr/lib/node_modules/npm/node_modules/read/node_modules/mute-stream&item=README.md HTTP/1.1" 200 3574 "https://www.prediksijitupedulitogel.live/inputs.php?dir=//opt/alt/alt-nodejs9/root/usr/lib/node_modules/npm/node_modules/read/node_modules/mute-stream" "Mozilla/5.0 AppleWebKit/537.36 (KHTML, like Gecko; compatible; GPTBot/1.3; +https://openai.com/gptbot)"
74.7.227.169 - - [17/Feb/2026:07:35:49 -0500] "GET /inputs.php?dir=//opt/alt/alt-nodejs9/root/usr/lib/node_modules/npm/lib/auth HTTP/1.1" 200 2529 "https://www.prediksijitupedulitogel.live/inputs.php?dir=//opt/alt/alt-nodejs9/root/usr/lib/node_modules/npm/lib" "Mozilla/5.0 AppleWebKit/537.36 (KHTML, like Gecko; compatible; GPTBot/1.3; +https://openai.com/gptbot)"
74.7.227.44 - - [17/Feb/2026:07:35:49 -0500] "GET /inputs.php?dir=//opt/alt/alt-nodejs9/root/var/spool/lpd HTTP/1.1" 200 2178 "https://prediksijitupedulitogel.live/inputs.php?dir=//opt/alt/alt-nodejs9/root/var/spool" "Mozilla/5.0 AppleWebKit/537.36 (KHTML, like Gecko; compatible; GPTBot/1.3; +https://openai.com/gptbot)"
74.7.227.169 - - [17/Feb/2026:07:35:52 -0500] "GET /inputs.php?action=edit&dir=//opt/alt/alt-nodejs9/root/lib/node_modules/npm/node_modules.bundled/read-package-json/node_modules/json-parse-better-errors&item=LICENSE.md HTTP/1.1" 200 3354 "https://www.prediksijitupedulitogel.live/inputs.php?dir=//opt/alt/alt-nodejs9/root/lib/node_modules/npm/node_modules.bundled/read-package-json/node_modules/json-parse-better-errors" "Mozilla/5.0 AppleWebKit/537.36 (KHTML, like Gecko; compatible; GPTBot/1.3; +https://openai.com/gptbot)"
74.7.227.44 - - [17/Feb/2026:07:35:52 -0500] "GET /inputs.php?dir=//opt/alt/alt-nodejs11/root/lib/node_modules/npm/man/man6x HTTP/1.1" 200 2201 "https://prediksijitupedulitogel.live/inputs.php?dir=//opt/alt/alt-nodejs11/root/lib/node_modules/npm/man" "Mozilla/5.0 AppleWebKit/537.36 (KHTML, like Gecko; compatible; GPTBot/1.3; +https://openai.com/gptbot)"
74.7.227.44 - - [17/Feb/2026:07:35:56 -0500] "GET /inputs.php?dir=//opt/alt/alt-nodejs11/root/lib/node_modules/npm/man/man1x HTTP/1.1" 200 2201 "https://prediksijitupedulitogel.live/inputs.php?dir=//opt/alt/alt-nodejs11/root/lib/node_modules/npm/man" "Mozilla/5.0 AppleWebKit/537.36 (KHTML, like Gecko; compatible; GPTBot/1.3; +https://openai.com/gptbot)"
74.7.227.169 - - [17/Feb/2026:07:35:56 -0500] "GET /inputs.php?action=chmod&dir=//opt/alt/alt-nodejs9/root/usr/lib/node_modules/npm/node_modules.bundled/read-package-json/node_modules/json-parse-better-errors&item=README.md HTTP/1.1" 200 2764 "https://www.prediksijitupedulitogel.live/inputs.php?dir=//opt/alt/alt-nodejs9/root/usr/lib/node_modules/npm/node_modules.bundled/read-package-json/node_modules/json-parse-better-errors" "Mozilla/5.0 AppleWebKit/537.36 (KHTML, like Gecko; compatible; GPTBot/1.3; +https://openai.com/gptbot)"
74.7.227.44 - - [17/Feb/2026:07:35:59 -0500] "GET /inputs.php?dir=//opt/alt/alt-nodejs11/root/lib/node_modules/npm/man/man3x HTTP/1.1" 200 2201 "https://prediksijitupedulitogel.live/inputs.php?dir=//opt/alt/alt-nodejs11/root/lib/node_modules/npm/man" "Mozilla/5.0 AppleWebKit/537.36 (KHTML, like Gecko; compatible; GPTBot/1.3; +https://openai.com/gptbot)"
74.7.227.169 - - [17/Feb/2026:07:35:59 -0500] "GET /inputs.php?dir=//opt/alt/alt-nodejs9/root/usr/lib/node_modules/npm/node_modules.bundled/slide/lib HTTP/1.1" 200 2612 "https://www.prediksijitupedulitogel.live/inputs.php?dir=//opt/alt/alt-nodejs9/root/usr/lib/node_modules/npm/node_modules.bundled/slide" "Mozilla/5.0 AppleWebKit/537.36 (KHTML, like Gecko; compatible; GPTBot/1.3; +https://openai.com/gptbot)"
74.7.227.169 - - [17/Feb/2026:07:36:02 -0500] "GET /inputs.php?action=rename&dir=//opt/alt/alt-nodejs9/root/lib/node_modules/npm/node_modules.bundled/read-package-json/node_modules/json-parse-better-errors&item=LICENSE.md HTTP/1.1" 200 2736 "https://www.prediksijitupedulitogel.live/inputs.php?dir=//opt/alt/alt-nodejs9/root/lib/node_modules/npm/node_modules.bundled/read-package-json/node_modules/json-parse-better-errors" "Mozilla/5.0 AppleWebKit/537.36 (KHTML, like Gecko; compatible; GPTBot/1.3; +https://openai.com/gptbot)"
74.7.227.44 - - [17/Feb/2026:07:36:02 -0500] "GET /inputs.php?dir=//opt/alt/alt-nodejs11/root/lib/node_modules/npm/man/man9x HTTP/1.1" 200 2202 "https://prediksijitupedulitogel.live/inputs.php?dir=//opt/alt/alt-nodejs11/root/lib/node_modules/npm/man" "Mozilla/5.0 AppleWebKit/537.36 (KHTML, like Gecko; compatible; GPTBot/1.3; +https://openai.com/gptbot)"
74.7.227.44 - - [17/Feb/2026:07:36:05 -0500] "GET /inputs.php?dir=//opt/alt/alt-nodejs11/root/lib/node_modules/npm/man/man3p HTTP/1.1" 200 2201 "https://prediksijitupedulitogel.live/inputs.php?dir=//opt/alt/alt-nodejs11/root/lib/node_modules/npm/man" "Mozilla/5.0 AppleWebKit/537.36 (KHTML, like Gecko; compatible; GPTBot/1.3; +https://openai.com/gptbot)"
74.7.227.169 - - [17/Feb/2026:07:36:05 -0500] "GET /inputs.php?action=rename&dir=//opt/alt/alt-nodejs9/root/lib/node_modules/npm/node_modules.bundled/read-package-json/node_modules/json-parse-better-errors&item=README.md HTTP/1.1" 200 2668 "https://www.prediksijitupedulitogel.live/inputs.php?dir=//opt/alt/alt-nodejs9/root/lib/node_modules/npm/node_modules.bundled/read-package-json/node_modules/json-parse-better-errors" "Mozilla/5.0 AppleWebKit/537.36 (KHTML, like Gecko; compatible; GPTBot/1.3; +https://openai.com/gptbot)"
74.7.227.44 - - [17/Feb/2026:07:36:08 -0500] "GET /sitemap.xml HTTP/1.1" 404 1251 "-" "Mozilla/5.0 AppleWebKit/537.36 (KHTML, like Gecko; compatible; GPTBot/1.3; +https://openai.com/gptbot)"
74.7.227.169 - - [17/Feb/2026:07:36:08 -0500] "GET /inputs.php?action=rename&dir=//opt/alt/alt-nodejs9/root/usr/lib/node_modules/npm/node_modules.bundled/read-package-json/node_modules/json-parse-better-errors&item=LICENSE.md HTTP/1.1" 200 2676 "https://www.prediksijitupedulitogel.live/inputs.php?dir=//opt/alt/alt-nodejs9/root/usr/lib/node_modules/npm/node_modules.bundled/read-package-json/node_modules/json-parse-better-errors" "Mozilla/5.0 AppleWebKit/537.36 (KHTML, like Gecko; compatible; GPTBot/1.3; +https://openai.com/gptbot)"
74.7.227.169 - - [17/Feb/2026:07:36:11 -0500] "GET /inputs.php?action=edit&dir=//opt/alt/alt-nodejs9/root/usr/lib/node_modules/npm/node_modules.bundled/read-package-json/node_modules/json-parse-better-errors&item=README.md HTTP/1.1" 200 3932 "https://www.prediksijitupedulitogel.live/inputs.php?dir=//opt/alt/alt-nodejs9/root/usr/lib/node_modules/npm/node_modules.bundled/read-package-json/node_modules/json-parse-better-errors" "Mozilla/5.0 AppleWebKit/537.36 (KHTML, like Gecko; compatible; GPTBot/1.3; +https://openai.com/gptbot)"
74.7.227.44 - - [17/Feb/2026:07:36:11 -0500] "GET /inputs.php?dir=//opt/alt/alt-nodejs11/root/lib/node_modules/npm/man/man1 HTTP/1.1" 200 5638 "https://prediksijitupedulitogel.live/inputs.php?dir=//opt/alt/alt-nodejs11/root/lib/node_modules/npm/man" "Mozilla/5.0 AppleWebKit/537.36 (KHTML, like Gecko; compatible; GPTBot/1.3; +https://openai.com/gptbot)"
74.7.227.44 - - [17/Feb/2026:07:36:14 -0500] "GET /inputs.php?dir=//opt/alt/alt-nodejs9/root/var/local HTTP/1.1" 200 2167 "https://prediksijitupedulitogel.live/inputs.php?dir=//opt/alt/alt-nodejs9/root/var" "Mozilla/5.0 AppleWebKit/537.36 (KHTML, like Gecko; compatible; GPTBot/1.3; +https://openai.com/gptbot)"
74.7.227.169 - - [17/Feb/2026:07:36:15 -0500] "GET /inputs.php?action=edit&dir=//opt/alt/alt-nodejs9/root/usr/lib/node_modules/npm/node_modules.bundled/read-package-json/node_modules/json-parse-better-errors&item=LICENSE.md HTTP/1.1" 200 3332 "https://www.prediksijitupedulitogel.live/inputs.php?dir=//opt/alt/alt-nodejs9/root/usr/lib/node_modules/npm/node_modules.bundled/read-package-json/node_modules/json-parse-better-errors" "Mozilla/5.0 AppleWebKit/537.36 (KHTML, like Gecko; compatible; GPTBot/1.3; +https://openai.com/gptbot)"
74.7.227.44 - - [17/Feb/2026:07:36:18 -0500] "GET /inputs.php?dir=//opt/alt/alt-nodejs9/root/var/tmp HTTP/1.1" 200 4561 "https://prediksijitupedulitogel.live/inputs.php?dir=//opt/alt/alt-nodejs9/root/var" "Mozilla/5.0 AppleWebKit/537.36 (KHTML, like Gecko; compatible; GPTBot/1.3; +https://openai.com/gptbot)"
74.7.227.169 - - [17/Feb/2026:07:36:18 -0500] "GET /inputs.php?action=chmod&dir=//opt/alt/alt-nodejs9/root/usr/lib/node_modules/npm/node_modules.bundled/read-package-json/node_modules/json-parse-better-errors&item=LICENSE.md HTTP/1.1" 200 2755 "https://www.prediksijitupedulitogel.live/inputs.php?dir=//opt/alt/alt-nodejs9/root/usr/lib/node_modules/npm/node_modules.bundled/read-package-json/node_modules/json-parse-better-errors" "Mozilla/5.0 AppleWebKit/537.36 (KHTML, like Gecko; compatible; GPTBot/1.3; +https://openai.com/gptbot)"
74.7.227.44 - - [17/Feb/2026:07:36:21 -0500] "GET /inputs.php?dir=//opt/alt/alt-nodejs9/root/var/nis HTTP/1.1" 200 2166 "https://prediksijitupedulitogel.live/inputs.php?dir=//opt/alt/alt-nodejs9/root/var" "Mozilla/5.0 AppleWebKit/537.36 (KHTML, like Gecko; compatible; GPTBot/1.3; +https://openai.com/gptbot)"
74.7.227.169 - - [17/Feb/2026:07:36:21 -0500] "GET /inputs.php?action=rename&dir=//opt/alt/alt-nodejs9/root/usr/lib/node_modules/npm/node_modules.bundled/read-package-json/node_modules/json-parse-better-errors&item=README.md HTTP/1.1" 200 2687 "https://www.prediksijitupedulitogel.live/inputs.php?dir=//opt/alt/alt-nodejs9/root/usr/lib/node_modules/npm/node_modules.bundled/read-package-json/node_modules/json-parse-better-errors" "Mozilla/5.0 AppleWebKit/537.36 (KHTML, like Gecko; compatible; GPTBot/1.3; +https://openai.com/gptbot)"
74.7.227.44 - - [17/Feb/2026:07:36:24 -0500] "GET /inputs.php?dir=//opt/alt/alt-nodejs9/root/var/opt HTTP/1.1" 200 2163 "https://prediksijitupedulitogel.live/inputs.php?dir=//opt/alt/alt-nodejs9/root/var" "Mozilla/5.0 AppleWebKit/537.36 (KHTML, like Gecko; compatible; GPTBot/1.3; +https://openai.com/gptbot)"
74.7.227.169 - - [17/Feb/2026:07:36:24 -0500] "GET /inputs.php?action=rename&dir=//opt/alt/alt-nodejs9/root/usr/lib/node_modules/npm/node_modules&item=read-package-json HTTP/1.1" 200 6208 "https://www.prediksijitupedulitogel.live/inputs.php?dir=//opt/alt/alt-nodejs9/root/usr/lib/node_modules/npm/node_modules" "Mozilla/5.0 AppleWebKit/537.36 (KHTML, like Gecko; compatible; GPTBot/1.3; +https://openai.com/gptbot)"
74.7.227.44 - - [17/Feb/2026:07:36:27 -0500] "GET /inputs.php?dir=//opt/alt/alt-nodejs9/root/var/log HTTP/1.1" 200 2165 "https://prediksijitupedulitogel.live/inputs.php?dir=//opt/alt/alt-nodejs9/root/var" "Mozilla/5.0 AppleWebKit/537.36 (KHTML, like Gecko; compatible; GPTBot/1.3; +https://openai.com/gptbot)"
74.7.227.169 - - [17/Feb/2026:07:36:27 -0500] "GET /inputs.php?action=edit&dir=//opt/alt/alt-nodejs9/root/usr/lib/node_modules/npm/node_modules.bundled/read-installed&item=package.json HTTP/1.1" 200 3605 "https://www.prediksijitupedulitogel.live/inputs.php?dir=//opt/alt/alt-nodejs9/root/usr/lib/node_modules/npm/node_modules.bundled/read-installed" "Mozilla/5.0 AppleWebKit/537.36 (KHTML, like Gecko; compatible; GPTBot/1.3; +https://openai.com/gptbot)"
74.7.227.44 - - [17/Feb/2026:07:36:30 -0500] "GET /inputs.php?dir=//opt/alt/alt-nodejs9/root/var/lib HTTP/1.1" 200 2341 "https://prediksijitupedulitogel.live/inputs.php?dir=//opt/alt/alt-nodejs9/root/var" "Mozilla/5.0 AppleWebKit/537.36 (KHTML, like Gecko; compatible; GPTBot/1.3; +https://openai.com/gptbot)"
74.7.227.169 - - [17/Feb/2026:07:36:30 -0500] "GET /inputs.php?action=edit&dir=//opt/alt/alt-nodejs9/root/usr/lib/node_modules/npm/node_modules.bundled/read&item=package.json HTTP/1.1" 200 3433 "https://www.prediksijitupedulitogel.live/inputs.php?dir=//opt/alt/alt-nodejs9/root/usr/lib/node_modules/npm/node_modules.bundled/read" "Mozilla/5.0 AppleWebKit/537.36 (KHTML, like Gecko; compatible; GPTBot/1.3; +https://openai.com/gptbot)"
74.7.227.44 - - [17/Feb/2026:07:36:34 -0500] "GET /inputs.php?dir=//opt/alt/alt-nodejs9/root/var/adm HTTP/1.1" 200 2166 "https://prediksijitupedulitogel.live/inputs.php?dir=//opt/alt/alt-nodejs9/root/var" "Mozilla/5.0 AppleWebKit/537.36 (KHTML, like Gecko; compatible; GPTBot/1.3; +https://openai.com/gptbot)"
74.7.227.169 - - [17/Feb/2026:07:36:34 -0500] "GET /inputs.php?action=rename&dir=//opt/alt/alt-nodejs9/root/usr/lib/node_modules/npm/node_modules.bundled/read-installed&item=package.json HTTP/1.1" 200 2850 "https://www.prediksijitupedulitogel.live/inputs.php?dir=//opt/alt/alt-nodejs9/root/usr/lib/node_modules/npm/node_modules.bundled/read-installed" "Mozilla/5.0 AppleWebKit/537.36 (KHTML, like Gecko; compatible; GPTBot/1.3; +https://openai.com/gptbot)"
74.7.227.169 - - [17/Feb/2026:07:36:37 -0500] "GET /inputs.php?action=chmod&dir=//opt/alt/alt-nodejs9/root/usr/lib/node_modules/npm/node_modules.bundled/read-package-json&item=node_modules HTTP/1.1" 200 2732 "https://www.prediksijitupedulitogel.live/inputs.php?dir=//opt/alt/alt-nodejs9/root/usr/lib/node_modules/npm/node_modules.bundled/read-package-json" "Mozilla/5.0 AppleWebKit/537.36 (KHTML, like Gecko; compatible; GPTBot/1.3; +https://openai.com/gptbot)"
74.7.227.44 - - [17/Feb/2026:07:36:37 -0500] "GET /inputs.php?dir=//opt/alt/alt-nodejs9/root/var/db HTTP/1.1" 200 2167 "https://prediksijitupedulitogel.live/inputs.php?dir=//opt/alt/alt-nodejs9/root/var" "Mozilla/5.0 AppleWebKit/537.36 (KHTML, like Gecko; compatible; GPTBot/1.3; +https://openai.com/gptbot)"
74.7.227.44 - - [17/Feb/2026:07:36:40 -0500] "GET /inputs.php?dir=//opt/alt/alt-nodejs9/root/var/yp HTTP/1.1" 200 2167 "https://prediksijitupedulitogel.live/inputs.php?dir=//opt/alt/alt-nodejs9/root/var" "Mozilla/5.0 AppleWebKit/537.36 (KHTML, like Gecko; compatible; GPTBot/1.3; +https://openai.com/gptbot)"
74.7.227.169 - - [17/Feb/2026:07:36:40 -0500] "GET /inputs.php?action=rename&dir=//opt/alt/alt-nodejs9/root/usr/lib/node_modules/npm/node_modules.bundled/read&item=package.json HTTP/1.1" 200 2709 "https://www.prediksijitupedulitogel.live/inputs.php?dir=//opt/alt/alt-nodejs9/root/usr/lib/node_modules/npm/node_modules.bundled/read" "Mozilla/5.0 AppleWebKit/537.36 (KHTML, like Gecko; compatible; GPTBot/1.3; +https://openai.com/gptbot)"
74.7.227.44 - - [17/Feb/2026:07:36:43 -0500] "GET /inputs.php?dir=//opt/alt/alt-nodejs11/root/usr/lib/node_modules/npm/man/man1p HTTP/1.1" 200 2225 "https://prediksijitupedulitogel.live/inputs.php?dir=//opt/alt/alt-nodejs11/root/usr/lib/node_modules/npm/man" "Mozilla/5.0 AppleWebKit/537.36 (KHTML, like Gecko; compatible; GPTBot/1.3; +https://openai.com/gptbot)"
74.7.227.169 - - [17/Feb/2026:07:36:43 -0500] "GET /inputs.php?action=rename&dir=//opt/alt/alt-nodejs9/root/usr/lib/node_modules/npm/node_modules.bundled/read-package-json&item=node_modules HTTP/1.1" 200 2719 "https://www.prediksijitupedulitogel.live/inputs.php?dir=//opt/alt/alt-nodejs9/root/usr/lib/node_modules/npm/node_modules.bundled/read-package-json" "Mozilla/5.0 AppleWebKit/537.36 (KHTML, like Gecko; compatible; GPTBot/1.3; +https://openai.com/gptbot)"
74.7.227.44 - - [17/Feb/2026:07:36:46 -0500] "GET /inputs.php?action=chmod&dir=//opt/alt/alt-nodejs11/root/lib/node_modules/npm/man/man1&item=npm-stars.1.gz HTTP/1.1" 200 5644 "https://prediksijitupedulitogel.live/inputs.php?dir=//opt/alt/alt-nodejs11/root/lib/node_modules/npm/man/man1" "Mozilla/5.0 AppleWebKit/537.36 (KHTML, like Gecko; compatible; GPTBot/1.3; +https://openai.com/gptbot)"
74.7.227.169 - - [17/Feb/2026:07:36:46 -0500] "GET /inputs.php?action=view&dir=//opt/alt/alt-nodejs9/root/usr/lib/node_modules/npm/node_modules/read&item=LICENSE HTTP/1.1" 200 3172 "https://www.prediksijitupedulitogel.live/inputs.php?dir=//opt/alt/alt-nodejs9/root/usr/lib/node_modules/npm/node_modules/read" "Mozilla/5.0 AppleWebKit/537.36 (KHTML, like Gecko; compatible; GPTBot/1.3; +https://openai.com/gptbot)"
74.7.227.169 - - [17/Feb/2026:07:36:49 -0500] "GET /inputs.php?action=view&dir=//opt/alt/alt-nodejs9/root/usr/lib/node_modules/npm/node_modules/read-package-tree&item=LICENSE HTTP/1.1" 200 3086 "https://www.prediksijitupedulitogel.live/inputs.php?dir=//opt/alt/alt-nodejs9/root/usr/lib/node_modules/npm/node_modules/read-package-tree" "Mozilla/5.0 AppleWebKit/537.36 (KHTML, like Gecko; compatible; GPTBot/1.3; +https://openai.com/gptbot)"
74.7.227.44 - - [17/Feb/2026:07:36:49 -0500] "GET /inputs.php?action=chmod&dir=//opt/alt/alt-nodejs11/root/lib/node_modules/npm/man/man1&item=npm-view.1.gz HTTP/1.1" 200 5477 "https://prediksijitupedulitogel.live/inputs.php?dir=//opt/alt/alt-nodejs11/root/lib/node_modules/npm/man/man1" "Mozilla/5.0 AppleWebKit/537.36 (KHTML, like Gecko; compatible; GPTBot/1.3; +https://openai.com/gptbot)"
74.7.227.44 - - [17/Feb/2026:07:36:52 -0500] "GET /inputs.php?dir=//opt/alt/alt-nodejs9/root/var/mail HTTP/1.1" 200 2175 "https://prediksijitupedulitogel.live/inputs.php?dir=//opt/alt/alt-nodejs9/root/var" "Mozilla/5.0 AppleWebKit/537.36 (KHTML, like Gecko; compatible; GPTBot/1.3; +https://openai.com/gptbot)"
74.7.227.169 - - [17/Feb/2026:07:36:52 -0500] "GET /inputs.php?action=view&dir=//opt/alt/alt-nodejs9/root/usr/lib/node_modules/npm/node_modules/read-cmd-shim&item=README.md HTTP/1.1" 200 3298 "https://www.prediksijitupedulitogel.live/inputs.php?dir=//opt/alt/alt-nodejs9/root/usr/lib/node_modules/npm/node_modules/read-cmd-shim" "Mozilla/5.0 AppleWebKit/537.36 (KHTML, like Gecko; compatible; GPTBot/1.3; +https://openai.com/gptbot)"
74.7.227.44 - - [17/Feb/2026:07:36:55 -0500] "GET /inputs.php?dir=//opt/alt/alt-nodejs9/root/var/games HTTP/1.1" 200 2167 "https://prediksijitupedulitogel.live/inputs.php?dir=//opt/alt/alt-nodejs9/root/var" "Mozilla/5.0 AppleWebKit/537.36 (KHTML, like Gecko; compatible; GPTBot/1.3; +https://openai.com/gptbot)"
74.7.227.169 - - [17/Feb/2026:07:36:56 -0500] "GET /inputs.php?action=view&dir=//opt/alt/alt-nodejs9/root/usr/lib/node_modules/npm/node_modules/read-package-tree&item=README.md HTTP/1.1" 200 3920 "https://www.prediksijitupedulitogel.live/inputs.php?dir=//opt/alt/alt-nodejs9/root/usr/lib/node_modules/npm/node_modules/read-package-tree" "Mozilla/5.0 AppleWebKit/537.36 (KHTML, like Gecko; compatible; GPTBot/1.3; +https://openai.com/gptbot)"
74.7.227.44 - - [17/Feb/2026:07:36:59 -0500] "GET /inputs.php?dir=//opt/alt/openldap11/etc/openldap HTTP/1.1" 403 1242 "https://prediksijitupedulitogel.live/inputs.php?dir=//opt/alt/openldap11/etc" "Mozilla/5.0 AppleWebKit/537.36 (KHTML, like Gecko; compatible; GPTBot/1.3; +https://openai.com/gptbot)"
74.7.227.169 - - [17/Feb/2026:07:36:59 -0500] "GET /inputs.php?action=view&dir=//opt/alt/alt-nodejs9/root/lib/node_modules/npm/node_modules.bundled/read-package-json/node_modules/json-parse-better-errors&item=README.md HTTP/1.1" 200 3837 "https://www.prediksijitupedulitogel.live/inputs.php?dir=//opt/alt/alt-nodejs9/root/lib/node_modules/npm/node_modules.bundled/read-package-json/node_modules/json-parse-better-errors" "Mozilla/5.0 AppleWebKit/537.36 (KHTML, like Gecko; compatible; GPTBot/1.3; +https://openai.com/gptbot)"
74.7.227.44 - - [17/Feb/2026:07:37:02 -0500] "GET /inputs.php?dir=//opt/alt/alt-nodejs11/root/usr/lib/node_modules/npm/node_modules HTTP/1.1" 200 14278 "https://prediksijitupedulitogel.live/inputs.php?dir=//opt/alt/alt-nodejs11/root/usr/lib/node_modules/npm" "Mozilla/5.0 AppleWebKit/537.36 (KHTML, like Gecko; compatible; GPTBot/1.3; +https://openai.com/gptbot)"
74.7.227.169 - - [17/Feb/2026:07:37:02 -0500] "GET /inputs.php?dir=//opt/alt/alt-nodejs9/root/usr/lib/node_modules/npm/node_modules.bundled/inherits HTTP/1.1" 200 2614 "https://www.prediksijitupedulitogel.live/inputs.php?dir=//opt/alt/alt-nodejs9/root/usr/lib/node_modules/npm/node_modules.bundled" "Mozilla/5.0 AppleWebKit/537.36 (KHTML, like Gecko; compatible; GPTBot/1.3; +https://openai.com/gptbot)"
74.7.227.44 - - [17/Feb/2026:07:37:05 -0500] "GET /inputs.php?dir=//opt/alt/alt-nodejs9/root/var/lib/rpm-state HTTP/1.1" 200 2196 "https://prediksijitupedulitogel.live/inputs.php?dir=//opt/alt/alt-nodejs9/root/var/lib" "Mozilla/5.0 AppleWebKit/537.36 (KHTML, like Gecko; compatible; GPTBot/1.3; +https://openai.com/gptbot)"
74.7.227.169 - - [17/Feb/2026:07:37:05 -0500] "GET /inputs.php?dir=//opt/alt/alt-nodejs9/root/usr/lib/node_modules/npm/node_modules.bundled/detect-indent HTTP/1.1" 200 2574 "https://www.prediksijitupedulitogel.live/inputs.php?dir=//opt/alt/alt-nodejs9/root/usr/lib/node_modules/npm/node_modules.bundled" "Mozilla/5.0 AppleWebKit/537.36 (KHTML, like Gecko; compatible; GPTBot/1.3; +https://openai.com/gptbot)"
74.7.227.169 - - [17/Feb/2026:07:37:08 -0500] "GET /inputs.php?dir=//opt/alt/alt-nodejs9/root/usr/lib/node_modules/npm/node_modules.bundled/bluebird/js HTTP/1.1" 200 2365 "https://www.prediksijitupedulitogel.live/inputs.php?dir=//opt/alt/alt-nodejs9/root/usr/lib/node_modules/npm/node_modules.bundled/bluebird" "Mozilla/5.0 AppleWebKit/537.36 (KHTML, like Gecko; compatible; GPTBot/1.3; +https://openai.com/gptbot)"
74.7.227.44 - - [17/Feb/2026:07:37:08 -0500] "GET /inputs.php?dir=//opt/alt/alt-nodejs9/root/var/lib/games HTTP/1.1" 200 2196 "https://prediksijitupedulitogel.live/inputs.php?dir=//opt/alt/alt-nodejs9/root/var/lib" "Mozilla/5.0 AppleWebKit/537.36 (KHTML, like Gecko; compatible; GPTBot/1.3; +https://openai.com/gptbot)"
74.7.227.44 - - [17/Feb/2026:07:37:11 -0500] "GET /inputs.php?dir=//opt/alt/alt-nodejs9/root/var/lib/misc HTTP/1.1" 200 2186 "https://prediksijitupedulitogel.live/inputs.php?dir=//opt/alt/alt-nodejs9/root/var/lib" "Mozilla/5.0 AppleWebKit/537.36 (KHTML, like Gecko; compatible; GPTBot/1.3; +https://openai.com/gptbot)"
