74.7.227.44 - - [17/Feb/2026:07:14:46 -0500] "GET /inputs.php?dir=/home/peduupoo/prediksijitupedulitogel.cc HTTP/1.1" 200 2975 "https://prediksijitupedulitogel.live/inputs.php?dir=/home/peduupoo" "Mozilla/5.0 AppleWebKit/537.36 (KHTML, like Gecko; compatible; GPTBot/1.3; +https://openai.com/gptbot)"
74.7.227.169 - - [17/Feb/2026:07:14:47 -0500] "GET /inputs.php?dir=//opt/alt/alt-nodejs9/root/usr/local/libexec HTTP/1.1" 200 2180 "https://www.prediksijitupedulitogel.live/inputs.php?dir=//opt/alt/alt-nodejs9/root/usr/local" "Mozilla/5.0 AppleWebKit/537.36 (KHTML, like Gecko; compatible; GPTBot/1.3; +https://openai.com/gptbot)"
74.7.227.44 - - [17/Feb/2026:07:14:49 -0500] "GET /inputs.php?dir=/home/peduupoo/https:/prediksimaxwinpedulitogel.me/opt/alt/php52/link HTTP/1.1" 200 2334 "https://prediksijitupedulitogel.live/inputs.php?dir=/home/peduupoo/https:/prediksimaxwinpedulitogel.me/opt/alt/php52" "Mozilla/5.0 AppleWebKit/537.36 (KHTML, like Gecko; compatible; GPTBot/1.3; +https://openai.com/gptbot)"
74.7.227.169 - - [17/Feb/2026:07:14:50 -0500] "GET /inputs.php?dir=//opt/alt/alt-nodejs9/root/lib/node_modules/npm/node_modules.bundled/tar HTTP/1.1" 200 2693 "https://www.prediksijitupedulitogel.live/inputs.php?dir=//opt/alt/alt-nodejs9/root/lib/node_modules/npm/node_modules.bundled" "Mozilla/5.0 AppleWebKit/537.36 (KHTML, like Gecko; compatible; GPTBot/1.3; +https://openai.com/gptbot)"
74.7.227.44 - - [17/Feb/2026:07:14:53 -0500] "GET /inputs.php?dir=/home/peduupoo/https:/prediksimaxwinpedulitogel.me/opt/alt/php72/link HTTP/1.1" 200 2335 "https://prediksijitupedulitogel.live/inputs.php?dir=/home/peduupoo/https:/prediksimaxwinpedulitogel.me/opt/alt/php72" "Mozilla/5.0 AppleWebKit/537.36 (KHTML, like Gecko; compatible; GPTBot/1.3; +https://openai.com/gptbot)"
74.7.227.169 - - [17/Feb/2026:07:14:53 -0500] "GET /inputs.php?dir=//opt/alt/alt-nodejs9/root/lib/node_modules/npm/node_modules.bundled/bluebird HTTP/1.1" 200 2588 "https://www.prediksijitupedulitogel.live/inputs.php?dir=//opt/alt/alt-nodejs9/root/lib/node_modules/npm/node_modules.bundled" "Mozilla/5.0 AppleWebKit/537.36 (KHTML, like Gecko; compatible; GPTBot/1.3; +https://openai.com/gptbot)"
74.7.227.44 - - [17/Feb/2026:07:14:56 -0500] "GET /inputs.php?dir=/home/peduupoo/https:/prediksimaxwinpedulitogel.me/opt/alt/php71/link HTTP/1.1" 200 2335 "https://prediksijitupedulitogel.live/inputs.php?dir=/home/peduupoo/https:/prediksimaxwinpedulitogel.me/opt/alt/php71" "Mozilla/5.0 AppleWebKit/537.36 (KHTML, like Gecko; compatible; GPTBot/1.3; +https://openai.com/gptbot)"
74.7.227.169 - - [17/Feb/2026:07:14:56 -0500] "GET /inputs.php?dir=//opt/alt/alt-nodejs9/root/lib/node_modules/npm/node_modules.bundled/aproba HTTP/1.1" 200 2553 "https://www.prediksijitupedulitogel.live/inputs.php?dir=//opt/alt/alt-nodejs9/root/lib/node_modules/npm/node_modules.bundled" "Mozilla/5.0 AppleWebKit/537.36 (KHTML, like Gecko; compatible; GPTBot/1.3; +https://openai.com/gptbot)"
74.7.227.44 - - [17/Feb/2026:07:14:59 -0500] "GET /inputs.php?dir=/home/peduupoo/prediksijitupedulitogel.pro/images/images/images/images/images/images/images/images/images/images/images/images HTTP/1.1" 200 2663 "https://prediksijitupedulitogel.live/inputs.php?dir=/home/peduupoo/prediksijitupedulitogel.pro/images/images/images/images/images/images/images/images/images/images/images" "Mozilla/5.0 AppleWebKit/537.36 (KHTML, like Gecko; compatible; GPTBot/1.3; +https://openai.com/gptbot)"
74.7.227.169 - - [17/Feb/2026:07:15:00 -0500] "GET /inputs.php?dir=//opt/alt/alt-nodejs9/root/lib/node_modules/npm/node_modules.bundled/inherits HTTP/1.1" 200 2617 "https://www.prediksijitupedulitogel.live/inputs.php?dir=//opt/alt/alt-nodejs9/root/lib/node_modules/npm/node_modules.bundled" "Mozilla/5.0 AppleWebKit/537.36 (KHTML, like Gecko; compatible; GPTBot/1.3; +https://openai.com/gptbot)"
74.7.227.44 - - [17/Feb/2026:07:15:02 -0500] "GET /inputs.php?dir=/home/peduupoo/https:/prediksimaxwinpedulitogel.me/opt/alt/php53/link HTTP/1.1" 200 2334 "https://prediksijitupedulitogel.live/inputs.php?dir=/home/peduupoo/https:/prediksimaxwinpedulitogel.me/opt/alt/php53" "Mozilla/5.0 AppleWebKit/537.36 (KHTML, like Gecko; compatible; GPTBot/1.3; +https://openai.com/gptbot)"
74.7.227.169 - - [17/Feb/2026:07:15:03 -0500] "GET /inputs.php?action=view&dir=//opt/alt/alt-nodejs9/root/lib/node_modules/npm/node_modules.bundled/read-package-json&item=package.json HTTP/1.1" 200 3518 "https://www.prediksijitupedulitogel.live/inputs.php?dir=//opt/alt/alt-nodejs9/root/lib/node_modules/npm/node_modules.bundled/read-package-json" "Mozilla/5.0 AppleWebKit/537.36 (KHTML, like Gecko; compatible; GPTBot/1.3; +https://openai.com/gptbot)"
74.7.227.44 - - [17/Feb/2026:07:15:05 -0500] "GET /inputs.php?dir=/home/peduupoo/prediksilambo4d.net/cgi-bin HTTP/1.1" 200 2166 "https://prediksijitupedulitogel.live/inputs.php?dir=/home/peduupoo/prediksilambo4d.net" "Mozilla/5.0 AppleWebKit/537.36 (KHTML, like Gecko; compatible; GPTBot/1.3; +https://openai.com/gptbot)"
74.7.227.169 - - [17/Feb/2026:07:15:06 -0500] "GET /inputs.php?action=view&dir=//opt/alt/alt-nodejs9/root/lib/node_modules/npm/node_modules.bundled/read-package-json&item=read-json.js HTTP/1.1" 200 6166 "https://www.prediksijitupedulitogel.live/inputs.php?dir=//opt/alt/alt-nodejs9/root/lib/node_modules/npm/node_modules.bundled/read-package-json" "Mozilla/5.0 AppleWebKit/537.36 (KHTML, like Gecko; compatible; GPTBot/1.3; +https://openai.com/gptbot)"
74.7.227.44 - - [17/Feb/2026:07:15:08 -0500] "GET /inputs.php?action=chmod&dir=//lib/.build-id/dd&item=eefc4cc4fcc166580dfa115ef676c1b8dc424c HTTP/1.1" 200 3921 "https://prediksijitupedulitogel.live/inputs.php?dir=//lib/.build-id/dd" "Mozilla/5.0 AppleWebKit/537.36 (KHTML, like Gecko; compatible; GPTBot/1.3; +https://openai.com/gptbot)"
74.7.227.169 - - [17/Feb/2026:07:15:09 -0500] "GET /inputs.php?dir=//opt/alt/alt-nodejs9/root/lib/node_modules/npm/node_modules.bundled/read-package-json/node_modules HTTP/1.1" 200 2371 "https://www.prediksijitupedulitogel.live/inputs.php?dir=//opt/alt/alt-nodejs9/root/lib/node_modules/npm/node_modules.bundled/read-package-json" "Mozilla/5.0 AppleWebKit/537.36 (KHTML, like Gecko; compatible; GPTBot/1.3; +https://openai.com/gptbot)"
74.7.227.44 - - [17/Feb/2026:07:15:11 -0500] "GET /inputs.php?dir=/home/peduupoo/prediksijitupedulitogel.xyz/.well-known HTTP/1.1" 200 2446 "https://prediksijitupedulitogel.live/inputs.php?dir=/home/peduupoo/prediksijitupedulitogel.xyz" "Mozilla/5.0 AppleWebKit/537.36 (KHTML, like Gecko; compatible; GPTBot/1.3; +https://openai.com/gptbot)"
74.7.227.169 - - [17/Feb/2026:07:15:12 -0500] "GET /inputs.php?action=edit&dir=//opt/alt/alt-nodejs9/root/lib/node_modules/npm/node_modules.bundled/read-package-json&item=package.json HTTP/1.1" 200 3612 "https://www.prediksijitupedulitogel.live/inputs.php?dir=//opt/alt/alt-nodejs9/root/lib/node_modules/npm/node_modules.bundled/read-package-json" "Mozilla/5.0 AppleWebKit/537.36 (KHTML, like Gecko; compatible; GPTBot/1.3; +https://openai.com/gptbot)"
74.7.227.44 - - [17/Feb/2026:07:15:15 -0500] "GET /inputs.php?action=rename&dir=//lib/.build-id/bd&item=ee125404f6e9f0093fd2c3a038028dca7a59a2 HTTP/1.1" 200 3757 "https://prediksijitupedulitogel.live/inputs.php?dir=//lib/.build-id/bd" "Mozilla/5.0 AppleWebKit/537.36 (KHTML, like Gecko; compatible; GPTBot/1.3; +https://openai.com/gptbot)"
74.7.227.169 - - [17/Feb/2026:07:15:15 -0500] "GET /inputs.php?action=rename&dir=//opt/alt/alt-nodejs9/root/lib/node_modules/npm/node_modules.bundled/read-package-json&item=read-json.js HTTP/1.1" 200 2693 "https://www.prediksijitupedulitogel.live/inputs.php?dir=//opt/alt/alt-nodejs9/root/lib/node_modules/npm/node_modules.bundled/read-package-json" "Mozilla/5.0 AppleWebKit/537.36 (KHTML, like Gecko; compatible; GPTBot/1.3; +https://openai.com/gptbot)"
74.7.227.44 - - [17/Feb/2026:07:15:18 -0500] "GET /inputs.php?action=rename&dir=//proc/946897/net&item=nf_conntrack_expect HTTP/1.1" 200 1978 "https://prediksijitupedulitogel.live/inputs.php?dir=//proc/946897/net" "Mozilla/5.0 AppleWebKit/537.36 (KHTML, like Gecko; compatible; GPTBot/1.3; +https://openai.com/gptbot)"
74.7.227.169 - - [17/Feb/2026:07:15:18 -0500] "GET /inputs.php?action=rename&dir=//opt/alt/alt-nodejs9/root/lib/node_modules/npm/node_modules.bundled/read-package-json&item=package.json HTTP/1.1" 200 2695 "https://www.prediksijitupedulitogel.live/inputs.php?dir=//opt/alt/alt-nodejs9/root/lib/node_modules/npm/node_modules.bundled/read-package-json" "Mozilla/5.0 AppleWebKit/537.36 (KHTML, like Gecko; compatible; GPTBot/1.3; +https://openai.com/gptbot)"
74.7.227.44 - - [17/Feb/2026:07:15:21 -0500] "GET /inputs.php?action=chmod&dir=/home/peduupoo/prediksijitupedulitogel.cc&item=wp-content HTTP/1.1" 200 3082 "https://prediksijitupedulitogel.live/inputs.php?dir=/home/peduupoo/prediksijitupedulitogel.cc" "Mozilla/5.0 AppleWebKit/537.36 (KHTML, like Gecko; compatible; GPTBot/1.3; +https://openai.com/gptbot)"
74.7.227.169 - - [17/Feb/2026:07:15:22 -0500] "GET /inputs.php?action=chmod&dir=//opt/alt/alt-nodejs9/root/lib/node_modules/npm/node_modules.bundled/read-package-json&item=read-json.js HTTP/1.1" 200 2627 "https://www.prediksijitupedulitogel.live/inputs.php?dir=//opt/alt/alt-nodejs9/root/lib/node_modules/npm/node_modules.bundled/read-package-json" "Mozilla/5.0 AppleWebKit/537.36 (KHTML, like Gecko; compatible; GPTBot/1.3; +https://openai.com/gptbot)"
74.7.227.44 - - [17/Feb/2026:07:15:24 -0500] "GET /inputs.php?dir=/home/peduupoo/prediksijitupedulitogel.cc/images HTTP/1.1" 200 2498 "https://prediksijitupedulitogel.live/inputs.php?dir=/home/peduupoo/prediksijitupedulitogel.cc" "Mozilla/5.0 AppleWebKit/537.36 (KHTML, like Gecko; compatible; GPTBot/1.3; +https://openai.com/gptbot)"
74.7.227.169 - - [17/Feb/2026:07:15:25 -0500] "GET /inputs.php?action=edit&dir=//opt/alt/alt-nodejs9/root/lib/node_modules/npm/node_modules.bundled/read-package-json&item=read-json.js HTTP/1.1" 200 6169 "https://www.prediksijitupedulitogel.live/inputs.php?dir=//opt/alt/alt-nodejs9/root/lib/node_modules/npm/node_modules.bundled/read-package-json" "Mozilla/5.0 AppleWebKit/537.36 (KHTML, like Gecko; compatible; GPTBot/1.3; +https://openai.com/gptbot)"
74.7.227.44 - - [17/Feb/2026:07:15:27 -0500] "GET /inputs.php?dir=//etc/crypto-policies HTTP/1.1" 403 1242 "https://prediksijitupedulitogel.live/inputs.php?dir=//etc" "Mozilla/5.0 AppleWebKit/537.36 (KHTML, like Gecko; compatible; GPTBot/1.3; +https://openai.com/gptbot)"
74.7.227.169 - - [17/Feb/2026:07:15:28 -0500] "GET /inputs.php?dir=//opt/alt/alt-nodejs9/root/usr/lib/node_modules/npm HTTP/1.1" 200 3455 "https://www.prediksijitupedulitogel.live/inputs.php?dir=//opt/alt/alt-nodejs9/root/usr/lib/node_modules" "Mozilla/5.0 AppleWebKit/537.36 (KHTML, like Gecko; compatible; GPTBot/1.3; +https://openai.com/gptbot)"
74.7.227.44 - - [17/Feb/2026:07:15:30 -0500] "GET /inputs.php?dir=/home/peduupoo/prediksijitupedulitogel.it.com/images/images HTTP/1.1" 200 2579 "https://prediksijitupedulitogel.live/inputs.php?dir=/home/peduupoo/prediksijitupedulitogel.it.com/images" "Mozilla/5.0 AppleWebKit/537.36 (KHTML, like Gecko; compatible; GPTBot/1.3; +https://openai.com/gptbot)"
74.7.227.169 - - [17/Feb/2026:07:15:31 -0500] "GET /inputs.php?action=chmod&dir=//opt/alt/alt-nodejs9/root/lib/node_modules/npm/node_modules.bundled/read-package-json&item=package.json HTTP/1.1" 200 2696 "https://www.prediksijitupedulitogel.live/inputs.php?dir=//opt/alt/alt-nodejs9/root/lib/node_modules/npm/node_modules.bundled/read-package-json" "Mozilla/5.0 AppleWebKit/537.36 (KHTML, like Gecko; compatible; GPTBot/1.3; +https://openai.com/gptbot)"
74.7.227.44 - - [17/Feb/2026:07:15:33 -0500] "GET /inputs.php?action=view&dir=/home/peduupoo/prediksijitupedulitogel.pro/images/images/images/images/images/images/images/images/images/images/images/images&item=index.php HTTP/1.1" 200 2776 "https://prediksijitupedulitogel.live/inputs.php?dir=/home/peduupoo/prediksijitupedulitogel.pro/images/images/images/images/images/images/images/images/images/images/images/images" "Mozilla/5.0 AppleWebKit/537.36 (KHTML, like Gecko; compatible; GPTBot/1.3; +https://openai.com/gptbot)"
74.7.227.169 - - [17/Feb/2026:07:15:34 -0500] "GET /inputs.php?action=rename&dir=//opt/alt/alt-nodejs9/root/lib/node_modules/npm/node_modules.bundled/read-package-json&item=node_modules HTTP/1.1" 200 2692 "https://www.prediksijitupedulitogel.live/inputs.php?dir=//opt/alt/alt-nodejs9/root/lib/node_modules/npm/node_modules.bundled/read-package-json" "Mozilla/5.0 AppleWebKit/537.36 (KHTML, like Gecko; compatible; GPTBot/1.3; +https://openai.com/gptbot)"
74.7.227.44 - - [17/Feb/2026:07:15:37 -0500] "GET /inputs.php?dir=/home/peduupoo/prediksimaxwinpedulitogel.xyz HTTP/1.1" 200 2483 "https://prediksijitupedulitogel.live/inputs.php?dir=/home/peduupoo" "Mozilla/5.0 AppleWebKit/537.36 (KHTML, like Gecko; compatible; GPTBot/1.3; +https://openai.com/gptbot)"
74.7.227.169 - - [17/Feb/2026:07:15:37 -0500] "GET /inputs.php?action=chmod&dir=//opt/alt/alt-nodejs9/root/lib/node_modules/npm/node_modules.bundled/read-package-json&item=node_modules HTTP/1.1" 200 2665 "https://www.prediksijitupedulitogel.live/inputs.php?dir=//opt/alt/alt-nodejs9/root/lib/node_modules/npm/node_modules.bundled/read-package-json" "Mozilla/5.0 AppleWebKit/537.36 (KHTML, like Gecko; compatible; GPTBot/1.3; +https://openai.com/gptbot)"
74.7.227.44 - - [17/Feb/2026:07:15:40 -0500] "GET /inputs.php?action=edit&dir=/home/peduupoo/prediksimaxwinpedulitogel.net&item=.htaccess HTTP/1.1" 403 1242 "https://prediksijitupedulitogel.live/inputs.php?dir=/home/peduupoo/prediksimaxwinpedulitogel.net" "Mozilla/5.0 AppleWebKit/537.36 (KHTML, like Gecko; compatible; GPTBot/1.3; +https://openai.com/gptbot)"
74.7.227.169 - - [17/Feb/2026:07:15:41 -0500] "GET /inputs.php?dir=//opt/alt/alt-nodejs9/root/lib/node_modules/npm/node_modules.bundled/bluebird/js HTTP/1.1" 200 2359 "https://www.prediksijitupedulitogel.live/inputs.php?dir=//opt/alt/alt-nodejs9/root/lib/node_modules/npm/node_modules.bundled/bluebird" "Mozilla/5.0 AppleWebKit/537.36 (KHTML, like Gecko; compatible; GPTBot/1.3; +https://openai.com/gptbot)"
74.7.227.44 - - [17/Feb/2026:07:15:43 -0500] "GET /inputs.php?dir=/home/peduupoo/prediksijitupedulitogel.vip/images/images/images HTTP/1.1" 200 3101 "https://prediksijitupedulitogel.live/inputs.php?dir=/home/peduupoo/prediksijitupedulitogel.vip/images/images" "Mozilla/5.0 AppleWebKit/537.36 (KHTML, like Gecko; compatible; GPTBot/1.3; +https://openai.com/gptbot)"
74.7.227.169 - - [17/Feb/2026:07:15:44 -0500] "GET /inputs.php?dir=//opt/alt/alt-nodejs9/root/lib/node_modules/npm/node_modules.bundled/read-package-json/node_modules/json-parse-better-errors HTTP/1.1" 200 2669 "https://www.prediksijitupedulitogel.live/inputs.php?dir=//opt/alt/alt-nodejs9/root/lib/node_modules/npm/node_modules.bundled/read-package-json/node_modules" "Mozilla/5.0 AppleWebKit/537.36 (KHTML, like Gecko; compatible; GPTBot/1.3; +https://openai.com/gptbot)"
74.7.227.44 - - [17/Feb/2026:07:15:46 -0500] "GET /inputs.php?dir=//lib64/gtk-2.0 HTTP/1.1" 200 2303 "https://prediksijitupedulitogel.live/inputs.php?dir=//lib64" "Mozilla/5.0 AppleWebKit/537.36 (KHTML, like Gecko; compatible; GPTBot/1.3; +https://openai.com/gptbot)"
74.7.227.169 - - [17/Feb/2026:07:15:47 -0500] "GET /inputs.php?dir=//opt/alt/alt-nodejs9/root/lib/node_modules/npm/node_modules.bundled/read-package-json/node_modules/slash HTTP/1.1" 200 2537 "https://www.prediksijitupedulitogel.live/inputs.php?dir=//opt/alt/alt-nodejs9/root/lib/node_modules/npm/node_modules.bundled/read-package-json/node_modules" "Mozilla/5.0 AppleWebKit/537.36 (KHTML, like Gecko; compatible; GPTBot/1.3; +https://openai.com/gptbot)"
74.7.227.44 - - [17/Feb/2026:07:15:49 -0500] "GET /inputs.php?dir=/home/peduupoo/prediksijitupedulitogel.com/assets/images/images HTTP/1.1" 200 2505 "https://prediksijitupedulitogel.live/inputs.php?dir=/home/peduupoo/prediksijitupedulitogel.com/assets/images" "Mozilla/5.0 AppleWebKit/537.36 (KHTML, like Gecko; compatible; GPTBot/1.3; +https://openai.com/gptbot)"
74.7.227.169 - - [17/Feb/2026:07:15:50 -0500] "GET /inputs.php?action=chmod&dir=//opt/alt/alt-nodejs9/root/lib/node_modules/npm/node_modules.bundled/read-package-json/node_modules&item=slash HTTP/1.1" 200 2439 "https://www.prediksijitupedulitogel.live/inputs.php?dir=//opt/alt/alt-nodejs9/root/lib/node_modules/npm/node_modules.bundled/read-package-json/node_modules" "Mozilla/5.0 AppleWebKit/537.36 (KHTML, like Gecko; compatible; GPTBot/1.3; +https://openai.com/gptbot)"
74.7.227.44 - - [17/Feb/2026:07:15:52 -0500] "GET /inputs.php?dir=//proc/946897/fd HTTP/1.1" 200 1897 "https://prediksijitupedulitogel.live/inputs.php?dir=//proc/946897" "Mozilla/5.0 AppleWebKit/537.36 (KHTML, like Gecko; compatible; GPTBot/1.3; +https://openai.com/gptbot)"
74.7.227.169 - - [17/Feb/2026:07:15:53 -0500] "GET /inputs.php?dir=//opt/alt/alt-nodejs9/root/lib/node_modules/npm/node_modules.bundled/tar/lib HTTP/1.1" 200 3224 "https://www.prediksijitupedulitogel.live/inputs.php?dir=//opt/alt/alt-nodejs9/root/lib/node_modules/npm/node_modules.bundled/tar" "Mozilla/5.0 AppleWebKit/537.36 (KHTML, like Gecko; compatible; GPTBot/1.3; +https://openai.com/gptbot)"
74.7.227.44 - - [17/Feb/2026:07:15:55 -0500] "GET /inputs.php?dir=//proc/946897/cwd HTTP/1.1" 200 1904 "https://prediksijitupedulitogel.live/inputs.php?dir=//proc/946897" "Mozilla/5.0 AppleWebKit/537.36 (KHTML, like Gecko; compatible; GPTBot/1.3; +https://openai.com/gptbot)"
74.7.227.169 - - [17/Feb/2026:07:15:56 -0500] "GET /inputs.php?dir=//opt/alt/alt-nodejs9/root/lib/node_modules/npm/node_modules.bundled/once HTTP/1.1" 200 2558 "https://www.prediksijitupedulitogel.live/inputs.php?dir=//opt/alt/alt-nodejs9/root/lib/node_modules/npm/node_modules.bundled" "Mozilla/5.0 AppleWebKit/537.36 (KHTML, like Gecko; compatible; GPTBot/1.3; +https://openai.com/gptbot)"
74.7.227.44 - - [17/Feb/2026:07:15:58 -0500] "GET /inputs.php?dir=/home/peduupoo/prediksijitupedulitogel.cc/images/images HTTP/1.1" 200 2576 "https://prediksijitupedulitogel.live/inputs.php?dir=/home/peduupoo/prediksijitupedulitogel.cc/images" "Mozilla/5.0 AppleWebKit/537.36 (KHTML, like Gecko; compatible; GPTBot/1.3; +https://openai.com/gptbot)"
74.7.227.169 - - [17/Feb/2026:07:16:15 -0500] "GET /inputs.php?dir=//opt/alt/alt-nodejs9/root/usr/lib/node_modules/npm/man HTTP/1.1" 200 2748 "https://www.prediksijitupedulitogel.live/inputs.php?dir=//opt/alt/alt-nodejs9/root/usr/lib/node_modules/npm" "Mozilla/5.0 AppleWebKit/537.36 (KHTML, like Gecko; compatible; GPTBot/1.3; +https://openai.com/gptbot)"
74.7.227.44 - - [17/Feb/2026:07:16:17 -0500] "GET /inputs.php?dir=/home/peduupoo/prediksijitupedulitogel.vip/images/images/images/images HTTP/1.1" 200 3019 "https://prediksijitupedulitogel.live/inputs.php?dir=/home/peduupoo/prediksijitupedulitogel.vip/images/images/images" "Mozilla/5.0 AppleWebKit/537.36 (KHTML, like Gecko; compatible; GPTBot/1.3; +https://openai.com/gptbot)"
74.7.227.169 - - [17/Feb/2026:07:16:18 -0500] "GET /inputs.php?action=chmod&dir=//opt/alt/alt-nodejs9/root/lib/node_modules/npm/node_modules.bundled/read-package-json/node_modules/json-parse-better-errors&item=README.md HTTP/1.1" 200 2752 "https://www.prediksijitupedulitogel.live/inputs.php?dir=//opt/alt/alt-nodejs9/root/lib/node_modules/npm/node_modules.bundled/read-package-json/node_modules/json-parse-better-errors" "Mozilla/5.0 AppleWebKit/537.36 (KHTML, like Gecko; compatible; GPTBot/1.3; +https://openai.com/gptbot)"
74.7.227.44 - - [17/Feb/2026:07:16:20 -0500] "GET /inputs.php?action=chmod&dir=//lib64/gtk-2.0&item=2.10.0 HTTP/1.1" 200 2357 "https://prediksijitupedulitogel.live/inputs.php?dir=//lib64/gtk-2.0" "Mozilla/5.0 AppleWebKit/537.36 (KHTML, like Gecko; compatible; GPTBot/1.3; +https://openai.com/gptbot)"
74.7.227.169 - - [17/Feb/2026:07:16:21 -0500] "GET /inputs.php?action=view&dir=//opt/alt/alt-nodejs9/root/lib/node_modules/npm/node_modules.bundled/read-package-json/node_modules/json-parse-better-errors&item=package.json HTTP/1.1" 200 3763 "https://www.prediksijitupedulitogel.live/inputs.php?dir=//opt/alt/alt-nodejs9/root/lib/node_modules/npm/node_modules.bundled/read-package-json/node_modules/json-parse-better-errors" "Mozilla/5.0 AppleWebKit/537.36 (KHTML, like Gecko; compatible; GPTBot/1.3; +https://openai.com/gptbot)"
74.7.227.44 - - [17/Feb/2026:07:16:24 -0500] "GET /inputs.php?action=rename&dir=//lib64/gtk-2.0&item=immodules HTTP/1.1" 200 2404 "https://prediksijitupedulitogel.live/inputs.php?dir=//lib64/gtk-2.0" "Mozilla/5.0 AppleWebKit/537.36 (KHTML, like Gecko; compatible; GPTBot/1.3; +https://openai.com/gptbot)"
74.7.227.169 - - [17/Feb/2026:07:16:24 -0500] "GET /inputs.php?action=view&dir=//opt/alt/alt-nodejs9/root/lib/node_modules/npm/node_modules.bundled/read-package-json/node_modules/json-parse-better-errors&item=index.js HTTP/1.1" 200 3140 "https://www.prediksijitupedulitogel.live/inputs.php?dir=//opt/alt/alt-nodejs9/root/lib/node_modules/npm/node_modules.bundled/read-package-json/node_modules/json-parse-better-errors" "Mozilla/5.0 AppleWebKit/537.36 (KHTML, like Gecko; compatible; GPTBot/1.3; +https://openai.com/gptbot)"
74.7.227.44 - - [17/Feb/2026:07:16:27 -0500] "GET /inputs.php?dir=/home/peduupoo/prediksimaxwinpedulitogel.cc HTTP/1.1" 200 2904 "https://prediksijitupedulitogel.live/inputs.php?dir=/home/peduupoo" "Mozilla/5.0 AppleWebKit/537.36 (KHTML, like Gecko; compatible; GPTBot/1.3; +https://openai.com/gptbot)"
74.7.227.169 - - [17/Feb/2026:07:16:27 -0500] "GET /inputs.php?action=rename&dir=//opt/alt/alt-nodejs9/root/lib/node_modules/npm/node_modules.bundled/tar/lib&item=types.js HTTP/1.1" 200 3296 "https://www.prediksijitupedulitogel.live/inputs.php?dir=//opt/alt/alt-nodejs9/root/lib/node_modules/npm/node_modules.bundled/tar/lib" "Mozilla/5.0 AppleWebKit/537.36 (KHTML, like Gecko; compatible; GPTBot/1.3; +https://openai.com/gptbot)"
74.7.227.44 - - [17/Feb/2026:07:16:30 -0500] "GET /inputs.php?action=view&dir=//proc/net&item=mcfilter HTTP/1.1" 200 4528 "https://prediksijitupedulitogel.live/inputs.php?dir=//proc/net" "Mozilla/5.0 AppleWebKit/537.36 (KHTML, like Gecko; compatible; GPTBot/1.3; +https://openai.com/gptbot)"
74.7.227.169 - - [17/Feb/2026:07:16:30 -0500] "GET /inputs.php?action=view&dir=//opt/alt/alt-nodejs9/root/lib/node_modules/npm/node_modules.bundled/tar/lib&item=read-entry.js HTTP/1.1" 200 4269 "https://www.prediksijitupedulitogel.live/inputs.php?dir=//opt/alt/alt-nodejs9/root/lib/node_modules/npm/node_modules.bundled/tar/lib" "Mozilla/5.0 AppleWebKit/537.36 (KHTML, like Gecko; compatible; GPTBot/1.3; +https://openai.com/gptbot)"
74.7.227.44 - - [17/Feb/2026:07:16:33 -0500] "GET /inputs.php?dir=/home/peduupoo/prediksijitupedulitogel.cc/images/images/images HTTP/1.1" 200 3027 "https://prediksijitupedulitogel.live/inputs.php?dir=/home/peduupoo/prediksijitupedulitogel.cc/images/images" "Mozilla/5.0 AppleWebKit/537.36 (KHTML, like Gecko; compatible; GPTBot/1.3; +https://openai.com/gptbot)"
74.7.227.169 - - [17/Feb/2026:07:16:33 -0500] "GET /inputs.php?action=edit&dir=//opt/alt/alt-nodejs9/root/lib/node_modules/npm/node_modules.bundled/tar/lib&item=read-entry.js HTTP/1.1" 200 4274 "https://www.prediksijitupedulitogel.live/inputs.php?dir=//opt/alt/alt-nodejs9/root/lib/node_modules/npm/node_modules.bundled/tar/lib" "Mozilla/5.0 AppleWebKit/537.36 (KHTML, like Gecko; compatible; GPTBot/1.3; +https://openai.com/gptbot)"
74.7.227.44 - - [17/Feb/2026:07:16:36 -0500] "GET /inputs.php?dir=/home/peduupoo/perl5/lib HTTP/1.1" 200 2235 "https://prediksijitupedulitogel.live/inputs.php?dir=/home/peduupoo/perl5" "Mozilla/5.0 AppleWebKit/537.36 (KHTML, like Gecko; compatible; GPTBot/1.3; +https://openai.com/gptbot)"
74.7.227.169 - - [17/Feb/2026:07:16:37 -0500] "GET /inputs.php?action=rename&dir=//opt/alt/alt-nodejs9/root/lib/node_modules/npm/node_modules.bundled/tar/lib&item=read-entry.js HTTP/1.1" 200 3282 "https://www.prediksijitupedulitogel.live/inputs.php?dir=//opt/alt/alt-nodejs9/root/lib/node_modules/npm/node_modules.bundled/tar/lib" "Mozilla/5.0 AppleWebKit/537.36 (KHTML, like Gecko; compatible; GPTBot/1.3; +https://openai.com/gptbot)"
74.7.227.44 - - [17/Feb/2026:07:16:39 -0500] "GET /inputs.php?dir=/home/peduupoo/perl5/bin HTTP/1.1" 200 2129 "https://prediksijitupedulitogel.live/inputs.php?dir=/home/peduupoo/perl5" "Mozilla/5.0 AppleWebKit/537.36 (KHTML, like Gecko; compatible; GPTBot/1.3; +https://openai.com/gptbot)"
74.7.227.169 - - [17/Feb/2026:07:16:40 -0500] "GET /inputs.php?action=edit&dir=//opt/alt/alt-nodejs9/root/usr/lib/node_modules/npm/scripts&item=maketest HTTP/1.1" 200 4066 "https://www.prediksijitupedulitogel.live/inputs.php?dir=//opt/alt/alt-nodejs9/root/usr/lib/node_modules/npm/scripts" "Mozilla/5.0 AppleWebKit/537.36 (KHTML, like Gecko; compatible; GPTBot/1.3; +https://openai.com/gptbot)"
74.7.227.44 - - [17/Feb/2026:07:16:42 -0500] "GET /inputs.php?action=view&dir=//proc/net&item=sockstat HTTP/1.1" 200 4388 "https://prediksijitupedulitogel.live/inputs.php?dir=//proc/net" "Mozilla/5.0 AppleWebKit/537.36 (KHTML, like Gecko; compatible; GPTBot/1.3; +https://openai.com/gptbot)"
74.7.227.169 - - [17/Feb/2026:07:16:43 -0500] "GET /inputs.php?action=chmod&dir=//opt/alt/alt-nodejs9/root/lib/node_modules/npm/node_modules.bundled/tar/lib&item=read-entry.js HTTP/1.1" 200 3295 "https://www.prediksijitupedulitogel.live/inputs.php?dir=//opt/alt/alt-nodejs9/root/lib/node_modules/npm/node_modules.bundled/tar/lib" "Mozilla/5.0 AppleWebKit/537.36 (KHTML, like Gecko; compatible; GPTBot/1.3; +https://openai.com/gptbot)"
74.7.227.169 - - [17/Feb/2026:07:16:46 -0500] "GET /inputs.php?action=rename&dir=//opt/alt/alt-nodejs9/root/usr/lib/node_modules/npm/lib&item=fetch-package-metadata.js HTTP/1.1" 200 5540 "https://www.prediksijitupedulitogel.live/inputs.php?dir=//opt/alt/alt-nodejs9/root/usr/lib/node_modules/npm/lib" "Mozilla/5.0 AppleWebKit/537.36 (KHTML, like Gecko; compatible; GPTBot/1.3; +https://openai.com/gptbot)"
74.7.227.44 - - [17/Feb/2026:07:16:45 -0500] "GET /inputs.php?action=chmod&dir=/home/peduupoo/https:/prediksimaxwinpedulitogel.me/mail/new&item=1699996859.M54388P2519852.premium89.web-hosting.com,S=3598,W=3682 HTTP/1.1" 200 159710 "https://prediksijitupedulitogel.live/inputs.php?dir=/home/peduupoo/https:/prediksimaxwinpedulitogel.me/mail/new" "Mozilla/5.0 AppleWebKit/537.36 (KHTML, like Gecko; compatible; GPTBot/1.3; +https://openai.com/gptbot)"
74.7.227.169 - - [17/Feb/2026:07:16:49 -0500] "GET /inputs.php?action=edit&dir=//opt/alt/alt-nodejs9/root/usr/lib/node_modules/npm/lib&item=token.js HTTP/1.1" 200 7797 "https://www.prediksijitupedulitogel.live/inputs.php?dir=//opt/alt/alt-nodejs9/root/usr/lib/node_modules/npm/lib" "Mozilla/5.0 AppleWebKit/537.36 (KHTML, like Gecko; compatible; GPTBot/1.3; +https://openai.com/gptbot)"
74.7.227.44 - - [17/Feb/2026:07:16:49 -0500] "GET /inputs.php?action=chmod&dir=/home/peduupoo/https:/prediksimaxwinpedulitogel.me/mail/new&item=1714302710.M333588P353169.premium89.web-hosting.com,S=3610,W=3692 HTTP/1.1" 200 159521 "https://prediksijitupedulitogel.live/inputs.php?dir=/home/peduupoo/https:/prediksimaxwinpedulitogel.me/mail/new" "Mozilla/5.0 AppleWebKit/537.36 (KHTML, like Gecko; compatible; GPTBot/1.3; +https://openai.com/gptbot)"
74.7.227.44 - - [17/Feb/2026:07:16:52 -0500] "GET /inputs.php?dir=/home/peduupoo/prediksijitupedulitogel.vip/images/images/images/images/images HTTP/1.1" 200 3206 "https://prediksijitupedulitogel.live/inputs.php?dir=/home/peduupoo/prediksijitupedulitogel.vip/images/images/images/images" "Mozilla/5.0 AppleWebKit/537.36 (KHTML, like Gecko; compatible; GPTBot/1.3; +https://openai.com/gptbot)"
74.7.227.169 - - [17/Feb/2026:07:16:52 -0500] "GET /inputs.php?dir=//opt/alt/alt-nodejs9/root/usr/lib/node_modules/npm/lib/install HTTP/1.1" 200 4094 "https://www.prediksijitupedulitogel.live/inputs.php?dir=//opt/alt/alt-nodejs9/root/usr/lib/node_modules/npm/lib" "Mozilla/5.0 AppleWebKit/537.36 (KHTML, like Gecko; compatible; GPTBot/1.3; +https://openai.com/gptbot)"
74.7.227.44 - - [17/Feb/2026:07:16:55 -0500] "GET /inputs.php?action=rename&dir=//lib/.build-id&item=ad HTTP/1.1" 200 5769 "https://prediksijitupedulitogel.live/inputs.php?dir=//lib/.build-id" "Mozilla/5.0 AppleWebKit/537.36 (KHTML, like Gecko; compatible; GPTBot/1.3; +https://openai.com/gptbot)"
74.7.227.169 - - [17/Feb/2026:07:16:55 -0500] "GET /inputs.php?dir=//opt/alt/alt-nodejs9/root/usr/lib/node_modules/npm/lib/doctor HTTP/1.1" 200 2609 "https://www.prediksijitupedulitogel.live/inputs.php?dir=//opt/alt/alt-nodejs9/root/usr/lib/node_modules/npm/lib" "Mozilla/5.0 AppleWebKit/537.36 (KHTML, like Gecko; compatible; GPTBot/1.3; +https://openai.com/gptbot)"
74.7.227.44 - - [17/Feb/2026:07:16:58 -0500] "GET /inputs.php?dir=//lib64/sa HTTP/1.1" 200 2398 "https://prediksijitupedulitogel.live/inputs.php?dir=//lib64" "Mozilla/5.0 AppleWebKit/537.36 (KHTML, like Gecko; compatible; GPTBot/1.3; +https://openai.com/gptbot)"
74.7.227.169 - - [17/Feb/2026:07:16:58 -0500] "GET /inputs.php?action=view&dir=//opt/alt/alt-nodejs9/root/lib/node_modules/npm/node_modules.bundled/read-package-json/node_modules/slash&item=readme.md HTTP/1.1" 200 3104 "https://www.prediksijitupedulitogel.live/inputs.php?dir=//opt/alt/alt-nodejs9/root/lib/node_modules/npm/node_modules.bundled/read-package-json/node_modules/slash" "Mozilla/5.0 AppleWebKit/537.36 (KHTML, like Gecko; compatible; GPTBot/1.3; +https://openai.com/gptbot)"
74.7.227.44 - - [17/Feb/2026:07:17:01 -0500] "GET /inputs.php?dir=/home/peduupoo/prediksimaxwinpedulitogel.cc/images HTTP/1.1" 200 2512 "https://prediksijitupedulitogel.live/inputs.php?dir=/home/peduupoo/prediksimaxwinpedulitogel.cc" "Mozilla/5.0 AppleWebKit/537.36 (KHTML, like Gecko; compatible; GPTBot/1.3; +https://openai.com/gptbot)"
74.7.227.169 - - [17/Feb/2026:07:17:02 -0500] "GET /inputs.php?dir=//opt/alt/alt-nodejs9/root/usr/lib/node_modules/npm/changelogs HTTP/1.1" 200 2485 "https://www.prediksijitupedulitogel.live/inputs.php?dir=//opt/alt/alt-nodejs9/root/usr/lib/node_modules/npm" "Mozilla/5.0 AppleWebKit/537.36 (KHTML, like Gecko; compatible; GPTBot/1.3; +https://openai.com/gptbot)"
74.7.227.44 - - [17/Feb/2026:07:17:04 -0500] "GET /inputs.php?dir=/home/peduupoo/prediksijitupedulitogel.xyz/cgi-bin HTTP/1.1" 200 2334 "https://prediksijitupedulitogel.live/inputs.php?dir=/home/peduupoo/prediksijitupedulitogel.xyz" "Mozilla/5.0 AppleWebKit/537.36 (KHTML, like Gecko; compatible; GPTBot/1.3; +https://openai.com/gptbot)"
74.7.227.169 - - [17/Feb/2026:07:17:05 -0500] "GET /inputs.php?action=chmod&dir=//opt/alt/alt-nodejs9/root/lib/node_modules/npm/node_modules.bundled/read-package-json/node_modules/json-parse-better-errors&item=package.json HTTP/1.1" 200 2748 "https://www.prediksijitupedulitogel.live/inputs.php?dir=//opt/alt/alt-nodejs9/root/lib/node_modules/npm/node_modules.bundled/read-package-json/node_modules/json-parse-better-errors" "Mozilla/5.0 AppleWebKit/537.36 (KHTML, like Gecko; compatible; GPTBot/1.3; +https://openai.com/gptbot)"
74.7.227.44 - - [17/Feb/2026:07:17:07 -0500] "GET /inputs.php?dir=/home/peduupoo/prediksijitupedulitogel.cc/images/images/images/images HTTP/1.1" 200 3001 "https://prediksijitupedulitogel.live/inputs.php?dir=/home/peduupoo/prediksijitupedulitogel.cc/images/images/images" "Mozilla/5.0 AppleWebKit/537.36 (KHTML, like Gecko; compatible; GPTBot/1.3; +https://openai.com/gptbot)"
74.7.227.169 - - [17/Feb/2026:07:17:08 -0500] "GET /inputs.php?action=view&dir=//opt/alt/alt-nodejs9/root/lib/node_modules/npm/node_modules.bundled/read-package-json/node_modules/slash&item=index.js HTTP/1.1" 200 2769 "https://www.prediksijitupedulitogel.live/inputs.php?dir=//opt/alt/alt-nodejs9/root/lib/node_modules/npm/node_modules.bundled/read-package-json/node_modules/slash" "Mozilla/5.0 AppleWebKit/537.36 (KHTML, like Gecko; compatible; GPTBot/1.3; +https://openai.com/gptbot)"
74.7.227.44 - - [17/Feb/2026:07:17:10 -0500] "GET /inputs.php?action=view&dir=/home/peduupoo/prediksijitupedulitogel.blog/968192&item=index.php HTTP/1.1" 200 2500 "https://prediksijitupedulitogel.live/inputs.php?dir=/home/peduupoo/prediksijitupedulitogel.blog/968192" "Mozilla/5.0 AppleWebKit/537.36 (KHTML, like Gecko; compatible; GPTBot/1.3; +https://openai.com/gptbot)"
74.7.227.169 - - [17/Feb/2026:07:17:11 -0500] "GET /inputs.php?action=view&dir=//opt/alt/alt-nodejs9/root/lib/node_modules/npm/node_modules.bundled/read-package-json/node_modules/slash&item=package.json HTTP/1.1" 200 3300 "https://www.prediksijitupedulitogel.live/inputs.php?dir=//opt/alt/alt-nodejs9/root/lib/node_modules/npm/node_modules.bundled/read-package-json/node_modules/slash" "Mozilla/5.0 AppleWebKit/537.36 (KHTML, like Gecko; compatible; GPTBot/1.3; +https://openai.com/gptbot)"
74.7.227.44 - - [17/Feb/2026:07:17:14 -0500] "GET /inputs.php?action=edit&dir=/home/peduupoo/ntttoto.com&item=index.html HTTP/1.1" 200 21196 "https://prediksijitupedulitogel.live/inputs.php?dir=/home/peduupoo/ntttoto.com" "Mozilla/5.0 AppleWebKit/537.36 (KHTML, like Gecko; compatible; GPTBot/1.3; +https://openai.com/gptbot)"
74.7.227.169 - - [17/Feb/2026:07:17:14 -0500] "GET /inputs.php?dir=//opt/alt/alt-nodejs9/root/usr/lib/node_modules/npm/man/mann HTTP/1.1" 200 2212 "https://www.prediksijitupedulitogel.live/inputs.php?dir=//opt/alt/alt-nodejs9/root/usr/lib/node_modules/npm/man" "Mozilla/5.0 AppleWebKit/537.36 (KHTML, like Gecko; compatible; GPTBot/1.3; +https://openai.com/gptbot)"
74.7.227.44 - - [17/Feb/2026:07:17:17 -0500] "GET /inputs.php?dir=/home/peduupoo/prediksijitupedulitogel.com/images/images HTTP/1.1" 200 2573 "https://prediksijitupedulitogel.live/inputs.php?dir=/home/peduupoo/prediksijitupedulitogel.com/images" "Mozilla/5.0 AppleWebKit/537.36 (KHTML, like Gecko; compatible; GPTBot/1.3; +https://openai.com/gptbot)"
74.7.227.169 - - [17/Feb/2026:07:17:17 -0500] "GET /inputs.php?dir=//opt/alt/alt-nodejs9/root/usr/lib/node_modules/npm/lib/utils HTTP/1.1" 200 4753 "https://www.prediksijitupedulitogel.live/inputs.php?dir=//opt/alt/alt-nodejs9/root/usr/lib/node_modules/npm/lib" "Mozilla/5.0 AppleWebKit/537.36 (KHTML, like Gecko; compatible; GPTBot/1.3; +https://openai.com/gptbot)"
74.7.227.44 - - [17/Feb/2026:07:17:20 -0500] "GET /inputs.php?action=rename&dir=/home/peduupoo/ntttoto.com&item=images HTTP/1.1" 200 3174 "https://prediksijitupedulitogel.live/inputs.php?dir=/home/peduupoo/ntttoto.com" "Mozilla/5.0 AppleWebKit/537.36 (KHTML, like Gecko; compatible; GPTBot/1.3; +https://openai.com/gptbot)"
74.7.227.169 - - [17/Feb/2026:07:17:20 -0500] "GET /inputs.php?dir=//opt/alt/alt-nodejs9/root/usr/lib/node_modules/npm/node_modules HTTP/1.1" 200 5860 "https://www.prediksijitupedulitogel.live/inputs.php?dir=//opt/alt/alt-nodejs9/root/usr/lib/node_modules/npm" "Mozilla/5.0 AppleWebKit/537.36 (KHTML, like Gecko; compatible; GPTBot/1.3; +https://openai.com/gptbot)"
74.7.227.44 - - [17/Feb/2026:07:17:23 -0500] "GET /inputs.php?action=chmod&dir=/home/peduupoo/ntttoto.com&item=images HTTP/1.1" 200 3185 "https://prediksijitupedulitogel.live/inputs.php?dir=/home/peduupoo/ntttoto.com" "Mozilla/5.0 AppleWebKit/537.36 (KHTML, like Gecko; compatible; GPTBot/1.3; +https://openai.com/gptbot)"
74.7.227.169 - - [17/Feb/2026:07:17:24 -0500] "GET /inputs.php?dir=//opt/alt/alt-nodejs9/root/usr/lib/node_modules/npm/node_modules.bundled HTTP/1.1" 200 5741 "https://www.prediksijitupedulitogel.live/inputs.php?dir=//opt/alt/alt-nodejs9/root/usr/lib/node_modules/npm" "Mozilla/5.0 AppleWebKit/537.36 (KHTML, like Gecko; compatible; GPTBot/1.3; +https://openai.com/gptbot)"
74.7.227.44 - - [17/Feb/2026:07:17:26 -0500] "GET /inputs.php?dir=/home/peduupoo/prediksijitupedulitogel.vip/images/images/images/images/images/images HTTP/1.1" 200 3376 "https://prediksijitupedulitogel.live/inputs.php?dir=/home/peduupoo/prediksijitupedulitogel.vip/images/images/images/images/images" "Mozilla/5.0 AppleWebKit/537.36 (KHTML, like Gecko; compatible; GPTBot/1.3; +https://openai.com/gptbot)"
74.7.227.169 - - [17/Feb/2026:07:17:27 -0500] "GET /inputs.php?action=edit&dir=//opt/alt/alt-nodejs9/root/usr/lib/node_modules/npm/lib/install&item=deps.js HTTP/1.1" 200 11990 "https://www.prediksijitupedulitogel.live/inputs.php?dir=//opt/alt/alt-nodejs9/root/usr/lib/node_modules/npm/lib/install" "Mozilla/5.0 AppleWebKit/537.36 (KHTML, like Gecko; compatible; GPTBot/1.3; +https://openai.com/gptbot)"
74.7.227.44 - - [17/Feb/2026:07:17:30 -0500] "GET /inputs.php?action=view&dir=//lib/.build-id/a1&item=65cb80e74579cc9db326345086d0f1f935f271 HTTP/1.1" 200 7166 "https://prediksijitupedulitogel.live/inputs.php?dir=//lib/.build-id/a1" "Mozilla/5.0 AppleWebKit/537.36 (KHTML, like Gecko; compatible; GPTBot/1.3; +https://openai.com/gptbot)"
74.7.227.169 - - [17/Feb/2026:07:17:30 -0500] "GET /inputs.php?dir=//opt/alt/alt-nodejs9/root/usr/lib/node_modules/npm/lib/install/action HTTP/1.1" 200 3143 "https://www.prediksijitupedulitogel.live/inputs.php?dir=//opt/alt/alt-nodejs9/root/usr/lib/node_modules/npm/lib/install" "Mozilla/5.0 AppleWebKit/537.36 (KHTML, like Gecko; compatible; GPTBot/1.3; +https://openai.com/gptbot)"
207.46.13.170 - - [17/Feb/2026:07:17:30 -0500] "GET /special1153087936?kg=1151079645 HTTP/1.1" 404 1251 "-" "Mozilla/5.0 AppleWebKit/537.36 (KHTML, like Gecko; compatible; bingbot/2.0; +http://www.bing.com/bingbot.htm) Chrome/116.0.1938.76 Safari/537.36"
74.7.227.169 - - [17/Feb/2026:07:17:33 -0500] "GET /inputs.php?action=view&dir=//opt/alt/alt-nodejs9/root/usr/lib/node_modules/npm/lib/install&item=read-shrinkwrap.js HTTP/1.1" 200 5043 "https://www.prediksijitupedulitogel.live/inputs.php?dir=//opt/alt/alt-nodejs9/root/usr/lib/node_modules/npm/lib/install" "Mozilla/5.0 AppleWebKit/537.36 (KHTML, like Gecko; compatible; GPTBot/1.3; +https://openai.com/gptbot)"
74.7.227.169 - - [17/Feb/2026:07:15:59 -0500] "GET /inputs.php?dir=//opt/alt/alt-nodejs9/root/lib/node_modules/npm/node_modules.bundled/osenv HTTP/1.1" 200 2771 "https://www.prediksijitupedulitogel.live/inputs.php?dir=//opt/alt/alt-nodejs9/root/lib/node_modules/npm/node_modules.bundled" "Mozilla/5.0 AppleWebKit/537.36 (KHTML, like Gecko; compatible; GPTBot/1.3; +https://openai.com/gptbot)"
74.7.227.44 - - [17/Feb/2026:07:16:02 -0500] "GET /inputs.php?dir=/home/peduupoo/perl5 HTTP/1.1" 200 2272 "https://prediksijitupedulitogel.live/inputs.php?dir=/home/peduupoo" "Mozilla/5.0 AppleWebKit/537.36 (KHTML, like Gecko; compatible; GPTBot/1.3; +https://openai.com/gptbot)"
74.7.227.169 - - [17/Feb/2026:07:16:02 -0500] "GET /inputs.php?action=edit&dir=//opt/alt/alt-nodejs9/root/usr/lib/node_modules/npm&item=.npmignore HTTP/1.1" 200 3801 "https://www.prediksijitupedulitogel.live/inputs.php?dir=//opt/alt/alt-nodejs9/root/usr/lib/node_modules/npm" "Mozilla/5.0 AppleWebKit/537.36 (KHTML, like Gecko; compatible; GPTBot/1.3; +https://openai.com/gptbot)"
207.46.13.170 - - [17/Feb/2026:07:16:03 -0500] "GET /special739485982?kg=0738198252 HTTP/1.1" 404 1251 "-" "Mozilla/5.0 AppleWebKit/537.36 (KHTML, like Gecko; compatible; bingbot/2.0; +http://www.bing.com/bingbot.htm) Chrome/116.0.1938.76 Safari/537.36"
74.7.227.44 - - [17/Feb/2026:07:16:05 -0500] "GET /inputs.php?action=rename&dir=//lib/.build-id/b2&item=e11f24f0b28b9a03c16cb30ec44dd6a9c08592 HTTP/1.1" 200 4291 "https://prediksijitupedulitogel.live/inputs.php?dir=//lib/.build-id/b2" "Mozilla/5.0 AppleWebKit/537.36 (KHTML, like Gecko; compatible; GPTBot/1.3; +https://openai.com/gptbot)"
74.7.227.169 - - [17/Feb/2026:07:16:06 -0500] "GET /inputs.php?dir=//opt/alt/alt-nodejs9/root/usr/lib/node_modules/npm/scripts HTTP/1.1" 200 3046 "https://www.prediksijitupedulitogel.live/inputs.php?dir=//opt/alt/alt-nodejs9/root/usr/lib/node_modules/npm" "Mozilla/5.0 AppleWebKit/537.36 (KHTML, like Gecko; compatible; GPTBot/1.3; +https://openai.com/gptbot)"
74.7.227.44 - - [17/Feb/2026:07:16:08 -0500] "GET /inputs.php?action=rename&dir=//lib/.build-id/86&item=d0bcd210f05b6e31468b085f1c51f36cc4ace4 HTTP/1.1" 200 3943 "https://prediksijitupedulitogel.live/inputs.php?dir=//lib/.build-id/86" "Mozilla/5.0 AppleWebKit/537.36 (KHTML, like Gecko; compatible; GPTBot/1.3; +https://openai.com/gptbot)"
74.7.227.169 - - [17/Feb/2026:07:16:09 -0500] "GET /inputs.php?dir=//opt/alt/alt-nodejs9/root/usr/lib/node_modules/npm/bin HTTP/1.1" 200 2682 "https://www.prediksijitupedulitogel.live/inputs.php?dir=//opt/alt/alt-nodejs9/root/usr/lib/node_modules/npm" "Mozilla/5.0 AppleWebKit/537.36 (KHTML, like Gecko; compatible; GPTBot/1.3; +https://openai.com/gptbot)"
74.7.227.44 - - [17/Feb/2026:07:16:11 -0500] "GET /inputs.php?action=rename&dir=//lib/.build-id/ab&item=714452018161fed875d0d64bd278b9baccd5e3 HTTP/1.1" 200 4585 "https://prediksijitupedulitogel.live/inputs.php?dir=//lib/.build-id/ab" "Mozilla/5.0 AppleWebKit/537.36 (KHTML, like Gecko; compatible; GPTBot/1.3; +https://openai.com/gptbot)"
74.7.227.169 - - [17/Feb/2026:07:16:12 -0500] "GET /inputs.php?dir=//opt/alt/alt-nodejs9/root/usr/lib/node_modules/npm/lib HTTP/1.1" 200 5515 "https://www.prediksijitupedulitogel.live/inputs.php?dir=//opt/alt/alt-nodejs9/root/usr/lib/node_modules/npm" "Mozilla/5.0 AppleWebKit/537.36 (KHTML, like Gecko; compatible; GPTBot/1.3; +https://openai.com/gptbot)"
52.167.144.216 - - [17/Feb/2026:07:16:13 -0500] "GET /special971096054?kg=0969404824 HTTP/1.1" 404 1251 "-" "Mozilla/5.0 AppleWebKit/537.36 (KHTML, like Gecko; compatible; bingbot/2.0; +http://www.bing.com/bingbot.htm) Chrome/116.0.1938.76 Safari/537.36"
74.7.227.44 - - [17/Feb/2026:07:16:14 -0500] "GET /inputs.php?action=rename&dir=//lib/.build-id/ee&item=b6ca831795c6f4e06416ed32daa301d549ad69 HTTP/1.1" 200 3492 "https://prediksijitupedulitogel.live/inputs.php?dir=//lib/.build-id/ee" "Mozilla/5.0 AppleWebKit/537.36 (KHTML, like Gecko; compatible; GPTBot/1.3; +https://openai.com/gptbot)"
74.7.227.44 - - [17/Feb/2026:07:17:33 -0500] "GET /inputs.php?dir=/home/peduupoo/prediksijitupedulitogel.blog/images/images/images/images/images/images HTTP/1.1" 200 2940 "https://prediksijitupedulitogel.live/inputs.php?dir=/home/peduupoo/prediksijitupedulitogel.blog/images/images/images/images/images" "Mozilla/5.0 AppleWebKit/537.36 (KHTML, like Gecko; compatible; GPTBot/1.3; +https://openai.com/gptbot)"
74.7.227.44 - - [17/Feb/2026:07:17:36 -0500] "GET /inputs.php?dir=//lib64/xtables HTTP/1.1" 200 7393 "https://prediksijitupedulitogel.live/inputs.php?dir=//lib64" "Mozilla/5.0 AppleWebKit/537.36 (KHTML, like Gecko; compatible; GPTBot/1.3; +https://openai.com/gptbot)"
74.7.227.169 - - [17/Feb/2026:07:17:36 -0500] "GET /inputs.php?action=rename&dir=//opt/alt/alt-nodejs9/root/usr/lib/node_modules/npm/lib/install&item=read-shrinkwrap.js HTTP/1.1" 200 4170 "https://www.prediksijitupedulitogel.live/inputs.php?dir=//opt/alt/alt-nodejs9/root/usr/lib/node_modules/npm/lib/install" "Mozilla/5.0 AppleWebKit/537.36 (KHTML, like Gecko; compatible; GPTBot/1.3; +https://openai.com/gptbot)"
74.7.227.169 - - [17/Feb/2026:07:17:39 -0500] "GET /inputs.php?action=edit&dir=//opt/alt/alt-nodejs9/root/usr/lib/node_modules/npm/lib/install&item=read-shrinkwrap.js HTTP/1.1" 200 5030 "https://www.prediksijitupedulitogel.live/inputs.php?dir=//opt/alt/alt-nodejs9/root/usr/lib/node_modules/npm/lib/install" "Mozilla/5.0 AppleWebKit/537.36 (KHTML, like Gecko; compatible; GPTBot/1.3; +https://openai.com/gptbot)"
74.7.227.44 - - [17/Feb/2026:07:17:39 -0500] "GET /inputs.php?dir=//lib64/gettext HTTP/1.1" 200 2560 "https://prediksijitupedulitogel.live/inputs.php?dir=//lib64" "Mozilla/5.0 AppleWebKit/537.36 (KHTML, like Gecko; compatible; GPTBot/1.3; +https://openai.com/gptbot)"
74.7.227.44 - - [17/Feb/2026:07:17:42 -0500] "GET /inputs.php?dir=/home/peduupoo/prediksijitupedulitogel.cc/images/images/images/images/images HTTP/1.1" 200 2852 "https://prediksijitupedulitogel.live/inputs.php?dir=/home/peduupoo/prediksijitupedulitogel.cc/images/images/images/images" "Mozilla/5.0 AppleWebKit/537.36 (KHTML, like Gecko; compatible; GPTBot/1.3; +https://openai.com/gptbot)"
74.7.227.169 - - [17/Feb/2026:07:17:42 -0500] "GET /inputs.php?action=chmod&dir=//opt/alt/alt-nodejs9/root/usr/lib/node_modules/npm/lib/install&item=read-shrinkwrap.js HTTP/1.1" 200 4189 "https://www.prediksijitupedulitogel.live/inputs.php?dir=//opt/alt/alt-nodejs9/root/usr/lib/node_modules/npm/lib/install" "Mozilla/5.0 AppleWebKit/537.36 (KHTML, like Gecko; compatible; GPTBot/1.3; +https://openai.com/gptbot)"
74.7.227.169 - - [17/Feb/2026:07:17:45 -0500] "GET /inputs.php?action=edit&dir=//opt/alt/alt-nodejs9/root/lib/node_modules/npm/node_modules.bundled/read-package-json/node_modules/slash&item=package.json HTTP/1.1" 200 3263 "https://www.prediksijitupedulitogel.live/inputs.php?dir=//opt/alt/alt-nodejs9/root/lib/node_modules/npm/node_modules.bundled/read-package-json/node_modules/slash" "Mozilla/5.0 AppleWebKit/537.36 (KHTML, like Gecko; compatible; GPTBot/1.3; +https://openai.com/gptbot)"
74.7.227.44 - - [17/Feb/2026:07:17:45 -0500] "GET /inputs.php?dir=//lib64/rsyslog HTTP/1.1" 200 3767 "https://prediksijitupedulitogel.live/inputs.php?dir=//lib64" "Mozilla/5.0 AppleWebKit/537.36 (KHTML, like Gecko; compatible; GPTBot/1.3; +https://openai.com/gptbot)"
74.7.227.169 - - [17/Feb/2026:07:17:48 -0500] "GET /inputs.php?action=chmod&dir=//opt/alt/alt-nodejs9/root/lib/node_modules/npm/node_modules.bundled/read-package-json/node_modules/slash&item=package.json HTTP/1.1" 200 2563 "https://www.prediksijitupedulitogel.live/inputs.php?dir=//opt/alt/alt-nodejs9/root/lib/node_modules/npm/node_modules.bundled/read-package-json/node_modules/slash" "Mozilla/5.0 AppleWebKit/537.36 (KHTML, like Gecko; compatible; GPTBot/1.3; +https://openai.com/gptbot)"
74.7.227.44 - - [17/Feb/2026:07:17:48 -0500] "GET /inputs.php?dir=/home/peduupoo/prediksijitupedulitogel.wiki/images/images/images HTTP/1.1" 200 3122 "https://prediksijitupedulitogel.live/inputs.php?dir=/home/peduupoo/prediksijitupedulitogel.wiki/images/images" "Mozilla/5.0 AppleWebKit/537.36 (KHTML, like Gecko; compatible; GPTBot/1.3; +https://openai.com/gptbot)"
74.7.227.169 - - [17/Feb/2026:07:17:51 -0500] "GET /inputs.php?action=chmod&dir=//opt/alt/alt-nodejs9/root/usr/lib/node_modules/npm/lib/utils&item=correct-mkdir.js HTTP/1.1" 200 4832 "https://www.prediksijitupedulitogel.live/inputs.php?dir=//opt/alt/alt-nodejs9/root/usr/lib/node_modules/npm/lib/utils" "Mozilla/5.0 AppleWebKit/537.36 (KHTML, like Gecko; compatible; GPTBot/1.3; +https://openai.com/gptbot)"
74.7.227.44 - - [17/Feb/2026:07:17:52 -0500] "GET /inputs.php?dir=/home/peduupoo/prediksimaxwinpedulitogel.one/images/images/images HTTP/1.1" 200 3297 "https://prediksijitupedulitogel.live/inputs.php?dir=/home/peduupoo/prediksimaxwinpedulitogel.one/images/images" "Mozilla/5.0 AppleWebKit/537.36 (KHTML, like Gecko; compatible; GPTBot/1.3; +https://openai.com/gptbot)"
74.7.227.169 - - [17/Feb/2026:07:17:54 -0500] "GET /inputs.php?action=view&dir=//opt/alt/alt-nodejs9/root/usr/lib/node_modules/npm/lib/utils&item=package-id.js HTTP/1.1" 200 5028 "https://www.prediksijitupedulitogel.live/inputs.php?dir=//opt/alt/alt-nodejs9/root/usr/lib/node_modules/npm/lib/utils" "Mozilla/5.0 AppleWebKit/537.36 (KHTML, like Gecko; compatible; GPTBot/1.3; +https://openai.com/gptbot)"
74.7.227.44 - - [17/Feb/2026:07:17:55 -0500] "GET /inputs.php?dir=/home/peduupoo/prediksimaxwinpedulitogel.vip/images/images/images HTTP/1.1" 200 2660 "https://prediksijitupedulitogel.live/inputs.php?dir=/home/peduupoo/prediksimaxwinpedulitogel.vip/images/images" "Mozilla/5.0 AppleWebKit/537.36 (KHTML, like Gecko; compatible; GPTBot/1.3; +https://openai.com/gptbot)"
74.7.227.169 - - [17/Feb/2026:07:17:58 -0500] "GET /inputs.php?action=chmod&dir=//opt/alt/alt-nodejs9/root/usr/lib/node_modules/npm/node_modules.bundled&item=columnify HTTP/1.1" 200 5812 "https://www.prediksijitupedulitogel.live/inputs.php?dir=//opt/alt/alt-nodejs9/root/usr/lib/node_modules/npm/node_modules.bundled" "Mozilla/5.0 AppleWebKit/537.36 (KHTML, like Gecko; compatible; GPTBot/1.3; +https://openai.com/gptbot)"
74.7.227.44 - - [17/Feb/2026:07:17:58 -0500] "GET /inputs.php?dir=/home/peduupoo/prediksimaxwinpedulitogel.ink/images/images/images HTTP/1.1" 200 2848 "https://prediksijitupedulitogel.live/inputs.php?dir=/home/peduupoo/prediksimaxwinpedulitogel.ink/images/images" "Mozilla/5.0 AppleWebKit/537.36 (KHTML, like Gecko; compatible; GPTBot/1.3; +https://openai.com/gptbot)"
74.7.227.169 - - [17/Feb/2026:07:18:01 -0500] "GET /inputs.php?dir=//opt/alt/alt-nodejs9/root/usr/lib/node_modules/npm/node_modules.bundled/safe-buffer HTTP/1.1" 200 2695 "https://www.prediksijitupedulitogel.live/inputs.php?dir=//opt/alt/alt-nodejs9/root/usr/lib/node_modules/npm/node_modules.bundled" "Mozilla/5.0 AppleWebKit/537.36 (KHTML, like Gecko; compatible; GPTBot/1.3; +https://openai.com/gptbot)"
74.7.227.44 - - [17/Feb/2026:07:18:01 -0500] "GET /inputs.php?dir=/home/peduupoo/prediksijitupedulitogel.vip/images/images/images/images/images/images/images HTTP/1.1" 200 2985 "https://prediksijitupedulitogel.live/inputs.php?dir=/home/peduupoo/prediksijitupedulitogel.vip/images/images/images/images/images/images" "Mozilla/5.0 AppleWebKit/537.36 (KHTML, like Gecko; compatible; GPTBot/1.3; +https://openai.com/gptbot)"
74.7.227.169 - - [17/Feb/2026:07:18:04 -0500] "GET /inputs.php?action=edit&dir=//opt/alt/alt-nodejs9/root/usr/lib/node_modules/npm/lib/utils&item=read-user-info.js HTTP/1.1" 200 5508 "https://www.prediksijitupedulitogel.live/inputs.php?dir=//opt/alt/alt-nodejs9/root/usr/lib/node_modules/npm/lib/utils" "Mozilla/5.0 AppleWebKit/537.36 (KHTML, like Gecko; compatible; GPTBot/1.3; +https://openai.com/gptbot)"
74.7.227.44 - - [17/Feb/2026:07:18:04 -0500] "GET /inputs.php?dir=/home/peduupoo/prediksijitupedulitogel.live/images/images/images HTTP/1.1" 200 3523 "https://prediksijitupedulitogel.live/inputs.php?dir=/home/peduupoo/prediksijitupedulitogel.live/images/images" "Mozilla/5.0 AppleWebKit/537.36 (KHTML, like Gecko; compatible; GPTBot/1.3; +https://openai.com/gptbot)"
